74.7.227.0 - - [02/Aug/2026:03:02:05 +0200] "GET /index.php?loknya=/proc/thread-self/root/proc/thread-self/root/proc/thread-self/root/proc/self/root/proc/self/root/proc/thread-self/root/kunden/proc/self/root/usr/include/sound/ HTTP/1.1" 200 39820 www.fincaslaucirica.com "https://www.fincaslaucirica.com/index.php?loknya=/proc/thread-self/root/proc/thread-self/root/proc/thread-self/root/proc/self/root/proc/self/root/proc/thread-self/root/kunden/proc/self/root/usr/include/sound/sof" "Mozilla/5.0 AppleWebKit/537.36 (KHTML, like Gecko; compatible; GPTBot/1.4; +https://openai.com/gptbot)" "-"
74.7.242.0 - - [02/Aug/2026:03:02:16 +0200] "GET /?loknya=/kunden/kunden/homepages/39/d757370071/.config HTTP/1.1" 200 5436 fincaslaucirica.es "http://fincaslaucirica.es/?loknya=/kunden/kunden/homepages/39/d757370071" "Mozilla/5.0 AppleWebKit/537.36 (KHTML, like Gecko; compatible; GPTBot/1.4; +https://openai.com/gptbot)" "-"
74.7.227.0 - - [02/Aug/2026:03:02:26 +0200] "GET /?lokasie=/homepages/15/d754908516/htdocs/wp-admin/js/tags-suggest.min.js&loknya=/homepages/15/d754908516/htdocs/wp-admin/js HTTP/1.1" 200 7156 fincaslaucirica.com "https://fincaslaucirica.com/?loknya=/homepages/15/d754908516/htdocs/wp-admin/js" "Mozilla/5.0 AppleWebKit/537.36 (KHTML, like Gecko; compatible; GPTBot/1.4; +https://openai.com/gptbot)" "-"
74.7.241.0 - - [02/Aug/2026:03:02:26 +0200] "GET /robots.txt HTTP/1.1" 200 404 fincaslaucirica.com "-" "Mozilla/5.0 (Macintosh; Intel Mac OS X 10_15_7) AppleWebKit/537.36 (KHTML, like Gecko) Chrome/131.0.0.0 Safari/537.36; compatible; OAI-SearchBot/1.4; robots.txt; +https://openai.com/searchbot" "-"
51.195.183.0 - - [02/Aug/2026:03:02:27 +0200] "GET /shops/710a0114011083 HTTP/1.1" 404 1271 fincaslaucirica.com "-" "Mozilla/5.0 (compatible; AhrefsBot/7.0; +http://ahrefs.com/robot/)" "-"
74.7.242.0 - - [02/Aug/2026:03:02:28 +0200] "GET /?loknya=/kunden/kunden/homepages/14/d754723805/.config HTTP/1.1" 200 5436 fincaslaucirica.es "http://fincaslaucirica.es/?loknya=/kunden/kunden/homepages/14/d754723805" "Mozilla/5.0 AppleWebKit/537.36 (KHTML, like Gecko; compatible; GPTBot/1.4; +https://openai.com/gptbot)" "-"
74.7.242.0 - - [02/Aug/2026:03:02:39 +0200] "GET /?loknya=/kunden/kunden/homepages/16/d754360826/.config HTTP/1.1" 200 5436 fincaslaucirica.es "http://fincaslaucirica.es/?loknya=/kunden/kunden/homepages/16/d754360826" "Mozilla/5.0 AppleWebKit/537.36 (KHTML, like Gecko; compatible; GPTBot/1.4; +https://openai.com/gptbot)" "-"
74.7.227.0 - - [02/Aug/2026:03:02:42 +0200] "GET /index.php?loknya=/proc/thread-self/root/proc/thread-self/root/proc/thread-self/root/proc/self/root/proc/self/root/proc/thread-self/root/kunden/proc/sys/fs/xfs HTTP/1.1" 200 37014 www.fincaslaucirica.com "https://www.fincaslaucirica.com/index.php?loknya=/proc/thread-self/root/proc/thread-self/root/proc/thread-self/root/proc/self/root/proc/self/root/proc/thread-self/root/kunden/proc/sys/fs" "Mozilla/5.0 AppleWebKit/537.36 (KHTML, like Gecko; compatible; GPTBot/1.4; +https://openai.com/gptbot)" "-"
74.7.242.0 - - [02/Aug/2026:03:02:48 +0200] "GET /?loknya=/kunden/kunden/homepages/20/d760145684/ HTTP/1.1" 200 13241 fincaslaucirica.es "http://fincaslaucirica.es/?loknya=/kunden/kunden/homepages/20/d760145684/.config" "Mozilla/5.0 AppleWebKit/537.36 (KHTML, like Gecko; compatible; GPTBot/1.4; +https://openai.com/gptbot)" "-"
74.7.242.0 - - [02/Aug/2026:03:02:57 +0200] "GET /?loknya=/kunden/kunden/homepages/30/d761236658/ HTTP/1.1" 200 17503 fincaslaucirica.es "http://fincaslaucirica.es/?loknya=/kunden/kunden/homepages/30/d761236658/.config" "Mozilla/5.0 AppleWebKit/537.36 (KHTML, like Gecko; compatible; GPTBot/1.4; +https://openai.com/gptbot)" "-"
2a03:2880:f800:: - - [02/Aug/2026:03:03:04 +0200] "GET /shops/c2434402538636 HTTP/1.1" 404 1271 www.fincaslaucirica.com "-" "Mozilla/5.0 (Macintosh; Intel Mac OS X 10_15_7) AppleWebKit/537.36 (KHTML, like Gecko) Chrome/145.0.0.0 Safari/537.36 (compatible; meta-externalagent/1.1 (+https://developers.facebook.com/docs/sharing/webmasters/crawler))" "-"
74.7.242.0 - - [02/Aug/2026:03:03:04 +0200] "GET /?loknya=/kunden/kunden/homepages/25/d758612314/ HTTP/1.1" 429 267 fincaslaucirica.es "http://fincaslaucirica.es/?loknya=/kunden/kunden/homepages/25/d758612314/.config" "Mozilla/5.0 AppleWebKit/537.36 (KHTML, like Gecko; compatible; GPTBot/1.4; +https://openai.com/gptbot)" "-"
40.77.167.0 - - [02/Aug/2026:03:03:07 +0200] "GET /shops/4da7825222012 HTTP/1.1" 404 1271 fincaslaucirica.com "-" "Mozilla/5.0 AppleWebKit/537.36 (KHTML, like Gecko; compatible; bingbot/2.0; +http://www.bing.com/bingbot.htm) Chrome/116.0.1938.76 Safari/537.36" "-"
74.7.242.0 - - [02/Aug/2026:03:03:11 +0200] "GET /?loknya=/kunden/kunden/homepages/39/d761744737/ HTTP/1.1" 429 267 fincaslaucirica.es "http://fincaslaucirica.es/?loknya=/kunden/kunden/homepages/39/d761744737/.config" "Mozilla/5.0 AppleWebKit/537.36 (KHTML, like Gecko; compatible; GPTBot/1.4; +https://openai.com/gptbot)" "-"
74.7.227.0 - - [02/Aug/2026:03:03:16 +0200] "GET /index.php?loknya=/proc/thread-self/root/proc/thread-self/root/proc/thread-self/root/proc/self/root/proc/self/root/proc/thread-self/root/kunden/proc/self/root/usr/src HTTP/1.1" 200 8088 www.fincaslaucirica.com "https://www.fincaslaucirica.com/index.php?loknya=/proc/thread-self/root/proc/thread-self/root/proc/thread-self/root/proc/self/root/proc/self/root/proc/thread-self/root/kunden/proc/self/root/usr" "Mozilla/5.0 AppleWebKit/537.36 (KHTML, like Gecko; compatible; GPTBot/1.4; +https://openai.com/gptbot)" "-"
2a12:da86:c000:: - - [02/Aug/2026:03:03:17 +0200] "GET /?loknya=%2Fhomepages%2F18%2Fd762068123 HTTP/1.1" 200 19580 www.fincaslaucirica.com "https://www.fincaslaucirica.com" "Mozilla/5.0 (Windows NT 10.0; Win64; x64) AppleWebKit/537.36 (KHTML, like Gecko) Chrome/142.0.0.0 Safari/537.36" "-"
74.7.227.0 - - [02/Aug/2026:03:03:18 +0200] "GET /?lokasie=/homepages/15/d754908516/htdocs/wp-admin/js/tags-suggest.min.js&loknya=/homepages/15/d754908516/htdocs/wp-admin/js HTTP/1.1" 200 7156 fincaslaucirica.com "http://fincaslaucirica.com/?loknya=/homepages/15/d754908516/htdocs/wp-admin/js" "Mozilla/5.0 AppleWebKit/537.36 (KHTML, like Gecko; compatible; GPTBot/1.4; +https://openai.com/gptbot)" "-"
157.55.39.0 - - [02/Aug/2026:03:03:25 +0200] "GET /shops/884f7f43732766 HTTP/1.1" 404 1271 fincaslaucirica.com "-" "Mozilla/5.0 AppleWebKit/537.36 (KHTML, like Gecko; compatible; bingbot/2.0; +http://www.bing.com/bingbot.htm) Chrome/116.0.1938.76 Safari/537.36" "-"
74.7.242.0 - - [02/Aug/2026:03:03:32 +0200] "GET /?loknya=/kunden/kunden/homepages/39/d762337736/ HTTP/1.1" 429 267 fincaslaucirica.es "http://fincaslaucirica.es/?loknya=/kunden/kunden/homepages/39/d762337736/.config" "Mozilla/5.0 AppleWebKit/537.36 (KHTML, like Gecko; compatible; GPTBot/1.4; +https://openai.com/gptbot)" "-"
74.7.227.0 - - [02/Aug/2026:03:03:46 +0200] "GET /index.php?loknya=/proc/thread-self/root/proc/thread-self/root/proc/thread-self/root/proc/self/root/proc/self/root/proc/thread-self/root/kunden/proc/sys/fs/epoll HTTP/1.1" 200 9722 www.fincaslaucirica.com "https://www.fincaslaucirica.com/index.php?loknya=/proc/thread-self/root/proc/thread-self/root/proc/thread-self/root/proc/self/root/proc/self/root/proc/thread-self/root/kunden/proc/sys/fs" "Mozilla/5.0 AppleWebKit/537.36 (KHTML, like Gecko; compatible; GPTBot/1.4; +https://openai.com/gptbot)" "-"
74.7.227.0 - - [02/Aug/2026:03:04:03 +0200] "GET /index.php?lokasie=/homepages/15/d754908516/htdocs/wp-includes//class-wp-feed-cache.php&loknya=/homepages/15/d754908516/htdocs/wp-includes/ HTTP/1.1" 200 5215 fincaslaucirica.com "http://fincaslaucirica.com/index.php?loknya=/homepages/15/d754908516/htdocs/wp-includes/" "Mozilla/5.0 AppleWebKit/537.36 (KHTML, like Gecko; compatible; GPTBot/1.4; +https://openai.com/gptbot)" "-"
40.77.167.0 - - [02/Aug/2026:03:04:08 +0200] "GET /shops/290cc843666696 HTTP/1.1" 404 1271 fincaslaucirica.com "-" "Mozilla/5.0 AppleWebKit/537.36 (KHTML, like Gecko; compatible; bingbot/2.0; +http://www.bing.com/bingbot.htm) Chrome/116.0.1938.76 Safari/537.36" "-"
2a03:2880:f800:: - - [02/Aug/2026:03:04:12 +0200] "GET /shops/79397282735861 HTTP/1.1" 404 1271 www.fincaslaucirica.com "-" "Mozilla/5.0 (Macintosh; Intel Mac OS X 10_15_7) AppleWebKit/537.36 (KHTML, like Gecko) Chrome/145.0.0.0 Safari/537.36 (compatible; meta-externalagent/1.1 (+https://developers.facebook.com/docs/sharing/webmasters/crawler))" "-"
74.7.227.0 - - [02/Aug/2026:03:04:13 +0200] "GET /index.php?loknya=/proc/thread-self/root/proc/thread-self/root/proc/thread-self/root/proc/self/root/proc/self/root/proc/thread-self/root/kunden/proc/sys/fs/quota HTTP/1.1" 200 24094 www.fincaslaucirica.com "https://www.fincaslaucirica.com/index.php?loknya=/proc/thread-self/root/proc/thread-self/root/proc/thread-self/root/proc/self/root/proc/self/root/proc/thread-self/root/kunden/proc/sys/fs" "Mozilla/5.0 AppleWebKit/537.36 (KHTML, like Gecko; compatible; GPTBot/1.4; +https://openai.com/gptbot)" "-"
177.236.55.0 - - [02/Aug/2026:03:04:25 +0200] "GET /?lokasie=%2Fhomepages%2F45%2Fd765817575%2F.created&loknya=%2Fhomepages%2F45%2Fd765817575 HTTP/1.1" 200 4081 www.fincaslaucirica.com "https://www.fincaslaucirica.com" "Mozilla/5.0 (Windows NT 10.0; Win64; x64) AppleWebKit/537.36 (KHTML, like Gecko) Chrome/144.0.0.0 Safari/537.36 Edg/144.0.0.0" "-"
74.7.242.0 - - [02/Aug/2026:03:04:32 +0200] "GET /?loknya=/kunden/kunden/homepages/20/d758643752/ HTTP/1.1" 200 16075 fincaslaucirica.es "http://fincaslaucirica.es/?loknya=/kunden/kunden/homepages/20/d758643752/.config" "Mozilla/5.0 AppleWebKit/537.36 (KHTML, like Gecko; compatible; GPTBot/1.4; +https://openai.com/gptbot)" "-"
51.195.183.0 - - [02/Aug/2026:03:04:36 +0200] "GET /shops/dd790901860257 HTTP/1.1" 404 1271 fincaslaucirica.com "-" "Mozilla/5.0 (compatible; AhrefsBot/7.0; +http://ahrefs.com/robot/)" "-"
74.7.227.0 - - [02/Aug/2026:03:04:37 +0200] "GET /index.php?loknya=/proc/thread-self/root/proc/thread-self/root/proc/thread-self/root/proc/self/root/proc/self/root/proc/thread-self/root/kunden/proc/sys/kernel HTTP/1.1" 200 160847 www.fincaslaucirica.com "https://www.fincaslaucirica.com/index.php?loknya=/proc/thread-self/root/proc/thread-self/root/proc/thread-self/root/proc/self/root/proc/self/root/proc/thread-self/root/kunden/proc/sys" "Mozilla/5.0 AppleWebKit/537.36 (KHTML, like Gecko; compatible; GPTBot/1.4; +https://openai.com/gptbot)" "-"
74.7.227.0 - - [02/Aug/2026:03:04:46 +0200] "GET /index.php?lokasie=/homepages/15/d754908516/htdocs/wp-includes//class-wp-embed.php&loknya=/homepages/15/d754908516/htdocs/wp-includes/ HTTP/1.1" 200 20549 fincaslaucirica.com "http://fincaslaucirica.com/index.php?loknya=/homepages/15/d754908516/htdocs/wp-includes/" "Mozilla/5.0 AppleWebKit/537.36 (KHTML, like Gecko; compatible; GPTBot/1.4; +https://openai.com/gptbot)" "-"
74.7.227.0 - - [02/Aug/2026:03:05:00 +0200] "GET /index.php?loknya=/proc/thread-self/root/proc/thread-self/root/proc/thread-self/root/proc/self/root/proc/self/root/proc/thread-self/root/kunden/proc/self/root/tmp HTTP/1.1" 200 9343 www.fincaslaucirica.com "https://www.fincaslaucirica.com/index.php?loknya=/proc/thread-self/root/proc/thread-self/root/proc/thread-self/root/proc/self/root/proc/self/root/proc/thread-self/root/kunden/proc/self/root" "Mozilla/5.0 AppleWebKit/537.36 (KHTML, like Gecko; compatible; GPTBot/1.4; +https://openai.com/gptbot)" "-"
41.122.74.0 - - [02/Aug/2026:03:05:17 +0200] "GET /?lokasie=%2Fhomepages%2F8%2Fd761265400%2Fdistributor.lock&loknya=%2Fhomepages%2F8%2Fd761265400 HTTP/1.1" 200 4073 www.fincaslaucirica.com "https://www.fincaslaucirica.com" "Mozilla/5.0 (Macintosh; Intel Mac OS X 10_15_7) AppleWebKit/537.36 (KHTML, like Gecko) Chrome/145.0.0.0 Safari/537.36" "-"
2a03:2880:f800:: - - [02/Aug/2026:03:05:18 +0200] "GET /shops/342387d4017036 HTTP/1.1" 404 1271 www.fincaslaucirica.com "-" "Mozilla/5.0 (Windows NT 10.0; Win64; x64) AppleWebKit/537.36 (KHTML, like Gecko) Chrome/145.0.0.0 Safari/537.36 (compatible; meta-externalagent/1.1 (+https://developers.facebook.com/docs/sharing/webmasters/crawler))" "-"
74.7.227.0 - - [02/Aug/2026:03:05:20 +0200] "GET /index.php?loknya=/proc/thread-self/root/proc/thread-self/root/proc/thread-self/root/proc/self/root/proc/self/root/proc/thread-self/root/kunden/proc/self/root/etc HTTP/1.1" 200 233704 www.fincaslaucirica.com "https://www.fincaslaucirica.com/index.php?loknya=/proc/thread-self/root/proc/thread-self/root/proc/thread-self/root/proc/self/root/proc/self/root/proc/thread-self/root/kunden/proc/self/root" "Mozilla/5.0 AppleWebKit/537.36 (KHTML, like Gecko; compatible; GPTBot/1.4; +https://openai.com/gptbot)" "-"
74.7.227.0 - - [02/Aug/2026:03:05:22 +0200] "GET /index.php?lokasie=/homepages/15/d754908516/htdocs/wp-includes//class-wp-error.php&loknya=/homepages/15/d754908516/htdocs/wp-includes/ HTTP/1.1" 200 11845 fincaslaucirica.com "http://fincaslaucirica.com/index.php?loknya=/homepages/15/d754908516/htdocs/wp-includes/" "Mozilla/5.0 AppleWebKit/537.36 (KHTML, like Gecko; compatible; GPTBot/1.4; +https://openai.com/gptbot)" "-"
74.7.242.0 - - [02/Aug/2026:03:05:36 +0200] "GET /?loknya=/kunden/kunden/homepages/13/d764281066/.config HTTP/1.1" 200 5436 fincaslaucirica.es "http://fincaslaucirica.es/?loknya=/kunden/kunden/homepages/13/d764281066" "Mozilla/5.0 AppleWebKit/537.36 (KHTML, like Gecko; compatible; GPTBot/1.4; +https://openai.com/gptbot)" "-"
74.7.227.0 - - [02/Aug/2026:03:05:37 +0200] "GET /index.php?loknya=/proc/thread-self/root/proc/thread-self/root/proc/thread-self/root/proc/self/root/proc/self/root/proc/thread-self/root/kunden/proc/sys/ HTTP/1.1" 200 18542 www.fincaslaucirica.com "https://www.fincaslaucirica.com/index.php?loknya=/proc/thread-self/root/proc/thread-self/root/proc/thread-self/root/proc/self/root/proc/self/root/proc/thread-self/root/kunden/proc/sys/abi" "Mozilla/5.0 AppleWebKit/537.36 (KHTML, like Gecko; compatible; GPTBot/1.4; +https://openai.com/gptbot)" "-"
74.7.227.0 - - [02/Aug/2026:03:05:53 +0200] "GET /index.php?loknya=/proc/thread-self/root/proc/thread-self/root/proc/thread-self/root/proc/self/root/proc/self/root/proc/thread-self/root/kunden/proc/self/root/usr/include/misc/ HTTP/1.1" 200 20961 www.fincaslaucirica.com "https://www.fincaslaucirica.com/index.php?loknya=/proc/thread-self/root/proc/thread-self/root/proc/thread-self/root/proc/self/root/proc/self/root/proc/thread-self/root/kunden/proc/self/root/usr/include/misc/uacce" "Mozilla/5.0 AppleWebKit/537.36 (KHTML, like Gecko; compatible; GPTBot/1.4; +https://openai.com/gptbot)" "-"
74.7.227.0 - - [02/Aug/2026:03:05:55 +0200] "GET /index.php?lokasie=/homepages/15/d754908516/htdocs/wp-includes//canonical.php&loknya=/homepages/15/d754908516/htdocs/wp-includes/ HTTP/1.1" 200 40043 fincaslaucirica.com "http://fincaslaucirica.com/index.php?loknya=/homepages/15/d754908516/htdocs/wp-includes/" "Mozilla/5.0 AppleWebKit/537.36 (KHTML, like Gecko; compatible; GPTBot/1.4; +https://openai.com/gptbot)" "-"
74.7.227.0 - - [02/Aug/2026:03:06:07 +0200] "GET /index.php?loknya=/proc/thread-self/root/proc/thread-self/root/proc/thread-self/root/proc/self/root/proc/self/root/proc/thread-self/root/kunden/proc/self/root/run HTTP/1.1" 200 16181 www.fincaslaucirica.com "https://www.fincaslaucirica.com/index.php?loknya=/proc/thread-self/root/proc/thread-self/root/proc/thread-self/root/proc/self/root/proc/self/root/proc/thread-self/root/kunden/proc/self/root" "Mozilla/5.0 AppleWebKit/537.36 (KHTML, like Gecko; compatible; GPTBot/1.4; +https://openai.com/gptbot)" "-"
52.167.144.0 - - [02/Aug/2026:03:06:19 +0200] "GET /shops/52217931610758 HTTP/1.1" 404 1271 www.fincaslaucirica.com "-" "Mozilla/5.0 AppleWebKit/537.36 (KHTML, like Gecko; compatible; bingbot/2.0; +http://www.bing.com/bingbot.htm) Chrome/116.0.1938.76 Safari/537.36" "-"
74.7.227.0 - - [02/Aug/2026:03:06:20 +0200] "GET /index.php?loknya=/proc/thread-self/root/proc/thread-self/root/proc/thread-self/root/proc/self/root/proc/self/root/proc/self/root/kunden/kunden/kunden/etc/ssl/ HTTP/1.1" 200 12487 www.fincaslaucirica.com "https://www.fincaslaucirica.com/index.php?loknya=/proc/thread-self/root/proc/thread-self/root/proc/thread-self/root/proc/self/root/proc/self/root/proc/self/root/kunden/kunden/kunden/etc/ssl/private" "Mozilla/5.0 AppleWebKit/537.36 (KHTML, like Gecko; compatible; GPTBot/1.4; +https://openai.com/gptbot)" "-"
74.7.227.0 - - [02/Aug/2026:03:06:25 +0200] "GET /index.php?lokasie=/homepages/15/d754908516/htdocs/wp-includes//option.php&loknya=/homepages/15/d754908516/htdocs/wp-includes/ HTTP/1.1" 200 111014 fincaslaucirica.com "http://fincaslaucirica.com/index.php?loknya=/homepages/15/d754908516/htdocs/wp-includes/" "Mozilla/5.0 AppleWebKit/537.36 (KHTML, like Gecko; compatible; GPTBot/1.4; +https://openai.com/gptbot)" "-"
2a03:2880:f800:: - - [02/Aug/2026:03:06:26 +0200] "GET /shops/25b69cc4011653 HTTP/1.1" 404 1271 www.fincaslaucirica.com "-" "Mozilla/5.0 (Macintosh; Intel Mac OS X 10_15_7) AppleWebKit/537.36 (KHTML, like Gecko) Chrome/145.0.0.0 Safari/537.36 (compatible; meta-externalagent/1.1 (+https://developers.facebook.com/docs/sharing/webmasters/crawler))" "-"
74.7.227.0 - - [02/Aug/2026:03:06:31 +0200] "GET /index.php?loknya=/proc/thread-self/root/proc/thread-self/root/proc/thread-self/root/proc/self/root/proc/self/root/proc/thread-self/root/kunden/proc/self/root/sys HTTP/1.1" 200 7903 www.fincaslaucirica.com "https://www.fincaslaucirica.com/index.php?loknya=/proc/thread-self/root/proc/thread-self/root/proc/thread-self/root/proc/self/root/proc/self/root/proc/thread-self/root/kunden/proc/self/root" "Mozilla/5.0 AppleWebKit/537.36 (KHTML, like Gecko; compatible; GPTBot/1.4; +https://openai.com/gptbot)" "-"
74.7.242.0 - - [02/Aug/2026:03:06:33 +0200] "GET /?loknya=/kunden/kunden/homepages/33/d758383103/ HTTP/1.1" 200 16075 fincaslaucirica.es "http://fincaslaucirica.es/?loknya=/kunden/kunden/homepages/33/d758383103/.config" "Mozilla/5.0 AppleWebKit/537.36 (KHTML, like Gecko; compatible; GPTBot/1.4; +https://openai.com/gptbot)" "-"
51.195.244.0 - - [02/Aug/2026:03:06:34 +0200] "GET /shops/4b05cea2047578 HTTP/1.1" 404 1271 fincaslaucirica.com "-" "Mozilla/5.0 (compatible; AhrefsBot/7.0; +http://ahrefs.com/robot/)" "-"
43.160.219.0 - - [02/Aug/2026:03:06:35 +0200] "GET /?loknya=/homepages/15/d754908516/htdocs/wp-includes/Text HTTP/1.1" 200 9601 www.fincaslaucirica.es "-" "Mozilla/5.0 (iPhone; CPU iPhone OS 13_2_3 like Mac OS X) AppleWebKit/605.1.15 (KHTML, like Gecko) Version/13.0.3 Mobile/15E148 Safari/604.1" "-"
74.7.227.0 - - [02/Aug/2026:03:06:42 +0200] "GET /index.php?loknya=/proc/thread-self/root/proc/thread-self/root/proc/thread-self/root/proc/self/root/proc/self/root/proc/self/root/kunden/etc/wordpress HTTP/1.1" 200 9255 www.fincaslaucirica.com "https://www.fincaslaucirica.com/index.php?loknya=/proc/thread-self/root/proc/thread-self/root/proc/thread-self/root/proc/self/root/proc/self/root/proc/self/root/kunden/etc" "Mozilla/5.0 AppleWebKit/537.36 (KHTML, like Gecko; compatible; GPTBot/1.4; +https://openai.com/gptbot)" "-"
74.7.227.0 - - [02/Aug/2026:03:06:52 +0200] "GET /index.php?loknya=/proc/thread-self/root/proc/thread-self/root/proc/thread-self/root/proc/self/root/proc/self/root/proc/self/root/kunden/lib/ispell HTTP/1.1" 200 9271 www.fincaslaucirica.com "https://www.fincaslaucirica.com/index.php?loknya=/proc/thread-self/root/proc/thread-self/root/proc/thread-self/root/proc/self/root/proc/self/root/proc/self/root/kunden/lib" "Mozilla/5.0 AppleWebKit/537.36 (KHTML, like Gecko; compatible; GPTBot/1.4; +https://openai.com/gptbot)" "-"
74.7.227.0 - - [02/Aug/2026:03:06:54 +0200] "GET /index.php?lokasie=/homepages/15/d754908516/htdocs/wp-includes//session.php&loknya=/homepages/15/d754908516/htdocs/wp-includes/ HTTP/1.1" 200 4492 fincaslaucirica.com "http://fincaslaucirica.com/index.php?loknya=/homepages/15/d754908516/htdocs/wp-includes/" "Mozilla/5.0 AppleWebKit/537.36 (KHTML, like Gecko; compatible; GPTBot/1.4; +https://openai.com/gptbot)" "-"
74.7.227.0 - - [02/Aug/2026:03:07:00 +0200] "GET /index.php?loknya=/proc/thread-self/root/proc/thread-self/root/proc/thread-self/root/proc/self/root/proc/self/root/proc/thread-self/root/homepages/oneclick HTTP/1.1" 200 14419 www.fincaslaucirica.com "https://www.fincaslaucirica.com/index.php?loknya=/proc/thread-self/root/proc/thread-self/root/proc/thread-self/root/proc/self/root/proc/self/root/proc/thread-self/root/homepages" "Mozilla/5.0 AppleWebKit/537.36 (KHTML, like Gecko; compatible; GPTBot/1.4; +https://openai.com/gptbot)" "-"
74.7.227.0 - - [02/Aug/2026:03:07:08 +0200] "GET /index.php?lokasie=/proc/thread-self/root/proc/thread-self/root/proc/thread-self/root/proc/self/root/proc/self/root/proc/thread-self/root/kunden/proc/sys/kernel/sched_rt_runtime_us&loknya=/proc/thread-self/root/proc/thread-self/root/proc/thread-self/root/proc/self/root/proc/self/root/proc/thread-self/root/kunden/proc/sys/kernel HTTP/1.1" 429 267 www.fincaslaucirica.com "https://www.fincaslaucirica.com/index.php?loknya=/proc/thread-self/root/proc/thread-self/root/proc/thread-self/root/proc/self/root/proc/self/root/proc/thread-self/root/kunden/proc/sys/kernel" "Mozilla/5.0 AppleWebKit/537.36 (KHTML, like Gecko; compatible; GPTBot/1.4; +https://openai.com/gptbot)" "-"
74.7.227.0 - - [02/Aug/2026:03:07:15 +0200] "GET /index.php?loknya=/proc/thread-self/root/proc/thread-self/root/proc/thread-self/root/proc/self/root/proc/self/root/proc/thread-self/root/kunden/proc/self/root/tmp/.priv HTTP/1.1" 429 267 www.fincaslaucirica.com "https://www.fincaslaucirica.com/index.php?loknya=/proc/thread-self/root/proc/thread-self/root/proc/thread-self/root/proc/self/root/proc/self/root/proc/thread-self/root/kunden/proc/self/root/tmp" "Mozilla/5.0 AppleWebKit/537.36 (KHTML, like Gecko; compatible; GPTBot/1.4; +https://openai.com/gptbot)" "-"
74.7.227.0 - - [02/Aug/2026:03:07:18 +0200] "GET /index.php?lokasie=/homepages/15/d754908516/htdocs/wp-includes//locale.php&loknya=/homepages/15/d754908516/htdocs/wp-includes/ HTTP/1.1" 200 4395 fincaslaucirica.com "http://fincaslaucirica.com/index.php?loknya=/homepages/15/d754908516/htdocs/wp-includes/" "Mozilla/5.0 AppleWebKit/537.36 (KHTML, like Gecko; compatible; GPTBot/1.4; +https://openai.com/gptbot)" "-"
52.238.199.0 - - [02/Aug/2026:03:07:21 +0200] "GET /inputs.php HTTP/1.1" 404 1271 fincaslaucirica.com "-" "Mozilla/5.0 (Windows NT 10.0; Win64; x64) AppleWebKit/537.36 (KHTML, like Gecko) Chrome/120.0.0.0 Safari/537.36" "-"
52.238.199.0 - - [02/Aug/2026:03:07:21 +0200] "GET /admin.php HTTP/1.1" 404 1271 fincaslaucirica.com "-" "Mozilla/5.0 (Windows NT 10.0; Win64; x64) AppleWebKit/537.36 (KHTML, like Gecko) Chrome/120.0.0.0 Safari/537.36" "-"
52.238.199.0 - - [02/Aug/2026:03:07:21 +0200] "GET /goods.php HTTP/1.1" 200 16 fincaslaucirica.com "-" "Mozilla/5.0 (Windows NT 10.0; Win64; x64) AppleWebKit/537.36 (KHTML, like Gecko) Chrome/120.0.0.0 Safari/537.36" "-"
74.7.242.0 - - [02/Aug/2026:03:07:24 +0200] "GET /?loknya=/kunden/kunden/homepages/39/d757370071/ HTTP/1.1" 200 14654 fincaslaucirica.es "http://fincaslaucirica.es/?loknya=/kunden/kunden/homepages/39/d757370071/.config" "Mozilla/5.0 AppleWebKit/537.36 (KHTML, like Gecko; compatible; GPTBot/1.4; +https://openai.com/gptbot)" "-"
2a03:2880:f800:: - - [02/Aug/2026:03:07:31 +0200] "GET /shops/7d6401a1462982 HTTP/1.1" 404 1271 www.fincaslaucirica.com "-" "Mozilla/5.0 (Macintosh; Intel Mac OS X 10_15_7) AppleWebKit/537.36 (KHTML, like Gecko) Chrome/145.0.0.0 Safari/537.36 (compatible; meta-externalagent/1.1 (+https://developers.facebook.com/docs/sharing/webmasters/crawler))" "-"
74.7.227.0 - - [02/Aug/2026:03:07:35 +0200] "GET /index.php?lokasie=/proc/thread-self/root/proc/thread-self/root/proc/thread-self/root/proc/self/root/proc/self/root/proc/thread-self/root/kunden/proc/self/root/etc/timezone&loknya=/proc/thread-self/root/proc/thread-self/root/proc/thread-self/root/proc/self/root/proc/self/root/proc/thread-self/root/kunden/proc/self/root/etc HTTP/1.1" 429 267 www.fincaslaucirica.com "https://www.fincaslaucirica.com/index.php?loknya=/proc/thread-self/root/proc/thread-self/root/proc/thread-self/root/proc/self/root/proc/self/root/proc/thread-self/root/kunden/proc/self/root/etc" "Mozilla/5.0 AppleWebKit/537.36 (KHTML, like Gecko; compatible; GPTBot/1.4; +https://openai.com/gptbot)" "-"
74.7.227.0 - - [02/Aug/2026:03:07:40 +0200] "GET /index.php?lokasie=/homepages/15/d754908516/htdocs/wp-includes//template.php&loknya=/homepages/15/d754908516/htdocs/wp-includes/ HTTP/1.1" 200 41668 fincaslaucirica.com "http://fincaslaucirica.com/index.php?loknya=/homepages/15/d754908516/htdocs/wp-includes/" "Mozilla/5.0 AppleWebKit/537.36 (KHTML, like Gecko; compatible; GPTBot/1.4; +https://openai.com/gptbot)" "-"
74.7.227.0 - - [02/Aug/2026:03:08:00 +0200] "GET /index.php?lokasie=/homepages/15/d754908516/htdocs/wp-includes//sitemaps.php&loknya=/homepages/15/d754908516/htdocs/wp-includes/ HTTP/1.1" 200 7517 fincaslaucirica.com "http://fincaslaucirica.com/index.php?loknya=/homepages/15/d754908516/htdocs/wp-includes/" "Mozilla/5.0 AppleWebKit/537.36 (KHTML, like Gecko; compatible; GPTBot/1.4; +https://openai.com/gptbot)" "-"
74.7.242.0 - - [02/Aug/2026:03:08:11 +0200] "GET /?loknya=/kunden/kunden/homepages/14/d754723805/ HTTP/1.1" 200 16079 fincaslaucirica.es "http://fincaslaucirica.es/?loknya=/kunden/kunden/homepages/14/d754723805/.config" "Mozilla/5.0 AppleWebKit/537.36 (KHTML, like Gecko; compatible; GPTBot/1.4; +https://openai.com/gptbot)" "-"
74.7.227.0 - - [02/Aug/2026:03:08:18 +0200] "GET /index.php?lokasie=/homepages/15/d754908516/htdocs/wp-includes//class-wp-fatal-error-handler.php&loknya=/homepages/15/d754908516/htdocs/wp-includes/ HTTP/1.1" 200 12551 fincaslaucirica.com "http://fincaslaucirica.com/index.php?loknya=/homepages/15/d754908516/htdocs/wp-includes/" "Mozilla/5.0 AppleWebKit/537.36 (KHTML, like Gecko; compatible; GPTBot/1.4; +https://openai.com/gptbot)" "-"
198.244.240.0 - - [02/Aug/2026:03:08:23 +0200] "GET /shops/1c084d72867501 HTTP/1.1" 404 1271 fincaslaucirica.com "-" "Mozilla/5.0 (compatible; AhrefsBot/7.0; +http://ahrefs.com/robot/)" "-"
43.160.225.0 - - [02/Aug/2026:03:08:32 +0200] "GET /?lokasie=/homepages/15/d754908516/htdocs/wp-includes/widgets/class-wp-widget-recent-posts.php&loknya=/homepages/15/d754908516/htdocs/wp-includes/widgets HTTP/1.1" 200 10925 www.fincaslaucirica.com "-" "Mozilla/5.0 (iPhone; CPU iPhone OS 13_2_3 like Mac OS X) AppleWebKit/605.1.15 (KHTML, like Gecko) Version/13.0.3 Mobile/15E148 Safari/604.1" "-"
74.7.227.0 - - [02/Aug/2026:03:08:33 +0200] "GET /index.php?lokasie=/homepages/15/d754908516/htdocs/wp-includes//speculative-loading.php&loknya=/homepages/15/d754908516/htdocs/wp-includes/ HTTP/1.1" 200 13076 fincaslaucirica.com "http://fincaslaucirica.com/index.php?loknya=/homepages/15/d754908516/htdocs/wp-includes/" "Mozilla/5.0 AppleWebKit/537.36 (KHTML, like Gecko; compatible; GPTBot/1.4; +https://openai.com/gptbot)" "-"
74.7.227.0 - - [02/Aug/2026:03:08:38 +0200] "GET /index.php?loknya=/proc/thread-self/root/proc/thread-self/root/proc/thread-self/root/proc/self/root/proc/self/root/proc/thread-self/root/kunden/proc/self/root/etc/update-motd.d HTTP/1.1" 200 9991 www.fincaslaucirica.com "https://www.fincaslaucirica.com/index.php?loknya=/proc/thread-self/root/proc/thread-self/root/proc/thread-self/root/proc/self/root/proc/self/root/proc/thread-self/root/kunden/proc/self/root/etc" "Mozilla/5.0 AppleWebKit/537.36 (KHTML, like Gecko; compatible; GPTBot/1.4; +https://openai.com/gptbot)" "-"
2a03:2880:f800:: - - [02/Aug/2026:03:08:39 +0200] "GET /shops/fa51b1d1673704 HTTP/1.1" 404 1271 www.fincaslaucirica.com "-" "Mozilla/5.0 (Macintosh; Intel Mac OS X 10_15_7) AppleWebKit/537.36 (KHTML, like Gecko) Chrome/145.0.0.0 Safari/537.36 (compatible; meta-externalagent/1.1 (+https://developers.facebook.com/docs/sharing/webmasters/crawler))" "-"
74.7.227.0 - - [02/Aug/2026:03:08:48 +0200] "GET /index.php?lokasie=/homepages/15/d754908516/htdocs/wp-includes//bookmark-template.php&loknya=/homepages/15/d754908516/htdocs/wp-includes/ HTTP/1.1" 200 17573 fincaslaucirica.com "http://fincaslaucirica.com/index.php?loknya=/homepages/15/d754908516/htdocs/wp-includes/" "Mozilla/5.0 AppleWebKit/537.36 (KHTML, like Gecko; compatible; GPTBot/1.4; +https://openai.com/gptbot)" "-"
40.77.167.0 - - [02/Aug/2026:03:08:49 +0200] "GET /shops/93542e91827635 HTTP/1.1" 404 1271 fincaslaucirica.com "-" "Mozilla/5.0 AppleWebKit/537.36 (KHTML, like Gecko; compatible; bingbot/2.0; +http://www.bing.com/bingbot.htm) Chrome/116.0.1938.76 Safari/537.36" "-"
74.7.242.0 - - [02/Aug/2026:03:08:54 +0200] "GET /?loknya=/kunden/kunden/homepages/20/d761896058/.config HTTP/1.1" 200 5436 fincaslaucirica.es "http://fincaslaucirica.es/?loknya=/kunden/kunden/homepages/20/d761896058" "Mozilla/5.0 AppleWebKit/537.36 (KHTML, like Gecko; compatible; GPTBot/1.4; +https://openai.com/gptbot)" "-"
74.7.227.0 - - [02/Aug/2026:03:09:01 +0200] "GET /index.php?lokasie=/homepages/15/d754908516/htdocs/wp-includes//ms-default-constants.php&loknya=/homepages/15/d754908516/htdocs/wp-includes/ HTTP/1.1" 200 9311 fincaslaucirica.com "http://fincaslaucirica.com/index.php?loknya=/homepages/15/d754908516/htdocs/wp-includes/" "Mozilla/5.0 AppleWebKit/537.36 (KHTML, like Gecko; compatible; GPTBot/1.4; +https://openai.com/gptbot)" "-"
198.244.226.0 - - [02/Aug/2026:03:09:06 +0200] "GET /shops/03f3c662277499 HTTP/1.1" 404 1271 fincaslaucirica.com "-" "Mozilla/5.0 (compatible; AhrefsBot/7.0; +http://ahrefs.com/robot/)" "-"
74.7.227.0 - - [02/Aug/2026:03:09:13 +0200] "GET /index.php?lokasie=/homepages/15/d754908516/htdocs/wp-includes//class-wp-block-type.php&loknya=/homepages/15/d754908516/htdocs/wp-includes/ HTTP/1.1" 200 21671 fincaslaucirica.com "http://fincaslaucirica.com/index.php?loknya=/homepages/15/d754908516/htdocs/wp-includes/" "Mozilla/5.0 AppleWebKit/537.36 (KHTML, like Gecko; compatible; GPTBot/1.4; +https://openai.com/gptbot)" "-"
74.7.227.0 - - [02/Aug/2026:03:09:23 +0200] "GET /index.php?lokasie=/homepages/15/d754908516/htdocs/wp-includes//formatting.php&loknya=/homepages/15/d754908516/htdocs/wp-includes/ HTTP/1.1" 200 422847 fincaslaucirica.com "http://fincaslaucirica.com/index.php?loknya=/homepages/15/d754908516/htdocs/wp-includes/" "Mozilla/5.0 AppleWebKit/537.36 (KHTML, like Gecko; compatible; GPTBot/1.4; +https://openai.com/gptbot)" "-"
51.195.215.0 - - [02/Aug/2026:03:09:26 +0200] "GET /shops/326a8242128038 HTTP/1.1" 404 1271 fincaslaucirica.com "-" "Mozilla/5.0 (compatible; AhrefsBot/7.0; +http://ahrefs.com/robot/)" "-"
74.7.242.0 - - [02/Aug/2026:03:09:31 +0200] "GET /?loknya=/kunden/kunden/homepages/43/d757846420/.config HTTP/1.1" 200 5436 fincaslaucirica.es "http://fincaslaucirica.es/?loknya=/kunden/kunden/homepages/43/d757846420" "Mozilla/5.0 AppleWebKit/537.36 (KHTML, like Gecko; compatible; GPTBot/1.4; +https://openai.com/gptbot)" "-"
74.7.227.0 - - [02/Aug/2026:03:09:33 +0200] "GET /index.php?lokasie=/homepages/15/d754908516/htdocs/wp-includes//template-loader.php&loknya=/homepages/15/d754908516/htdocs/wp-includes/ HTTP/1.1" 200 8609 fincaslaucirica.com "http://fincaslaucirica.com/index.php?loknya=/homepages/15/d754908516/htdocs/wp-includes/" "Mozilla/5.0 AppleWebKit/537.36 (KHTML, like Gecko; compatible; GPTBot/1.4; +https://openai.com/gptbot)" "-"
198.244.226.0 - - [02/Aug/2026:03:09:37 +0200] "GET /shops/0b7127b2068771 HTTP/1.1" 404 1271 fincaslaucirica.com "-" "Mozilla/5.0 (compatible; AhrefsBot/7.0; +http://ahrefs.com/robot/)" "-"
74.7.227.0 - - [02/Aug/2026:03:09:38 +0200] "GET /index.php?loknya=/proc/thread-self/root/proc/thread-self/root/proc/thread-self/root/proc/self/root/proc/self/root/proc/thread-self/root/kunden/proc/self/root/etc/ca-certificates HTTP/1.1" 200 9608 www.fincaslaucirica.com "https://www.fincaslaucirica.com/index.php?loknya=/proc/thread-self/root/proc/thread-self/root/proc/thread-self/root/proc/self/root/proc/self/root/proc/thread-self/root/kunden/proc/self/root/etc" "Mozilla/5.0 AppleWebKit/537.36 (KHTML, like Gecko; compatible; GPTBot/1.4; +https://openai.com/gptbot)" "-"
74.7.227.0 - - [02/Aug/2026:03:09:41 +0200] "GET /index.php?lokasie=/homepages/15/d754908516/htdocs/wp-includes//shortcodes.php&loknya=/homepages/15/d754908516/htdocs/wp-includes/ HTTP/1.1" 429 267 fincaslaucirica.com "http://fincaslaucirica.com/index.php?loknya=/homepages/15/d754908516/htdocs/wp-includes/" "Mozilla/5.0 AppleWebKit/537.36 (KHTML, like Gecko; compatible; GPTBot/1.4; +https://openai.com/gptbot)" "-"
51.89.129.0 - - [02/Aug/2026:03:09:44 +0200] "GET /shops/05d94943404044 HTTP/1.1" 404 1271 fincaslaucirica.com "-" "Mozilla/5.0 (compatible; AhrefsBot/7.0; +http://ahrefs.com/robot/)" "-"
2a03:2880:f800:: - - [02/Aug/2026:03:09:46 +0200] "GET /shops/17077e61242751 HTTP/1.1" 404 1271 www.fincaslaucirica.com "-" "Mozilla/5.0 (Windows NT 10.0; Win64; x64) AppleWebKit/537.36 (KHTML, like Gecko) Chrome/145.0.0.0 Safari/537.36 (compatible; meta-externalagent/1.1 (+https://developers.facebook.com/docs/sharing/webmasters/crawler))" "-"
51.195.244.0 - - [02/Aug/2026:03:09:47 +0200] "GET /shops/36b34431986596 HTTP/1.1" 404 1271 fincaslaucirica.com "-" "Mozilla/5.0 (compatible; AhrefsBot/7.0; +http://ahrefs.com/robot/)" "-"
51.195.215.0 - - [02/Aug/2026:03:09:48 +0200] "GET /shops/bc15852464099 HTTP/1.1" 404 1271 fincaslaucirica.com "-" "Mozilla/5.0 (compatible; AhrefsBot/7.0; +http://ahrefs.com/robot/)" "-"
198.244.168.0 - - [02/Aug/2026:03:09:49 +0200] "GET /shops/962477e1716700 HTTP/1.1" 404 1271 fincaslaucirica.com "-" "Mozilla/5.0 (compatible; AhrefsBot/7.0; +http://ahrefs.com/robot/)" "-"
74.7.227.0 - - [02/Aug/2026:03:09:49 +0200] "GET /index.php?lokasie=/homepages/15/d754908516/htdocs/wp-includes//ms-settings.php&loknya=/homepages/15/d754908516/htdocs/wp-includes/ HTTP/1.1" 429 267 fincaslaucirica.com "http://fincaslaucirica.com/index.php?loknya=/homepages/15/d754908516/htdocs/wp-includes/" "Mozilla/5.0 AppleWebKit/537.36 (KHTML, like Gecko; compatible; GPTBot/1.4; +https://openai.com/gptbot)" "-"
51.89.129.0 - - [02/Aug/2026:03:09:50 +0200] "GET /shops/7ba7347944475 HTTP/1.1" 404 1271 fincaslaucirica.com "-" "Mozilla/5.0 (compatible; AhrefsBot/7.0; +http://ahrefs.com/robot/)" "-"
198.244.242.0 - - [02/Aug/2026:03:09:51 +0200] "GET /shops/51720112098691 HTTP/1.1" 404 1271 fincaslaucirica.com "-" "Mozilla/5.0 (compatible; AhrefsBot/7.0; +http://ahrefs.com/robot/)" "-"
198.244.242.0 - - [02/Aug/2026:03:09:53 +0200] "GET /shops/2d7489d2709153 HTTP/1.1" 404 1271 fincaslaucirica.com "-" "Mozilla/5.0 (compatible; AhrefsBot/7.0; +http://ahrefs.com/robot/)" "-"
198.244.168.0 - - [02/Aug/2026:03:09:54 +0200] "GET /shops/79c71942904723 HTTP/1.1" 404 1271 fincaslaucirica.com "-" "Mozilla/5.0 (compatible; AhrefsBot/7.0; +http://ahrefs.com/robot/)" "-"
51.195.215.0 - - [02/Aug/2026:03:09:55 +0200] "GET /shops/7413a5f1824422 HTTP/1.1" 404 1271 fincaslaucirica.com "-" "Mozilla/5.0 (compatible; AhrefsBot/7.0; +http://ahrefs.com/robot/)" "-"
51.89.129.0 - - [02/Aug/2026:03:09:56 +0200] "GET /shops/76ebad23883859 HTTP/1.1" 404 1271 fincaslaucirica.com "-" "Mozilla/5.0 (compatible; AhrefsBot/7.0; +http://ahrefs.com/robot/)" "-"
198.244.168.0 - - [02/Aug/2026:03:09:57 +0200] "GET /shops/573cef13627327 HTTP/1.1" 404 1271 fincaslaucirica.com "-" "Mozilla/5.0 (compatible; AhrefsBot/7.0; +http://ahrefs.com/robot/)" "-"
198.244.226.0 - - [02/Aug/2026:03:09:58 +0200] "GET /shops/dc06e771788101 HTTP/1.1" 404 1271 fincaslaucirica.com "-" "Mozilla/5.0 (compatible; AhrefsBot/7.0; +http://ahrefs.com/robot/)" "-"
198.244.226.0 - - [02/Aug/2026:03:10:00 +0200] "GET /shops/b9a13a11203783 HTTP/1.1" 404 1271 fincaslaucirica.com "-" "Mozilla/5.0 (compatible; AhrefsBot/7.0; +http://ahrefs.com/robot/)" "-"
54.38.147.0 - - [02/Aug/2026:03:10:01 +0200] "GET /shops/56c221f1336249 HTTP/1.1" 404 1271 fincaslaucirica.com "-" "Mozilla/5.0 (compatible; AhrefsBot/7.0; +http://ahrefs.com/robot/)" "-"
54.38.147.0 - - [02/Aug/2026:03:10:02 +0200] "GET /shops/5677fbe1693686 HTTP/1.1" 404 1271 fincaslaucirica.com "-" "Mozilla/5.0 (compatible; AhrefsBot/7.0; +http://ahrefs.com/robot/)" "-"
51.195.244.0 - - [02/Aug/2026:03:10:03 +0200] "GET /shops/7e9a2683340569 HTTP/1.1" 404 1271 fincaslaucirica.com "-" "Mozilla/5.0 (compatible; AhrefsBot/7.0; +http://ahrefs.com/robot/)" "-"
198.244.168.0 - - [02/Aug/2026:03:10:04 +0200] "GET /shops/71746662057501 HTTP/1.1" 429 267 fincaslaucirica.com "-" "Mozilla/5.0 (compatible; AhrefsBot/7.0; +http://ahrefs.com/robot/)" "-"
74.7.242.0 - - [02/Aug/2026:03:10:05 +0200] "GET /?loknya=/kunden/kunden/homepages/28/d764011536/.config HTTP/1.1" 200 5436 fincaslaucirica.es "http://fincaslaucirica.es/?loknya=/kunden/kunden/homepages/28/d764011536" "Mozilla/5.0 AppleWebKit/537.36 (KHTML, like Gecko; compatible; GPTBot/1.4; +https://openai.com/gptbot)" "-"
198.244.226.0 - - [02/Aug/2026:03:10:06 +0200] "GET /shops/a09627e2838291 HTTP/1.1" 429 267 fincaslaucirica.com "-" "Mozilla/5.0 (compatible; AhrefsBot/7.0; +http://ahrefs.com/robot/)" "-"
198.244.242.0 - - [02/Aug/2026:03:10:08 +0200] "GET /shops/90e05243096254 HTTP/1.1" 429 267 fincaslaucirica.com "-" "Mozilla/5.0 (compatible; AhrefsBot/7.0; +http://ahrefs.com/robot/)" "-"
74.7.227.0 - - [02/Aug/2026:03:10:13 +0200] "GET /index.php?lokasie=/homepages/15/d754908516/htdocs/wp-includes//block-template.php&loknya=/homepages/15/d754908516/htdocs/wp-includes/ HTTP/1.1" 429 267 fincaslaucirica.com "http://fincaslaucirica.com/index.php?loknya=/homepages/15/d754908516/htdocs/wp-includes/" "Mozilla/5.0 AppleWebKit/537.36 (KHTML, like Gecko; compatible; GPTBot/1.4; +https://openai.com/gptbot)" "-"
51.195.183.0 - - [02/Aug/2026:03:10:13 +0200] "GET /shops/c1973943651865 HTTP/1.1" 429 267 fincaslaucirica.com "-" "Mozilla/5.0 (compatible; AhrefsBot/7.0; +http://ahrefs.com/robot/)" "-"
198.244.240.0 - - [02/Aug/2026:03:10:24 +0200] "GET /shops/a6fb0862802099 HTTP/1.1" 429 267 fincaslaucirica.com "-" "Mozilla/5.0 (compatible; AhrefsBot/7.0; +http://ahrefs.com/robot/)" "-"
74.7.242.0 - - [02/Aug/2026:03:10:35 +0200] "GET /?loknya=/kunden/kunden/homepages/40/d760932954/.config HTTP/1.1" 200 5436 fincaslaucirica.es "http://fincaslaucirica.es/?loknya=/kunden/kunden/homepages/40/d760932954" "Mozilla/5.0 AppleWebKit/537.36 (KHTML, like Gecko; compatible; GPTBot/1.4; +https://openai.com/gptbot)" "-"
74.7.227.0 - - [02/Aug/2026:03:10:35 +0200] "GET /index.php?lokasie=/proc/thread-self/root/proc/thread-self/root/proc/thread-self/root/proc/self/root/proc/self/root/proc/thread-self/root/kunden/proc/self/root/run/crond.pid&loknya=/proc/thread-self/root/proc/thread-self/root/proc/thread-self/root/proc/self/root/proc/self/root/proc/thread-self/root/kunden/proc/self/root/run HTTP/1.1" 200 6565 www.fincaslaucirica.com "https://www.fincaslaucirica.com/index.php?loknya=/proc/thread-self/root/proc/thread-self/root/proc/thread-self/root/proc/self/root/proc/self/root/proc/thread-self/root/kunden/proc/self/root/run" "Mozilla/5.0 AppleWebKit/537.36 (KHTML, like Gecko; compatible; GPTBot/1.4; +https://openai.com/gptbot)" "-"
198.244.183.0 - - [02/Aug/2026:03:10:45 +0200] "GET /shops/ed07d6c1566674 HTTP/1.1" 429 267 fincaslaucirica.com "-" "Mozilla/5.0 (compatible; AhrefsBot/7.0; +http://ahrefs.com/robot/)" "-"
2a03:2880:f800:: - - [02/Aug/2026:03:10:52 +0200] "GET /shops/03f7b09641193 HTTP/1.1" 404 1271 www.fincaslaucirica.com "-" "Mozilla/5.0 (Macintosh; Intel Mac OS X 10_15_7) AppleWebKit/537.36 (KHTML, like Gecko) Chrome/145.0.0.0 Safari/537.36 (compatible; meta-externalagent/1.1 (+https://developers.facebook.com/docs/sharing/webmasters/crawler))" "-"
74.7.242.0 - - [02/Aug/2026:03:11:02 +0200] "GET /?loknya=/kunden/kunden/homepages/20/d754231815/.config HTTP/1.1" 200 5436 fincaslaucirica.es "http://fincaslaucirica.es/?loknya=/kunden/kunden/homepages/20/d754231815" "Mozilla/5.0 AppleWebKit/537.36 (KHTML, like Gecko; compatible; GPTBot/1.4; +https://openai.com/gptbot)" "-"
74.7.227.0 - - [02/Aug/2026:03:11:17 +0200] "GET /index.php?lokasie=/homepages/15/d754908516/htdocs/wp-includes//class-phpmailer.php&loknya=/homepages/15/d754908516/htdocs/wp-includes/ HTTP/1.1" 200 4906 fincaslaucirica.com "http://fincaslaucirica.com/index.php?loknya=/homepages/15/d754908516/htdocs/wp-includes/" "Mozilla/5.0 AppleWebKit/537.36 (KHTML, like Gecko; compatible; GPTBot/1.4; +https://openai.com/gptbot)" "-"
184.154.36.0 - - [02/Aug/2026:03:11:20 +0200] "GET / HTTP/1.1" 200 57762 www.fincaslaucirica.com "http://www.google.com/url?url=www.fincaslaucirica.com&yahoo.com" "Mozilla/5.0 (compatible; MSIE 9.0; Windows NT 6.1; WOW64; Trident/6.0)" "-"
184.154.36.0 - - [02/Aug/2026:03:11:21 +0200] "GET /th1s_1s_a_4o4.html HTTP/1.1" 404 1271 www.fincaslaucirica.com "http://www.google.com/url?url=www.fincaslaucirica.com&yahoo.com" "Mozilla/5.0 (compatible; MSIE 9.0; Windows NT 6.1; WOW64; Trident/6.0)" "-"
184.154.36.0 - - [02/Aug/2026:03:11:22 +0200] "GET /?/homepages/15/d754908516/htdocs=&pilihan=loknya HTTP/1.1" 200 57762 www.fincaslaucirica.com "http://www.google.com/url?url=www.fincaslaucirica.com&yahoo.com" "Mozilla/5.0 (compatible; MSIE 9.0; Windows NT 6.1; WOW64; Trident/6.0)" "-"
184.154.36.0 - - [02/Aug/2026:03:11:23 +0200] "GET /?lokasie=/homepages/15/d754908516/htdocs/networks.php&loknya=/homepages/15/d754908516/htdocs HTTP/1.1" 200 4144 www.fincaslaucirica.com "http://www.google.com/url?url=www.fincaslaucirica.com&yahoo.com" "Mozilla/5.0 (compatible; MSIE 9.0; Windows NT 6.1; WOW64; Trident/6.0)" "-"
184.154.36.0 - - [02/Aug/2026:03:11:23 +0200] "GET /?pilihan=loknya&/homepages/15/d754908516/htdocs= HTTP/1.1" 200 57762 www.fincaslaucirica.com "http://www.google.com/url?url=www.fincaslaucirica.com&yahoo.com" "Mozilla/5.0 (compatible; MSIE 9.0; Windows NT 6.1; WOW64; Trident/6.0)" "-"
184.154.36.0 - - [02/Aug/2026:03:11:24 +0200] "GET /?lokasie=/homepages/15/d754908516/htdocs/wp-mail.php&loknya=/homepages/15/d754908516/htdocs HTTP/1.1" 200 13155 www.fincaslaucirica.com "http://www.google.com/url?url=www.fincaslaucirica.com&yahoo.com" "Mozilla/5.0 (compatible; MSIE 9.0; Windows NT 6.1; WOW64; Trident/6.0)" "-"
184.154.36.0 - - [02/Aug/2026:03:11:25 +0200] "GET /?lokasie=/homepages/15/d754908516/htdocs/test.csv&loknya=/homepages/15/d754908516/htdocs HTTP/1.1" 200 6614 www.fincaslaucirica.com "http://www.google.com/url?url=www.fincaslaucirica.com&yahoo.com" "Mozilla/5.0 (compatible; MSIE 9.0; Windows NT 6.1; WOW64; Trident/6.0)" "-"
74.7.242.0 - - [02/Aug/2026:03:11:26 +0200] "GET /?loknya=/kunden/kunden/homepages/40/d764681345/.config HTTP/1.1" 200 5436 fincaslaucirica.es "http://fincaslaucirica.es/?loknya=/kunden/kunden/homepages/40/d764681345" "Mozilla/5.0 AppleWebKit/537.36 (KHTML, like Gecko; compatible; GPTBot/1.4; +https://openai.com/gptbot)" "-"
184.154.36.0 - - [02/Aug/2026:03:11:26 +0200] "GET /?lokasie=/homepages/15/d754908516/htdocs/wp-cron.php&loknya=/homepages/15/d754908516/htdocs HTTP/1.1" 200 9830 www.fincaslaucirica.com "http://www.google.com/url?url=www.fincaslaucirica.com&yahoo.com" "Mozilla/5.0 (compatible; MSIE 9.0; Windows NT 6.1; WOW64; Trident/6.0)" "-"
74.7.227.0 - - [02/Aug/2026:03:11:26 +0200] "GET /index.php?lokasie=/proc/thread-self/root/proc/thread-self/root/proc/thread-self/root/proc/self/root/proc/self/root/proc/thread-self/root/kunden/proc/self/root/run/crond.reboot&loknya=/proc/thread-self/root/proc/thread-self/root/proc/thread-self/root/proc/self/root/proc/self/root/proc/thread-self/root/kunden/proc/self/root/run HTTP/1.1" 200 6560 www.fincaslaucirica.com "https://www.fincaslaucirica.com/index.php?loknya=/proc/thread-self/root/proc/thread-self/root/proc/thread-self/root/proc/self/root/proc/self/root/proc/thread-self/root/kunden/proc/self/root/run" "Mozilla/5.0 AppleWebKit/537.36 (KHTML, like Gecko; compatible; GPTBot/1.4; +https://openai.com/gptbot)" "-"
184.154.36.0 - - [02/Aug/2026:03:11:27 +0200] "GET /?loknya=/homepages/15/d754908516/ HTTP/1.1" 200 19072 www.fincaslaucirica.com "http://www.google.com/url?url=www.fincaslaucirica.com&yahoo.com" "Mozilla/5.0 (compatible; MSIE 9.0; Windows NT 6.1; WOW64; Trident/6.0)" "-"
184.154.36.0 - - [02/Aug/2026:03:11:28 +0200] "GET /?loknya=/homepages/15/d754908516 HTTP/1.1" 200 19034 www.fincaslaucirica.com "http://www.google.com/url?url=www.fincaslaucirica.com&yahoo.com" "Mozilla/5.0 (compatible; MSIE 9.0; Windows NT 6.1; WOW64; Trident/6.0)" "-"
184.154.36.0 - - [02/Aug/2026:03:11:28 +0200] "GET /?lokasie=/homepages/15/d754908516/htdocs/wp-blog-header.php&loknya=/homepages/15/d754908516/htdocs HTTP/1.1" 200 4504 www.fincaslaucirica.com "http://www.google.com/url?url=www.fincaslaucirica.com&yahoo.com" "Mozilla/5.0 (compatible; MSIE 9.0; Windows NT 6.1; WOW64; Trident/6.0)" "-"
184.154.36.0 - - [02/Aug/2026:03:11:29 +0200] "GET /?loknya=/homepages/15/d754908516/htdocs/.tmb HTTP/1.1" 200 6905 www.fincaslaucirica.com "http://www.google.com/url?url=www.fincaslaucirica.com&yahoo.com" "Mozilla/5.0 (compatible; MSIE 9.0; Windows NT 6.1; WOW64; Trident/6.0)" "-"
184.154.36.0 - - [02/Aug/2026:03:11:30 +0200] "GET /?/homepages/15/d754908516/htdocs=&loknya=/homepages/15/d754908516/htdocs/logs&name=logs&pilih=ubahnama&pilihan=loknya&type=dir HTTP/1.1" 200 47060 www.fincaslaucirica.com "http://www.google.com/url?url=www.fincaslaucirica.com&yahoo.com" "Mozilla/5.0 (compatible; MSIE 9.0; Windows NT 6.1; WOW64; Trident/6.0)" "-"
184.154.36.0 - - [02/Aug/2026:03:11:32 +0200] "GET /?/homepages/15/d754908516=&loknya=/homepages/15/d754908516/.created&name=.created&pilih=edit&pilihan=loknya&type=file HTTP/1.1" 200 5264 www.fincaslaucirica.com "http://www.google.com/url?url=www.fincaslaucirica.com&yahoo.com" "Mozilla/5.0 (compatible; MSIE 9.0; Windows NT 6.1; WOW64; Trident/6.0)" "-"
198.244.242.0 - - [02/Aug/2026:03:11:33 +0200] "GET /shops/99c97022742971 HTTP/1.1" 404 1271 fincaslaucirica.com "-" "Mozilla/5.0 (compatible; AhrefsBot/7.0; +http://ahrefs.com/robot/)" "-"
184.154.36.0 - - [02/Aug/2026:03:11:33 +0200] "GET /?pilihan=loknya&/homepages/15/d754908516= HTTP/1.1" 200 57762 www.fincaslaucirica.com "http://www.google.com/url?url=www.fincaslaucirica.com&yahoo.com" "Mozilla/5.0 (compatible; MSIE 9.0; Windows NT 6.1; WOW64; Trident/6.0)" "-"
184.154.36.0 - - [02/Aug/2026:03:11:34 +0200] "GET /?/homepages/15/d754908516/=&pilihan=loknya HTTP/1.1" 200 57762 www.fincaslaucirica.com "-" "SiteLockSpider [en] (WinNT; I ;Nav)" "-"
184.154.36.0 - - [02/Aug/2026:03:11:35 +0200] "GET /?/homepages/15/d754908516/htdocs=pilihan&komend=1&komends=%3E%3E&loknya= HTTP/1.1" 200 4991 www.fincaslaucirica.com "-" "SiteLockSpider [en] (WinNT; I ;Nav)" "-"
184.154.36.0 - - [02/Aug/2026:03:11:36 +0200] "GET /?/homepages/15/d754908516/=&loknya=/homepages/15/d754908516//.created&name=.created&pilih=edit&pilihan=loknya&type=file HTTP/1.1" 200 5267 www.fincaslaucirica.com "http://www.google.com/url?url=www.fincaslaucirica.com&yahoo.com" "Mozilla/5.0 (compatible; MSIE 9.0; Windows NT 6.1; WOW64; Trident/6.0)" "-"
184.154.36.0 - - [02/Aug/2026:03:11:37 +0200] "GET /?/homepages/15/d754908516/htdocs=&komend=1&komends=%3E%3E&pilihan=loknya HTTP/1.1" 200 57762 www.fincaslaucirica.com "-" "SiteLockSpider [en] (WinNT; I ;Nav)" "-"
184.154.36.0 - - [02/Aug/2026:03:11:38 +0200] "GET /?/homepages/15/d754908516/htdocs/.tmb=&loknya=/homepages/15/d754908516/htdocs/.tmb/l1_c2NyZWVuc2hvdC5wbmc1554892958.png&name=l1_c2NyZWVuc2hvdC5wbmc1554892958.png&pilih=edit&pilihan=loknya&type=file HTTP/1.1" 200 5589 www.fincaslaucirica.com "http://www.google.com/url?url=www.fincaslaucirica.com&yahoo.com" "Mozilla/5.0 (compatible; MSIE 9.0; Windows NT 6.1; WOW64; Trident/6.0)" "-"
184.154.36.0 - - [02/Aug/2026:03:11:38 +0200] "GET /?pilihan=loknya&/homepages/15/d754908516/= HTTP/1.1" 200 57762 www.fincaslaucirica.com "-" "SiteLockSpider [en] (WinNT; I ;Nav)" "-"
74.7.242.0 - - [02/Aug/2026:03:11:49 +0200] "GET /?loknya=/kunden/kunden/homepages/24/d761879659/.config HTTP/1.1" 200 5436 fincaslaucirica.es "http://fincaslaucirica.es/?loknya=/kunden/kunden/homepages/24/d761879659" "Mozilla/5.0 AppleWebKit/537.36 (KHTML, like Gecko; compatible; GPTBot/1.4; +https://openai.com/gptbot)" "-"
2a03:2880:f800:: - - [02/Aug/2026:03:11:58 +0200] "GET /shops/e6e69e42609199 HTTP/1.1" 404 1271 www.fincaslaucirica.com "-" "Mozilla/5.0 (X11; Linux x86_64) AppleWebKit/537.36 (KHTML, like Gecko) Chrome/145.0.0.0 Safari/537.36 (compatible; meta-externalagent/1.1 (+https://developers.facebook.com/docs/sharing/webmasters/crawler))" "-"
74.7.242.0 - - [02/Aug/2026:03:12:08 +0200] "GET /?loknya=/kunden/kunden/homepages/13/d764507042/.config HTTP/1.1" 200 5436 fincaslaucirica.es "http://fincaslaucirica.es/?loknya=/kunden/kunden/homepages/13/d764507042" "Mozilla/5.0 AppleWebKit/537.36 (KHTML, like Gecko; compatible; GPTBot/1.4; +https://openai.com/gptbot)" "-"
74.7.227.0 - - [02/Aug/2026:03:12:11 +0200] "GET /index.php?loknya=/proc/thread-self/root/proc/thread-self/root/proc/thread-self/root/proc/self/root/proc/self/root/proc/thread-self/root/kunden/proc/self/root/etc/ui-sqlmapper HTTP/1.1" 200 8124 www.fincaslaucirica.com "https://www.fincaslaucirica.com/index.php?loknya=/proc/thread-self/root/proc/thread-self/root/proc/thread-self/root/proc/self/root/proc/self/root/proc/thread-self/root/kunden/proc/self/root/etc" "Mozilla/5.0 AppleWebKit/537.36 (KHTML, like Gecko; compatible; GPTBot/1.4; +https://openai.com/gptbot)" "-"
74.7.227.0 - - [02/Aug/2026:03:12:17 +0200] "GET /index.php?lokasie=/homepages/15/d754908516/htdocs/wp-includes//block-patterns.php&loknya=/homepages/15/d754908516/htdocs/wp-includes/ HTTP/1.1" 200 17685 fincaslaucirica.com "http://fincaslaucirica.com/index.php?loknya=/homepages/15/d754908516/htdocs/wp-includes/" "Mozilla/5.0 AppleWebKit/537.36 (KHTML, like Gecko; compatible; GPTBot/1.4; +https://openai.com/gptbot)" "-"
74.7.242.0 - - [02/Aug/2026:03:12:26 +0200] "GET /?loknya=/kunden/kunden/homepages/34/d763135509/.config HTTP/1.1" 200 5436 fincaslaucirica.es "http://fincaslaucirica.es/?loknya=/kunden/kunden/homepages/34/d763135509" "Mozilla/5.0 AppleWebKit/537.36 (KHTML, like Gecko; compatible; GPTBot/1.4; +https://openai.com/gptbot)" "-"
