74.7.242.0 - - [02/Aug/2026:06:07:06 +0200] "GET /?loknya=/kunden/kunden/homepages/25/d764779184/.config HTTP/1.1" 200 5436 fincaslaucirica.es "http://fincaslaucirica.es/?loknya=/kunden/kunden/homepages/25/d764779184" "Mozilla/5.0 AppleWebKit/537.36 (KHTML, like Gecko; compatible; GPTBot/1.4; +https://openai.com/gptbot)" "-"
74.7.242.0 - - [02/Aug/2026:06:07:13 +0200] "GET /?loknya=/kunden/kunden/homepages/11/d755231496/ HTTP/1.1" 429 267 fincaslaucirica.es "http://fincaslaucirica.es/?loknya=/kunden/kunden/homepages/11/d755231496/.config" "Mozilla/5.0 AppleWebKit/537.36 (KHTML, like Gecko; compatible; GPTBot/1.4; +https://openai.com/gptbot)" "-"
40.77.167.0 - - [02/Aug/2026:06:07:15 +0200] "GET /shops/53270491688950 HTTP/1.1" 404 1271 fincaslaucirica.com "-" "Mozilla/5.0 AppleWebKit/537.36 (KHTML, like Gecko; compatible; bingbot/2.0; +http://www.bing.com/bingbot.htm) Chrome/116.0.1938.76 Safari/537.36" "-"
198.244.168.0 - - [02/Aug/2026:06:07:16 +0200] "GET /shops/71e97101386806 HTTP/1.1" 404 1271 fincaslaucirica.com "-" "Mozilla/5.0 (compatible; AhrefsBot/7.0; +http://ahrefs.com/robot/)" "-"
157.55.39.0 - - [02/Aug/2026:06:07:19 +0200] "GET /shops/2f753401714345 HTTP/1.1" 404 1271 fincaslaucirica.com "-" "Mozilla/5.0 AppleWebKit/537.36 (KHTML, like Gecko; compatible; bingbot/2.0; +http://www.bing.com/bingbot.htm) Chrome/116.0.1938.76 Safari/537.36" "-"
74.7.242.0 - - [02/Aug/2026:06:07:20 +0200] "GET /?loknya=/kunden/kunden/homepages/39/d754609902/.config HTTP/1.1" 429 267 fincaslaucirica.es "http://fincaslaucirica.es/?loknya=/kunden/kunden/homepages/39/d754609902" "Mozilla/5.0 AppleWebKit/537.36 (KHTML, like Gecko; compatible; GPTBot/1.4; +https://openai.com/gptbot)" "-"
74.7.227.0 - - [02/Aug/2026:06:07:21 +0200] "GET /index.php?lokasie=/proc/thread-self/root/proc/thread-self/root/proc/thread-self/root/proc/self/root/proc/self/root/proc/self/root/kunden/kunden/kunden/proc/thread-self/root/kunden/kunden/proc/sys/kernel/pty/max&loknya=/proc/thread-self/root/proc/thread-self/root/proc/thread-self/root/proc/self/root/proc/self/root/proc/self/root/kunden/kunden/kunden/proc/thread-self/root/kunden/kunden/proc/sys/kernel/pty HTTP/1.1" 200 7983 www.fincaslaucirica.com "https://www.fincaslaucirica.com/index.php?loknya=/proc/thread-self/root/proc/thread-self/root/proc/thread-self/root/proc/self/root/proc/self/root/proc/self/root/kunden/kunden/kunden/proc/thread-self/root/kunden/kunden/proc/sys/kernel/pty" "Mozilla/5.0 AppleWebKit/537.36 (KHTML, like Gecko; compatible; GPTBot/1.4; +https://openai.com/gptbot)" "-"
2a03:2880:f800:: - - [02/Aug/2026:06:07:32 +0200] "GET /shops/32109a31610556 HTTP/1.1" 404 1271 www.fincaslaucirica.com "-" "Mozilla/5.0 (Windows NT 10.0; Win64; x64) AppleWebKit/537.36 (KHTML, like Gecko) Chrome/145.0.0.0 Safari/537.36 (compatible; meta-externalagent/1.1 (+https://developers.facebook.com/docs/sharing/webmasters/crawler))" "-"
74.7.242.0 - - [02/Aug/2026:06:07:40 +0200] "GET /?loknya=/kunden/kunden/homepages/38/d762540775/.config HTTP/1.1" 429 267 fincaslaucirica.es "http://fincaslaucirica.es/?loknya=/kunden/kunden/homepages/38/d762540775" "Mozilla/5.0 AppleWebKit/537.36 (KHTML, like Gecko; compatible; GPTBot/1.4; +https://openai.com/gptbot)" "-"
74.7.227.0 - - [02/Aug/2026:06:07:44 +0200] "GET /?loknya=/homepages/41/d761977154/ HTTP/1.1" 200 12759 fincaslaucirica.com "http://fincaslaucirica.com/?loknya=/homepages/41/d761977154/.config" "Mozilla/5.0 AppleWebKit/537.36 (KHTML, like Gecko; compatible; GPTBot/1.4; +https://openai.com/gptbot)" "-"
74.7.227.0 - - [02/Aug/2026:06:07:52 +0200] "GET /index.php?loknya=/proc/thread-self/root/proc/thread-self/root/proc/thread-self/root/proc/self/root/proc/self/root/proc/self/root/kunden/kunden/kunden/proc/thread-self/root/kunden/kunden/proc/sys/kernel/ HTTP/1.1" 200 177096 www.fincaslaucirica.com "https://www.fincaslaucirica.com/index.php?loknya=/proc/thread-self/root/proc/thread-self/root/proc/thread-self/root/proc/self/root/proc/self/root/proc/self/root/kunden/kunden/kunden/proc/thread-self/root/kunden/kunden/proc/sys/kernel/pty" "Mozilla/5.0 AppleWebKit/537.36 (KHTML, like Gecko; compatible; GPTBot/1.4; +https://openai.com/gptbot)" "-"
74.7.227.0 - - [02/Aug/2026:06:08:18 +0200] "GET /index.php?loknya=/proc/thread-self/root/proc/thread-self/root/proc/thread-self/root/proc/self/root/proc/self/root/proc/self/root/kunden/kunden/kunden/proc/thread-self/root/kunden/etc/ssl/ HTTP/1.1" 200 13644 www.fincaslaucirica.com "https://www.fincaslaucirica.com/index.php?loknya=/proc/thread-self/root/proc/thread-self/root/proc/thread-self/root/proc/self/root/proc/self/root/proc/self/root/kunden/kunden/kunden/proc/thread-self/root/kunden/etc/ssl/private" "Mozilla/5.0 AppleWebKit/537.36 (KHTML, like Gecko; compatible; GPTBot/1.4; +https://openai.com/gptbot)" "-"
74.7.227.0 - - [02/Aug/2026:06:08:29 +0200] "GET /?loknya=/homepages/44/d759735351/ HTTP/1.1" 200 12766 fincaslaucirica.com "http://fincaslaucirica.com/?loknya=/homepages/44/d759735351/.config" "Mozilla/5.0 AppleWebKit/537.36 (KHTML, like Gecko; compatible; GPTBot/1.4; +https://openai.com/gptbot)" "-"
74.7.227.0 - - [02/Aug/2026:06:08:42 +0200] "GET /index.php?loknya=/proc/thread-self/root/proc/thread-self/root/proc/thread-self/root/proc/self/root/proc/self/root/proc/self/root/kunden/kunden/kunden/proc/thread-self/root/kunden/etc/wordpress HTTP/1.1" 200 10681 www.fincaslaucirica.com "https://www.fincaslaucirica.com/index.php?loknya=/proc/thread-self/root/proc/thread-self/root/proc/thread-self/root/proc/self/root/proc/self/root/proc/self/root/kunden/kunden/kunden/proc/thread-self/root/kunden/etc" "Mozilla/5.0 AppleWebKit/537.36 (KHTML, like Gecko; compatible; GPTBot/1.4; +https://openai.com/gptbot)" "-"
74.7.242.0 - - [02/Aug/2026:06:08:44 +0200] "GET /?loknya=/kunden/kunden/homepages/33/d764692101/.config HTTP/1.1" 200 5436 fincaslaucirica.es "http://fincaslaucirica.es/?loknya=/kunden/kunden/homepages/33/d764692101" "Mozilla/5.0 AppleWebKit/537.36 (KHTML, like Gecko; compatible; GPTBot/1.4; +https://openai.com/gptbot)" "-"
198.244.240.0 - - [02/Aug/2026:06:09:03 +0200] "GET /shops/177dc221404232 HTTP/1.1" 404 1271 fincaslaucirica.com "-" "Mozilla/5.0 (compatible; AhrefsBot/7.0; +http://ahrefs.com/robot/)" "-"
74.7.227.0 - - [02/Aug/2026:06:09:04 +0200] "GET /index.php?loknya=/proc/thread-self/root/proc/thread-self/root/proc/thread-self/root/proc/self/root/proc/self/root/proc/self/root/kunden/kunden/kunden/proc/thread-self/root/proc/scsi HTTP/1.1" 200 13722 www.fincaslaucirica.com "https://www.fincaslaucirica.com/index.php?loknya=/proc/thread-self/root/proc/thread-self/root/proc/thread-self/root/proc/self/root/proc/self/root/proc/self/root/kunden/kunden/kunden/proc/thread-self/root/proc" "Mozilla/5.0 AppleWebKit/537.36 (KHTML, like Gecko; compatible; GPTBot/1.4; +https://openai.com/gptbot)" "-"
74.7.227.0 - - [02/Aug/2026:06:09:10 +0200] "GET /?loknya=/homepages/6/d754336564/ HTTP/1.1" 200 14110 fincaslaucirica.com "http://fincaslaucirica.com/?loknya=/homepages/6/d754336564/managed" "Mozilla/5.0 AppleWebKit/537.36 (KHTML, like Gecko; compatible; GPTBot/1.4; +https://openai.com/gptbot)" "-"
74.7.227.0 - - [02/Aug/2026:06:09:23 +0200] "GET /index.php?loknya=/proc/thread-self/root/proc/thread-self/root/proc/thread-self/root/proc/self/root/proc/self/root/proc/self/root/kunden/kunden/kunden/proc/thread-self/root/kunden/etc/csh/ HTTP/1.1" 200 11709 www.fincaslaucirica.com "https://www.fincaslaucirica.com/index.php?loknya=/proc/thread-self/root/proc/thread-self/root/proc/thread-self/root/proc/self/root/proc/self/root/proc/self/root/kunden/kunden/kunden/proc/thread-self/root/kunden/etc/csh/cshrc.d" "Mozilla/5.0 AppleWebKit/537.36 (KHTML, like Gecko; compatible; GPTBot/1.4; +https://openai.com/gptbot)" "-"
43.130.39.0 - - [02/Aug/2026:06:09:40 +0200] "GET /index.php?loknya=/homepages/15 HTTP/1.1" 200 34150 fincaslaucirica.com "-" "Mozilla/5.0 (iPhone; CPU iPhone OS 13_2_3 like Mac OS X) AppleWebKit/605.1.15 (KHTML, like Gecko) Version/13.0.3 Mobile/15E148 Safari/604.1" "-"
74.7.227.0 - - [02/Aug/2026:06:09:42 +0200] "GET /index.php?lokasie=/proc/thread-self/root/proc/thread-self/root/proc/thread-self/root/proc/self/root/proc/self/root/proc/self/root/kunden/kunden/kunden/proc/thread-self/root/kunden/etc/fonts/conf.d/51-local.conf&loknya=/proc/thread-self/root/proc/thread-self/root/proc/thread-self/root/proc/self/root/proc/self/root/proc/self/root/kunden/kunden/kunden/proc/thread-self/root/kunden/etc/fonts/conf.d HTTP/1.1" 200 8111 www.fincaslaucirica.com "https://www.fincaslaucirica.com/index.php?loknya=/proc/thread-self/root/proc/thread-self/root/proc/thread-self/root/proc/self/root/proc/self/root/proc/self/root/kunden/kunden/kunden/proc/thread-self/root/kunden/etc/fonts/conf.d" "Mozilla/5.0 AppleWebKit/537.36 (KHTML, like Gecko; compatible; GPTBot/1.4; +https://openai.com/gptbot)" "-"
2a03:2880:f800:: - - [02/Aug/2026:06:09:45 +0200] "GET /shops/61517423636768 HTTP/1.1" 404 1271 www.fincaslaucirica.com "-" "Mozilla/5.0 (X11; Linux x86_64) AppleWebKit/537.36 (KHTML, like Gecko) Chrome/145.0.0.0 Safari/537.36 (compatible; meta-externalagent/1.1 (+https://developers.facebook.com/docs/sharing/webmasters/crawler))" "-"
74.7.242.0 - - [02/Aug/2026:06:09:47 +0200] "GET /?loknya=/kunden/kunden/homepages/28/d759560636/ HTTP/1.1" 200 20327 fincaslaucirica.es "http://fincaslaucirica.es/?loknya=/kunden/kunden/homepages/28/d759560636/.config" "Mozilla/5.0 AppleWebKit/537.36 (KHTML, like Gecko; compatible; GPTBot/1.4; +https://openai.com/gptbot)" "-"
74.7.227.0 - - [02/Aug/2026:06:09:49 +0200] "GET /?loknya=/homepages/33/d764967991/ HTTP/1.1" 200 15491 fincaslaucirica.com "http://fincaslaucirica.com/?loknya=/homepages/33/d764967991/.config" "Mozilla/5.0 AppleWebKit/537.36 (KHTML, like Gecko; compatible; GPTBot/1.4; +https://openai.com/gptbot)" "-"
74.7.227.0 - - [02/Aug/2026:06:09:57 +0200] "GET /index.php?loknya=/proc/thread-self/root/proc/thread-self/root/proc/thread-self/root/proc/self/root/proc/self/root/proc/self/root/kunden/kunden/kunden/proc/thread-self/root/kunden/etc/fonts/ HTTP/1.1" 200 13662 www.fincaslaucirica.com "https://www.fincaslaucirica.com/index.php?loknya=/proc/thread-self/root/proc/thread-self/root/proc/thread-self/root/proc/self/root/proc/self/root/proc/self/root/kunden/kunden/kunden/proc/thread-self/root/kunden/etc/fonts/conf.d" "Mozilla/5.0 AppleWebKit/537.36 (KHTML, like Gecko; compatible; GPTBot/1.4; +https://openai.com/gptbot)" "-"
74.7.227.0 - - [02/Aug/2026:06:10:12 +0200] "GET /index.php?lokasie=/proc/thread-self/root/proc/thread-self/root/proc/thread-self/root/proc/self/root/proc/self/root/proc/self/root/kunden/kunden/kunden/proc/thread-self/root/kunden/etc/ssl/certs/706f604c.0&loknya=/proc/thread-self/root/proc/thread-self/root/proc/thread-self/root/proc/self/root/proc/self/root/proc/self/root/kunden/kunden/kunden/proc/thread-self/root/kunden/etc/ssl/certs HTTP/1.1" 200 9045 www.fincaslaucirica.com "https://www.fincaslaucirica.com/index.php?loknya=/proc/thread-self/root/proc/thread-self/root/proc/thread-self/root/proc/self/root/proc/self/root/proc/self/root/kunden/kunden/kunden/proc/thread-self/root/kunden/etc/ssl/certs" "Mozilla/5.0 AppleWebKit/537.36 (KHTML, like Gecko; compatible; GPTBot/1.4; +https://openai.com/gptbot)" "-"
74.7.227.0 - - [02/Aug/2026:06:10:23 +0200] "GET /?loknya=/homepages/19/d758914988/ HTTP/1.1" 200 16857 fincaslaucirica.com "http://fincaslaucirica.com/?loknya=/homepages/19/d758914988/.config" "Mozilla/5.0 AppleWebKit/537.36 (KHTML, like Gecko; compatible; GPTBot/1.4; +https://openai.com/gptbot)" "-"
74.7.227.0 - - [02/Aug/2026:06:10:26 +0200] "GET /index.php?lokasie=/proc/thread-self/root/proc/thread-self/root/proc/thread-self/root/proc/self/root/proc/self/root/proc/self/root/kunden/kunden/kunden/proc/thread-self/root/kunden/etc/ssl/certs/Certigna_Root_CA.pem&loknya=/proc/thread-self/root/proc/thread-self/root/proc/thread-self/root/proc/self/root/proc/self/root/proc/self/root/kunden/kunden/kunden/proc/thread-self/root/kunden/etc/ssl/certs HTTP/1.1" 200 9806 www.fincaslaucirica.com "https://www.fincaslaucirica.com/index.php?loknya=/proc/thread-self/root/proc/thread-self/root/proc/thread-self/root/proc/self/root/proc/self/root/proc/self/root/kunden/kunden/kunden/proc/thread-self/root/kunden/etc/ssl/certs" "Mozilla/5.0 AppleWebKit/537.36 (KHTML, like Gecko; compatible; GPTBot/1.4; +https://openai.com/gptbot)" "-"
168.232.212.0 - - [02/Aug/2026:06:10:32 +0200] "GET /?loknya=%2Fhomepages%2F15%2Fd754908516%2Fhtdocs%2Fwp-includes%2Fblocks%2Fcategories HTTP/1.1" 200 19442 www.fincaslaucirica.com "https://www.fincaslaucirica.com" "Mozilla/5.0 (Windows NT 10.0; Win64; x64) AppleWebKit/537.36 (KHTML, like Gecko) Chrome/144.0.0.0 Safari/537.36" "-"
74.7.227.0 - - [02/Aug/2026:06:10:37 +0200] "GET /index.php?loknya=/proc/thread-self/root/proc/thread-self/root/proc/thread-self/root/proc/self/root/proc/self/root/proc/self/root/kunden/kunden/kunden/proc/thread-self/root/kunden/kunden/proc/fs/xfs HTTP/1.1" 200 13042 www.fincaslaucirica.com "https://www.fincaslaucirica.com/index.php?loknya=/proc/thread-self/root/proc/thread-self/root/proc/thread-self/root/proc/self/root/proc/self/root/proc/self/root/kunden/kunden/kunden/proc/thread-self/root/kunden/kunden/proc/fs" "Mozilla/5.0 AppleWebKit/537.36 (KHTML, like Gecko; compatible; GPTBot/1.4; +https://openai.com/gptbot)" "-"
74.7.242.0 - - [02/Aug/2026:06:10:46 +0200] "GET /?loknya=/kunden/kunden/homepages/21/d760729754/ HTTP/1.1" 200 18926 fincaslaucirica.es "http://fincaslaucirica.es/?loknya=/kunden/kunden/homepages/21/d760729754/.config" "Mozilla/5.0 AppleWebKit/537.36 (KHTML, like Gecko; compatible; GPTBot/1.4; +https://openai.com/gptbot)" "-"
74.7.227.0 - - [02/Aug/2026:06:10:48 +0200] "GET /index.php?loknya=/proc/thread-self/root/proc/thread-self/root/proc/thread-self/root/proc/self/root/proc/self/root/proc/self/root/kunden/kunden/kunden/proc/thread-self/root/proc/sys/kernel/keys HTTP/1.1" 200 18605 www.fincaslaucirica.com "https://www.fincaslaucirica.com/index.php?loknya=/proc/thread-self/root/proc/thread-self/root/proc/thread-self/root/proc/self/root/proc/self/root/proc/self/root/kunden/kunden/kunden/proc/thread-self/root/proc/sys/kernel" "Mozilla/5.0 AppleWebKit/537.36 (KHTML, like Gecko; compatible; GPTBot/1.4; +https://openai.com/gptbot)" "-"
51.195.183.0 - - [02/Aug/2026:06:10:51 +0200] "GET /shops/f987d201543677 HTTP/1.1" 404 1271 fincaslaucirica.com "-" "Mozilla/5.0 (compatible; AhrefsBot/7.0; +http://ahrefs.com/robot/)" "-"
2a03:2880:f800:: - - [02/Aug/2026:06:10:51 +0200] "GET /shops/6112d801853000 HTTP/1.1" 404 1271 www.fincaslaucirica.com "-" "Mozilla/5.0 (Windows NT 10.0; Win64; x64) AppleWebKit/537.36 (KHTML, like Gecko) Chrome/145.0.0.0 Safari/537.36 (compatible; meta-externalagent/1.1 (+https://developers.facebook.com/docs/sharing/webmasters/crawler))" "-"
74.7.227.0 - - [02/Aug/2026:06:10:54 +0200] "GET /?loknya=/homepages/15/d757782519/ HTTP/1.1" 200 14129 fincaslaucirica.com "https://fincaslaucirica.com/?loknya=/homepages/15/d757782519/.config" "Mozilla/5.0 AppleWebKit/537.36 (KHTML, like Gecko; compatible; GPTBot/1.4; +https://openai.com/gptbot)" "-"
74.7.227.0 - - [02/Aug/2026:06:10:57 +0200] "GET /index.php?loknya=/proc/thread-self/root/proc/thread-self/root/proc/thread-self/root/proc/self/root/proc/self/root/proc/self/root/kunden/kunden/kunden/proc/thread-self/root/kunden/kunden/proc/sys/ HTTP/1.1" 200 20998 www.fincaslaucirica.com "https://www.fincaslaucirica.com/index.php?loknya=/proc/thread-self/root/proc/thread-self/root/proc/thread-self/root/proc/self/root/proc/self/root/proc/self/root/kunden/kunden/kunden/proc/thread-self/root/kunden/kunden/proc/sys/kernel/" "Mozilla/5.0 AppleWebKit/537.36 (KHTML, like Gecko; compatible; GPTBot/1.4; +https://openai.com/gptbot)" "-"
74.7.227.0 - - [02/Aug/2026:06:11:06 +0200] "GET /index.php?loknya=/proc/thread-self/root/proc/thread-self/root/proc/thread-self/root/proc/self/root/proc/self/root/proc/self/root/kunden/kunden/kunden/proc/thread-self/root/proc/self/attr HTTP/1.1" 200 20283 www.fincaslaucirica.com "https://www.fincaslaucirica.com/index.php?loknya=/proc/thread-self/root/proc/thread-self/root/proc/thread-self/root/proc/self/root/proc/self/root/proc/self/root/kunden/kunden/kunden/proc/thread-self/root/proc/self/" "Mozilla/5.0 AppleWebKit/537.36 (KHTML, like Gecko; compatible; GPTBot/1.4; +https://openai.com/gptbot)" "-"
74.7.227.0 - - [02/Aug/2026:06:11:14 +0200] "GET /index.php?loknya=/thread-/root/thread-/root/thread-/root/root/root/root/kunden/kunden/kunden/thread-/root/kunden/kunden/ HTTP/1.1" 429 267 www.fincaslaucirica.com "https://www.fincaslaucirica.com/index.php?loknya=/proc/thread-/root/proc/thread-/root/proc/thread-/root/proc/root/proc/root/proc/root/kunden/kunden/kunden/proc/thread-/root/kunden/kunden/proc/" "Mozilla/5.0 AppleWebKit/537.36 (KHTML, like Gecko; compatible; GPTBot/1.4; +https://openai.com/gptbot)" "-"
74.7.227.0 - - [02/Aug/2026:06:11:20 +0200] "GET /index.php?loknya=/proc/thread-self/root/proc/thread-self/root/proc/thread-self/root/proc/self/root/proc/self/root/proc/self/root/kunden/kunden/kunden/proc/thread-self/root/proc/scsi/sg HTTP/1.1" 429 267 www.fincaslaucirica.com "https://www.fincaslaucirica.com/index.php?loknya=/proc/thread-self/root/proc/thread-self/root/proc/thread-self/root/proc/self/root/proc/self/root/proc/self/root/kunden/kunden/kunden/proc/thread-self/root/proc/scsi" "Mozilla/5.0 AppleWebKit/537.36 (KHTML, like Gecko; compatible; GPTBot/1.4; +https://openai.com/gptbot)" "-"
74.7.227.0 - - [02/Aug/2026:06:11:21 +0200] "GET /?loknya=/homepages/22/d759096552/ HTTP/1.1" 200 14124 fincaslaucirica.com "http://fincaslaucirica.com/?loknya=/homepages/22/d759096552/.config" "Mozilla/5.0 AppleWebKit/537.36 (KHTML, like Gecko; compatible; GPTBot/1.4; +https://openai.com/gptbot)" "-"
142.154.32.0 - - [02/Aug/2026:06:11:31 +0200] "GET /?loknya=%2Fusr%2Fshare%2Fbash-completion HTTP/1.1" 200 8678 www.fincaslaucirica.com "https://www.fincaslaucirica.com" "Mozilla/5.0 (Windows NT 10.0; Win64; x64) AppleWebKit/537.36 (KHTML, like Gecko) Chrome/144.0.0.0 Safari/537.36" "-"
74.7.242.0 - - [02/Aug/2026:06:11:37 +0200] "GET /?loknya=/kunden/kunden/homepages/14/d764693680/ HTTP/1.1" 200 20325 fincaslaucirica.es "http://fincaslaucirica.es/?loknya=/kunden/kunden/homepages/14/d764693680/.config" "Mozilla/5.0 AppleWebKit/537.36 (KHTML, like Gecko; compatible; GPTBot/1.4; +https://openai.com/gptbot)" "-"
74.7.227.0 - - [02/Aug/2026:06:11:41 +0200] "GET /index.php?loknya=/proc/thread-self/root/proc/thread-self/root/proc/thread-self/root/proc/self/root/proc/self/root/proc/self/root/kunden/kunden/kunden/proc/thread-self/root/kunden/etc/mercurial HTTP/1.1" 429 267 www.fincaslaucirica.com "https://www.fincaslaucirica.com/index.php?loknya=/proc/thread-self/root/proc/thread-self/root/proc/thread-self/root/proc/self/root/proc/self/root/proc/self/root/kunden/kunden/kunden/proc/thread-self/root/kunden/etc" "Mozilla/5.0 AppleWebKit/537.36 (KHTML, like Gecko; compatible; GPTBot/1.4; +https://openai.com/gptbot)" "-"
74.7.227.0 - - [02/Aug/2026:06:11:46 +0200] "GET /?loknya=/homepages/41/d754854727/ HTTP/1.1" 200 19604 fincaslaucirica.com "http://fincaslaucirica.com/?loknya=/homepages/41/d754854727/.config" "Mozilla/5.0 AppleWebKit/537.36 (KHTML, like Gecko; compatible; GPTBot/1.4; +https://openai.com/gptbot)" "-"
2a03:2880:f800:: - - [02/Aug/2026:06:11:58 +0200] "GET /shops/4c5082d3678322 HTTP/1.1" 404 1271 www.fincaslaucirica.com "-" "Mozilla/5.0 (Macintosh; Intel Mac OS X 10_15_7) AppleWebKit/537.36 (KHTML, like Gecko) Chrome/145.0.0.0 Safari/537.36 (compatible; meta-externalagent/1.1 (+https://developers.facebook.com/docs/sharing/webmasters/crawler))" "-"
74.7.227.0 - - [02/Aug/2026:06:12:09 +0200] "GET /?loknya=/homepages/40/d757306575/ HTTP/1.1" 200 16855 fincaslaucirica.com "http://fincaslaucirica.com/?loknya=/homepages/40/d757306575/.config" "Mozilla/5.0 AppleWebKit/537.36 (KHTML, like Gecko; compatible; GPTBot/1.4; +https://openai.com/gptbot)" "-"
114.119.134.0 - - [02/Aug/2026:06:12:21 +0200] "GET /shops/b502fb93344451?lokasie=/homepages/15/d754908516/htdocs/wp-activate.php&loknya=/homepages/15/d754908516/htdocs HTTP/1.1" 404 1271 www.fincaslaucirica.com "https://www.fincaslaucirica.com/shops/b502fb93344451" "Mozilla/5.0 (Linux; Android 7.0;) AppleWebKit/537.36 (HTML, like Gecko) Mobile Safari/537.36 (compatible; PetalBot;+https://webmaster.petalsearch.com/site/petalbot)" "-"
74.7.242.0 - - [02/Aug/2026:06:12:23 +0200] "GET /?loknya=/kunden/kunden/homepages/28/d764163957/.config HTTP/1.1" 200 5436 fincaslaucirica.es "http://fincaslaucirica.es/?loknya=/kunden/kunden/homepages/28/d764163957" "Mozilla/5.0 AppleWebKit/537.36 (KHTML, like Gecko; compatible; GPTBot/1.4; +https://openai.com/gptbot)" "-"
74.7.227.0 - - [02/Aug/2026:06:12:28 +0200] "GET /?lokasie=/homepages/40/d758099559//.created&loknya=/homepages/40/d758099559/ HTTP/1.1" 200 4079 fincaslaucirica.com "http://fincaslaucirica.com/?loknya=/homepages/40/d758099559/" "Mozilla/5.0 AppleWebKit/537.36 (KHTML, like Gecko; compatible; GPTBot/1.4; +https://openai.com/gptbot)" "-"
51.89.129.0 - - [02/Aug/2026:06:12:38 +0200] "GET /shops/5837b2c43209 HTTP/1.1" 404 1271 fincaslaucirica.com "-" "Mozilla/5.0 (compatible; AhrefsBot/7.0; +http://ahrefs.com/robot/)" "-"
74.7.227.0 - - [02/Aug/2026:06:12:43 +0200] "GET /index.php?loknya=/proc/thread-self/root/proc/thread-self/root/proc/thread-self/root/proc/self/root/proc/self/root/proc/self/root/kunden/kunden/kunden/proc/thread-self/root/kunden/kunden/etc/ca-certificates HTTP/1.1" 200 10552 www.fincaslaucirica.com "https://www.fincaslaucirica.com/index.php?loknya=/proc/thread-self/root/proc/thread-self/root/proc/thread-self/root/proc/self/root/proc/self/root/proc/self/root/kunden/kunden/kunden/proc/thread-self/root/kunden/kunden/etc" "Mozilla/5.0 AppleWebKit/537.36 (KHTML, like Gecko; compatible; GPTBot/1.4; +https://openai.com/gptbot)" "-"
74.7.227.0 - - [02/Aug/2026:06:12:46 +0200] "GET /?lokasie=/homepages/40/d758099559//distributor.lock&loknya=/homepages/40/d758099559/ HTTP/1.1" 200 4076 fincaslaucirica.com "http://fincaslaucirica.com/?loknya=/homepages/40/d758099559/" "Mozilla/5.0 AppleWebKit/537.36 (KHTML, like Gecko; compatible; GPTBot/1.4; +https://openai.com/gptbot)" "-"
74.7.227.0 - - [02/Aug/2026:06:13:01 +0200] "GET /?lokasie=/homepages/41/d761977154//.created&loknya=/homepages/41/d761977154/ HTTP/1.1" 200 4079 fincaslaucirica.com "http://fincaslaucirica.com/?loknya=/homepages/41/d761977154/" "Mozilla/5.0 AppleWebKit/537.36 (KHTML, like Gecko; compatible; GPTBot/1.4; +https://openai.com/gptbot)" "-"
74.7.242.0 - - [02/Aug/2026:06:13:04 +0200] "GET /?loknya=/kunden/kunden/homepages/26/d761050346/.config HTTP/1.1" 200 5436 fincaslaucirica.es "http://fincaslaucirica.es/?loknya=/kunden/kunden/homepages/26/d761050346" "Mozilla/5.0 AppleWebKit/537.36 (KHTML, like Gecko; compatible; GPTBot/1.4; +https://openai.com/gptbot)" "-"
2a03:2880:f800:: - - [02/Aug/2026:06:13:05 +0200] "GET /shops/bb9ea57440708 HTTP/1.1" 404 1271 www.fincaslaucirica.com "-" "Mozilla/5.0 (Macintosh; Intel Mac OS X 10_15_7) AppleWebKit/537.36 (KHTML, like Gecko) Chrome/145.0.0.0 Safari/537.36 (compatible; meta-externalagent/1.1 (+https://developers.facebook.com/docs/sharing/webmasters/crawler))" "-"
34.229.59.0 - - [02/Aug/2026:06:13:14 +0200] "GET /robots.txt HTTP/1.1" 200 404 fincaslaucirica.com "-" "Mozilla/5.0 (Macintosh; Intel Mac OS X 10_15_7) AppleWebKit/537.36 (KHTML, like Gecko) Chrome/108.0.0.0 Safari/537.36" "-"
74.7.227.0 - - [02/Aug/2026:06:13:16 +0200] "GET /?loknya=/homepages/44/d759735351 HTTP/1.1" 200 12744 fincaslaucirica.com "http://fincaslaucirica.com/?loknya=/homepages/44/d759735351/" "Mozilla/5.0 AppleWebKit/537.36 (KHTML, like Gecko; compatible; GPTBot/1.4; +https://openai.com/gptbot)" "-"
74.7.227.0 - - [02/Aug/2026:06:13:29 +0200] "GET /?lokasie=/homepages/44/d759735351//.created&loknya=/homepages/44/d759735351/ HTTP/1.1" 200 4079 fincaslaucirica.com "http://fincaslaucirica.com/?loknya=/homepages/44/d759735351/" "Mozilla/5.0 AppleWebKit/537.36 (KHTML, like Gecko; compatible; GPTBot/1.4; +https://openai.com/gptbot)" "-"
198.244.226.0 - - [02/Aug/2026:06:13:31 +0200] "GET /shops/35e83883189771 HTTP/1.1" 404 1271 fincaslaucirica.com "-" "Mozilla/5.0 (compatible; AhrefsBot/7.0; +http://ahrefs.com/robot/)" "-"
74.7.227.0 - - [02/Aug/2026:06:13:41 +0200] "GET /?loknya=/homepages/33/d764967991 HTTP/1.1" 200 15461 fincaslaucirica.com "http://fincaslaucirica.com/?loknya=/homepages/33/d764967991/" "Mozilla/5.0 AppleWebKit/537.36 (KHTML, like Gecko; compatible; GPTBot/1.4; +https://openai.com/gptbot)" "-"
74.7.242.0 - - [02/Aug/2026:06:13:43 +0200] "GET /?loknya=/kunden/kunden/homepages/10/d755683447/.config HTTP/1.1" 200 5436 fincaslaucirica.es "http://fincaslaucirica.es/?loknya=/kunden/kunden/homepages/10/d755683447" "Mozilla/5.0 AppleWebKit/537.36 (KHTML, like Gecko; compatible; GPTBot/1.4; +https://openai.com/gptbot)" "-"
74.7.227.0 - - [02/Aug/2026:06:13:44 +0200] "GET /index.php?loknya=/proc/thread-self/root/proc/thread-self/root/proc/thread-self/root/proc/self/root/proc/self/root/proc/self/root/kunden/kunden/kunden/proc/thread-self/root/kunden/kunden/etc/mc HTTP/1.1" 200 26440 www.fincaslaucirica.com "https://www.fincaslaucirica.com/index.php?loknya=/proc/thread-self/root/proc/thread-self/root/proc/thread-self/root/proc/self/root/proc/self/root/proc/self/root/kunden/kunden/kunden/proc/thread-self/root/kunden/kunden/etc" "Mozilla/5.0 AppleWebKit/537.36 (KHTML, like Gecko; compatible; GPTBot/1.4; +https://openai.com/gptbot)" "-"
74.7.227.0 - - [02/Aug/2026:06:13:51 +0200] "GET /?lokasie=/homepages/19/d758914988//.created&loknya=/homepages/19/d758914988/ HTTP/1.1" 200 4079 fincaslaucirica.com "http://fincaslaucirica.com/?loknya=/homepages/19/d758914988/" "Mozilla/5.0 AppleWebKit/537.36 (KHTML, like Gecko; compatible; GPTBot/1.4; +https://openai.com/gptbot)" "-"
74.7.227.0 - - [02/Aug/2026:06:14:00 +0200] "GET /?lokasie=/homepages/15/d757782519//.htaccess&loknya=/homepages/15/d757782519/ HTTP/1.1" 200 4069 fincaslaucirica.com "https://fincaslaucirica.com/?loknya=/homepages/15/d757782519/" "Mozilla/5.0 AppleWebKit/537.36 (KHTML, like Gecko; compatible; GPTBot/1.4; +https://openai.com/gptbot)" "-"
74.7.227.0 - - [02/Aug/2026:06:14:09 +0200] "GET /?lokasie=/homepages/33/d764967991//.created&loknya=/homepages/33/d764967991/ HTTP/1.1" 200 4079 fincaslaucirica.com "http://fincaslaucirica.com/?loknya=/homepages/33/d764967991/" "Mozilla/5.0 AppleWebKit/537.36 (KHTML, like Gecko; compatible; GPTBot/1.4; +https://openai.com/gptbot)" "-"
51.89.129.0 - - [02/Aug/2026:06:14:10 +0200] "GET /shops/06f665a612592 HTTP/1.1" 404 1271 fincaslaucirica.com "-" "Mozilla/5.0 (compatible; AhrefsBot/7.0; +http://ahrefs.com/robot/)" "-"
2a03:2880:f800:: - - [02/Aug/2026:06:14:11 +0200] "GET /shops/8e8dd473221481 HTTP/1.1" 404 1271 www.fincaslaucirica.com "-" "Mozilla/5.0 (Macintosh; Intel Mac OS X 10_15_7) AppleWebKit/537.36 (KHTML, like Gecko) Chrome/145.0.0.0 Safari/537.36 (compatible; meta-externalagent/1.1 (+https://developers.facebook.com/docs/sharing/webmasters/crawler))" "-"
74.7.227.0 - - [02/Aug/2026:06:14:16 +0200] "GET /?lokasie=/homepages/41/d754854727//.created&loknya=/homepages/41/d754854727/ HTTP/1.1" 200 4079 fincaslaucirica.com "http://fincaslaucirica.com/?loknya=/homepages/41/d754854727/" "Mozilla/5.0 AppleWebKit/537.36 (KHTML, like Gecko; compatible; GPTBot/1.4; +https://openai.com/gptbot)" "-"
74.7.242.0 - - [02/Aug/2026:06:14:17 +0200] "GET /?loknya=/kunden/kunden/homepages/25/d764779184/ HTTP/1.1" 200 14661 fincaslaucirica.es "http://fincaslaucirica.es/?loknya=/kunden/kunden/homepages/25/d764779184/.config" "Mozilla/5.0 AppleWebKit/537.36 (KHTML, like Gecko; compatible; GPTBot/1.4; +https://openai.com/gptbot)" "-"
198.244.240.0 - - [02/Aug/2026:06:14:23 +0200] "GET /shops/de418434066226 HTTP/1.1" 404 1271 fincaslaucirica.com "-" "Mozilla/5.0 (compatible; AhrefsBot/7.0; +http://ahrefs.com/robot/)" "-"
74.7.227.0 - - [02/Aug/2026:06:14:23 +0200] "GET /?lokasie=/homepages/40/d757306575//.created&loknya=/homepages/40/d757306575/ HTTP/1.1" 429 267 fincaslaucirica.com "http://fincaslaucirica.com/?loknya=/homepages/40/d757306575/" "Mozilla/5.0 AppleWebKit/537.36 (KHTML, like Gecko; compatible; GPTBot/1.4; +https://openai.com/gptbot)" "-"
198.244.226.0 - - [02/Aug/2026:06:14:29 +0200] "GET /shops/5e009742231571 HTTP/1.1" 404 1271 fincaslaucirica.com "-" "Mozilla/5.0 (compatible; AhrefsBot/7.0; +http://ahrefs.com/robot/)" "-"
74.7.227.0 - - [02/Aug/2026:06:14:29 +0200] "GET /?lokasie=/homepages/22/d759096552//.htaccess&loknya=/homepages/22/d759096552/ HTTP/1.1" 429 267 fincaslaucirica.com "http://fincaslaucirica.com/?loknya=/homepages/22/d759096552/" "Mozilla/5.0 AppleWebKit/537.36 (KHTML, like Gecko; compatible; GPTBot/1.4; +https://openai.com/gptbot)" "-"
198.244.240.0 - - [02/Aug/2026:06:14:32 +0200] "GET /shops/31e87923572100 HTTP/1.1" 404 1271 fincaslaucirica.com "-" "Mozilla/5.0 (compatible; AhrefsBot/7.0; +http://ahrefs.com/robot/)" "-"
198.244.240.0 - - [02/Aug/2026:06:14:35 +0200] "GET /shops/fd1528c779603 HTTP/1.1" 404 1271 fincaslaucirica.com "-" "Mozilla/5.0 (compatible; AhrefsBot/7.0; +http://ahrefs.com/robot/)" "-"
54.38.147.0 - - [02/Aug/2026:06:14:36 +0200] "GET /shops/6c358182773744 HTTP/1.1" 404 1271 fincaslaucirica.com "-" "Mozilla/5.0 (compatible; AhrefsBot/7.0; +http://ahrefs.com/robot/)" "-"
198.244.226.0 - - [02/Aug/2026:06:14:37 +0200] "GET /shops/bf298a02471195 HTTP/1.1" 404 1271 fincaslaucirica.com "-" "Mozilla/5.0 (compatible; AhrefsBot/7.0; +http://ahrefs.com/robot/)" "-"
51.89.129.0 - - [02/Aug/2026:06:14:39 +0200] "GET /shops/13610081847979 HTTP/1.1" 404 1271 fincaslaucirica.com "-" "Mozilla/5.0 (compatible; AhrefsBot/7.0; +http://ahrefs.com/robot/)" "-"
198.244.183.0 - - [02/Aug/2026:06:14:41 +0200] "GET /shops/ea9299a1460885 HTTP/1.1" 404 1271 fincaslaucirica.com "-" "Mozilla/5.0 (compatible; AhrefsBot/7.0; +http://ahrefs.com/robot/)" "-"
74.7.227.0 - - [02/Aug/2026:06:14:42 +0200] "GET /index.php?loknya=/proc/thread-self/root/proc/thread-self/root/proc/thread-self/root/proc/self/root/proc/self/root/proc/self/root/kunden/kunden/kunden/proc/thread-self/root/usr/include/finclude HTTP/1.1" 200 10284 www.fincaslaucirica.com "https://www.fincaslaucirica.com/index.php?loknya=/proc/thread-self/root/proc/thread-self/root/proc/thread-self/root/proc/self/root/proc/self/root/proc/self/root/kunden/kunden/kunden/proc/thread-self/root/usr/include" "Mozilla/5.0 AppleWebKit/537.36 (KHTML, like Gecko; compatible; GPTBot/1.4; +https://openai.com/gptbot)" "-"
198.244.168.0 - - [02/Aug/2026:06:14:43 +0200] "GET /shops/a977d432321288 HTTP/1.1" 404 1271 fincaslaucirica.com "-" "Mozilla/5.0 (compatible; AhrefsBot/7.0; +http://ahrefs.com/robot/)" "-"
198.244.240.0 - - [02/Aug/2026:06:14:44 +0200] "GET /shops/717390e86221 HTTP/1.1" 404 1271 fincaslaucirica.com "-" "Mozilla/5.0 (compatible; AhrefsBot/7.0; +http://ahrefs.com/robot/)" "-"
74.7.242.0 - - [02/Aug/2026:06:14:46 +0200] "GET /?loknya=/kunden/kunden/homepages/34/d763325812/.config HTTP/1.1" 200 5436 fincaslaucirica.es "http://fincaslaucirica.es/?loknya=/kunden/kunden/homepages/34/d763325812" "Mozilla/5.0 AppleWebKit/537.36 (KHTML, like Gecko; compatible; GPTBot/1.4; +https://openai.com/gptbot)" "-"
198.244.168.0 - - [02/Aug/2026:06:14:46 +0200] "GET /shops/680573672016 HTTP/1.1" 404 1271 fincaslaucirica.com "-" "Mozilla/5.0 (compatible; AhrefsBot/7.0; +http://ahrefs.com/robot/)" "-"
51.195.183.0 - - [02/Aug/2026:06:14:48 +0200] "GET /shops/33354171995509 HTTP/1.1" 404 1271 fincaslaucirica.com "-" "Mozilla/5.0 (compatible; AhrefsBot/7.0; +http://ahrefs.com/robot/)" "-"
74.7.227.0 - - [02/Aug/2026:06:14:48 +0200] "GET /?lokasie=/homepages/19/d758914988//.htaccess&loknya=/homepages/19/d758914988/ HTTP/1.1" 429 267 fincaslaucirica.com "http://fincaslaucirica.com/?loknya=/homepages/19/d758914988/" "Mozilla/5.0 AppleWebKit/537.36 (KHTML, like Gecko; compatible; GPTBot/1.4; +https://openai.com/gptbot)" "-"
54.38.147.0 - - [02/Aug/2026:06:14:49 +0200] "GET /shops/07b55054143573 HTTP/1.1" 404 1271 fincaslaucirica.com "-" "Mozilla/5.0 (compatible; AhrefsBot/7.0; +http://ahrefs.com/robot/)" "-"
51.89.129.0 - - [02/Aug/2026:06:14:51 +0200] "GET /shops/c5133341169398 HTTP/1.1" 404 1271 fincaslaucirica.com "-" "Mozilla/5.0 (compatible; AhrefsBot/7.0; +http://ahrefs.com/robot/)" "-"
198.244.242.0 - - [02/Aug/2026:06:14:53 +0200] "GET /shops/3a769311821501 HTTP/1.1" 404 1271 fincaslaucirica.com "-" "Mozilla/5.0 (compatible; AhrefsBot/7.0; +http://ahrefs.com/robot/)" "-"
54.38.147.0 - - [02/Aug/2026:06:14:54 +0200] "GET /shops/faa7c0d3705109 HTTP/1.1" 404 1271 fincaslaucirica.com "-" "Mozilla/5.0 (compatible; AhrefsBot/7.0; +http://ahrefs.com/robot/)" "-"
54.38.147.0 - - [02/Aug/2026:06:14:56 +0200] "GET /shops/9bc01f74062929 HTTP/1.1" 404 1271 fincaslaucirica.com "-" "Mozilla/5.0 (compatible; AhrefsBot/7.0; +http://ahrefs.com/robot/)" "-"
51.195.183.0 - - [02/Aug/2026:06:14:57 +0200] "GET /shops/30bed204015315 HTTP/1.1" 429 267 fincaslaucirica.com "-" "Mozilla/5.0 (compatible; AhrefsBot/7.0; +http://ahrefs.com/robot/)" "-"
51.195.244.0 - - [02/Aug/2026:06:14:59 +0200] "GET /shops/037b1503103367 HTTP/1.1" 429 267 fincaslaucirica.com "-" "Mozilla/5.0 (compatible; AhrefsBot/7.0; +http://ahrefs.com/robot/)" "-"
198.244.183.0 - - [02/Aug/2026:06:15:02 +0200] "GET /shops/b8065233254892 HTTP/1.1" 429 267 fincaslaucirica.com "-" "Mozilla/5.0 (compatible; AhrefsBot/7.0; +http://ahrefs.com/robot/)" "-"
198.244.242.0 - - [02/Aug/2026:06:15:09 +0200] "GET /shops/4f499793552557 HTTP/1.1" 429 267 fincaslaucirica.com "-" "Mozilla/5.0 (compatible; AhrefsBot/7.0; +http://ahrefs.com/robot/)" "-"
74.7.242.0 - - [02/Aug/2026:06:15:14 +0200] "GET /?loknya=/kunden/kunden/homepages/41/d758831961/.config HTTP/1.1" 200 5436 fincaslaucirica.es "http://fincaslaucirica.es/?loknya=/kunden/kunden/homepages/41/d758831961" "Mozilla/5.0 AppleWebKit/537.36 (KHTML, like Gecko; compatible; GPTBot/1.4; +https://openai.com/gptbot)" "-"
135.180.246.0 - - [02/Aug/2026:06:15:14 +0200] "GET /?lokasie=%2Fusr%2Fbin%2Fgcov-dump-10&loknya=%2Fusr%2Fbin HTTP/1.1" 200 3984 www.fincaslaucirica.com "https://www.fincaslaucirica.com" "Mozilla/5.0 (Windows NT 10.0; Win64; x64) AppleWebKit/537.36 (KHTML, like Gecko) Chrome/145.0.0.0 Safari/537.36" "-"
2a03:2880:f800:: - - [02/Aug/2026:06:15:18 +0200] "GET /shops/8c762aa1236244 HTTP/1.1" 404 1271 www.fincaslaucirica.com "-" "Mozilla/5.0 (Windows NT 10.0; Win64; x64) AppleWebKit/537.36 (KHTML, like Gecko) Chrome/145.0.0.0 Safari/537.36 (compatible; meta-externalagent/1.1 (+https://developers.facebook.com/docs/sharing/webmasters/crawler))" "-"
198.244.226.0 - - [02/Aug/2026:06:15:22 +0200] "GET /shops/168b5f01897266 HTTP/1.1" 429 267 fincaslaucirica.com "-" "Mozilla/5.0 (compatible; AhrefsBot/7.0; +http://ahrefs.com/robot/)" "-"
74.7.227.0 - - [02/Aug/2026:06:15:35 +0200] "GET /index.php?loknya=/proc/thread-self/root/proc/thread-self/root/proc/thread-self/root/proc/self/root/proc/self/root/proc/self/root/kunden/kunden/kunden/proc/thread-self/root/kunden/etc/gss HTTP/1.1" 200 10205 www.fincaslaucirica.com "https://www.fincaslaucirica.com/index.php?loknya=/proc/thread-self/root/proc/thread-self/root/proc/thread-self/root/proc/self/root/proc/self/root/proc/self/root/kunden/kunden/kunden/proc/thread-self/root/kunden/etc" "Mozilla/5.0 AppleWebKit/537.36 (KHTML, like Gecko; compatible; GPTBot/1.4; +https://openai.com/gptbot)" "-"
74.7.242.0 - - [02/Aug/2026:06:15:38 +0200] "GET /?loknya=/kunden/kunden/homepages/36/d757684592/.config HTTP/1.1" 200 5436 fincaslaucirica.es "http://fincaslaucirica.es/?loknya=/kunden/kunden/homepages/36/d757684592" "Mozilla/5.0 AppleWebKit/537.36 (KHTML, like Gecko; compatible; GPTBot/1.4; +https://openai.com/gptbot)" "-"
74.7.227.0 - - [02/Aug/2026:06:15:47 +0200] "GET /?lokasie=/homepages/22/d759096552//.created&loknya=/homepages/22/d759096552/ HTTP/1.1" 200 4079 fincaslaucirica.com "http://fincaslaucirica.com/?loknya=/homepages/22/d759096552/" "Mozilla/5.0 AppleWebKit/537.36 (KHTML, like Gecko; compatible; GPTBot/1.4; +https://openai.com/gptbot)" "-"
198.244.168.0 - - [02/Aug/2026:06:15:49 +0200] "GET /shops/0d6bc433064631 HTTP/1.1" 429 267 fincaslaucirica.com "-" "Mozilla/5.0 (compatible; AhrefsBot/7.0; +http://ahrefs.com/robot/)" "-"
74.7.242.0 - - [02/Aug/2026:06:16:00 +0200] "GET /?loknya=/kunden/kunden/homepages/33/d764692101/ HTTP/1.1" 200 13235 fincaslaucirica.es "http://fincaslaucirica.es/?loknya=/kunden/kunden/homepages/33/d764692101/.config" "Mozilla/5.0 AppleWebKit/537.36 (KHTML, like Gecko; compatible; GPTBot/1.4; +https://openai.com/gptbot)" "-"
74.7.242.0 - - [02/Aug/2026:06:16:19 +0200] "GET /?loknya=/kunden/kunden/homepages/14/d756618234/.config HTTP/1.1" 200 5436 fincaslaucirica.es "http://fincaslaucirica.es/?loknya=/kunden/kunden/homepages/14/d756618234" "Mozilla/5.0 AppleWebKit/537.36 (KHTML, like Gecko; compatible; GPTBot/1.4; +https://openai.com/gptbot)" "-"
74.7.227.0 - - [02/Aug/2026:06:16:22 +0200] "GET /index.php?loknya=/proc/thread-self/root/proc/thread-self/root/proc/thread-self/root/proc/self/root/proc/self/root/proc/self/root/kunden/kunden/kunden/proc/thread-self/root/kunden/kunden/proc/fs/ HTTP/1.1" 200 14968 www.fincaslaucirica.com "https://www.fincaslaucirica.com/index.php?loknya=/proc/thread-self/root/proc/thread-self/root/proc/thread-self/root/proc/self/root/proc/self/root/proc/self/root/kunden/kunden/kunden/proc/thread-self/root/kunden/kunden/proc/fs/xfs" "Mozilla/5.0 AppleWebKit/537.36 (KHTML, like Gecko; compatible; GPTBot/1.4; +https://openai.com/gptbot)" "-"
2a03:2880:f800:: - - [02/Aug/2026:06:16:25 +0200] "GET /shops/76845fe3142594 HTTP/1.1" 404 1271 www.fincaslaucirica.com "-" "Mozilla/5.0 (Windows NT 10.0; Win64; x64) AppleWebKit/537.36 (KHTML, like Gecko) Chrome/145.0.0.0 Safari/537.36 (compatible; meta-externalagent/1.1 (+https://developers.facebook.com/docs/sharing/webmasters/crawler))" "-"
74.7.242.0 - - [02/Aug/2026:06:16:37 +0200] "GET /?loknya=/kunden/kunden/homepages/39/d756183415/.config HTTP/1.1" 200 5436 fincaslaucirica.es "http://fincaslaucirica.es/?loknya=/kunden/kunden/homepages/39/d756183415" "Mozilla/5.0 AppleWebKit/537.36 (KHTML, like Gecko; compatible; GPTBot/1.4; +https://openai.com/gptbot)" "-"
198.244.183.0 - - [02/Aug/2026:06:16:42 +0200] "GET /shops/77930811329294 HTTP/1.1" 404 1271 fincaslaucirica.com "-" "Mozilla/5.0 (compatible; AhrefsBot/7.0; +http://ahrefs.com/robot/)" "-"
74.7.227.0 - - [02/Aug/2026:06:16:49 +0200] "GET /?lokasie=/homepages/33/d764967991//distributor.lock&loknya=/homepages/33/d764967991/ HTTP/1.1" 200 4076 fincaslaucirica.com "http://fincaslaucirica.com/?loknya=/homepages/33/d764967991/" "Mozilla/5.0 AppleWebKit/537.36 (KHTML, like Gecko; compatible; GPTBot/1.4; +https://openai.com/gptbot)" "-"
74.7.242.0 - - [02/Aug/2026:06:16:52 +0200] "GET /?lokasie=/kunden/kunden/homepages/14/d764693680//phpinilist&loknya=/kunden/kunden/homepages/14/d764693680/ HTTP/1.1" 200 4207 fincaslaucirica.es "http://fincaslaucirica.es/?loknya=/kunden/kunden/homepages/14/d764693680/" "Mozilla/5.0 AppleWebKit/537.36 (KHTML, like Gecko; compatible; GPTBot/1.4; +https://openai.com/gptbot)" "-"
74.7.227.0 - - [02/Aug/2026:06:17:04 +0200] "GET /index.php?loknya=/proc/thread-self/root/proc/thread-self/root/proc/thread-self/root/proc/self/root/proc/self/root/proc/self/root/kunden/kunden/kunden/proc/thread-self/root/kunden/etc/vim HTTP/1.1" 200 10613 www.fincaslaucirica.com "https://www.fincaslaucirica.com/index.php?loknya=/proc/thread-self/root/proc/thread-self/root/proc/thread-self/root/proc/self/root/proc/self/root/proc/self/root/kunden/kunden/kunden/proc/thread-self/root/kunden/etc" "Mozilla/5.0 AppleWebKit/537.36 (KHTML, like Gecko; compatible; GPTBot/1.4; +https://openai.com/gptbot)" "-"
74.7.242.0 - - [02/Aug/2026:06:17:07 +0200] "GET /?loknya=/kunden/kunden/homepages/29/d764103939/.config HTTP/1.1" 200 5436 fincaslaucirica.es "http://fincaslaucirica.es/?loknya=/kunden/kunden/homepages/29/d764103939" "Mozilla/5.0 AppleWebKit/537.36 (KHTML, like Gecko; compatible; GPTBot/1.4; +https://openai.com/gptbot)" "-"
74.7.242.0 - - [02/Aug/2026:06:17:20 +0200] "GET /?loknya=/kunden/kunden/homepages/26/d761050346/ HTTP/1.1" 200 13238 fincaslaucirica.es "http://fincaslaucirica.es/?loknya=/kunden/kunden/homepages/26/d761050346/.config" "Mozilla/5.0 AppleWebKit/537.36 (KHTML, like Gecko; compatible; GPTBot/1.4; +https://openai.com/gptbot)" "-"
74.7.242.0 - - [02/Aug/2026:06:17:31 +0200] "GET /?loknya=/kunden/kunden/homepages/10/d755683447/ HTTP/1.1" 200 15772 fincaslaucirica.es "http://fincaslaucirica.es/?loknya=/kunden/kunden/homepages/10/d755683447/.config" "Mozilla/5.0 AppleWebKit/537.36 (KHTML, like Gecko; compatible; GPTBot/1.4; +https://openai.com/gptbot)" "-"
2a03:2880:f800:: - - [02/Aug/2026:06:17:32 +0200] "GET /shops/42ee325314406 HTTP/1.1" 404 1271 www.fincaslaucirica.com "-" "Mozilla/5.0 (Windows NT 10.0; Win64; x64) AppleWebKit/537.36 (KHTML, like Gecko) Chrome/145.0.0.0 Safari/537.36 (compatible; meta-externalagent/1.1 (+https://developers.facebook.com/docs/sharing/webmasters/crawler))" "-"
74.7.242.0 - - [02/Aug/2026:06:17:41 +0200] "GET /?loknya=/kunden/kunden/homepages/10/d755683447 HTTP/1.1" 200 15744 fincaslaucirica.es "http://fincaslaucirica.es/?loknya=/kunden/kunden/homepages/10/d755683447/.config" "Mozilla/5.0 AppleWebKit/537.36 (KHTML, like Gecko; compatible; GPTBot/1.4; +https://openai.com/gptbot)" "-"
74.7.227.0 - - [02/Aug/2026:06:17:42 +0200] "GET /index.php?loknya=/proc/thread-self/root/proc/thread-self/root/proc/thread-self/root/proc/self/root/proc/self/root/proc/self/root/kunden/kunden/kunden/proc/thread-self/root/proc/self/cwd/images HTTP/1.1" 200 11037 www.fincaslaucirica.com "https://www.fincaslaucirica.com/index.php?loknya=/proc/thread-self/root/proc/thread-self/root/proc/thread-self/root/proc/self/root/proc/self/root/proc/self/root/kunden/kunden/kunden/proc/thread-self/root/proc/self/cwd" "Mozilla/5.0 AppleWebKit/537.36 (KHTML, like Gecko; compatible; GPTBot/1.4; +https://openai.com/gptbot)" "-"
2a13:dcc2:6300:: - - [02/Aug/2026:06:17:45 +0200] "GET /?loknya=%2Fhomepages%2F7%2Fd763331378 HTTP/1.1" 200 12743 www.fincaslaucirica.com "https://www.fincaslaucirica.com" "Mozilla/5.0 (Windows NT 10.0; Win64; x64) AppleWebKit/537.36 (KHTML, like Gecko) Chrome/142.0.0.0 Safari/537.36" "-"
74.7.227.0 - - [02/Aug/2026:06:17:45 +0200] "GET /?lokasie=/homepages/19/d758914988//distributor.lock&loknya=/homepages/19/d758914988/ HTTP/1.1" 200 4076 fincaslaucirica.com "http://fincaslaucirica.com/?loknya=/homepages/19/d758914988/" "Mozilla/5.0 AppleWebKit/537.36 (KHTML, like Gecko; compatible; GPTBot/1.4; +https://openai.com/gptbot)" "-"
74.7.242.0 - - [02/Aug/2026:06:17:50 +0200] "GET /?loknya=/kunden/kunden/homepages/34/d763325812/ HTTP/1.1" 200 16079 fincaslaucirica.es "http://fincaslaucirica.es/?loknya=/kunden/kunden/homepages/34/d763325812/.config" "Mozilla/5.0 AppleWebKit/537.36 (KHTML, like Gecko; compatible; GPTBot/1.4; +https://openai.com/gptbot)" "-"
74.7.242.0 - - [02/Aug/2026:06:17:59 +0200] "GET /?loknya=/kunden/kunden/homepages/41/d758831961/ HTTP/1.1" 200 20353 fincaslaucirica.es "http://fincaslaucirica.es/?loknya=/kunden/kunden/homepages/41/d758831961/.config" "Mozilla/5.0 AppleWebKit/537.36 (KHTML, like Gecko; compatible; GPTBot/1.4; +https://openai.com/gptbot)" "-"
74.7.242.0 - - [02/Aug/2026:06:18:07 +0200] "GET /?loknya=/kunden/kunden/homepages/36/d757684592/ HTTP/1.1" 429 267 fincaslaucirica.es "http://fincaslaucirica.es/?loknya=/kunden/kunden/homepages/36/d757684592/.config" "Mozilla/5.0 AppleWebKit/537.36 (KHTML, like Gecko; compatible; GPTBot/1.4; +https://openai.com/gptbot)" "-"
74.7.242.0 - - [02/Aug/2026:06:18:14 +0200] "GET /?loknya=/kunden/kunden/homepages/38/d760628157/.config HTTP/1.1" 429 267 fincaslaucirica.es "http://fincaslaucirica.es/?loknya=/kunden/kunden/homepages/38/d760628157" "Mozilla/5.0 AppleWebKit/537.36 (KHTML, like Gecko; compatible; GPTBot/1.4; +https://openai.com/gptbot)" "-"
74.7.227.0 - - [02/Aug/2026:06:18:15 +0200] "GET /index.php?loknya=/proc/thread-self/root/proc/thread-self/root/proc/thread-self/root/proc/self/root/proc/self/root/proc/self/root/kunden/kunden/kunden/proc/thread-self/root/lib HTTP/1.1" 200 100376 www.fincaslaucirica.com "https://www.fincaslaucirica.com/index.php?loknya=/proc/thread-self/root/proc/thread-self/root/proc/thread-self/root/proc/self/root/proc/self/root/proc/self/root/kunden/kunden/kunden/proc/thread-self/root" "Mozilla/5.0 AppleWebKit/537.36 (KHTML, like Gecko; compatible; GPTBot/1.4; +https://openai.com/gptbot)" "-"
51.195.183.0 - - [02/Aug/2026:06:18:31 +0200] "GET /shops/9f049281529209 HTTP/1.1" 404 1271 fincaslaucirica.com "-" "Mozilla/5.0 (compatible; AhrefsBot/7.0; +http://ahrefs.com/robot/)" "-"
74.7.227.0 - - [02/Aug/2026:06:18:34 +0200] "GET /?lokasie=/homepages/33/d764967991/last_traffic&loknya=/homepages/33/d764967991 HTTP/1.1" 200 4071 fincaslaucirica.com "http://fincaslaucirica.com/?loknya=/homepages/33/d764967991" "Mozilla/5.0 AppleWebKit/537.36 (KHTML, like Gecko; compatible; GPTBot/1.4; +https://openai.com/gptbot)" "-"
74.7.242.0 - - [02/Aug/2026:06:18:35 +0200] "GET /?loknya=/kunden/kunden/homepages/14/d756618234/ HTTP/1.1" 429 267 fincaslaucirica.es "http://fincaslaucirica.es/?loknya=/kunden/kunden/homepages/14/d756618234/.config" "Mozilla/5.0 AppleWebKit/537.36 (KHTML, like Gecko; compatible; GPTBot/1.4; +https://openai.com/gptbot)" "-"
2a03:2880:f800:: - - [02/Aug/2026:06:18:38 +0200] "GET /shops/952965c686608 HTTP/1.1" 404 1271 www.fincaslaucirica.com "-" "Mozilla/5.0 (Windows NT 10.0; Win64; x64) AppleWebKit/537.36 (KHTML, like Gecko) Chrome/145.0.0.0 Safari/537.36 (compatible; meta-externalagent/1.1 (+https://developers.facebook.com/docs/sharing/webmasters/crawler))" "-"
74.7.227.0 - - [02/Aug/2026:06:18:44 +0200] "GET /index.php?loknya=/proc/thread-self/root/proc/thread-self/root/proc/thread-self/root/proc/self/root/proc/self/root/proc/self/root/kunden/kunden/kunden/proc/thread-self/root/kunden/kunden/sbin HTTP/1.1" 200 371668 www.fincaslaucirica.com "https://www.fincaslaucirica.com/index.php?loknya=/proc/thread-self/root/proc/thread-self/root/proc/thread-self/root/proc/self/root/proc/self/root/proc/self/root/kunden/kunden/kunden/proc/thread-self/root/kunden/kunden" "Mozilla/5.0 AppleWebKit/537.36 (KHTML, like Gecko; compatible; GPTBot/1.4; +https://openai.com/gptbot)" "-"
123.20.5.0 - - [02/Aug/2026:06:19:02 +0200] "GET /?lokasie=%2Fhomepages%2F17%2Fd758617288%2Fhtaccesslist&loknya=%2Fhomepages%2F17%2Fd758617288 HTTP/1.1" 200 4072 www.fincaslaucirica.com "https://www.fincaslaucirica.com" "Mozilla/5.0 (Windows NT 10.0; Win64; x64) AppleWebKit/537.36 (KHTML, like Gecko) Chrome/144.0.0.0 Safari/537.36 Edg/144.0.0.0" "-"
2.108.201.0 - - [02/Aug/2026:06:19:07 +0200] "GET /?lokasie=%2Fusr%2Finclude%2Ferrno.h&loknya=%2Fusr%2Finclude HTTP/1.1" 200 5698 www.fincaslaucirica.com "https://www.fincaslaucirica.com" "Mozilla/5.0 (Macintosh; Intel Mac OS X 10_15_7) AppleWebKit/537.36 (KHTML, like Gecko) Chrome/144.0.0.0 Safari/537.36" "-"
74.7.227.0 - - [02/Aug/2026:06:19:10 +0200] "GET /index.php?loknya=/proc/thread-self/root/proc/thread-self/root/proc/thread-self/root/proc/self/root/proc/self/root/proc/self/root/kunden/kunden/kunden/proc/thread-self/root/sbin HTTP/1.1" 200 360695 www.fincaslaucirica.com "https://www.fincaslaucirica.com/index.php?loknya=/proc/thread-self/root/proc/thread-self/root/proc/thread-self/root/proc/self/root/proc/self/root/proc/self/root/kunden/kunden/kunden/proc/thread-self/root" "Mozilla/5.0 AppleWebKit/537.36 (KHTML, like Gecko; compatible; GPTBot/1.4; +https://openai.com/gptbot)" "-"
43.165.167.0 - - [02/Aug/2026:06:19:10 +0200] "GET /?lokasie=/homepages/15/d754908516/htdocs/wp-mail.php&loknya=/homepages/15/d754908516/htdocs HTTP/1.1" 200 13154 www.fincaslaucirica.com "-" "Mozilla/5.0 (iPhone; CPU iPhone OS 13_2_3 like Mac OS X) AppleWebKit/605.1.15 (KHTML, like Gecko) Version/13.0.3 Mobile/15E148 Safari/604.1" "-"
74.7.227.0 - - [02/Aug/2026:06:19:18 +0200] "GET /?lokasie=/homepages/40/d757306575//distributor.lock&loknya=/homepages/40/d757306575/ HTTP/1.1" 200 4076 fincaslaucirica.com "http://fincaslaucirica.com/?loknya=/homepages/40/d757306575/" "Mozilla/5.0 AppleWebKit/537.36 (KHTML, like Gecko; compatible; GPTBot/1.4; +https://openai.com/gptbot)" "-"
74.7.242.0 - - [02/Aug/2026:06:19:34 +0200] "GET /?loknya=/kunden/kunden/homepages/39/d756183415/ HTTP/1.1" 200 16070 fincaslaucirica.es "http://fincaslaucirica.es/?loknya=/kunden/kunden/homepages/39/d756183415/.config" "Mozilla/5.0 AppleWebKit/537.36 (KHTML, like Gecko; compatible; GPTBot/1.4; +https://openai.com/gptbot)" "-"
74.7.227.0 - - [02/Aug/2026:06:19:35 +0200] "GET /index.php?loknya=/proc/thread-self/root/proc/thread-self/root/proc/thread-self/root/proc/self/root/proc/self/root/proc/self/root/kunden/kunden/kunden/proc/thread-self/root/kunden/etc/dpkg HTTP/1.1" 200 17522 www.fincaslaucirica.com "https://www.fincaslaucirica.com/index.php?loknya=/proc/thread-self/root/proc/thread-self/root/proc/thread-self/root/proc/self/root/proc/self/root/proc/self/root/kunden/kunden/kunden/proc/thread-self/root/kunden/etc" "Mozilla/5.0 AppleWebKit/537.36 (KHTML, like Gecko; compatible; GPTBot/1.4; +https://openai.com/gptbot)" "-"
2a03:2880:f800:: - - [02/Aug/2026:06:19:44 +0200] "GET /shops/610b725735573 HTTP/1.1" 404 1271 www.fincaslaucirica.com "-" "Mozilla/5.0 (Windows NT 10.0; Win64; x64) AppleWebKit/537.36 (KHTML, like Gecko) Chrome/145.0.0.0 Safari/537.36 (compatible; meta-externalagent/1.1 (+https://developers.facebook.com/docs/sharing/webmasters/crawler))" "-"
