74.7.227.0 - - [02/Aug/2026:06:19:57 +0200] "GET /index.php?loknya=/proc/thread-self/root/proc/thread-self/root/proc/thread-self/root/proc/self/root/proc/self/root/proc/self/root/kunden/kunden/kunden/proc/thread-self/root/kunden/kunden/etc/ca-certificates/update.d HTTP/1.1" 200 9261 www.fincaslaucirica.com "https://www.fincaslaucirica.com/index.php?loknya=/proc/thread-self/root/proc/thread-self/root/proc/thread-self/root/proc/self/root/proc/self/root/proc/self/root/kunden/kunden/kunden/proc/thread-self/root/kunden/kunden/etc/ca-certificates" "Mozilla/5.0 AppleWebKit/537.36 (KHTML, like Gecko; compatible; GPTBot/1.4; +https://openai.com/gptbot)" "-"
74.7.227.0 - - [02/Aug/2026:06:20:01 +0200] "GET /?lokasie=/homepages/41/d754854727//distributor.lock&loknya=/homepages/41/d754854727/ HTTP/1.1" 200 4076 fincaslaucirica.com "http://fincaslaucirica.com/?loknya=/homepages/41/d754854727/" "Mozilla/5.0 AppleWebKit/537.36 (KHTML, like Gecko; compatible; GPTBot/1.4; +https://openai.com/gptbot)" "-"
74.7.227.0 - - [02/Aug/2026:06:20:17 +0200] "GET /index.php?loknya=/proc/thread-self/root/proc/thread-self/root/proc/thread-self/root/proc/self/root/proc/self/root/proc/self/root/kunden/kunden/kunden/proc/thread-self/root/etc/systemd HTTP/1.1" 200 11458 www.fincaslaucirica.com "https://www.fincaslaucirica.com/index.php?loknya=/proc/thread-self/root/proc/thread-self/root/proc/thread-self/root/proc/self/root/proc/self/root/proc/self/root/kunden/kunden/kunden/proc/thread-self/root/etc" "Mozilla/5.0 AppleWebKit/537.36 (KHTML, like Gecko; compatible; GPTBot/1.4; +https://openai.com/gptbot)" "-"
51.195.183.0 - - [02/Aug/2026:06:20:17 +0200] "GET /shops/72535173270850 HTTP/1.1" 404 1271 fincaslaucirica.com "-" "Mozilla/5.0 (compatible; AhrefsBot/7.0; +http://ahrefs.com/robot/)" "-"
74.7.227.0 - - [02/Aug/2026:06:20:35 +0200] "GET /index.php?loknya=/proc/thread-self/root/proc/thread-self/root/proc/thread-self/root/proc/self/root/proc/self/root/proc/self/root/kunden/kunden/kunden/proc/thread-self/root/kunden/srv HTTP/1.1" 200 8509 www.fincaslaucirica.com "https://www.fincaslaucirica.com/index.php?loknya=/proc/thread-self/root/proc/thread-self/root/proc/thread-self/root/proc/self/root/proc/self/root/proc/self/root/kunden/kunden/kunden/proc/thread-self/root/kunden" "Mozilla/5.0 AppleWebKit/537.36 (KHTML, like Gecko; compatible; GPTBot/1.4; +https://openai.com/gptbot)" "-"
74.7.242.0 - - [02/Aug/2026:06:20:39 +0200] "GET /?loknya=/kunden/kunden/homepages/20/d758318653/.config HTTP/1.1" 200 5436 fincaslaucirica.es "http://fincaslaucirica.es/?loknya=/kunden/kunden/homepages/20/d758318653" "Mozilla/5.0 AppleWebKit/537.36 (KHTML, like Gecko; compatible; GPTBot/1.4; +https://openai.com/gptbot)" "-"
74.7.227.0 - - [02/Aug/2026:06:20:40 +0200] "GET /?lokasie=/homepages/7/d756614655//.created&loknya=/homepages/7/d756614655/ HTTP/1.1" 200 4075 fincaslaucirica.com "http://fincaslaucirica.com/?loknya=/homepages/7/d756614655/" "Mozilla/5.0 AppleWebKit/537.36 (KHTML, like Gecko; compatible; GPTBot/1.4; +https://openai.com/gptbot)" "-"
74.7.227.0 - - [02/Aug/2026:06:20:51 +0200] "GET /index.php?loknya=/proc/thread-self/root/proc/thread-self/root/proc/thread-self/root/proc/self/root/proc/self/root/proc/self/root/kunden/kunden/kunden/proc/thread-self/root/kunden/tmp HTTP/1.1" 200 10012 www.fincaslaucirica.com "https://www.fincaslaucirica.com/index.php?loknya=/proc/thread-self/root/proc/thread-self/root/proc/thread-self/root/proc/self/root/proc/self/root/proc/self/root/kunden/kunden/kunden/proc/thread-self/root/kunden" "Mozilla/5.0 AppleWebKit/537.36 (KHTML, like Gecko; compatible; GPTBot/1.4; +https://openai.com/gptbot)" "-"
2a03:2880:f800:: - - [02/Aug/2026:06:20:51 +0200] "GET /shops/ad45e052632603 HTTP/1.1" 404 1271 www.fincaslaucirica.com "-" "Mozilla/5.0 (Windows NT 10.0; Win64; x64) AppleWebKit/537.36 (KHTML, like Gecko) Chrome/145.0.0.0 Safari/537.36 (compatible; meta-externalagent/1.1 (+https://developers.facebook.com/docs/sharing/webmasters/crawler))" "-"
74.7.227.0 - - [02/Aug/2026:06:21:06 +0200] "GET /index.php?loknya=/proc/thread-self/root/proc/thread-self/root/proc/thread-self/root/proc/self/root/proc/self/root/proc/self/root/kunden/kunden/kunden/proc/thread-self/root/kunden/kunden/proc/fs/nfsd HTTP/1.1" 200 9174 www.fincaslaucirica.com "https://www.fincaslaucirica.com/index.php?loknya=/proc/thread-self/root/proc/thread-self/root/proc/thread-self/root/proc/self/root/proc/self/root/proc/self/root/kunden/kunden/kunden/proc/thread-self/root/kunden/kunden/proc/fs/" "Mozilla/5.0 AppleWebKit/537.36 (KHTML, like Gecko; compatible; GPTBot/1.4; +https://openai.com/gptbot)" "-"
74.7.227.0 - - [02/Aug/2026:06:21:14 +0200] "GET /?lokasie=/homepages/6/d754336564//.created&loknya=/homepages/6/d754336564/ HTTP/1.1" 200 4075 fincaslaucirica.com "http://fincaslaucirica.com/?loknya=/homepages/6/d754336564/" "Mozilla/5.0 AppleWebKit/537.36 (KHTML, like Gecko; compatible; GPTBot/1.4; +https://openai.com/gptbot)" "-"
74.7.227.0 - - [02/Aug/2026:06:21:19 +0200] "GET /index.php?loknya=/proc/thread-self/root/proc/thread-self/root/proc/thread-self/root/proc/self/root/proc/self/root/proc/self/root/kunden/kunden/kunden/proc/thread-self/root/bin HTTP/1.1" 200 2387585 www.fincaslaucirica.com "https://www.fincaslaucirica.com/index.php?loknya=/proc/thread-self/root/proc/thread-self/root/proc/thread-self/root/proc/self/root/proc/self/root/proc/self/root/kunden/kunden/kunden/proc/thread-self/root" "Mozilla/5.0 AppleWebKit/537.36 (KHTML, like Gecko; compatible; GPTBot/1.4; +https://openai.com/gptbot)" "-"
40.77.167.0 - - [02/Aug/2026:06:21:26 +0200] "GET /shops/48624f3899090 HTTP/1.1" 404 1271 www.fincaslaucirica.com "-" "Mozilla/5.0 AppleWebKit/537.36 (KHTML, like Gecko; compatible; bingbot/2.0; +http://www.bing.com/bingbot.htm) Chrome/116.0.1938.76 Safari/537.36" "-"
34.229.59.0 - - [02/Aug/2026:06:21:29 +0200] "GET / HTTP/1.1" 200 57761 www.fincaslaucirica.com "-" "Mozilla/5.0 (Macintosh; Intel Mac OS X 10_15_7) AppleWebKit/537.36 (KHTML, like Gecko) Chrome/108.0.0.0 Safari/537.36" "-"
74.7.227.0 - - [02/Aug/2026:06:21:31 +0200] "GET /index.php?loknya=/proc/thread-self/root/proc/thread-self/root/proc/thread-self/root/proc/self/root/proc/self/root/proc/self/root/kunden/kunden/kunden/proc/thread-self/root/proc/self/cwd/ HTTP/1.1" 200 81638 www.fincaslaucirica.com "https://www.fincaslaucirica.com/index.php?loknya=/proc/thread-self/root/proc/thread-self/root/proc/thread-self/root/proc/self/root/proc/self/root/proc/self/root/kunden/kunden/kunden/proc/thread-self/root/proc/self/cwd/images" "Mozilla/5.0 AppleWebKit/537.36 (KHTML, like Gecko; compatible; GPTBot/1.4; +https://openai.com/gptbot)" "-"
74.7.242.0 - - [02/Aug/2026:06:21:33 +0200] "GET /?loknya=/kunden/kunden/homepages/29/d764103939/ HTTP/1.1" 200 20330 fincaslaucirica.es "http://fincaslaucirica.es/?loknya=/kunden/kunden/homepages/29/d764103939/.config" "Mozilla/5.0 AppleWebKit/537.36 (KHTML, like Gecko; compatible; GPTBot/1.4; +https://openai.com/gptbot)" "-"
74.7.227.0 - - [02/Aug/2026:06:21:41 +0200] "GET /index.php?lokasie=/proc/thread-self/root/proc/thread-self/root/proc/thread-self/root/proc/self/root/proc/self/root/proc/self/root/kunden/kunden/kunden/proc/thread-self/root/lib/libnetpbm.so.10&loknya=/proc/thread-self/root/proc/thread-self/root/proc/thread-self/root/proc/self/root/proc/self/root/proc/self/root/kunden/kunden/kunden/proc/thread-self/root/lib HTTP/1.1" 200 6922 www.fincaslaucirica.com "https://www.fincaslaucirica.com/index.php?loknya=/proc/thread-self/root/proc/thread-self/root/proc/thread-self/root/proc/self/root/proc/self/root/proc/self/root/kunden/kunden/kunden/proc/thread-self/root/lib" "Mozilla/5.0 AppleWebKit/537.36 (KHTML, like Gecko; compatible; GPTBot/1.4; +https://openai.com/gptbot)" "-"
207.46.13.0 - - [02/Aug/2026:06:21:43 +0200] "GET /shops/15d59061671221 HTTP/1.1" 404 1271 fincaslaucirica.com "-" "Mozilla/5.0 AppleWebKit/537.36 (KHTML, like Gecko; compatible; bingbot/2.0; +http://www.bing.com/bingbot.htm) Chrome/116.0.1938.76 Safari/537.36" "-"
74.7.227.0 - - [02/Aug/2026:06:21:45 +0200] "GET /?loknya=/homepages/41/d754854727 HTTP/1.1" 200 19562 fincaslaucirica.com "http://fincaslaucirica.com/?loknya=/homepages/41/d754854727/" "Mozilla/5.0 AppleWebKit/537.36 (KHTML, like Gecko; compatible; GPTBot/1.4; +https://openai.com/gptbot)" "-"
207.46.13.0 - - [02/Aug/2026:06:21:48 +0200] "GET /shops/4a71f591860940 HTTP/1.1" 404 1271 fincaslaucirica.com "-" "Mozilla/5.0 AppleWebKit/537.36 (KHTML, like Gecko; compatible; bingbot/2.0; +http://www.bing.com/bingbot.htm) Chrome/116.0.1938.76 Safari/537.36" "-"
74.7.227.0 - - [02/Aug/2026:06:21:51 +0200] "GET /index.php?loknya=/proc/thread-self/root/proc/thread-self/root/proc/thread-self/root/proc/self/root/proc/self/root/proc/self/root/kunden/kunden/kunden/proc/thread-self/root/lib/file HTTP/1.1" 200 10380 www.fincaslaucirica.com "https://www.fincaslaucirica.com/index.php?loknya=/proc/thread-self/root/proc/thread-self/root/proc/thread-self/root/proc/self/root/proc/self/root/proc/self/root/kunden/kunden/kunden/proc/thread-self/root/lib" "Mozilla/5.0 AppleWebKit/537.36 (KHTML, like Gecko; compatible; GPTBot/1.4; +https://openai.com/gptbot)" "-"
2a03:2880:f800:: - - [02/Aug/2026:06:21:58 +0200] "GET /shops/12e07022128750 HTTP/1.1" 404 1271 www.fincaslaucirica.com "-" "Mozilla/5.0 (Windows NT 10.0; Win64; x64) AppleWebKit/537.36 (KHTML, like Gecko) Chrome/145.0.0.0 Safari/537.36 (compatible; meta-externalagent/1.1 (+https://developers.facebook.com/docs/sharing/webmasters/crawler))" "-"
74.7.227.0 - - [02/Aug/2026:06:22:00 +0200] "GET /index.php?lokasie=/proc/thread-self/root/proc/thread-self/root/proc/thread-self/root/proc/self/root/proc/self/root/proc/self/root/kunden/kunden/kunden/proc/thread-self/root/kunden/kunden/sbin/ldattach&loknya=/proc/thread-self/root/proc/thread-self/root/proc/thread-self/root/proc/self/root/proc/self/root/proc/self/root/kunden/kunden/kunden/proc/thread-self/root/kunden/kunden/sbin HTTP/1.1" 200 7335 www.fincaslaucirica.com "https://www.fincaslaucirica.com/index.php?loknya=/proc/thread-self/root/proc/thread-self/root/proc/thread-self/root/proc/self/root/proc/self/root/proc/self/root/kunden/kunden/kunden/proc/thread-self/root/kunden/kunden/sbin" "Mozilla/5.0 AppleWebKit/537.36 (KHTML, like Gecko; compatible; GPTBot/1.4; +https://openai.com/gptbot)" "-"
74.7.227.0 - - [02/Aug/2026:06:22:08 +0200] "GET /index.php?lokasie=/proc/thread-self/root/proc/thread-self/root/proc/thread-self/root/proc/self/root/proc/self/root/proc/self/root/kunden/kunden/kunden/proc/thread-self/root/sbin/wipefs&loknya=/proc/thread-self/root/proc/thread-self/root/proc/thread-self/root/proc/self/root/proc/self/root/proc/self/root/kunden/kunden/kunden/proc/thread-self/root/sbin HTTP/1.1" 429 267 www.fincaslaucirica.com "https://www.fincaslaucirica.com/index.php?loknya=/proc/thread-self/root/proc/thread-self/root/proc/thread-self/root/proc/self/root/proc/self/root/proc/self/root/kunden/kunden/kunden/proc/thread-self/root/sbin" "Mozilla/5.0 AppleWebKit/537.36 (KHTML, like Gecko; compatible; GPTBot/1.4; +https://openai.com/gptbot)" "-"
51.195.244.0 - - [02/Aug/2026:06:22:08 +0200] "GET /shops/56538231402783 HTTP/1.1" 404 1271 fincaslaucirica.com "-" "Mozilla/5.0 (compatible; AhrefsBot/7.0; +http://ahrefs.com/robot/)" "-"
74.7.227.0 - - [02/Aug/2026:06:22:12 +0200] "GET /?loknya=/homepages/19/d758914988 HTTP/1.1" 200 16823 fincaslaucirica.com "http://fincaslaucirica.com/?loknya=/homepages/19/d758914988/" "Mozilla/5.0 AppleWebKit/537.36 (KHTML, like Gecko; compatible; GPTBot/1.4; +https://openai.com/gptbot)" "-"
74.7.227.0 - - [02/Aug/2026:06:22:15 +0200] "GET /index.php?lokasie=/proc/thread-self/root/proc/thread-self/root/proc/thread-self/root/proc/self/root/proc/self/root/proc/self/root/kunden/kunden/kunden/proc/thread-self/root/sbin/cpgr&loknya=/proc/thread-self/root/proc/thread-self/root/proc/thread-self/root/proc/self/root/proc/self/root/proc/self/root/kunden/kunden/kunden/proc/thread-self/root/sbin HTTP/1.1" 429 267 www.fincaslaucirica.com "https://www.fincaslaucirica.com/index.php?loknya=/proc/thread-self/root/proc/thread-self/root/proc/thread-self/root/proc/self/root/proc/self/root/proc/self/root/kunden/kunden/kunden/proc/thread-self/root/sbin" "Mozilla/5.0 AppleWebKit/537.36 (KHTML, like Gecko; compatible; GPTBot/1.4; +https://openai.com/gptbot)" "-"
74.7.242.0 - - [02/Aug/2026:06:22:23 +0200] "GET /?loknya=/kunden/kunden/homepages/33/d764991538/.config HTTP/1.1" 200 5436 fincaslaucirica.es "http://fincaslaucirica.es/?loknya=/kunden/kunden/homepages/33/d764991538" "Mozilla/5.0 AppleWebKit/537.36 (KHTML, like Gecko; compatible; GPTBot/1.4; +https://openai.com/gptbot)" "-"
74.7.227.0 - - [02/Aug/2026:06:22:35 +0200] "GET /index.php?loknya=/proc/thread-self/root/proc/thread-self/root/proc/thread-self/root/proc/self/root/proc/self/root/proc/self/root/kunden/kunden/kunden/proc/thread-self/root/etc/systemd/user HTTP/1.1" 429 267 www.fincaslaucirica.com "https://www.fincaslaucirica.com/index.php?loknya=/proc/thread-self/root/proc/thread-self/root/proc/thread-self/root/proc/self/root/proc/self/root/proc/self/root/kunden/kunden/kunden/proc/thread-self/root/etc/systemd" "Mozilla/5.0 AppleWebKit/537.36 (KHTML, like Gecko; compatible; GPTBot/1.4; +https://openai.com/gptbot)" "-"
74.7.227.0 - - [02/Aug/2026:06:22:37 +0200] "GET /?loknya=/homepages/15/d757782519 HTTP/1.1" 200 14103 fincaslaucirica.com "https://fincaslaucirica.com/?loknya=/homepages/15/d757782519/" "Mozilla/5.0 AppleWebKit/537.36 (KHTML, like Gecko; compatible; GPTBot/1.4; +https://openai.com/gptbot)" "-"
74.7.227.0 - - [02/Aug/2026:06:22:59 +0200] "GET /?loknya=/homepages/41/d761977154 HTTP/1.1" 200 12737 fincaslaucirica.com "http://fincaslaucirica.com/?loknya=/homepages/41/d761977154/" "Mozilla/5.0 AppleWebKit/537.36 (KHTML, like Gecko; compatible; GPTBot/1.4; +https://openai.com/gptbot)" "-"
2a03:2880:f800:: - - [02/Aug/2026:06:23:05 +0200] "GET /shops/289f59d1133877 HTTP/1.1" 404 1271 www.fincaslaucirica.com "-" "Mozilla/5.0 (Macintosh; Intel Mac OS X 10_15_7) AppleWebKit/537.36 (KHTML, like Gecko) Chrome/145.0.0.0 Safari/537.36 (compatible; meta-externalagent/1.1 (+https://developers.facebook.com/docs/sharing/webmasters/crawler))" "-"
74.7.242.0 - - [02/Aug/2026:06:23:07 +0200] "GET /?loknya=/kunden/kunden/homepages/10/d755683447/htdocs HTTP/1.1" 200 5432 fincaslaucirica.es "http://fincaslaucirica.es/?loknya=/kunden/kunden/homepages/10/d755683447/" "Mozilla/5.0 AppleWebKit/537.36 (KHTML, like Gecko; compatible; GPTBot/1.4; +https://openai.com/gptbot)" "-"
74.7.227.0 - - [02/Aug/2026:06:23:18 +0200] "GET /?loknya=/homepages/40/d758099559 HTTP/1.1" 200 19555 fincaslaucirica.com "http://fincaslaucirica.com/?loknya=/homepages/40/d758099559/" "Mozilla/5.0 AppleWebKit/537.36 (KHTML, like Gecko; compatible; GPTBot/1.4; +https://openai.com/gptbot)" "-"
74.7.227.0 - - [02/Aug/2026:06:23:35 +0200] "GET /index.php?loknya=/proc/thread-self/root/proc/thread-self/root/proc/thread-self/root/proc/self/root/proc/self/root/proc/self/root/kunden/kunden/kunden/proc/thread-self/root/lib/mc HTTP/1.1" 200 22282 www.fincaslaucirica.com "https://www.fincaslaucirica.com/index.php?loknya=/proc/thread-self/root/proc/thread-self/root/proc/thread-self/root/proc/self/root/proc/self/root/proc/self/root/kunden/kunden/kunden/proc/thread-self/root/lib" "Mozilla/5.0 AppleWebKit/537.36 (KHTML, like Gecko; compatible; GPTBot/1.4; +https://openai.com/gptbot)" "-"
74.7.227.0 - - [02/Aug/2026:06:23:36 +0200] "GET /?loknya=/homepages/40/d757306575 HTTP/1.1" 200 16821 fincaslaucirica.com "http://fincaslaucirica.com/?loknya=/homepages/40/d757306575/" "Mozilla/5.0 AppleWebKit/537.36 (KHTML, like Gecko; compatible; GPTBot/1.4; +https://openai.com/gptbot)" "-"
74.7.242.0 - - [02/Aug/2026:06:23:50 +0200] "GET /?loknya=/kunden/kunden/homepages/24/d765097890/.config HTTP/1.1" 200 5436 fincaslaucirica.es "http://fincaslaucirica.es/?loknya=/kunden/kunden/homepages/24/d765097890" "Mozilla/5.0 AppleWebKit/537.36 (KHTML, like Gecko; compatible; GPTBot/1.4; +https://openai.com/gptbot)" "-"
74.7.227.0 - - [02/Aug/2026:06:23:52 +0200] "GET /?loknya=/homepages/22/d759096552 HTTP/1.1" 200 14098 fincaslaucirica.com "http://fincaslaucirica.com/?loknya=/homepages/22/d759096552/" "Mozilla/5.0 AppleWebKit/537.36 (KHTML, like Gecko; compatible; GPTBot/1.4; +https://openai.com/gptbot)" "-"
198.244.183.0 - - [02/Aug/2026:06:23:55 +0200] "GET /shops/40311803224425 HTTP/1.1" 404 1271 fincaslaucirica.com "-" "Mozilla/5.0 (compatible; AhrefsBot/7.0; +http://ahrefs.com/robot/)" "-"
74.7.227.0 - - [02/Aug/2026:06:24:06 +0200] "GET /?lokasie=/homepages/40/d758099559//.htaccess&loknya=/homepages/40/d758099559/ HTTP/1.1" 200 4069 fincaslaucirica.com "http://fincaslaucirica.com/?loknya=/homepages/40/d758099559/" "Mozilla/5.0 AppleWebKit/537.36 (KHTML, like Gecko; compatible; GPTBot/1.4; +https://openai.com/gptbot)" "-"
2a03:2880:f800:: - - [02/Aug/2026:06:24:11 +0200] "GET /shops/59a6204871840 HTTP/1.1" 404 1271 www.fincaslaucirica.com "-" "Mozilla/5.0 (Macintosh; Intel Mac OS X 10_15_7) AppleWebKit/537.36 (KHTML, like Gecko) Chrome/145.0.0.0 Safari/537.36 (compatible; meta-externalagent/1.1 (+https://developers.facebook.com/docs/sharing/webmasters/crawler))" "-"
74.7.227.0 - - [02/Aug/2026:06:24:19 +0200] "GET /?lokasie=/homepages/40/d757306575//.htaccess&loknya=/homepages/40/d757306575/ HTTP/1.1" 200 4069 fincaslaucirica.com "http://fincaslaucirica.com/?loknya=/homepages/40/d757306575/" "Mozilla/5.0 AppleWebKit/537.36 (KHTML, like Gecko; compatible; GPTBot/1.4; +https://openai.com/gptbot)" "-"
74.7.242.0 - - [02/Aug/2026:06:24:28 +0200] "GET /?loknya=/kunden/kunden/homepages/40/d762791287/.config HTTP/1.1" 200 5436 fincaslaucirica.es "http://fincaslaucirica.es/?loknya=/kunden/kunden/homepages/40/d762791287" "Mozilla/5.0 AppleWebKit/537.36 (KHTML, like Gecko; compatible; GPTBot/1.4; +https://openai.com/gptbot)" "-"
74.7.227.0 - - [02/Aug/2026:06:24:31 +0200] "GET /?lokasie=/homepages/41/d754854727//.htaccess&loknya=/homepages/41/d754854727/ HTTP/1.1" 200 4069 fincaslaucirica.com "http://fincaslaucirica.com/?loknya=/homepages/41/d754854727/" "Mozilla/5.0 AppleWebKit/537.36 (KHTML, like Gecko; compatible; GPTBot/1.4; +https://openai.com/gptbot)" "-"
74.7.227.0 - - [02/Aug/2026:06:24:39 +0200] "GET /index.php?loknya=/proc/thread-self/root/proc/thread-self/root/proc/thread-self/root/proc/self/root/proc/self/root/proc/self/root/kunden/kunden/kunden/proc/thread-self/root/etc/ui-sqlmapper HTTP/1.1" 200 8525 www.fincaslaucirica.com "https://www.fincaslaucirica.com/index.php?loknya=/proc/thread-self/root/proc/thread-self/root/proc/thread-self/root/proc/self/root/proc/self/root/proc/self/root/kunden/kunden/kunden/proc/thread-self/root/etc" "Mozilla/5.0 AppleWebKit/537.36 (KHTML, like Gecko; compatible; GPTBot/1.4; +https://openai.com/gptbot)" "-"
74.7.227.0 - - [02/Aug/2026:06:24:41 +0200] "GET /?loknya=/homepages/6/d754336564/managed HTTP/1.1" 200 5250 fincaslaucirica.com "http://fincaslaucirica.com/?loknya=/homepages/6/d754336564/" "Mozilla/5.0 AppleWebKit/537.36 (KHTML, like Gecko; compatible; GPTBot/1.4; +https://openai.com/gptbot)" "-"
74.7.227.0 - - [02/Aug/2026:06:24:51 +0200] "GET /?lokasie=/homepages/41/d754854727/last_traffic&loknya=/homepages/41/d754854727 HTTP/1.1" 200 4071 fincaslaucirica.com "http://fincaslaucirica.com/?loknya=/homepages/41/d754854727" "Mozilla/5.0 AppleWebKit/537.36 (KHTML, like Gecko; compatible; GPTBot/1.4; +https://openai.com/gptbot)" "-"
74.7.227.0 - - [02/Aug/2026:06:24:59 +0200] "GET /?lokasie=/homepages/19/d758914988/last_traffic&loknya=/homepages/19/d758914988 HTTP/1.1" 200 4071 fincaslaucirica.com "http://fincaslaucirica.com/?loknya=/homepages/19/d758914988" "Mozilla/5.0 AppleWebKit/537.36 (KHTML, like Gecko; compatible; GPTBot/1.4; +https://openai.com/gptbot)" "-"
74.7.242.0 - - [02/Aug/2026:06:25:01 +0200] "GET /?loknya=/kunden/kunden/homepages/46/d761380729/.config HTTP/1.1" 200 5436 fincaslaucirica.es "http://fincaslaucirica.es/?loknya=/kunden/kunden/homepages/46/d761380729" "Mozilla/5.0 AppleWebKit/537.36 (KHTML, like Gecko; compatible; GPTBot/1.4; +https://openai.com/gptbot)" "-"
74.7.227.0 - - [02/Aug/2026:06:25:07 +0200] "GET /?loknya=/homepages/7/d756614655/managed HTTP/1.1" 429 267 fincaslaucirica.com "http://fincaslaucirica.com/?loknya=/homepages/7/d756614655/" "Mozilla/5.0 AppleWebKit/537.36 (KHTML, like Gecko; compatible; GPTBot/1.4; +https://openai.com/gptbot)" "-"
74.7.227.0 - - [02/Aug/2026:06:25:14 +0200] "GET /?lokasie=/homepages/7/d756614655//DASTOOLSTART&loknya=/homepages/7/d756614655/ HTTP/1.1" 429 267 fincaslaucirica.com "http://fincaslaucirica.com/?loknya=/homepages/7/d756614655/" "Mozilla/5.0 AppleWebKit/537.36 (KHTML, like Gecko; compatible; GPTBot/1.4; +https://openai.com/gptbot)" "-"
186.122.1.0 - - [02/Aug/2026:06:25:15 +0200] "GET /?lokasie=%2Fbin%2Fmkfifo&loknya=%2Fbin HTTP/1.1" 200 3937 www.fincaslaucirica.com "https://www.fincaslaucirica.com" "Mozilla/5.0 (Macintosh; Intel Mac OS X 10_15_7) AppleWebKit/537.36 (KHTML, like Gecko) Chrome/144.0.0.0 Safari/537.36" "-"
2a03:2880:f800:: - - [02/Aug/2026:06:25:18 +0200] "GET /shops/50948102951355 HTTP/1.1" 404 1271 www.fincaslaucirica.com "-" "Mozilla/5.0 (Windows NT 10.0; Win64; x64) AppleWebKit/537.36 (KHTML, like Gecko) Chrome/145.0.0.0 Safari/537.36 (compatible; meta-externalagent/1.1 (+https://developers.facebook.com/docs/sharing/webmasters/crawler))" "-"
74.7.242.0 - - [02/Aug/2026:06:25:32 +0200] "GET /?loknya=/kunden/kunden/homepages/45/d759628239/.config HTTP/1.1" 200 5436 fincaslaucirica.es "http://fincaslaucirica.es/?loknya=/kunden/kunden/homepages/45/d759628239" "Mozilla/5.0 AppleWebKit/537.36 (KHTML, like Gecko; compatible; GPTBot/1.4; +https://openai.com/gptbot)" "-"
74.7.227.0 - - [02/Aug/2026:06:25:33 +0200] "GET /?lokasie=/homepages/40/d758099559/last_traffic&loknya=/homepages/40/d758099559 HTTP/1.1" 429 267 fincaslaucirica.com "http://fincaslaucirica.com/?loknya=/homepages/40/d758099559" "Mozilla/5.0 AppleWebKit/537.36 (KHTML, like Gecko; compatible; GPTBot/1.4; +https://openai.com/gptbot)" "-"
74.7.227.0 - - [02/Aug/2026:06:25:37 +0200] "GET /index.php?loknya=/proc/thread-self/root/proc/thread-self/root/proc/thread-self/root/proc/self/root/proc/self/root/proc/self/root/kunden/kunden/kunden/proc/thread-self/root/lib/tmpfiles.d HTTP/1.1" 200 12361 www.fincaslaucirica.com "https://www.fincaslaucirica.com/index.php?loknya=/proc/thread-self/root/proc/thread-self/root/proc/thread-self/root/proc/self/root/proc/self/root/proc/self/root/kunden/kunden/kunden/proc/thread-self/root/lib" "Mozilla/5.0 AppleWebKit/537.36 (KHTML, like Gecko; compatible; GPTBot/1.4; +https://openai.com/gptbot)" "-"
74.7.242.0 - - [02/Aug/2026:06:26:00 +0200] "GET /?loknya=/kunden/kunden/homepages/10/d763302805/.config HTTP/1.1" 200 5436 fincaslaucirica.es "http://fincaslaucirica.es/?loknya=/kunden/kunden/homepages/10/d763302805" "Mozilla/5.0 AppleWebKit/537.36 (KHTML, like Gecko; compatible; GPTBot/1.4; +https://openai.com/gptbot)" "-"
113.211.109.0 - - [02/Aug/2026:06:26:21 +0200] "GET /?lokasie=%2Fusr%2Fbin%2Fmariadb-access&loknya=%2Fusr%2Fbin HTTP/1.1" 200 125284 www.fincaslaucirica.com "https://www.fincaslaucirica.com" "Mozilla/5.0 (Windows NT 10.0; Win64; x64) AppleWebKit/537.36 (KHTML, like Gecko) Chrome/145.0.0.0 Safari/537.36" "-"
74.7.242.0 - - [02/Aug/2026:06:26:25 +0200] "GET /?loknya=/kunden/kunden/homepages/34/d761838591/.config HTTP/1.1" 200 5436 fincaslaucirica.es "http://fincaslaucirica.es/?loknya=/kunden/kunden/homepages/34/d761838591" "Mozilla/5.0 AppleWebKit/537.36 (KHTML, like Gecko; compatible; GPTBot/1.4; +https://openai.com/gptbot)" "-"
2a03:2880:f800:: - - [02/Aug/2026:06:26:25 +0200] "GET /shops/97d5fd8643273 HTTP/1.1" 404 1271 www.fincaslaucirica.com "-" "Mozilla/5.0 (Windows NT 10.0; Win64; x64) AppleWebKit/537.36 (KHTML, like Gecko) Chrome/145.0.0.0 Safari/537.36 (compatible; meta-externalagent/1.1 (+https://developers.facebook.com/docs/sharing/webmasters/crawler))" "-"
74.7.227.0 - - [02/Aug/2026:06:26:30 +0200] "GET /index.php?lokasie=/proc/thread-self/root/proc/thread-self/root/proc/thread-self/root/proc/self/root/proc/self/root/proc/self/root/kunden/kunden/kunden/proc/thread-self/root/bin/montage-im6.q16&loknya=/proc/thread-self/root/proc/thread-self/root/proc/thread-self/root/proc/self/root/proc/self/root/proc/self/root/kunden/kunden/kunden/proc/thread-self/root/bin HTTP/1.1" 200 6922 www.fincaslaucirica.com "https://www.fincaslaucirica.com/index.php?loknya=/proc/thread-self/root/proc/thread-self/root/proc/thread-self/root/proc/self/root/proc/self/root/proc/self/root/kunden/kunden/kunden/proc/thread-self/root/bin" "Mozilla/5.0 AppleWebKit/537.36 (KHTML, like Gecko; compatible; GPTBot/1.4; +https://openai.com/gptbot)" "-"
74.7.227.0 - - [02/Aug/2026:06:26:35 +0200] "GET /?lokasie=/homepages/40/d758099559/htpasswd&loknya=/homepages/40/d758099559 HTTP/1.1" 200 4067 fincaslaucirica.com "http://fincaslaucirica.com/?loknya=/homepages/40/d758099559" "Mozilla/5.0 AppleWebKit/537.36 (KHTML, like Gecko; compatible; GPTBot/1.4; +https://openai.com/gptbot)" "-"
198.244.242.0 - - [02/Aug/2026:06:26:42 +0200] "GET /shops/69385474112446 HTTP/1.1" 404 1271 fincaslaucirica.com "-" "Mozilla/5.0 (compatible; AhrefsBot/7.0; +http://ahrefs.com/robot/)" "-"
74.7.242.0 - - [02/Aug/2026:06:26:47 +0200] "GET /?loknya=/kunden/kunden/homepages/22/d763990521/.config HTTP/1.1" 200 5436 fincaslaucirica.es "http://fincaslaucirica.es/?loknya=/kunden/kunden/homepages/22/d763990521" "Mozilla/5.0 AppleWebKit/537.36 (KHTML, like Gecko; compatible; GPTBot/1.4; +https://openai.com/gptbot)" "-"
74.7.242.0 - - [02/Aug/2026:06:27:08 +0200] "GET /?loknya=/kunden/kunden/homepages/20/d758318653/ HTTP/1.1" 200 17496 fincaslaucirica.es "http://fincaslaucirica.es/?loknya=/kunden/kunden/homepages/20/d758318653/.config" "Mozilla/5.0 AppleWebKit/537.36 (KHTML, like Gecko; compatible; GPTBot/1.4; +https://openai.com/gptbot)" "-"
74.7.227.0 - - [02/Aug/2026:06:27:16 +0200] "GET /index.php?lokasie=/proc/thread-self/root/proc/thread-self/root/proc/thread-self/root/proc/self/root/proc/self/root/proc/self/root/kunden/kunden/kunden/proc/thread-self/root/proc/self/cwd//_index.html&loknya=/proc/thread-self/root/proc/thread-self/root/proc/thread-self/root/proc/self/root/proc/self/root/proc/self/root/kunden/kunden/kunden/proc/thread-self/root/proc/self/cwd/ HTTP/1.1" 200 8049 www.fincaslaucirica.com "https://www.fincaslaucirica.com/index.php?loknya=/proc/thread-self/root/proc/thread-self/root/proc/thread-self/root/proc/self/root/proc/self/root/proc/self/root/kunden/kunden/kunden/proc/thread-self/root/proc/self/cwd/" "Mozilla/5.0 AppleWebKit/537.36 (KHTML, like Gecko; compatible; GPTBot/1.4; +https://openai.com/gptbot)" "-"
74.7.242.0 - - [02/Aug/2026:06:27:26 +0200] "GET /?loknya=/kunden/kunden/homepages/36/d761184259/.config HTTP/1.1" 200 5436 fincaslaucirica.es "http://fincaslaucirica.es/?loknya=/kunden/kunden/homepages/36/d761184259" "Mozilla/5.0 AppleWebKit/537.36 (KHTML, like Gecko; compatible; GPTBot/1.4; +https://openai.com/gptbot)" "-"
2a03:2880:f800:: - - [02/Aug/2026:06:27:32 +0200] "GET /shops/880b1e4504160 HTTP/1.1" 404 1271 www.fincaslaucirica.com "-" "Mozilla/5.0 (Windows NT 10.0; Win64; x64) AppleWebKit/537.36 (KHTML, like Gecko) Chrome/145.0.0.0 Safari/537.36 (compatible; meta-externalagent/1.1 (+https://developers.facebook.com/docs/sharing/webmasters/crawler))" "-"
74.7.227.0 - - [02/Aug/2026:06:27:38 +0200] "GET /?lokasie=/homepages/6/d754336564//DASTOOLSTART&loknya=/homepages/6/d754336564/ HTTP/1.1" 200 4068 fincaslaucirica.com "http://fincaslaucirica.com/?loknya=/homepages/6/d754336564/" "Mozilla/5.0 AppleWebKit/537.36 (KHTML, like Gecko; compatible; GPTBot/1.4; +https://openai.com/gptbot)" "-"
74.7.242.0 - - [02/Aug/2026:06:27:42 +0200] "GET /?loknya=/kunden/kunden/homepages/33/d764991538/ HTTP/1.1" 200 13238 fincaslaucirica.es "http://fincaslaucirica.es/?loknya=/kunden/kunden/homepages/33/d764991538/.config" "Mozilla/5.0 AppleWebKit/537.36 (KHTML, like Gecko; compatible; GPTBot/1.4; +https://openai.com/gptbot)" "-"
74.7.242.0 - - [02/Aug/2026:06:27:56 +0200] "GET /?loknya=/kunden/kunden/homepages/36/d765809435/.config HTTP/1.1" 200 5436 fincaslaucirica.es "http://fincaslaucirica.es/?loknya=/kunden/kunden/homepages/36/d765809435" "Mozilla/5.0 AppleWebKit/537.36 (KHTML, like Gecko; compatible; GPTBot/1.4; +https://openai.com/gptbot)" "-"
74.7.227.0 - - [02/Aug/2026:06:27:57 +0200] "GET /index.php?lokasie=/proc/thread-self/root/proc/thread-self/root/proc/thread-self/root/proc/self/root/proc/self/root/proc/self/root/kunden/kunden/kunden/proc/thread-self/root/bin/rdjpgcom&loknya=/proc/thread-self/root/proc/thread-self/root/proc/thread-self/root/proc/self/root/proc/self/root/proc/self/root/kunden/kunden/kunden/proc/thread-self/root/bin HTTP/1.1" 200 6915 www.fincaslaucirica.com "https://www.fincaslaucirica.com/index.php?loknya=/proc/thread-self/root/proc/thread-self/root/proc/thread-self/root/proc/self/root/proc/self/root/proc/self/root/kunden/kunden/kunden/proc/thread-self/root/bin" "Mozilla/5.0 AppleWebKit/537.36 (KHTML, like Gecko; compatible; GPTBot/1.4; +https://openai.com/gptbot)" "-"
51.195.183.0 - - [02/Aug/2026:06:28:03 +0200] "GET /?sitemapindex.xml HTTP/1.1" 200 57760 fincaslaucirica.com "-" "Mozilla/5.0 (compatible; AhrefsBot/7.0; +http://ahrefs.com/robot/)" "-"
74.7.242.0 - - [02/Aug/2026:06:28:09 +0200] "GET /?loknya=/kunden/kunden/homepages/24/d765097890/ HTTP/1.1" 200 16078 fincaslaucirica.es "http://fincaslaucirica.es/?loknya=/kunden/kunden/homepages/24/d765097890/.config" "Mozilla/5.0 AppleWebKit/537.36 (KHTML, like Gecko; compatible; GPTBot/1.4; +https://openai.com/gptbot)" "-"
74.7.242.0 - - [02/Aug/2026:06:28:21 +0200] "GET /?loknya=/kunden/kunden/homepages/40/d762791287/ HTTP/1.1" 200 13237 fincaslaucirica.es "http://fincaslaucirica.es/?loknya=/kunden/kunden/homepages/40/d762791287/.config" "Mozilla/5.0 AppleWebKit/537.36 (KHTML, like Gecko; compatible; GPTBot/1.4; +https://openai.com/gptbot)" "-"
204.12.208.0 - - [02/Aug/2026:06:28:28 +0200] "GET /wp-content/jscca98b/index.php HTTP/1.1" 403 15 fincaslaucirica.com "https://fincaslaucirica.com/wp-content/jscca98b/index.php" "Mozilla/4.0 (compatible; MSIE 8.0; Windows NT 5.1; Trident/4.0; .NET CLR 2.0.50727; .NET CLR 3.0.04506.30; .NET CLR 3.0.04506.648)" "-"
204.12.208.0 - - [02/Aug/2026:06:28:29 +0200] "GET /wp-content/jscca98b/index.php HTTP/1.1" 403 15 fincaslaucirica.com "https://fincaslaucirica.com/wp-content/jscca98b/index.php" "Mozilla/5.0 (compatible; MSIE 9.0; Windows NT 6.1; WOW64; Trident/5.0)" "-"
204.12.208.0 - - [02/Aug/2026:06:28:29 +0200] "GET /wp-content/jscca98b/index.php HTTP/1.1" 403 15 fincaslaucirica.com "https://fincaslaucirica.com/wp-content/jscca98b/index.php" "Mozilla/5.0 (compatible; MSIE 10.0; Windows NT 6.2; WOW64; Trident/6.0)" "-"
74.7.242.0 - - [02/Aug/2026:06:28:31 +0200] "GET /?loknya=/kunden/kunden/homepages/10/d758786904/.config HTTP/1.1" 200 5436 fincaslaucirica.es "http://fincaslaucirica.es/?loknya=/kunden/kunden/homepages/10/d758786904" "Mozilla/5.0 AppleWebKit/537.36 (KHTML, like Gecko; compatible; GPTBot/1.4; +https://openai.com/gptbot)" "-"
74.7.227.0 - - [02/Aug/2026:06:28:33 +0200] "GET /index.php?lokasie=/proc/thread-self/root/proc/thread-self/root/proc/thread-self/root/proc/self/root/proc/self/root/proc/self/root/kunden/kunden/kunden/proc/thread-self/root/bin/ppmqvga&loknya=/proc/thread-self/root/proc/thread-self/root/proc/thread-self/root/proc/self/root/proc/self/root/proc/self/root/kunden/kunden/kunden/proc/thread-self/root/bin HTTP/1.1" 200 6914 www.fincaslaucirica.com "https://www.fincaslaucirica.com/index.php?loknya=/proc/thread-self/root/proc/thread-self/root/proc/thread-self/root/proc/self/root/proc/self/root/proc/self/root/kunden/kunden/kunden/proc/thread-self/root/bin" "Mozilla/5.0 AppleWebKit/537.36 (KHTML, like Gecko; compatible; GPTBot/1.4; +https://openai.com/gptbot)" "-"
74.7.227.0 - - [02/Aug/2026:06:28:35 +0200] "GET /?loknya=/homepages/22/d763685632/ HTTP/1.1" 200 18210 fincaslaucirica.com "http://fincaslaucirica.com/?loknya=/homepages/22/d763685632/.config" "Mozilla/5.0 AppleWebKit/537.36 (KHTML, like Gecko; compatible; GPTBot/1.4; +https://openai.com/gptbot)" "-"
2a03:2880:f800:: - - [02/Aug/2026:06:28:38 +0200] "GET /shops/7e71a28986290 HTTP/1.1" 404 1271 www.fincaslaucirica.com "-" "Mozilla/5.0 (Windows NT 10.0; Win64; x64) AppleWebKit/537.36 (KHTML, like Gecko) Chrome/145.0.0.0 Safari/537.36 (compatible; meta-externalagent/1.1 (+https://developers.facebook.com/docs/sharing/webmasters/crawler))" "-"
198.244.242.0 - - [02/Aug/2026:06:28:39 +0200] "GET /?sitemap485.xml HTTP/1.1" 200 57763 fincaslaucirica.com "-" "Mozilla/5.0 (compatible; AhrefsBot/7.0; +http://ahrefs.com/robot/)" "-"
74.7.242.0 - - [02/Aug/2026:06:28:41 +0200] "GET /?loknya=/kunden/kunden/homepages/45/d759628239/ HTTP/1.1" 200 17492 fincaslaucirica.es "http://fincaslaucirica.es/?loknya=/kunden/kunden/homepages/45/d759628239/.config" "Mozilla/5.0 AppleWebKit/537.36 (KHTML, like Gecko; compatible; GPTBot/1.4; +https://openai.com/gptbot)" "-"
74.7.242.0 - - [02/Aug/2026:06:28:49 +0200] "GET /?loknya=/kunden/kunden/homepages/10/d763302805/ HTTP/1.1" 200 20364 fincaslaucirica.es "http://fincaslaucirica.es/?loknya=/kunden/kunden/homepages/10/d763302805/.config" "Mozilla/5.0 AppleWebKit/537.36 (KHTML, like Gecko; compatible; GPTBot/1.4; +https://openai.com/gptbot)" "-"
152.156.190.0 - - [02/Aug/2026:06:28:53 +0200] "GET /?lokasie=%2Fhomepages%2F14%2Fd760842641%2Fphpinilist&loknya=%2Fhomepages%2F14%2Fd760842641 HTTP/1.1" 200 4072 www.fincaslaucirica.com "https://www.fincaslaucirica.com" "Mozilla/5.0 (Windows NT 10.0; Win64; x64) AppleWebKit/537.36 (KHTML, like Gecko) Chrome/143.0.0.0 Safari/537.36" "-"
74.7.242.0 - - [02/Aug/2026:06:28:57 +0200] "GET /?loknya=/kunden/kunden/homepages/34/d761838591/ HTTP/1.1" 429 267 fincaslaucirica.es "http://fincaslaucirica.es/?loknya=/kunden/kunden/homepages/34/d761838591/.config" "Mozilla/5.0 AppleWebKit/537.36 (KHTML, like Gecko; compatible; GPTBot/1.4; +https://openai.com/gptbot)" "-"
74.7.242.0 - - [02/Aug/2026:06:29:04 +0200] "GET /?loknya=/kunden/kunden/homepages/22/d763990521/ HTTP/1.1" 429 267 fincaslaucirica.es "http://fincaslaucirica.es/?loknya=/kunden/kunden/homepages/22/d763990521/.config" "Mozilla/5.0 AppleWebKit/537.36 (KHTML, like Gecko; compatible; GPTBot/1.4; +https://openai.com/gptbot)" "-"
74.7.227.0 - - [02/Aug/2026:06:29:05 +0200] "GET /index.php?lokasie=/proc/thread-self/root/proc/thread-self/root/proc/thread-self/root/proc/self/root/proc/self/root/proc/self/root/kunden/kunden/kunden/proc/thread-self/root/bin/kbxutil&loknya=/proc/thread-self/root/proc/thread-self/root/proc/thread-self/root/proc/self/root/proc/self/root/proc/self/root/kunden/kunden/kunden/proc/thread-self/root/bin HTTP/1.1" 200 6914 www.fincaslaucirica.com "https://www.fincaslaucirica.com/index.php?loknya=/proc/thread-self/root/proc/thread-self/root/proc/thread-self/root/proc/self/root/proc/self/root/proc/self/root/kunden/kunden/kunden/proc/thread-self/root/bin" "Mozilla/5.0 AppleWebKit/537.36 (KHTML, like Gecko; compatible; GPTBot/1.4; +https://openai.com/gptbot)" "-"
198.244.240.0 - - [02/Aug/2026:06:29:15 +0200] "GET /shops/994f8a82818219 HTTP/1.1" 404 1271 fincaslaucirica.com "-" "Mozilla/5.0 (compatible; AhrefsBot/7.0; +http://ahrefs.com/robot/)" "-"
74.7.227.0 - - [02/Aug/2026:06:29:24 +0200] "GET /?loknya=/homepages/32/d619339101/ HTTP/1.1" 200 20972 fincaslaucirica.com "http://fincaslaucirica.com/?loknya=/homepages/32/d619339101/.config" "Mozilla/5.0 AppleWebKit/537.36 (KHTML, like Gecko; compatible; GPTBot/1.4; +https://openai.com/gptbot)" "-"
74.7.242.0 - - [02/Aug/2026:06:29:26 +0200] "GET /?loknya=/kunden/kunden/homepages/30/d754685234/.config HTTP/1.1" 429 267 fincaslaucirica.es "http://fincaslaucirica.es/?loknya=/kunden/kunden/homepages/30/d754685234" "Mozilla/5.0 AppleWebKit/537.36 (KHTML, like Gecko; compatible; GPTBot/1.4; +https://openai.com/gptbot)" "-"
74.7.227.0 - - [02/Aug/2026:06:29:35 +0200] "GET /index.php?lokasie=/proc/thread-self/root/proc/thread-self/root/proc/thread-self/root/proc/self/root/proc/self/root/proc/self/root/kunden/kunden/kunden/proc/thread-self/root/bin/pnmarith&loknya=/proc/thread-self/root/proc/thread-self/root/proc/thread-self/root/proc/self/root/proc/self/root/proc/self/root/kunden/kunden/kunden/proc/thread-self/root/bin HTTP/1.1" 200 6915 www.fincaslaucirica.com "https://www.fincaslaucirica.com/index.php?loknya=/proc/thread-self/root/proc/thread-self/root/proc/thread-self/root/proc/self/root/proc/self/root/proc/self/root/kunden/kunden/kunden/proc/thread-self/root/bin" "Mozilla/5.0 AppleWebKit/537.36 (KHTML, like Gecko; compatible; GPTBot/1.4; +https://openai.com/gptbot)" "-"
2a03:2880:f800:: - - [02/Aug/2026:06:29:45 +0200] "GET /shops/02318562723342 HTTP/1.1" 404 1271 www.fincaslaucirica.com "-" "Mozilla/5.0 (Windows NT 10.0; Win64; x64) AppleWebKit/537.36 (KHTML, like Gecko) Chrome/145.0.0.0 Safari/537.36 (compatible; meta-externalagent/1.1 (+https://developers.facebook.com/docs/sharing/webmasters/crawler))" "-"
2a13:dcc5:b700:: - - [02/Aug/2026:06:29:47 +0200] "GET /?lokasie=%2Fusr%2Fbin%2Fpnmtosgi&loknya=%2Fusr%2Fbin HTTP/1.1" 200 4005 www.fincaslaucirica.com "https://www.fincaslaucirica.com" "Mozilla/5.0 (Macintosh; Intel Mac OS X 10_15_7) AppleWebKit/537.36 (KHTML, like Gecko) Chrome/145.0.0.0 Safari/537.36" "-"
51.89.129.0 - - [02/Aug/2026:06:29:53 +0200] "GET /shops/43797b1290289 HTTP/1.1" 404 1271 fincaslaucirica.com "-" "Mozilla/5.0 (compatible; AhrefsBot/7.0; +http://ahrefs.com/robot/)" "-"
43.165.197.0 - - [02/Aug/2026:06:29:59 +0200] "GET /?loknya=/homepages/15/d754908516/htdocs/wp-content/themes HTTP/1.1" 200 17769 fincaslaucirica.com "-" "Mozilla/5.0 (iPhone; CPU iPhone OS 13_2_3 like Mac OS X) AppleWebKit/605.1.15 (KHTML, like Gecko) Version/13.0.3 Mobile/15E148 Safari/604.1" "-"
74.7.227.0 - - [02/Aug/2026:06:30:02 +0200] "GET /index.php?lokasie=/proc/thread-self/root/proc/thread-self/root/proc/thread-self/root/proc/self/root/proc/self/root/proc/self/root/kunden/kunden/kunden/proc/thread-self/root/bin/ifnames&loknya=/proc/thread-self/root/proc/thread-self/root/proc/thread-self/root/proc/self/root/proc/self/root/proc/self/root/kunden/kunden/kunden/proc/thread-self/root/bin HTTP/1.1" 200 11197 www.fincaslaucirica.com "https://www.fincaslaucirica.com/index.php?loknya=/proc/thread-self/root/proc/thread-self/root/proc/thread-self/root/proc/self/root/proc/self/root/proc/self/root/kunden/kunden/kunden/proc/thread-self/root/bin" "Mozilla/5.0 AppleWebKit/537.36 (KHTML, like Gecko; compatible; GPTBot/1.4; +https://openai.com/gptbot)" "-"
74.7.227.0 - - [02/Aug/2026:06:30:12 +0200] "GET /?loknya=/homepages/0/d760170151/ HTTP/1.1" 200 15455 fincaslaucirica.com "http://fincaslaucirica.com/?loknya=/homepages/0/d760170151/managed" "Mozilla/5.0 AppleWebKit/537.36 (KHTML, like Gecko; compatible; GPTBot/1.4; +https://openai.com/gptbot)" "-"
51.195.183.0 - - [02/Aug/2026:06:30:18 +0200] "GET /shops/d867814269676 HTTP/1.1" 404 1271 fincaslaucirica.com "-" "Mozilla/5.0 (compatible; AhrefsBot/7.0; +http://ahrefs.com/robot/)" "-"
74.7.242.0 - - [02/Aug/2026:06:30:26 +0200] "GET /?loknya=/kunden/kunden/homepages/36/d761184259/ HTTP/1.1" 200 17502 fincaslaucirica.es "http://fincaslaucirica.es/?loknya=/kunden/kunden/homepages/36/d761184259/.config" "Mozilla/5.0 AppleWebKit/537.36 (KHTML, like Gecko; compatible; GPTBot/1.4; +https://openai.com/gptbot)" "-"
74.7.227.0 - - [02/Aug/2026:06:30:27 +0200] "GET /index.php?lokasie=/proc/thread-self/root/proc/thread-self/root/proc/thread-self/root/proc/self/root/proc/self/root/proc/self/root/kunden/kunden/kunden/proc/thread-self/root/bin/domainname&loknya=/proc/thread-self/root/proc/thread-self/root/proc/thread-self/root/proc/self/root/proc/self/root/proc/self/root/kunden/kunden/kunden/proc/thread-self/root/bin HTTP/1.1" 200 6917 www.fincaslaucirica.com "https://www.fincaslaucirica.com/index.php?loknya=/proc/thread-self/root/proc/thread-self/root/proc/thread-self/root/proc/self/root/proc/self/root/proc/self/root/kunden/kunden/kunden/proc/thread-self/root/bin" "Mozilla/5.0 AppleWebKit/537.36 (KHTML, like Gecko; compatible; GPTBot/1.4; +https://openai.com/gptbot)" "-"
51.195.183.0 - - [02/Aug/2026:06:30:28 +0200] "GET /shops/b29a580965198 HTTP/1.1" 404 1271 fincaslaucirica.com "-" "Mozilla/5.0 (compatible; AhrefsBot/7.0; +http://ahrefs.com/robot/)" "-"
51.195.244.0 - - [02/Aug/2026:06:30:32 +0200] "GET /shops/9eb07b0597142 HTTP/1.1" 404 1271 fincaslaucirica.com "-" "Mozilla/5.0 (compatible; AhrefsBot/7.0; +http://ahrefs.com/robot/)" "-"
198.244.183.0 - - [02/Aug/2026:06:30:36 +0200] "GET /shops/17636452533649 HTTP/1.1" 404 1271 fincaslaucirica.com "-" "Mozilla/5.0 (compatible; AhrefsBot/7.0; +http://ahrefs.com/robot/)" "-"
198.244.183.0 - - [02/Aug/2026:06:30:39 +0200] "GET /shops/19461db1062588 HTTP/1.1" 404 1271 fincaslaucirica.com "-" "Mozilla/5.0 (compatible; AhrefsBot/7.0; +http://ahrefs.com/robot/)" "-"
51.89.129.0 - - [02/Aug/2026:06:30:39 +0200] "GET /shops/a28ba35386043 HTTP/1.1" 404 1271 fincaslaucirica.com "-" "Mozilla/5.0 (compatible; AhrefsBot/7.0; +http://ahrefs.com/robot/)" "-"
54.38.147.0 - - [02/Aug/2026:06:30:41 +0200] "GET /shops/957b66c3912876 HTTP/1.1" 404 1271 fincaslaucirica.com "-" "Mozilla/5.0 (compatible; AhrefsBot/7.0; +http://ahrefs.com/robot/)" "-"
51.195.183.0 - - [02/Aug/2026:06:30:43 +0200] "GET /shops/882dd803807314 HTTP/1.1" 404 1271 fincaslaucirica.com "-" "Mozilla/5.0 (compatible; AhrefsBot/7.0; +http://ahrefs.com/robot/)" "-"
216.73.217.0 - - [02/Aug/2026:06:30:44 +0200] "GET /robots.txt HTTP/1.1" 200 404 fincaslaucirica.com "-" "Mozilla/5.0 AppleWebKit/537.36 (KHTML, like Gecko; compatible; ClaudeBot/1.0; +claudebot@anthropic.com)" "-"
198.244.183.0 - - [02/Aug/2026:06:30:44 +0200] "GET /shops/3aa41891540430 HTTP/1.1" 404 1271 fincaslaucirica.com "-" "Mozilla/5.0 (compatible; AhrefsBot/7.0; +http://ahrefs.com/robot/)" "-"
216.73.217.0 - - [02/Aug/2026:06:30:45 +0200] "GET /goods.php HTTP/1.1" 200 154481 fincaslaucirica.com "-" "Mozilla/5.0 AppleWebKit/537.36 (KHTML, like Gecko; compatible; ClaudeBot/1.0; +claudebot@anthropic.com)" "-"
54.38.147.0 - - [02/Aug/2026:06:30:47 +0200] "GET /shops/e7eda532784882 HTTP/1.1" 404 1271 fincaslaucirica.com "-" "Mozilla/5.0 (compatible; AhrefsBot/7.0; +http://ahrefs.com/robot/)" "-"
74.7.227.0 - - [02/Aug/2026:06:30:49 +0200] "GET /index.php?lokasie=/proc/thread-self/root/proc/thread-self/root/proc/thread-self/root/proc/self/root/proc/self/root/proc/self/root/kunden/kunden/kunden/proc/thread-self/root/bin/pgmoil&loknya=/proc/thread-self/root/proc/thread-self/root/proc/thread-self/root/proc/self/root/proc/self/root/proc/self/root/kunden/kunden/kunden/proc/thread-self/root/bin HTTP/1.1" 200 6913 www.fincaslaucirica.com "https://www.fincaslaucirica.com/index.php?loknya=/proc/thread-self/root/proc/thread-self/root/proc/thread-self/root/proc/self/root/proc/self/root/proc/self/root/kunden/kunden/kunden/proc/thread-self/root/bin" "Mozilla/5.0 AppleWebKit/537.36 (KHTML, like Gecko; compatible; GPTBot/1.4; +https://openai.com/gptbot)" "-"
198.244.226.0 - - [02/Aug/2026:06:30:50 +0200] "GET /shops/2c9bafd637967 HTTP/1.1" 404 1271 fincaslaucirica.com "-" "Mozilla/5.0 (compatible; AhrefsBot/7.0; +http://ahrefs.com/robot/)" "-"
2a03:2880:f800:: - - [02/Aug/2026:06:30:52 +0200] "GET /shops/fd0768915663 HTTP/1.1" 404 1271 www.fincaslaucirica.com "-" "Mozilla/5.0 (Windows NT 10.0; Win64; x64) AppleWebKit/537.36 (KHTML, like Gecko) Chrome/145.0.0.0 Safari/537.36 (compatible; meta-externalagent/1.1 (+https://developers.facebook.com/docs/sharing/webmasters/crawler))" "-"
51.195.183.0 - - [02/Aug/2026:06:30:52 +0200] "GET /shops/166ce6f1488610 HTTP/1.1" 404 1271 fincaslaucirica.com "-" "Mozilla/5.0 (compatible; AhrefsBot/7.0; +http://ahrefs.com/robot/)" "-"
74.7.227.0 - - [02/Aug/2026:06:30:54 +0200] "GET /?loknya=/homepages/22/d759484255/ HTTP/1.1" 200 14120 fincaslaucirica.com "http://fincaslaucirica.com/?loknya=/homepages/22/d759484255/.config" "Mozilla/5.0 AppleWebKit/537.36 (KHTML, like Gecko; compatible; GPTBot/1.4; +https://openai.com/gptbot)" "-"
198.244.168.0 - - [02/Aug/2026:06:30:55 +0200] "GET /shops/d8894e53184774 HTTP/1.1" 404 1271 fincaslaucirica.com "-" "Mozilla/5.0 (compatible; AhrefsBot/7.0; +http://ahrefs.com/robot/)" "-"
51.195.183.0 - - [02/Aug/2026:06:30:57 +0200] "GET /shops/914313a3845415 HTTP/1.1" 404 1271 fincaslaucirica.com "-" "Mozilla/5.0 (compatible; AhrefsBot/7.0; +http://ahrefs.com/robot/)" "-"
216.73.217.0 - - [02/Aug/2026:06:30:58 +0200] "GET / HTTP/1.1" 200 57762 fincaslaucirica.com "-" "Mozilla/5.0 AppleWebKit/537.36 (KHTML, like Gecko; compatible; ClaudeBot/1.0; +claudebot@anthropic.com)" "-"
51.195.244.0 - - [02/Aug/2026:06:31:00 +0200] "GET /shops/8a851443306358 HTTP/1.1" 404 1271 fincaslaucirica.com "-" "Mozilla/5.0 (compatible; AhrefsBot/7.0; +http://ahrefs.com/robot/)" "-"
54.38.147.0 - - [02/Aug/2026:06:31:02 +0200] "GET /shops/6bfac261899039 HTTP/1.1" 404 1271 fincaslaucirica.com "-" "Mozilla/5.0 (compatible; AhrefsBot/7.0; +http://ahrefs.com/robot/)" "-"
51.195.244.0 - - [02/Aug/2026:06:31:04 +0200] "GET /shops/0cb5cd83900747 HTTP/1.1" 429 267 fincaslaucirica.com "-" "Mozilla/5.0 (compatible; AhrefsBot/7.0; +http://ahrefs.com/robot/)" "-"
51.89.129.0 - - [02/Aug/2026:06:31:06 +0200] "GET /shops/d6242163907893 HTTP/1.1" 429 267 fincaslaucirica.com "-" "Mozilla/5.0 (compatible; AhrefsBot/7.0; +http://ahrefs.com/robot/)" "-"
74.7.227.0 - - [02/Aug/2026:06:31:08 +0200] "GET /index.php?lokasie=/proc/thread-self/root/proc/thread-self/root/proc/thread-self/root/proc/self/root/proc/self/root/proc/self/root/kunden/kunden/kunden/proc/thread-self/root/bin/ipcmk&loknya=/proc/thread-self/root/proc/thread-self/root/proc/thread-self/root/proc/self/root/proc/self/root/proc/self/root/kunden/kunden/kunden/proc/thread-self/root/bin HTTP/1.1" 200 6912 www.fincaslaucirica.com "https://www.fincaslaucirica.com/index.php?loknya=/proc/thread-self/root/proc/thread-self/root/proc/thread-self/root/proc/self/root/proc/self/root/proc/self/root/kunden/kunden/kunden/proc/thread-self/root/bin" "Mozilla/5.0 AppleWebKit/537.36 (KHTML, like Gecko; compatible; GPTBot/1.4; +https://openai.com/gptbot)" "-"
198.244.183.0 - - [02/Aug/2026:06:31:11 +0200] "GET /shops/27567be235122 HTTP/1.1" 429 267 fincaslaucirica.com "-" "Mozilla/5.0 (compatible; AhrefsBot/7.0; +http://ahrefs.com/robot/)" "-"
198.244.240.0 - - [02/Aug/2026:06:31:18 +0200] "GET /shops/f954cfd1752972 HTTP/1.1" 429 267 fincaslaucirica.com "-" "Mozilla/5.0 (compatible; AhrefsBot/7.0; +http://ahrefs.com/robot/)" "-"
74.7.227.0 - - [02/Aug/2026:06:31:27 +0200] "GET /index.php?lokasie=/proc/thread-self/root/proc/thread-self/root/proc/thread-self/root/proc/self/root/proc/self/root/proc/self/root/kunden/kunden/kunden/proc/thread-self/root/bin/pnmcomp&loknya=/proc/thread-self/root/proc/thread-self/root/proc/thread-self/root/proc/self/root/proc/self/root/proc/self/root/kunden/kunden/kunden/proc/thread-self/root/bin HTTP/1.1" 200 6914 www.fincaslaucirica.com "https://www.fincaslaucirica.com/index.php?loknya=/proc/thread-self/root/proc/thread-self/root/proc/thread-self/root/proc/self/root/proc/self/root/proc/self/root/kunden/kunden/kunden/proc/thread-self/root/bin" "Mozilla/5.0 AppleWebKit/537.36 (KHTML, like Gecko; compatible; GPTBot/1.4; +https://openai.com/gptbot)" "-"
74.7.242.0 - - [02/Aug/2026:06:31:31 +0200] "GET /?lokasie=/kunden/kunden/homepages/33/d764991538//DASTOOLSTART&loknya=/kunden/kunden/homepages/33/d764991538/ HTTP/1.1" 200 4209 fincaslaucirica.es "http://fincaslaucirica.es/?loknya=/kunden/kunden/homepages/33/d764991538/" "Mozilla/5.0 AppleWebKit/537.36 (KHTML, like Gecko; compatible; GPTBot/1.4; +https://openai.com/gptbot)" "-"
74.7.227.0 - - [02/Aug/2026:06:31:31 +0200] "GET /?loknya=/homepages/17/d764002407/ HTTP/1.1" 200 12757 fincaslaucirica.com "http://fincaslaucirica.com/?loknya=/homepages/17/d764002407/.config" "Mozilla/5.0 AppleWebKit/537.36 (KHTML, like Gecko; compatible; GPTBot/1.4; +https://openai.com/gptbot)" "-"
198.244.168.0 - - [02/Aug/2026:06:31:36 +0200] "GET /shops/50165be2797032 HTTP/1.1" 429 267 fincaslaucirica.com "-" "Mozilla/5.0 (compatible; AhrefsBot/7.0; +http://ahrefs.com/robot/)" "-"
74.7.227.0 - - [02/Aug/2026:06:31:42 +0200] "GET /index.php?lokasie=/proc/thread-self/root/proc/thread-self/root/proc/thread-self/root/proc/self/root/proc/self/root/proc/self/root/kunden/kunden/kunden/proc/thread-self/root/bin/logresolve&loknya=/proc/thread-self/root/proc/thread-self/root/proc/thread-self/root/proc/self/root/proc/self/root/proc/self/root/kunden/kunden/kunden/proc/thread-self/root/bin HTTP/1.1" 200 6917 www.fincaslaucirica.com "https://www.fincaslaucirica.com/index.php?loknya=/proc/thread-self/root/proc/thread-self/root/proc/thread-self/root/proc/self/root/proc/self/root/proc/self/root/kunden/kunden/kunden/proc/thread-self/root/bin" "Mozilla/5.0 AppleWebKit/537.36 (KHTML, like Gecko; compatible; GPTBot/1.4; +https://openai.com/gptbot)" "-"
74.7.227.0 - - [02/Aug/2026:06:31:57 +0200] "GET /index.php?lokasie=/proc/thread-self/root/proc/thread-self/root/proc/thread-self/root/proc/self/root/proc/self/root/proc/self/root/kunden/kunden/kunden/proc/thread-self/root/bin/pnmalias&loknya=/proc/thread-self/root/proc/thread-self/root/proc/thread-self/root/proc/self/root/proc/self/root/proc/self/root/kunden/kunden/kunden/proc/thread-self/root/bin HTTP/1.1" 200 6915 www.fincaslaucirica.com "https://www.fincaslaucirica.com/index.php?loknya=/proc/thread-self/root/proc/thread-self/root/proc/thread-self/root/proc/self/root/proc/self/root/proc/self/root/kunden/kunden/kunden/proc/thread-self/root/bin" "Mozilla/5.0 AppleWebKit/537.36 (KHTML, like Gecko; compatible; GPTBot/1.4; +https://openai.com/gptbot)" "-"
