74.7.227.0 - - [02/Aug/2026:03:49:45 +0200] "GET /index.php?lokasie=/homepages/15/d754908516/htdocs/wp-admin/includes/class-wp-ms-sites-list-table.php&loknya=/homepages/15/d754908516/htdocs/wp-admin/includes HTTP/1.1" 200 27651 fincaslaucirica.com "https://fincaslaucirica.com/index.php?loknya=/homepages/15/d754908516/htdocs/wp-admin/includes" "Mozilla/5.0 AppleWebKit/537.36 (KHTML, like Gecko; compatible; GPTBot/1.4; +https://openai.com/gptbot)" "-"
74.7.242.0 - - [02/Aug/2026:03:49:50 +0200] "GET /?loknya=/kunden/kunden/homepages/28/d760093522/.config HTTP/1.1" 200 5436 fincaslaucirica.es "http://fincaslaucirica.es/?loknya=/kunden/kunden/homepages/28/d760093522" "Mozilla/5.0 AppleWebKit/537.36 (KHTML, like Gecko; compatible; GPTBot/1.4; +https://openai.com/gptbot)" "-"
74.7.227.0 - - [02/Aug/2026:03:49:52 +0200] "GET /index.php?loknya=/proc/thread-self/root/proc/thread-self/root/proc/thread-self/root/proc/self/root/proc/self/root/proc/thread-self/root/kunden/proc/self/root/etc/ssh/ HTTP/1.1" 200 11374 www.fincaslaucirica.com "https://www.fincaslaucirica.com/index.php?loknya=/proc/thread-self/root/proc/thread-self/root/proc/thread-self/root/proc/self/root/proc/self/root/proc/thread-self/root/kunden/proc/self/root/etc/ssh/ssh_config.d" "Mozilla/5.0 AppleWebKit/537.36 (KHTML, like Gecko; compatible; GPTBot/1.4; +https://openai.com/gptbot)" "-"
74.7.227.0 - - [02/Aug/2026:03:50:01 +0200] "GET /index.php?loknya=/proc/thread-self/root/proc/thread-self/root/proc/thread-self/root/proc/self/root/proc/self/root/proc/self/root/kunden/kunden/usr/local/etc HTTP/1.1" 200 7839 www.fincaslaucirica.com "https://www.fincaslaucirica.com/index.php?loknya=/proc/thread-self/root/proc/thread-self/root/proc/thread-self/root/proc/self/root/proc/self/root/proc/self/root/kunden/kunden/usr/local" "Mozilla/5.0 AppleWebKit/537.36 (KHTML, like Gecko; compatible; GPTBot/1.4; +https://openai.com/gptbot)" "-"
74.7.227.0 - - [02/Aug/2026:03:50:10 +0200] "GET /index.php?loknya=/proc/thread-self/root/proc/thread-self/root/proc/thread-self/root/proc/self/root/proc/self/root/proc/thread-self/root/kunden/proc/self/root/etc/csh/cshrc.d HTTP/1.1" 429 267 www.fincaslaucirica.com "https://www.fincaslaucirica.com/index.php?loknya=/proc/thread-self/root/proc/thread-self/root/proc/thread-self/root/proc/self/root/proc/self/root/proc/thread-self/root/kunden/proc/self/root/etc/csh" "Mozilla/5.0 AppleWebKit/537.36 (KHTML, like Gecko; compatible; GPTBot/1.4; +https://openai.com/gptbot)" "-"
54.38.147.0 - - [02/Aug/2026:03:50:11 +0200] "GET /shops/8414b211991498 HTTP/1.1" 404 1271 fincaslaucirica.com "-" "Mozilla/5.0 (compatible; AhrefsBot/7.0; +http://ahrefs.com/robot/)" "-"
74.7.227.0 - - [02/Aug/2026:03:50:13 +0200] "GET /index.php?lokasie=/homepages/15/d754908516/htdocs/wp-admin/includes/update.php&loknya=/homepages/15/d754908516/htdocs/wp-admin/includes HTTP/1.1" 200 41090 fincaslaucirica.com "https://fincaslaucirica.com/index.php?loknya=/homepages/15/d754908516/htdocs/wp-admin/includes" "Mozilla/5.0 AppleWebKit/537.36 (KHTML, like Gecko; compatible; GPTBot/1.4; +https://openai.com/gptbot)" "-"
74.7.227.0 - - [02/Aug/2026:03:50:18 +0200] "GET /index.php?loknya=/proc/thread-self/root/proc/thread-self/root/proc/thread-self/root/proc/self/root/proc/self/root/proc/thread-self/root/kunden/proc/self/root/usr/lib HTTP/1.1" 429 267 www.fincaslaucirica.com "https://www.fincaslaucirica.com/index.php?loknya=/proc/thread-self/root/proc/thread-self/root/proc/thread-self/root/proc/self/root/proc/self/root/proc/thread-self/root/kunden/proc/self/root/usr" "Mozilla/5.0 AppleWebKit/537.36 (KHTML, like Gecko; compatible; GPTBot/1.4; +https://openai.com/gptbot)" "-"
74.7.227.0 - - [02/Aug/2026:03:50:37 +0200] "GET /index.php?lokasie=/homepages/15/d754908516/htdocs/wp-admin/includes/class-bulk-theme-upgrader-skin.php&loknya=/homepages/15/d754908516/htdocs/wp-admin/includes HTTP/1.1" 200 7102 fincaslaucirica.com "https://fincaslaucirica.com/index.php?loknya=/homepages/15/d754908516/htdocs/wp-admin/includes" "Mozilla/5.0 AppleWebKit/537.36 (KHTML, like Gecko; compatible; GPTBot/1.4; +https://openai.com/gptbot)" "-"
74.7.227.0 - - [02/Aug/2026:03:50:40 +0200] "GET /index.php?loknya=/proc/thread-self/root/proc/thread-self/root/proc/thread-self/root/proc/self/root/proc/self/root/proc/thread-self/root/proc/thread-self/root/etc/lynx HTTP/1.1" 429 267 www.fincaslaucirica.com "https://www.fincaslaucirica.com/index.php?loknya=/proc/thread-self/root/proc/thread-self/root/proc/thread-self/root/proc/self/root/proc/self/root/proc/thread-self/root/proc/thread-self/root/etc" "Mozilla/5.0 AppleWebKit/537.36 (KHTML, like Gecko; compatible; GPTBot/1.4; +https://openai.com/gptbot)" "-"
74.7.242.0 - - [02/Aug/2026:03:50:43 +0200] "GET /?loknya=/kunden/kunden/homepages/12/d754353866/.config HTTP/1.1" 200 5436 fincaslaucirica.es "http://fincaslaucirica.es/?loknya=/kunden/kunden/homepages/12/d754353866" "Mozilla/5.0 AppleWebKit/537.36 (KHTML, like Gecko; compatible; GPTBot/1.4; +https://openai.com/gptbot)" "-"
2a03:2880:f800:: - - [02/Aug/2026:03:50:52 +0200] "GET /shops/e46a622896260 HTTP/1.1" 404 1271 www.fincaslaucirica.com "-" "Mozilla/5.0 (Windows NT 10.0; Win64; x64) AppleWebKit/537.36 (KHTML, like Gecko) Chrome/145.0.0.0 Safari/537.36 (compatible; meta-externalagent/1.1 (+https://developers.facebook.com/docs/sharing/webmasters/crawler))" "-"
74.7.227.0 - - [02/Aug/2026:03:51:00 +0200] "GET /index.php?lokasie=/homepages/15/d754908516/htdocs/wp-admin/includes/edit-tag-messages.php&loknya=/homepages/15/d754908516/htdocs/wp-admin/includes HTTP/1.1" 200 5881 fincaslaucirica.com "https://fincaslaucirica.com/index.php?loknya=/homepages/15/d754908516/htdocs/wp-admin/includes" "Mozilla/5.0 AppleWebKit/537.36 (KHTML, like Gecko; compatible; GPTBot/1.4; +https://openai.com/gptbot)" "-"
74.7.227.0 - - [02/Aug/2026:03:51:20 +0200] "GET /index.php?lokasie=/homepages/15/d754908516/htdocs/wp-admin/includes/post.php&loknya=/homepages/15/d754908516/htdocs/wp-admin/includes HTTP/1.1" 200 90114 fincaslaucirica.com "https://fincaslaucirica.com/index.php?loknya=/homepages/15/d754908516/htdocs/wp-admin/includes" "Mozilla/5.0 AppleWebKit/537.36 (KHTML, like Gecko; compatible; GPTBot/1.4; +https://openai.com/gptbot)" "-"
51.195.244.0 - - [02/Aug/2026:03:51:30 +0200] "GET /shops/8220da61226970 HTTP/1.1" 404 1271 fincaslaucirica.com "-" "Mozilla/5.0 (compatible; AhrefsBot/7.0; +http://ahrefs.com/robot/)" "-"
74.7.242.0 - - [02/Aug/2026:03:51:31 +0200] "GET /?loknya=/kunden/kunden/homepages/29/d763009168/ HTTP/1.1" 200 15766 fincaslaucirica.es "http://fincaslaucirica.es/?loknya=/kunden/kunden/homepages/29/d763009168/.config" "Mozilla/5.0 AppleWebKit/537.36 (KHTML, like Gecko; compatible; GPTBot/1.4; +https://openai.com/gptbot)" "-"
74.7.227.0 - - [02/Aug/2026:03:51:38 +0200] "GET /index.php?lokasie=/homepages/15/d754908516/htdocs/wp-admin/includes/nav-menu.php&loknya=/homepages/15/d754908516/htdocs/wp-admin/includes HTTP/1.1" 200 59330 fincaslaucirica.com "https://fincaslaucirica.com/index.php?loknya=/homepages/15/d754908516/htdocs/wp-admin/includes" "Mozilla/5.0 AppleWebKit/537.36 (KHTML, like Gecko; compatible; GPTBot/1.4; +https://openai.com/gptbot)" "-"
74.7.227.0 - - [02/Aug/2026:03:51:41 +0200] "GET /index.php?lokasie=/proc/thread-self/root/proc/thread-self/root/proc/thread-self/root/proc/self/root/proc/self/root/proc/thread-self/root/kunden/proc/self/root/etc/dpkg/shlibs.override&loknya=/proc/thread-self/root/proc/thread-self/root/proc/thread-self/root/proc/self/root/proc/self/root/proc/thread-self/root/kunden/proc/self/root/etc/dpkg HTTP/1.1" 200 7016 www.fincaslaucirica.com "https://www.fincaslaucirica.com/index.php?loknya=/proc/thread-self/root/proc/thread-self/root/proc/thread-self/root/proc/self/root/proc/self/root/proc/thread-self/root/kunden/proc/self/root/etc/dpkg" "Mozilla/5.0 AppleWebKit/537.36 (KHTML, like Gecko; compatible; GPTBot/1.4; +https://openai.com/gptbot)" "-"
74.7.227.0 - - [02/Aug/2026:03:51:54 +0200] "GET /index.php?lokasie=/homepages/15/d754908516/htdocs/wp-admin/includes/class-ftp.php&loknya=/homepages/15/d754908516/htdocs/wp-admin/includes HTTP/1.1" 200 36149 fincaslaucirica.com "https://fincaslaucirica.com/index.php?loknya=/homepages/15/d754908516/htdocs/wp-admin/includes" "Mozilla/5.0 AppleWebKit/537.36 (KHTML, like Gecko; compatible; GPTBot/1.4; +https://openai.com/gptbot)" "-"
2a03:2880:f800:: - - [02/Aug/2026:03:51:59 +0200] "GET /shops/d7444993263468 HTTP/1.1" 404 1271 www.fincaslaucirica.com "-" "Mozilla/5.0 (Macintosh; Intel Mac OS X 10_15_7) AppleWebKit/537.36 (KHTML, like Gecko) Chrome/145.0.0.0 Safari/537.36 (compatible; meta-externalagent/1.1 (+https://developers.facebook.com/docs/sharing/webmasters/crawler))" "-"
74.7.227.0 - - [02/Aug/2026:03:52:08 +0200] "GET /index.php?lokasie=/homepages/15/d754908516/htdocs/wp-admin/includes/class-ftp-pure.php&loknya=/homepages/15/d754908516/htdocs/wp-admin/includes HTTP/1.1" 200 10354 fincaslaucirica.com "https://fincaslaucirica.com/index.php?loknya=/homepages/15/d754908516/htdocs/wp-admin/includes" "Mozilla/5.0 AppleWebKit/537.36 (KHTML, like Gecko; compatible; GPTBot/1.4; +https://openai.com/gptbot)" "-"
74.7.242.0 - - [02/Aug/2026:03:52:11 +0200] "GET /?loknya=/kunden/kunden/homepages/35/d756927844/ HTTP/1.1" 200 13223 fincaslaucirica.es "http://fincaslaucirica.es/?loknya=/kunden/kunden/homepages/35/d756927844/.config" "Mozilla/5.0 AppleWebKit/537.36 (KHTML, like Gecko; compatible; GPTBot/1.4; +https://openai.com/gptbot)" "-"
51.89.129.0 - - [02/Aug/2026:03:52:13 +0200] "GET /shops/40a60ab3352269 HTTP/1.1" 404 1271 fincaslaucirica.com "-" "Mozilla/5.0 (compatible; AhrefsBot/7.0; +http://ahrefs.com/robot/)" "-"
154.59.56.0 - - [02/Aug/2026:03:52:13 +0200] "GET /?lokasie=%2Fhomepages%2F18%2Fd759014580%2Fphpinilist&loknya=%2Fhomepages%2F18%2Fd759014580 HTTP/1.1" 200 4071 www.fincaslaucirica.com "https://www.fincaslaucirica.com" "Mozilla/5.0 (Macintosh; Intel Mac OS X 10_15_7) AppleWebKit/537.36 (KHTML, like Gecko) Chrome/144.0.0.0 Safari/537.36" "-"
74.7.227.0 - - [02/Aug/2026:03:52:21 +0200] "GET /index.php?lokasie=/homepages/15/d754908516/htdocs/wp-admin/includes/class-wp-screen.php&loknya=/homepages/15/d754908516/htdocs/wp-admin/includes HTTP/1.1" 200 44033 fincaslaucirica.com "https://fincaslaucirica.com/index.php?loknya=/homepages/15/d754908516/htdocs/wp-admin/includes" "Mozilla/5.0 AppleWebKit/537.36 (KHTML, like Gecko; compatible; GPTBot/1.4; +https://openai.com/gptbot)" "-"
2001:4958:3e00:: - - [02/Aug/2026:03:52:28 +0200] "GET /?lokasie=%2Flib%2Fman-db%2Fman&loknya=%2Flib%2Fman-db HTTP/1.1" 200 4008 www.fincaslaucirica.com "https://www.fincaslaucirica.com" "Mozilla/5.0 (Windows NT 10.0; Win64; x64) AppleWebKit/537.36 (KHTML, like Gecko) Chrome/142.0.0.0 Safari/537.36" "-"
74.7.227.0 - - [02/Aug/2026:03:52:32 +0200] "GET /index.php?lokasie=/homepages/15/d754908516/htdocs/wp-admin/includes/class-wp-site-icon.php&loknya=/homepages/15/d754908516/htdocs/wp-admin/includes HTTP/1.1" 200 10821 fincaslaucirica.com "https://fincaslaucirica.com/index.php?loknya=/homepages/15/d754908516/htdocs/wp-admin/includes" "Mozilla/5.0 AppleWebKit/537.36 (KHTML, like Gecko; compatible; GPTBot/1.4; +https://openai.com/gptbot)" "-"
198.244.240.0 - - [02/Aug/2026:03:52:33 +0200] "GET /shops/3a09e602050810 HTTP/1.1" 404 1271 fincaslaucirica.com "-" "Mozilla/5.0 (compatible; AhrefsBot/7.0; +http://ahrefs.com/robot/)" "-"
198.244.242.0 - - [02/Aug/2026:03:52:42 +0200] "GET /shops/38659442653702 HTTP/1.1" 404 1271 fincaslaucirica.com "-" "Mozilla/5.0 (compatible; AhrefsBot/7.0; +http://ahrefs.com/robot/)" "-"
74.7.227.0 - - [02/Aug/2026:03:52:43 +0200] "GET /index.php?lokasie=/homepages/15/d754908516/htdocs/wp-admin/includes/class-wp-site-health.php&loknya=/homepages/15/d754908516/htdocs/wp-admin/includes HTTP/1.1" 200 135465 fincaslaucirica.com "https://fincaslaucirica.com/index.php?loknya=/homepages/15/d754908516/htdocs/wp-admin/includes" "Mozilla/5.0 AppleWebKit/537.36 (KHTML, like Gecko; compatible; GPTBot/1.4; +https://openai.com/gptbot)" "-"
74.7.227.0 - - [02/Aug/2026:03:52:46 +0200] "GET /index.php?loknya=/proc/thread-self/root/proc/thread-self/root/proc/thread-self/root/proc/self/root/proc/self/root/proc/thread-self/root/kunden/proc/self/root/etc/dpkg/origins HTTP/1.1" 200 12007 www.fincaslaucirica.com "https://www.fincaslaucirica.com/index.php?loknya=/proc/thread-self/root/proc/thread-self/root/proc/thread-self/root/proc/self/root/proc/self/root/proc/thread-self/root/kunden/proc/self/root/etc/dpkg" "Mozilla/5.0 AppleWebKit/537.36 (KHTML, like Gecko; compatible; GPTBot/1.4; +https://openai.com/gptbot)" "-"
74.7.242.0 - - [02/Aug/2026:03:52:47 +0200] "GET /?loknya=/kunden/kunden/homepages/12/d764653070/.config HTTP/1.1" 200 5436 fincaslaucirica.es "http://fincaslaucirica.es/?loknya=/kunden/kunden/homepages/12/d764653070" "Mozilla/5.0 AppleWebKit/537.36 (KHTML, like Gecko; compatible; GPTBot/1.4; +https://openai.com/gptbot)" "-"
198.244.226.0 - - [02/Aug/2026:03:52:47 +0200] "GET /shops/a6831c32589204 HTTP/1.1" 404 1271 fincaslaucirica.com "-" "Mozilla/5.0 (compatible; AhrefsBot/7.0; +http://ahrefs.com/robot/)" "-"
198.244.242.0 - - [02/Aug/2026:03:52:50 +0200] "GET /shops/5d9b6742645707 HTTP/1.1" 404 1271 fincaslaucirica.com "-" "Mozilla/5.0 (compatible; AhrefsBot/7.0; +http://ahrefs.com/robot/)" "-"
198.244.242.0 - - [02/Aug/2026:03:52:51 +0200] "GET /shops/41650021788001 HTTP/1.1" 404 1271 fincaslaucirica.com "-" "Mozilla/5.0 (compatible; AhrefsBot/7.0; +http://ahrefs.com/robot/)" "-"
74.7.227.0 - - [02/Aug/2026:03:52:52 +0200] "GET /index.php?lokasie=/homepages/15/d754908516/htdocs/wp-admin/includes/class-wp-debug-data.php&loknya=/homepages/15/d754908516/htdocs/wp-admin/includes HTTP/1.1" 200 74118 fincaslaucirica.com "https://fincaslaucirica.com/index.php?loknya=/homepages/15/d754908516/htdocs/wp-admin/includes" "Mozilla/5.0 AppleWebKit/537.36 (KHTML, like Gecko; compatible; GPTBot/1.4; +https://openai.com/gptbot)" "-"
51.195.183.0 - - [02/Aug/2026:03:52:54 +0200] "GET /shops/3e1ad041335847 HTTP/1.1" 404 1271 fincaslaucirica.com "-" "Mozilla/5.0 (compatible; AhrefsBot/7.0; +http://ahrefs.com/robot/)" "-"
198.244.242.0 - - [02/Aug/2026:03:52:55 +0200] "GET /shops/161561a2135441 HTTP/1.1" 404 1271 fincaslaucirica.com "-" "Mozilla/5.0 (compatible; AhrefsBot/7.0; +http://ahrefs.com/robot/)" "-"
198.244.240.0 - - [02/Aug/2026:03:52:56 +0200] "GET /shops/c7365913804319 HTTP/1.1" 404 1271 fincaslaucirica.com "-" "Mozilla/5.0 (compatible; AhrefsBot/7.0; +http://ahrefs.com/robot/)" "-"
198.244.240.0 - - [02/Aug/2026:03:52:58 +0200] "GET /shops/c3856801329484 HTTP/1.1" 404 1271 fincaslaucirica.com "-" "Mozilla/5.0 (compatible; AhrefsBot/7.0; +http://ahrefs.com/robot/)" "-"
51.195.183.0 - - [02/Aug/2026:03:52:59 +0200] "GET /shops/a02505c2151993 HTTP/1.1" 404 1271 fincaslaucirica.com "-" "Mozilla/5.0 (compatible; AhrefsBot/7.0; +http://ahrefs.com/robot/)" "-"
198.244.183.0 - - [02/Aug/2026:03:53:00 +0200] "GET /shops/956ae803518790 HTTP/1.1" 404 1271 fincaslaucirica.com "-" "Mozilla/5.0 (compatible; AhrefsBot/7.0; +http://ahrefs.com/robot/)" "-"
74.7.227.0 - - [02/Aug/2026:03:53:00 +0200] "GET /index.php?lokasie=/lib/ssl/certs/773e07ad.0&loknya=/lib/ssl/certs HTTP/1.1" 200 4923 fincaslaucirica.com "http://fincaslaucirica.com/index.php?loknya=/lib/ssl/certs" "Mozilla/5.0 AppleWebKit/537.36 (KHTML, like Gecko; compatible; GPTBot/1.4; +https://openai.com/gptbot)" "-"
198.244.168.0 - - [02/Aug/2026:03:53:01 +0200] "GET /shops/04a45e61706212 HTTP/1.1" 404 1271 fincaslaucirica.com "-" "Mozilla/5.0 (compatible; AhrefsBot/7.0; +http://ahrefs.com/robot/)" "-"
198.244.242.0 - - [02/Aug/2026:03:53:02 +0200] "GET /shops/fcd7b7f457029 HTTP/1.1" 404 1271 fincaslaucirica.com "-" "Mozilla/5.0 (compatible; AhrefsBot/7.0; +http://ahrefs.com/robot/)" "-"
198.244.226.0 - - [02/Aug/2026:03:53:04 +0200] "GET /shops/55031e01288657 HTTP/1.1" 404 1271 fincaslaucirica.com "-" "Mozilla/5.0 (compatible; AhrefsBot/7.0; +http://ahrefs.com/robot/)" "-"
198.244.168.0 - - [02/Aug/2026:03:53:05 +0200] "GET /shops/75b3e952791996 HTTP/1.1" 404 1271 fincaslaucirica.com "-" "Mozilla/5.0 (compatible; AhrefsBot/7.0; +http://ahrefs.com/robot/)" "-"
2a03:2880:f800:: - - [02/Aug/2026:03:53:05 +0200] "GET /shops/823bacc1819672 HTTP/1.1" 404 1271 www.fincaslaucirica.com "-" "Mozilla/5.0 (Windows NT 10.0; Win64; x64) AppleWebKit/537.36 (KHTML, like Gecko) Chrome/145.0.0.0 Safari/537.36 (compatible; meta-externalagent/1.1 (+https://developers.facebook.com/docs/sharing/webmasters/crawler))" "-"
54.38.147.0 - - [02/Aug/2026:03:53:06 +0200] "GET /shops/6d134041930630 HTTP/1.1" 404 1271 fincaslaucirica.com "-" "Mozilla/5.0 (compatible; AhrefsBot/7.0; +http://ahrefs.com/robot/)" "-"
198.244.242.0 - - [02/Aug/2026:03:53:07 +0200] "GET /shops/63001d71661424 HTTP/1.1" 404 1271 fincaslaucirica.com "-" "Mozilla/5.0 (compatible; AhrefsBot/7.0; +http://ahrefs.com/robot/)" "-"
74.7.227.0 - - [02/Aug/2026:03:53:08 +0200] "GET /?lokasie=/etc/bash_completion.d/git-prompt&loknya=/etc/bash_completion.d HTTP/1.1" 429 267 fincaslaucirica.com "http://fincaslaucirica.com/?loknya=/etc/bash_completion.d" "Mozilla/5.0 AppleWebKit/537.36 (KHTML, like Gecko; compatible; GPTBot/1.4; +https://openai.com/gptbot)" "-"
198.244.226.0 - - [02/Aug/2026:03:53:08 +0200] "GET /shops/368f04d1792188 HTTP/1.1" 404 1271 fincaslaucirica.com "-" "Mozilla/5.0 (compatible; AhrefsBot/7.0; +http://ahrefs.com/robot/)" "-"
198.244.240.0 - - [02/Aug/2026:03:53:09 +0200] "GET /shops/35929743751145 HTTP/1.1" 429 267 fincaslaucirica.com "-" "Mozilla/5.0 (compatible; AhrefsBot/7.0; +http://ahrefs.com/robot/)" "-"
198.244.226.0 - - [02/Aug/2026:03:53:11 +0200] "GET /shops/1e27c4a2818451 HTTP/1.1" 429 267 fincaslaucirica.com "-" "Mozilla/5.0 (compatible; AhrefsBot/7.0; +http://ahrefs.com/robot/)" "-"
198.244.168.0 - - [02/Aug/2026:03:53:13 +0200] "GET /shops/fb439ac369557 HTTP/1.1" 429 267 fincaslaucirica.com "-" "Mozilla/5.0 (compatible; AhrefsBot/7.0; +http://ahrefs.com/robot/)" "-"
74.7.227.0 - - [02/Aug/2026:03:53:15 +0200] "GET /?loknya=/lib/x86_64-linux-gnu/gawk HTTP/1.1" 429 267 fincaslaucirica.com "http://fincaslaucirica.com/?loknya=/lib/x86_64-linux-gnu" "Mozilla/5.0 AppleWebKit/537.36 (KHTML, like Gecko; compatible; GPTBot/1.4; +https://openai.com/gptbot)" "-"
54.38.147.0 - - [02/Aug/2026:03:53:18 +0200] "GET /shops/dd555743420886 HTTP/1.1" 429 267 fincaslaucirica.com "-" "Mozilla/5.0 (compatible; AhrefsBot/7.0; +http://ahrefs.com/robot/)" "-"
74.7.242.0 - - [02/Aug/2026:03:53:21 +0200] "GET /?loknya=/kunden/kunden/homepages/12/d758897403/.config HTTP/1.1" 200 5436 fincaslaucirica.es "http://fincaslaucirica.es/?loknya=/kunden/kunden/homepages/12/d758897403" "Mozilla/5.0 AppleWebKit/537.36 (KHTML, like Gecko; compatible; GPTBot/1.4; +https://openai.com/gptbot)" "-"
51.89.129.0 - - [02/Aug/2026:03:53:27 +0200] "GET /shops/cf957d92465068 HTTP/1.1" 429 267 fincaslaucirica.com "-" "Mozilla/5.0 (compatible; AhrefsBot/7.0; +http://ahrefs.com/robot/)" "-"
2804:1b3:c400:: - - [02/Aug/2026:03:53:31 +0200] "GET /?lokasie=%2Fbin%2Ftaskset&loknya=%2Fbin HTTP/1.1" 200 3964 www.fincaslaucirica.com "https://www.fincaslaucirica.com" "Mozilla/5.0 (Windows NT 10.0; Win64; x64) AppleWebKit/537.36 (KHTML, like Gecko) Chrome/144.0.0.0 Safari/537.36 Edg/144.0.0.0" "-"
74.7.227.0 - - [02/Aug/2026:03:53:36 +0200] "GET /?loknya=/lib/x86_64-linux-gnu/ruby HTTP/1.1" 429 267 fincaslaucirica.com "http://fincaslaucirica.com/?loknya=/lib/x86_64-linux-gnu" "Mozilla/5.0 AppleWebKit/537.36 (KHTML, like Gecko; compatible; GPTBot/1.4; +https://openai.com/gptbot)" "-"
74.7.227.0 - - [02/Aug/2026:03:53:42 +0200] "GET /index.php?loknya=/proc/thread-self/root/proc/thread-self/root/proc/thread-self/root/proc/self/root/proc/self/root/proc/thread-self/root/kunden/proc/self/root/etc/dpkg/dpkg.cfg.d HTTP/1.1" 200 10231 www.fincaslaucirica.com "https://www.fincaslaucirica.com/index.php?loknya=/proc/thread-self/root/proc/thread-self/root/proc/thread-self/root/proc/self/root/proc/self/root/proc/thread-self/root/kunden/proc/self/root/etc/dpkg" "Mozilla/5.0 AppleWebKit/537.36 (KHTML, like Gecko; compatible; GPTBot/1.4; +https://openai.com/gptbot)" "-"
54.38.147.0 - - [02/Aug/2026:03:53:47 +0200] "GET /shops/78825701875441 HTTP/1.1" 429 267 fincaslaucirica.com "-" "Mozilla/5.0 (compatible; AhrefsBot/7.0; +http://ahrefs.com/robot/)" "-"
74.7.242.0 - - [02/Aug/2026:03:53:51 +0200] "GET /?loknya=/kunden/kunden/homepages/42/d760154354/.config HTTP/1.1" 200 5436 fincaslaucirica.es "http://fincaslaucirica.es/?loknya=/kunden/kunden/homepages/42/d760154354" "Mozilla/5.0 AppleWebKit/537.36 (KHTML, like Gecko; compatible; GPTBot/1.4; +https://openai.com/gptbot)" "-"
2a03:2880:f800:: - - [02/Aug/2026:03:54:11 +0200] "GET /shops/dd09f122981957 HTTP/1.1" 404 1271 www.fincaslaucirica.com "-" "Mozilla/5.0 (Windows NT 10.0; Win64; x64) AppleWebKit/537.36 (KHTML, like Gecko) Chrome/145.0.0.0 Safari/537.36 (compatible; meta-externalagent/1.1 (+https://developers.facebook.com/docs/sharing/webmasters/crawler))" "-"
74.7.242.0 - - [02/Aug/2026:03:54:18 +0200] "GET /?loknya=/kunden/kunden/homepages/35/d756083254/.config HTTP/1.1" 200 5436 fincaslaucirica.es "http://fincaslaucirica.es/?loknya=/kunden/kunden/homepages/35/d756083254" "Mozilla/5.0 AppleWebKit/537.36 (KHTML, like Gecko; compatible; GPTBot/1.4; +https://openai.com/gptbot)" "-"
2a13:dcc5:2f00:: - - [02/Aug/2026:03:54:27 +0200] "GET /?lokasie=%2Fhomepages%2F43%2Fd754343510%2Fdistributor.lock&loknya=%2Fhomepages%2F43%2Fd754343510 HTTP/1.1" 200 4103 www.fincaslaucirica.com "https://www.fincaslaucirica.com" "Mozilla/5.0 (Windows NT 10.0; Win64; x64) AppleWebKit/537.36 (KHTML, like Gecko) Chrome/142.0.0.0 Safari/537.36" "-"
198.244.226.0 - - [02/Aug/2026:03:54:29 +0200] "GET /shops/30e23731483070 HTTP/1.1" 404 1271 fincaslaucirica.com "-" "Mozilla/5.0 (compatible; AhrefsBot/7.0; +http://ahrefs.com/robot/)" "-"
74.7.227.0 - - [02/Aug/2026:03:54:35 +0200] "GET /index.php?loknya=/roc/thread-self/root/roc/thread-self/root/roc/thread-self/root/roc/self/root/roc/self/root/roc/thread-self/root/roc/thread-self/root/kunden/lib/ HTTP/1.1" 200 7852 www.fincaslaucirica.com "https://www.fincaslaucirica.com/index.php?loknya=/roc/thread-self/root/roc/thread-self/root/roc/thread-self/root/roc/self/root/roc/self/root/roc/thread-self/root/roc/thread-self/root/kunden/lib/terminfo/" "Mozilla/5.0 AppleWebKit/537.36 (KHTML, like Gecko; compatible; GPTBot/1.4; +https://openai.com/gptbot)" "-"
74.7.227.0 - - [02/Aug/2026:03:54:36 +0200] "GET /?loknya=/lib/x86_64-linux-gnu/gawk HTTP/1.1" 200 21343 fincaslaucirica.com "https://fincaslaucirica.com/?loknya=/lib/x86_64-linux-gnu" "Mozilla/5.0 AppleWebKit/537.36 (KHTML, like Gecko; compatible; GPTBot/1.4; +https://openai.com/gptbot)" "-"
74.7.242.0 - - [02/Aug/2026:03:54:43 +0200] "GET /?loknya=/kunden/kunden/homepages/45/d761507393/.config HTTP/1.1" 200 5436 fincaslaucirica.es "http://fincaslaucirica.es/?loknya=/kunden/kunden/homepages/45/d761507393" "Mozilla/5.0 AppleWebKit/537.36 (KHTML, like Gecko; compatible; GPTBot/1.4; +https://openai.com/gptbot)" "-"
2a13:dcc7:7c00:: - - [02/Aug/2026:03:54:55 +0200] "GET /?lokasie=%2Fhomepages%2F43%2Fd758393594%2F.created&loknya=%2Fhomepages%2F43%2Fd758393594 HTTP/1.1" 200 4106 www.fincaslaucirica.com "https://www.fincaslaucirica.com" "Mozilla/5.0 (Windows NT 10.0; Win64; x64) AppleWebKit/537.36 (KHTML, like Gecko) Chrome/144.0.0.0 Safari/537.36 Edg/144.0.0.0" "-"
74.7.242.0 - - [02/Aug/2026:03:55:05 +0200] "GET /?loknya=/kunden/kunden/homepages/27/d765197063/ HTTP/1.1" 200 13239 fincaslaucirica.es "http://fincaslaucirica.es/?loknya=/kunden/kunden/homepages/27/d765197063/.config" "Mozilla/5.0 AppleWebKit/537.36 (KHTML, like Gecko; compatible; GPTBot/1.4; +https://openai.com/gptbot)" "-"
2a03:2880:f800:: - - [02/Aug/2026:03:55:18 +0200] "GET /shops/19ceaa81770361 HTTP/1.1" 404 1271 www.fincaslaucirica.com "-" "Mozilla/5.0 (Macintosh; Intel Mac OS X 10_15_7) AppleWebKit/537.36 (KHTML, like Gecko) Chrome/145.0.0.0 Safari/537.36 (compatible; meta-externalagent/1.1 (+https://developers.facebook.com/docs/sharing/webmasters/crawler))" "-"
74.7.227.0 - - [02/Aug/2026:03:55:20 +0200] "GET /index.php?lokasie=/proc/thread-self/root/proc/thread-self/root/proc/thread-self/root/proc/self/root/proc/self/root/proc/thread-self/root/kunden/lib//libc-client.so.2007e.0&loknya=/proc/thread-self/root/proc/thread-self/root/proc/thread-self/root/proc/self/root/proc/self/root/proc/thread-self/root/kunden/lib/ HTTP/1.1" 200 6052 www.fincaslaucirica.com "https://www.fincaslaucirica.com/index.php?loknya=/proc/thread-self/root/proc/thread-self/root/proc/thread-self/root/proc/self/root/proc/self/root/proc/thread-self/root/kunden/lib/" "Mozilla/5.0 AppleWebKit/537.36 (KHTML, like Gecko; compatible; GPTBot/1.4; +https://openai.com/gptbot)" "-"
74.7.242.0 - - [02/Aug/2026:03:55:25 +0200] "GET /?loknya=/kunden/kunden/homepages/27 HTTP/1.1" 200 28995 fincaslaucirica.es "http://fincaslaucirica.es/?loknya=/kunden/kunden/homepages/27/d765197063/.config" "Mozilla/5.0 AppleWebKit/537.36 (KHTML, like Gecko; compatible; GPTBot/1.4; +https://openai.com/gptbot)" "-"
74.7.227.0 - - [02/Aug/2026:03:55:38 +0200] "GET /?loknya=/homepages/35/d760749555/managed HTTP/1.1" 200 5257 fincaslaucirica.com "http://fincaslaucirica.com/?loknya=/homepages/35/d760749555" "Mozilla/5.0 AppleWebKit/537.36 (KHTML, like Gecko; compatible; GPTBot/1.4; +https://openai.com/gptbot)" "-"
74.7.242.0 - - [02/Aug/2026:03:55:43 +0200] "GET /?loknya=/kunden/kunden/homepages/41/d763017452/ HTTP/1.1" 200 13232 fincaslaucirica.es "http://fincaslaucirica.es/?loknya=/kunden/kunden/homepages/41/d763017452/.config" "Mozilla/5.0 AppleWebKit/537.36 (KHTML, like Gecko; compatible; GPTBot/1.4; +https://openai.com/gptbot)" "-"
198.244.226.0 - - [02/Aug/2026:03:55:45 +0200] "GET /shops/16241c5246192 HTTP/1.1" 404 1271 fincaslaucirica.com "-" "Mozilla/5.0 (compatible; AhrefsBot/7.0; +http://ahrefs.com/robot/)" "-"
74.7.227.0 - - [02/Aug/2026:03:55:59 +0200] "GET /index.php?loknya=/proc/thread-self/root/proc/thread-self/root/proc/thread-self/root/proc/self/root/proc/self/root/proc/self/root/kunden/proc/self/task HTTP/1.1" 200 9045 www.fincaslaucirica.com "https://www.fincaslaucirica.com/index.php?loknya=/proc/thread-self/root/proc/thread-self/root/proc/thread-self/root/proc/self/root/proc/self/root/proc/self/root/kunden/proc/self" "Mozilla/5.0 AppleWebKit/537.36 (KHTML, like Gecko; compatible; GPTBot/1.4; +https://openai.com/gptbot)" "-"
74.7.242.0 - - [02/Aug/2026:03:55:59 +0200] "GET /?loknya=/kunden/kunden/homepages/12/d754353866/ HTTP/1.1" 200 17486 fincaslaucirica.es "http://fincaslaucirica.es/?loknya=/kunden/kunden/homepages/12/d754353866/.config" "Mozilla/5.0 AppleWebKit/537.36 (KHTML, like Gecko; compatible; GPTBot/1.4; +https://openai.com/gptbot)" "-"
74.7.242.0 - - [02/Aug/2026:03:56:14 +0200] "GET /?loknya=/kunden/kunden/homepages/27/d765197063 HTTP/1.1" 200 13217 fincaslaucirica.es "http://fincaslaucirica.es/?loknya=/kunden/kunden/homepages/27/d765197063/.config" "Mozilla/5.0 AppleWebKit/537.36 (KHTML, like Gecko; compatible; GPTBot/1.4; +https://openai.com/gptbot)" "-"
2a03:2880:f800:: - - [02/Aug/2026:03:56:26 +0200] "GET /shops/056f690327396 HTTP/1.1" 404 1271 www.fincaslaucirica.com "-" "Mozilla/5.0 (Windows NT 10.0; Win64; x64) AppleWebKit/537.36 (KHTML, like Gecko) Chrome/145.0.0.0 Safari/537.36 (compatible; meta-externalagent/1.1 (+https://developers.facebook.com/docs/sharing/webmasters/crawler))" "-"
74.7.242.0 - - [02/Aug/2026:03:56:27 +0200] "GET /?loknya=/kunden/kunden/homepages/28/d760093522/ HTTP/1.1" 200 18914 fincaslaucirica.es "http://fincaslaucirica.es/?loknya=/kunden/kunden/homepages/28/d760093522/.config" "Mozilla/5.0 AppleWebKit/537.36 (KHTML, like Gecko; compatible; GPTBot/1.4; +https://openai.com/gptbot)" "-"
190.104.126.0 - - [02/Aug/2026:03:56:30 +0200] "GET /?lokasie=%2Fbin%2Fthinkjettopbm&loknya=%2Fbin HTTP/1.1" 200 3947 www.fincaslaucirica.com "https://www.fincaslaucirica.com" "Mozilla/5.0 (Macintosh; Intel Mac OS X 10_15_7) AppleWebKit/537.36 (KHTML, like Gecko) Chrome/144.0.0.0 Safari/537.36" "-"
74.7.227.0 - - [02/Aug/2026:03:56:34 +0200] "GET /?loknya=/homepages/24/d759821999/managed HTTP/1.1" 200 5257 fincaslaucirica.com "http://fincaslaucirica.com/?loknya=/homepages/24/d759821999" "Mozilla/5.0 AppleWebKit/537.36 (KHTML, like Gecko; compatible; GPTBot/1.4; +https://openai.com/gptbot)" "-"
74.7.227.0 - - [02/Aug/2026:03:56:36 +0200] "GET /index.php?loknya=/proc/thread-self/root/proc/thread-self/root/proc/thread-self/root/proc/self/root/proc/self/root/proc/self/root/kunden/kunden/kunden/proc/thread-self HTTP/1.1" 200 74674 www.fincaslaucirica.com "https://www.fincaslaucirica.com/index.php?loknya=/proc/thread-self/root/proc/thread-self/root/proc/thread-self/root/proc/self/root/proc/self/root/proc/self/root/kunden/kunden/kunden/proc" "Mozilla/5.0 AppleWebKit/537.36 (KHTML, like Gecko; compatible; GPTBot/1.4; +https://openai.com/gptbot)" "-"
74.7.242.0 - - [02/Aug/2026:03:56:38 +0200] "GET /?loknya=/kunden/kunden/homepages/12/d764653070/ HTTP/1.1" 200 16078 fincaslaucirica.es "http://fincaslaucirica.es/?loknya=/kunden/kunden/homepages/12/d764653070/.config" "Mozilla/5.0 AppleWebKit/537.36 (KHTML, like Gecko; compatible; GPTBot/1.4; +https://openai.com/gptbot)" "-"
74.7.242.0 - - [02/Aug/2026:03:56:49 +0200] "GET /?loknya=/kunden/kunden/homepages/29/d763009168/htdocs HTTP/1.1" 200 5432 fincaslaucirica.es "http://fincaslaucirica.es/?loknya=/kunden/kunden/homepages/29/d763009168/" "Mozilla/5.0 AppleWebKit/537.36 (KHTML, like Gecko; compatible; GPTBot/1.4; +https://openai.com/gptbot)" "-"
74.7.242.0 - - [02/Aug/2026:03:56:58 +0200] "GET /?loknya=/kunden/kunden/homepages/42/d760154354/ HTTP/1.1" 200 17511 fincaslaucirica.es "http://fincaslaucirica.es/?loknya=/kunden/kunden/homepages/42/d760154354/.config" "Mozilla/5.0 AppleWebKit/537.36 (KHTML, like Gecko; compatible; GPTBot/1.4; +https://openai.com/gptbot)" "-"
104.210.140.0 - - [02/Aug/2026:03:57:02 +0200] "GET /robots.txt HTTP/1.1" 200 404 www.fincaslaucirica.com "-" "Mozilla/5.0 (Macintosh; Intel Mac OS X 10_15_7) AppleWebKit/537.36 (KHTML, like Gecko) Chrome/131.0.0.0 Safari/537.36; compatible; OAI-SearchBot/1.0; +https://openai.com/searchbot" "-"
74.7.242.0 - - [02/Aug/2026:03:57:06 +0200] "GET /?loknya=/kunden/kunden/homepages/35/d756083254/ HTTP/1.1" 200 14657 fincaslaucirica.es "http://fincaslaucirica.es/?loknya=/kunden/kunden/homepages/35/d756083254/.config" "Mozilla/5.0 AppleWebKit/537.36 (KHTML, like Gecko; compatible; GPTBot/1.4; +https://openai.com/gptbot)" "-"
54.38.147.0 - - [02/Aug/2026:03:57:08 +0200] "GET /shops/08753391479036 HTTP/1.1" 404 1271 fincaslaucirica.com "-" "Mozilla/5.0 (compatible; AhrefsBot/7.0; +http://ahrefs.com/robot/)" "-"
74.7.227.0 - - [02/Aug/2026:03:57:10 +0200] "GET /index.php?loknya=/proc/thread-self/root/proc/thread-self/root/proc/thread-self/root/proc/self/root/proc/self/root/proc/thread-self/root/lib/git-core/mergetools HTTP/1.1" 200 48916 www.fincaslaucirica.com "https://www.fincaslaucirica.com/index.php?loknya=/proc/thread-self/root/proc/thread-self/root/proc/thread-self/root/proc/self/root/proc/self/root/proc/thread-self/root/lib/git-core" "Mozilla/5.0 AppleWebKit/537.36 (KHTML, like Gecko; compatible; GPTBot/1.4; +https://openai.com/gptbot)" "-"
74.7.242.0 - - [02/Aug/2026:03:57:14 +0200] "GET /?loknya=/kunden/kunden/homepages/45/d761507393/ HTTP/1.1" 429 267 fincaslaucirica.es "http://fincaslaucirica.es/?loknya=/kunden/kunden/homepages/45/d761507393/.config" "Mozilla/5.0 AppleWebKit/537.36 (KHTML, like Gecko; compatible; GPTBot/1.4; +https://openai.com/gptbot)" "-"
74.7.242.0 - - [02/Aug/2026:03:57:21 +0200] "GET /?loknya=/kunden/kunden/homepages/27/ HTTP/1.1" 429 267 fincaslaucirica.es "http://fincaslaucirica.es/?loknya=/kunden/kunden/homepages/27/d765197063/" "Mozilla/5.0 AppleWebKit/537.36 (KHTML, like Gecko; compatible; GPTBot/1.4; +https://openai.com/gptbot)" "-"
74.7.227.0 - - [02/Aug/2026:03:57:27 +0200] "GET /index.php?lokasie=/homepages/4/d760384334/phpinilist&loknya=/homepages/4/d760384334 HTTP/1.1" 200 4065 fincaslaucirica.com "http://fincaslaucirica.com/index.php?loknya=/homepages/4/d760384334" "Mozilla/5.0 AppleWebKit/537.36 (KHTML, like Gecko; compatible; GPTBot/1.4; +https://openai.com/gptbot)" "-"
2a03:2880:f800:: - - [02/Aug/2026:03:57:31 +0200] "GET /shops/5d345513042145 HTTP/1.1" 404 1271 www.fincaslaucirica.com "-" "Mozilla/5.0 (Macintosh; Intel Mac OS X 10_15_7) AppleWebKit/537.36 (KHTML, like Gecko) Chrome/145.0.0.0 Safari/537.36 (compatible; meta-externalagent/1.1 (+https://developers.facebook.com/docs/sharing/webmasters/crawler))" "-"
74.7.227.0 - - [02/Aug/2026:03:57:40 +0200] "GET /index.php?loknya=/proc/thread-self/root/proc/thread-self/root/proc/thread-self/root/proc/self/root/proc/self/root/proc/thread-self/root/kunden/proc/sys/mars HTTP/1.1" 200 170619 www.fincaslaucirica.com "https://www.fincaslaucirica.com/index.php?loknya=/proc/thread-self/root/proc/thread-self/root/proc/thread-self/root/proc/self/root/proc/self/root/proc/thread-self/root/kunden/proc/sys" "Mozilla/5.0 AppleWebKit/537.36 (KHTML, like Gecko; compatible; GPTBot/1.4; +https://openai.com/gptbot)" "-"
74.7.242.0 - - [02/Aug/2026:03:57:42 +0200] "GET /?loknya=/kunden/kunden/homepages/27/d763885387 HTTP/1.1" 429 267 fincaslaucirica.es "http://fincaslaucirica.es/?loknya=/kunden/kunden/homepages/27" "Mozilla/5.0 AppleWebKit/537.36 (KHTML, like Gecko; compatible; GPTBot/1.4; +https://openai.com/gptbot)" "-"
74.7.227.0 - - [02/Aug/2026:03:58:08 +0200] "GET /index.php?loknya=/proc/thread-self/root/proc/thread-self/root/proc/thread-self/root/proc/self/root/proc/self/root/proc/thread-self/root/proc/thread-self/root/var/lib/ HTTP/1.1" 200 36662 www.fincaslaucirica.com "https://www.fincaslaucirica.com/index.php?loknya=/proc/thread-self/root/proc/thread-self/root/proc/thread-self/root/proc/self/root/proc/self/root/proc/thread-self/root/proc/thread-self/root/var/lib/emacsen-common" "Mozilla/5.0 AppleWebKit/537.36 (KHTML, like Gecko; compatible; GPTBot/1.4; +https://openai.com/gptbot)" "-"
74.7.227.0 - - [02/Aug/2026:03:58:12 +0200] "GET /index.php?lokasie=/homepages/9/d179002094/phpinilist&loknya=/homepages/9/d179002094 HTTP/1.1" 200 4065 fincaslaucirica.com "http://fincaslaucirica.com/index.php?loknya=/homepages/9/d179002094" "Mozilla/5.0 AppleWebKit/537.36 (KHTML, like Gecko; compatible; GPTBot/1.4; +https://openai.com/gptbot)" "-"
43.167.239.0 - - [02/Aug/2026:03:58:26 +0200] "GET /?loknya=/homepages/15/d754908516/htdocs/wp-includes/ HTTP/1.1" 200 414324 www.fincaslaucirica.es "-" "Mozilla/5.0 (iPhone; CPU iPhone OS 13_2_3 like Mac OS X) AppleWebKit/605.1.15 (KHTML, like Gecko) Version/13.0.3 Mobile/15E148 Safari/604.1" "-"
74.7.227.0 - - [02/Aug/2026:03:58:33 +0200] "GET /index.php?loknya=/proc/thread-self/root/proc/thread-self/root/proc/thread-self/root/proc/self/root/proc/self/root/proc/thread-self/root/proc/thread-self/root/boot HTTP/1.1" 200 7752 www.fincaslaucirica.com "https://www.fincaslaucirica.com/index.php?loknya=/proc/thread-self/root/proc/thread-self/root/proc/thread-self/root/proc/self/root/proc/self/root/proc/thread-self/root/proc/thread-self/root" "Mozilla/5.0 AppleWebKit/537.36 (KHTML, like Gecko; compatible; GPTBot/1.4; +https://openai.com/gptbot)" "-"
2a03:2880:f800:: - - [02/Aug/2026:03:58:38 +0200] "GET /shops/56217281838948 HTTP/1.1" 404 1271 www.fincaslaucirica.com "-" "Mozilla/5.0 (Macintosh; Intel Mac OS X 10_15_7) AppleWebKit/537.36 (KHTML, like Gecko) Chrome/145.0.0.0 Safari/537.36 (compatible; meta-externalagent/1.1 (+https://developers.facebook.com/docs/sharing/webmasters/crawler))" "-"
74.7.242.0 - - [02/Aug/2026:03:58:45 +0200] "GET /?loknya=/kunden/kunden/homepages/27/d759358629 HTTP/1.1" 200 20284 fincaslaucirica.es "http://fincaslaucirica.es/?loknya=/kunden/kunden/homepages/27" "Mozilla/5.0 AppleWebKit/537.36 (KHTML, like Gecko; compatible; GPTBot/1.4; +https://openai.com/gptbot)" "-"
74.7.227.0 - - [02/Aug/2026:03:58:52 +0200] "GET /index.php?lokasie=/homepages/1/d761070907/phpinilist&loknya=/homepages/1/d761070907 HTTP/1.1" 200 4065 fincaslaucirica.com "http://fincaslaucirica.com/index.php?loknya=/homepages/1/d761070907" "Mozilla/5.0 AppleWebKit/537.36 (KHTML, like Gecko; compatible; GPTBot/1.4; +https://openai.com/gptbot)" "-"
74.7.227.0 - - [02/Aug/2026:03:58:55 +0200] "GET /index.php?loknya=/proc/thread-self/root/proc/thread-self/root/proc/thread-self/root/proc/self/root/proc/self/root/proc/self/root/usr/lib/git-core HTTP/1.1" 200 298388 www.fincaslaucirica.com "https://www.fincaslaucirica.com/index.php?loknya=/proc/thread-self/root/proc/thread-self/root/proc/thread-self/root/proc/self/root/proc/self/root/proc/self/root/usr/lib" "Mozilla/5.0 AppleWebKit/537.36 (KHTML, like Gecko; compatible; GPTBot/1.4; +https://openai.com/gptbot)" "-"
74.7.227.0 - - [02/Aug/2026:03:59:15 +0200] "GET /index.php?loknya=/proc/thread-self/root/proc/thread-self/root/proc/thread-self/root/proc/self/root/proc/self/root/proc/thread-self/root/kunden/proc/self/root/etc/dpkg/ HTTP/1.1" 200 16535 www.fincaslaucirica.com "https://www.fincaslaucirica.com/index.php?loknya=/proc/thread-self/root/proc/thread-self/root/proc/thread-self/root/proc/self/root/proc/self/root/proc/thread-self/root/kunden/proc/self/root/etc/dpkg/origins" "Mozilla/5.0 AppleWebKit/537.36 (KHTML, like Gecko; compatible; GPTBot/1.4; +https://openai.com/gptbot)" "-"
74.7.227.0 - - [02/Aug/2026:03:59:31 +0200] "GET /index.php?lokasie=/homepages/1/d758507010/phpinilist&loknya=/homepages/1/d758507010 HTTP/1.1" 200 4065 fincaslaucirica.com "http://fincaslaucirica.com/index.php?loknya=/homepages/1/d758507010" "Mozilla/5.0 AppleWebKit/537.36 (KHTML, like Gecko; compatible; GPTBot/1.4; +https://openai.com/gptbot)" "-"
74.7.227.0 - - [02/Aug/2026:03:59:33 +0200] "GET /index.php?loknya=/proc/thread-self/root/proc/thread-self/root/proc/thread-self/root/proc/self/root/proc/self/root/proc/thread-self/root/usr/lib/gold-ld HTTP/1.1" 200 9264 www.fincaslaucirica.com "https://www.fincaslaucirica.com/index.php?loknya=/proc/thread-self/root/proc/thread-self/root/proc/thread-self/root/proc/self/root/proc/self/root/proc/thread-self/root/usr/lib" "Mozilla/5.0 AppleWebKit/537.36 (KHTML, like Gecko; compatible; GPTBot/1.4; +https://openai.com/gptbot)" "-"
51.89.129.0 - - [02/Aug/2026:03:59:44 +0200] "GET /shops/67f526f809712 HTTP/1.1" 404 1271 fincaslaucirica.com "-" "Mozilla/5.0 (compatible; AhrefsBot/7.0; +http://ahrefs.com/robot/)" "-"
2a03:2880:f800:: - - [02/Aug/2026:03:59:45 +0200] "GET /shops/e5893632582697 HTTP/1.1" 404 1271 www.fincaslaucirica.com "-" "Mozilla/5.0 (Windows NT 10.0; Win64; x64; rv:147.0) Gecko/20100101 Firefox/147.0 (compatible; meta-externalagent/1.1 (+https://developers.facebook.com/docs/sharing/webmasters/crawler))" "-"
74.7.242.0 - - [02/Aug/2026:03:59:46 +0200] "GET /?loknya=/kunden/kunden/homepages/27/d764599082 HTTP/1.1" 200 20313 fincaslaucirica.es "http://fincaslaucirica.es/?loknya=/kunden/kunden/homepages/27" "Mozilla/5.0 AppleWebKit/537.36 (KHTML, like Gecko; compatible; GPTBot/1.4; +https://openai.com/gptbot)" "-"
74.7.227.0 - - [02/Aug/2026:03:59:48 +0200] "GET /index.php?loknya=/proc/thread-self/root/proc/thread-self/root/proc/thread-self/root/proc/self/root/proc/self/root/proc/self/root/usr/include/netrose HTTP/1.1" 200 9225 www.fincaslaucirica.com "https://www.fincaslaucirica.com/index.php?loknya=/proc/thread-self/root/proc/thread-self/root/proc/thread-self/root/proc/self/root/proc/self/root/proc/self/root/usr/include" "Mozilla/5.0 AppleWebKit/537.36 (KHTML, like Gecko; compatible; GPTBot/1.4; +https://openai.com/gptbot)" "-"
74.7.227.0 - - [02/Aug/2026:04:00:03 +0200] "GET /index.php?loknya=/proc/thread-self/root/proc/thread-self/root/proc/thread-self/root/proc/self/root/proc/self/root/proc/thread-self/root/usr/lib/file HTTP/1.1" 200 9266 www.fincaslaucirica.com "https://www.fincaslaucirica.com/index.php?loknya=/proc/thread-self/root/proc/thread-self/root/proc/thread-self/root/proc/self/root/proc/self/root/proc/thread-self/root/usr/lib" "Mozilla/5.0 AppleWebKit/537.36 (KHTML, like Gecko; compatible; GPTBot/1.4; +https://openai.com/gptbot)" "-"
74.7.227.0 - - [02/Aug/2026:04:00:04 +0200] "GET /index.php?lokasie=/homepages/0/d756670625/phpinilist&loknya=/homepages/0/d756670625 HTTP/1.1" 200 4065 fincaslaucirica.com "http://fincaslaucirica.com/index.php?loknya=/homepages/0/d756670625" "Mozilla/5.0 AppleWebKit/537.36 (KHTML, like Gecko; compatible; GPTBot/1.4; +https://openai.com/gptbot)" "-"
74.7.227.0 - - [02/Aug/2026:04:00:15 +0200] "GET /index.php?loknya=/proc/thread-self/root/proc/thread-self/root/proc/thread-self/root/proc/self/root/proc/self/root/proc/self/root/kunden/etc/kernel/postinst.d HTTP/1.1" 200 9496 www.fincaslaucirica.com "https://www.fincaslaucirica.com/index.php?loknya=/proc/thread-self/root/proc/thread-self/root/proc/thread-self/root/proc/self/root/proc/self/root/proc/self/root/kunden/etc/kernel" "Mozilla/5.0 AppleWebKit/537.36 (KHTML, like Gecko; compatible; GPTBot/1.4; +https://openai.com/gptbot)" "-"
74.7.227.0 - - [02/Aug/2026:04:00:27 +0200] "GET /index.php?loknya=/proc/thread-self/root/proc/thread-self/root/proc/thread-self/root/proc/self/root/proc/self/root/proc/self/root/kunden/kunden/kunden/proc/thread-self/cwd HTTP/1.1" 200 78655 www.fincaslaucirica.com "https://www.fincaslaucirica.com/index.php?loknya=/proc/thread-self/root/proc/thread-self/root/proc/thread-self/root/proc/self/root/proc/self/root/proc/self/root/kunden/kunden/kunden/proc/thread-self" "Mozilla/5.0 AppleWebKit/537.36 (KHTML, like Gecko; compatible; GPTBot/1.4; +https://openai.com/gptbot)" "-"
74.7.227.0 - - [02/Aug/2026:04:00:34 +0200] "GET /index.php?lokasie=/homepages/36/d13566962/phpinilist&loknya=/homepages/36/d13566962 HTTP/1.1" 200 4066 fincaslaucirica.com "http://fincaslaucirica.com/index.php?loknya=/homepages/36/d13566962" "Mozilla/5.0 AppleWebKit/537.36 (KHTML, like Gecko; compatible; GPTBot/1.4; +https://openai.com/gptbot)" "-"
74.7.227.0 - - [02/Aug/2026:04:00:37 +0200] "GET /index.php?loknya=/proc/thread-self/root/proc/thread-self/root/proc/thread-self/root/proc/self/root/proc/self/root/proc/self/root/kunden/kunden/kunden/proc/thread-self/attr HTTP/1.1" 200 19302 www.fincaslaucirica.com "https://www.fincaslaucirica.com/index.php?loknya=/proc/thread-self/root/proc/thread-self/root/proc/thread-self/root/proc/self/root/proc/self/root/proc/self/root/kunden/kunden/kunden/proc/thread-self" "Mozilla/5.0 AppleWebKit/537.36 (KHTML, like Gecko; compatible; GPTBot/1.4; +https://openai.com/gptbot)" "-"
74.7.242.0 - - [02/Aug/2026:04:00:44 +0200] "GET /?loknya=/kunden/kunden/homepages/27/d758270391 HTTP/1.1" 200 14629 fincaslaucirica.es "http://fincaslaucirica.es/?loknya=/kunden/kunden/homepages/27" "Mozilla/5.0 AppleWebKit/537.36 (KHTML, like Gecko; compatible; GPTBot/1.4; +https://openai.com/gptbot)" "-"
74.7.227.0 - - [02/Aug/2026:04:00:46 +0200] "GET /index.php?loknya=/proc/thread-self/root/proc/thread-self/root/proc/thread-self/root/proc/self/root/proc/self/root/proc/self/root/kunden/kunden/kunden/proc/thread-self/ns HTTP/1.1" 200 18979 www.fincaslaucirica.com "https://www.fincaslaucirica.com/index.php?loknya=/proc/thread-self/root/proc/thread-self/root/proc/thread-self/root/proc/self/root/proc/self/root/proc/self/root/kunden/kunden/kunden/proc/thread-self" "Mozilla/5.0 AppleWebKit/537.36 (KHTML, like Gecko; compatible; GPTBot/1.4; +https://openai.com/gptbot)" "-"
2a03:2880:f800:: - - [02/Aug/2026:04:00:51 +0200] "GET /shops/0a32596179692 HTTP/1.1" 404 1271 www.fincaslaucirica.com "-" "Mozilla/5.0 (Windows NT 10.0; Win64; x64) AppleWebKit/537.36 (KHTML, like Gecko) Chrome/145.0.0.0 Safari/537.36 (compatible; meta-externalagent/1.1 (+https://developers.facebook.com/docs/sharing/webmasters/crawler))" "-"
74.7.227.0 - - [02/Aug/2026:04:00:55 +0200] "GET /index.php?loknya=/proc/thread-self/root/proc/thread-self/root/proc/thread-self/root/proc/self/root/proc/self/root/proc/thread-self/root/proc/thread-self/root/var/lib/apt HTTP/1.1" 429 267 www.fincaslaucirica.com "https://www.fincaslaucirica.com/index.php?loknya=/proc/thread-self/root/proc/thread-self/root/proc/thread-self/root/proc/self/root/proc/self/root/proc/thread-self/root/proc/thread-self/root/var/lib/" "Mozilla/5.0 AppleWebKit/537.36 (KHTML, like Gecko; compatible; GPTBot/1.4; +https://openai.com/gptbot)" "-"
74.7.227.0 - - [02/Aug/2026:04:01:02 +0200] "GET /index.php?loknya=/proc/thread-self/root/proc/thread-self/root/proc/thread-self/root/proc/self/root/proc/self/root/proc/self/root/kunden/kunden/kunden/proc/thread-self/root HTTP/1.1" 429 267 www.fincaslaucirica.com "https://www.fincaslaucirica.com/index.php?loknya=/proc/thread-self/root/proc/thread-self/root/proc/thread-self/root/proc/self/root/proc/self/root/proc/self/root/kunden/kunden/kunden/proc/thread-self" "Mozilla/5.0 AppleWebKit/537.36 (KHTML, like Gecko; compatible; GPTBot/1.4; +https://openai.com/gptbot)" "-"
74.7.227.0 - - [02/Aug/2026:04:01:03 +0200] "GET /index.php?lokasie=/homepages/5/d753876715/phpinilist&loknya=/homepages/5/d753876715 HTTP/1.1" 200 4065 fincaslaucirica.com "http://fincaslaucirica.com/index.php?loknya=/homepages/5/d753876715" "Mozilla/5.0 AppleWebKit/537.36 (KHTML, like Gecko; compatible; GPTBot/1.4; +https://openai.com/gptbot)" "-"
74.7.227.0 - - [02/Aug/2026:04:01:26 +0200] "GET /index.php?lokasie=/proc/thread-self/root/proc/thread-self/root/proc/thread-self/root/proc/self/root/proc/self/root/proc/self/root/usr/lib/git-core/git-read-tree&loknya=/proc/thread-self/root/proc/thread-self/root/proc/thread-self/root/proc/self/root/proc/self/root/proc/self/root/usr/lib/git-core HTTP/1.1" 429 267 www.fincaslaucirica.com "https://www.fincaslaucirica.com/index.php?loknya=/proc/thread-self/root/proc/thread-self/root/proc/thread-self/root/proc/self/root/proc/self/root/proc/self/root/usr/lib/git-core" "Mozilla/5.0 AppleWebKit/537.36 (KHTML, like Gecko; compatible; GPTBot/1.4; +https://openai.com/gptbot)" "-"
74.7.227.0 - - [02/Aug/2026:04:01:27 +0200] "GET /index.php?lokasie=/homepages/9/d757392272/phpinilist&loknya=/homepages/9/d757392272 HTTP/1.1" 200 4065 fincaslaucirica.com "http://fincaslaucirica.com/index.php?loknya=/homepages/9/d757392272" "Mozilla/5.0 AppleWebKit/537.36 (KHTML, like Gecko; compatible; GPTBot/1.4; +https://openai.com/gptbot)" "-"
74.7.242.0 - - [02/Aug/2026:04:01:36 +0200] "GET /?loknya=/kunden/kunden/homepages/27/d764830369 HTTP/1.1" 200 20316 fincaslaucirica.es "http://fincaslaucirica.es/?loknya=/kunden/kunden/homepages/27" "Mozilla/5.0 AppleWebKit/537.36 (KHTML, like Gecko; compatible; GPTBot/1.4; +https://openai.com/gptbot)" "-"
74.7.227.0 - - [02/Aug/2026:04:01:49 +0200] "GET /?lokasie=/lib/x86_64-linux-gnu/gawk/fork.so&loknya=/lib/x86_64-linux-gnu/gawk HTTP/1.1" 200 4074 fincaslaucirica.com "https://fincaslaucirica.com/?loknya=/lib/x86_64-linux-gnu/gawk" "Mozilla/5.0 AppleWebKit/537.36 (KHTML, like Gecko; compatible; GPTBot/1.4; +https://openai.com/gptbot)" "-"
2a03:2880:f800:: - - [02/Aug/2026:04:01:58 +0200] "GET /shops/6a64851580635 HTTP/1.1" 404 1271 www.fincaslaucirica.com "-" "Mozilla/5.0 (X11; Linux x86_64; rv:147.0) Gecko/20100101 Firefox/147.0 (compatible; meta-externalagent/1.1 (+https://developers.facebook.com/docs/sharing/webmasters/crawler))" "-"
144.76.19.0 - - [02/Aug/2026:04:02:07 +0200] "GET /goods.php?003015851.htm HTTP/1.1" 200 127958 fincaslaucirica.com "-" "Mozilla/5.0 (compatible; SERankingBacklinksBot/1.0; +https://seranking.com/backlinks-crawler)" "-"
74.7.227.0 - - [02/Aug/2026:04:02:09 +0200] "GET /?lokasie=/lib/x86_64-linux-gnu/gawk/time.so&loknya=/lib/x86_64-linux-gnu/gawk HTTP/1.1" 200 4074 fincaslaucirica.com "https://fincaslaucirica.com/?loknya=/lib/x86_64-linux-gnu/gawk" "Mozilla/5.0 AppleWebKit/537.36 (KHTML, like Gecko; compatible; GPTBot/1.4; +https://openai.com/gptbot)" "-"
74.7.242.0 - - [02/Aug/2026:04:02:23 +0200] "GET /?lokasie=/kunden/kunden/homepages/12/d764653070//htpasswd&loknya=/kunden/kunden/homepages/12/d764653070/ HTTP/1.1" 200 4205 fincaslaucirica.es "http://fincaslaucirica.es/?loknya=/kunden/kunden/homepages/12/d764653070/" "Mozilla/5.0 AppleWebKit/537.36 (KHTML, like Gecko; compatible; GPTBot/1.4; +https://openai.com/gptbot)" "-"
74.7.227.0 - - [02/Aug/2026:04:02:28 +0200] "GET /?lokasie=/lib/x86_64-linux-gnu/gawk/intdiv.so&loknya=/lib/x86_64-linux-gnu/gawk HTTP/1.1" 200 4076 fincaslaucirica.com "https://fincaslaucirica.com/?loknya=/lib/x86_64-linux-gnu/gawk" "Mozilla/5.0 AppleWebKit/537.36 (KHTML, like Gecko; compatible; GPTBot/1.4; +https://openai.com/gptbot)" "-"
74.7.227.0 - - [02/Aug/2026:04:02:30 +0200] "GET /index.php?lokasie=/proc/thread-self/root/proc/thread-self/root/proc/thread-self/root/proc/self/root/proc/self/root/proc/self/root/usr/lib/git-core/git-show-ref&loknya=/proc/thread-self/root/proc/thread-self/root/proc/thread-self/root/proc/self/root/proc/self/root/proc/self/root/usr/lib/git-core HTTP/1.1" 200 6156 www.fincaslaucirica.com "https://www.fincaslaucirica.com/index.php?loknya=/proc/thread-self/root/proc/thread-self/root/proc/thread-self/root/proc/self/root/proc/self/root/proc/self/root/usr/lib/git-core" "Mozilla/5.0 AppleWebKit/537.36 (KHTML, like Gecko; compatible; GPTBot/1.4; +https://openai.com/gptbot)" "-"
54.38.147.0 - - [02/Aug/2026:04:02:42 +0200] "GET /shops/5bd812f2750639 HTTP/1.1" 404 1271 fincaslaucirica.com "-" "Mozilla/5.0 (compatible; AhrefsBot/7.0; +http://ahrefs.com/robot/)" "-"
74.7.227.0 - - [02/Aug/2026:04:02:44 +0200] "GET /index.php?loknya=/etc/opt HTTP/1.1" 200 5050 fincaslaucirica.com "http://fincaslaucirica.com/index.php?loknya=/etc" "Mozilla/5.0 AppleWebKit/537.36 (KHTML, like Gecko; compatible; GPTBot/1.4; +https://openai.com/gptbot)" "-"
207.46.13.0 - - [02/Aug/2026:04:02:58 +0200] "GET /shops/738ef801501158 HTTP/1.1" 404 1271 fincaslaucirica.com "-" "Mozilla/5.0 AppleWebKit/537.36 (KHTML, like Gecko; compatible; bingbot/2.0; +http://www.bing.com/bingbot.htm) Chrome/116.0.1938.76 Safari/537.36" "-"
