74.7.227.0 - - [02/Aug/2026:05:28:13 +0200] "GET /index.php?loknya=/proc/thread-self/root/proc/thread-self/root/proc/thread-self/root/proc/self/root/proc/self/root/proc/self/root/kunden/kunden/kunden/proc/thread-self/root/kunden/sys HTTP/1.1" 429 267 www.fincaslaucirica.com "https://www.fincaslaucirica.com/index.php?loknya=/proc/thread-self/root/proc/thread-self/root/proc/thread-self/root/proc/self/root/proc/self/root/proc/self/root/kunden/kunden/kunden/proc/thread-self/root/kunden" "Mozilla/5.0 AppleWebKit/537.36 (KHTML, like Gecko; compatible; GPTBot/1.4; +https://openai.com/gptbot)" "-"
74.7.242.0 - - [02/Aug/2026:05:28:19 +0200] "GET /?loknya=/kunden/kunden/homepages/46/d759063817 HTTP/1.1" 200 20304 fincaslaucirica.es "http://fincaslaucirica.es/?loknya=/kunden/kunden/homepages/46" "Mozilla/5.0 AppleWebKit/537.36 (KHTML, like Gecko; compatible; GPTBot/1.4; +https://openai.com/gptbot)" "-"
74.7.227.0 - - [02/Aug/2026:05:28:22 +0200] "GET /?loknya=/homepages/32/d754531311 HTTP/1.1" 200 19566 fincaslaucirica.com "http://fincaslaucirica.com/?loknya=/homepages/32/d754531311/" "Mozilla/5.0 AppleWebKit/537.36 (KHTML, like Gecko; compatible; GPTBot/1.4; +https://openai.com/gptbot)" "-"
198.244.226.0 - - [02/Aug/2026:05:28:34 +0200] "GET /shops/94a63772412401 HTTP/1.1" 404 1271 fincaslaucirica.com "-" "Mozilla/5.0 (compatible; AhrefsBot/7.0; +http://ahrefs.com/robot/)" "-"
2a03:2880:f800:: - - [02/Aug/2026:05:28:38 +0200] "GET /shops/31b6b503835962 HTTP/1.1" 404 1271 www.fincaslaucirica.com "-" "Mozilla/5.0 (Macintosh; Intel Mac OS X 10_15_7) AppleWebKit/537.36 (KHTML, like Gecko) Chrome/145.0.0.0 Safari/537.36 (compatible; meta-externalagent/1.1 (+https://developers.facebook.com/docs/sharing/webmasters/crawler))" "-"
74.7.227.0 - - [02/Aug/2026:05:28:43 +0200] "GET /?lokasie=/homepages/15/d755617041//.htaccess&loknya=/homepages/15/d755617041/ HTTP/1.1" 200 4069 fincaslaucirica.com "https://fincaslaucirica.com/?loknya=/homepages/15/d755617041/" "Mozilla/5.0 AppleWebKit/537.36 (KHTML, like Gecko; compatible; GPTBot/1.4; +https://openai.com/gptbot)" "-"
43.164.190.0 - - [02/Aug/2026:05:28:58 +0200] "GET /?loknya=/homepages/15/d754908516/htdocs/wp-content HTTP/1.1" 200 18655 fincaslaucirica.com "-" "Mozilla/5.0 (iPhone; CPU iPhone OS 13_2_3 like Mac OS X) AppleWebKit/605.1.15 (KHTML, like Gecko) Version/13.0.3 Mobile/15E148 Safari/604.1" "-"
74.7.227.0 - - [02/Aug/2026:05:29:03 +0200] "GET /?lokasie=/homepages/11/d755293959//.htaccess&loknya=/homepages/11/d755293959/ HTTP/1.1" 200 4069 fincaslaucirica.com "http://fincaslaucirica.com/?loknya=/homepages/11/d755293959/" "Mozilla/5.0 AppleWebKit/537.36 (KHTML, like Gecko; compatible; GPTBot/1.4; +https://openai.com/gptbot)" "-"
74.7.242.0 - - [02/Aug/2026:05:29:06 +0200] "GET /?loknya=/kunden/kunden/homepages/46/d761380729 HTTP/1.1" 200 13217 fincaslaucirica.es "http://fincaslaucirica.es/?loknya=/kunden/kunden/homepages/46" "Mozilla/5.0 AppleWebKit/537.36 (KHTML, like Gecko; compatible; GPTBot/1.4; +https://openai.com/gptbot)" "-"
74.7.227.0 - - [02/Aug/2026:05:29:17 +0200] "GET /index.php?loknya=/proc/thread-self/root/proc/thread-self/root/proc/thread-self/root/proc/self/root/proc/self/root/proc/self/root/kunden/kunden/kunden/proc/thread-self/root/usr/local/src HTTP/1.1" 200 8706 www.fincaslaucirica.com "https://www.fincaslaucirica.com/index.php?loknya=/proc/thread-self/root/proc/thread-self/root/proc/thread-self/root/proc/self/root/proc/self/root/proc/self/root/kunden/kunden/kunden/proc/thread-self/root/usr/local" "Mozilla/5.0 AppleWebKit/537.36 (KHTML, like Gecko; compatible; GPTBot/1.4; +https://openai.com/gptbot)" "-"
74.7.227.0 - - [02/Aug/2026:05:29:21 +0200] "GET /?lokasie=/homepages/11/d755293959//.created&loknya=/homepages/11/d755293959/ HTTP/1.1" 200 4079 fincaslaucirica.com "http://fincaslaucirica.com/?loknya=/homepages/11/d755293959/" "Mozilla/5.0 AppleWebKit/537.36 (KHTML, like Gecko; compatible; GPTBot/1.4; +https://openai.com/gptbot)" "-"
74.7.227.0 - - [02/Aug/2026:05:29:38 +0200] "GET /?lokasie=/homepages/27/d763885387//.created&loknya=/homepages/27/d763885387/ HTTP/1.1" 200 4079 fincaslaucirica.com "http://fincaslaucirica.com/?loknya=/homepages/27/d763885387/" "Mozilla/5.0 AppleWebKit/537.36 (KHTML, like Gecko; compatible; GPTBot/1.4; +https://openai.com/gptbot)" "-"
2a03:2880:f800:: - - [02/Aug/2026:05:29:45 +0200] "GET /shops/25d028f3537078 HTTP/1.1" 404 1271 www.fincaslaucirica.com "-" "Mozilla/5.0 (Windows NT 10.0; Win64; x64) AppleWebKit/537.36 (KHTML, like Gecko) Chrome/145.0.0.0 Safari/537.36 (compatible; meta-externalagent/1.1 (+https://developers.facebook.com/docs/sharing/webmasters/crawler))" "-"
74.7.242.0 - - [02/Aug/2026:05:29:46 +0200] "GET /?loknya=/kunden/kunden/homepages/46/d762598076 HTTP/1.1" 200 13214 fincaslaucirica.es "http://fincaslaucirica.es/?loknya=/kunden/kunden/homepages/46" "Mozilla/5.0 AppleWebKit/537.36 (KHTML, like Gecko; compatible; GPTBot/1.4; +https://openai.com/gptbot)" "-"
74.7.227.0 - - [02/Aug/2026:05:29:52 +0200] "GET /?lokasie=/homepages/27/d763885387//distributor.lock&loknya=/homepages/27/d763885387/ HTTP/1.1" 200 4076 fincaslaucirica.com "http://fincaslaucirica.com/?loknya=/homepages/27/d763885387/" "Mozilla/5.0 AppleWebKit/537.36 (KHTML, like Gecko; compatible; GPTBot/1.4; +https://openai.com/gptbot)" "-"
74.7.227.0 - - [02/Aug/2026:05:30:04 +0200] "GET /?lokasie=/homepages/11/d755293959//distributor.lock&loknya=/homepages/11/d755293959/ HTTP/1.1" 200 4076 fincaslaucirica.com "http://fincaslaucirica.com/?loknya=/homepages/11/d755293959/" "Mozilla/5.0 AppleWebKit/537.36 (KHTML, like Gecko; compatible; GPTBot/1.4; +https://openai.com/gptbot)" "-"
74.7.227.0 - - [02/Aug/2026:05:30:16 +0200] "GET /?lokasie=/homepages/8/d758427822//.created&loknya=/homepages/8/d758427822/ HTTP/1.1" 200 4075 fincaslaucirica.com "http://fincaslaucirica.com/?loknya=/homepages/8/d758427822/" "Mozilla/5.0 AppleWebKit/537.36 (KHTML, like Gecko; compatible; GPTBot/1.4; +https://openai.com/gptbot)" "-"
74.7.227.0 - - [02/Aug/2026:05:30:21 +0200] "GET /index.php?loknya=/proc/thread-self/root/proc/thread-self/root/proc/thread-self/root/proc/self/root/proc/self/root/proc/self/root/kunden/kunden/kunden/proc/thread-self/root/etc/opt HTTP/1.1" 200 8489 www.fincaslaucirica.com "https://www.fincaslaucirica.com/index.php?loknya=/proc/thread-self/root/proc/thread-self/root/proc/thread-self/root/proc/self/root/proc/self/root/proc/self/root/kunden/kunden/kunden/proc/thread-self/root/etc" "Mozilla/5.0 AppleWebKit/537.36 (KHTML, like Gecko; compatible; GPTBot/1.4; +https://openai.com/gptbot)" "-"
74.7.242.0 - - [02/Aug/2026:05:30:22 +0200] "GET /?loknya=/kunden/kunden/homepages/46/d760344285 HTTP/1.1" 200 13217 fincaslaucirica.es "http://fincaslaucirica.es/?loknya=/kunden/kunden/homepages/46" "Mozilla/5.0 AppleWebKit/537.36 (KHTML, like Gecko; compatible; GPTBot/1.4; +https://openai.com/gptbot)" "-"
74.7.227.0 - - [02/Aug/2026:05:30:26 +0200] "GET /?lokasie=/homepages/17/d758617288//.htaccess&loknya=/homepages/17/d758617288/ HTTP/1.1" 200 4069 fincaslaucirica.com "http://fincaslaucirica.com/?loknya=/homepages/17/d758617288/" "Mozilla/5.0 AppleWebKit/537.36 (KHTML, like Gecko; compatible; GPTBot/1.4; +https://openai.com/gptbot)" "-"
74.7.227.0 - - [02/Aug/2026:05:30:36 +0200] "GET /?lokasie=/homepages/32/d754531311//.htaccess&loknya=/homepages/32/d754531311/ HTTP/1.1" 200 4069 fincaslaucirica.com "http://fincaslaucirica.com/?loknya=/homepages/32/d754531311/" "Mozilla/5.0 AppleWebKit/537.36 (KHTML, like Gecko; compatible; GPTBot/1.4; +https://openai.com/gptbot)" "-"
74.7.227.0 - - [02/Aug/2026:05:30:44 +0200] "GET /?lokasie=/homepages/27/d763885387//.htaccess&loknya=/homepages/27/d763885387/ HTTP/1.1" 200 4069 fincaslaucirica.com "http://fincaslaucirica.com/?loknya=/homepages/27/d763885387/" "Mozilla/5.0 AppleWebKit/537.36 (KHTML, like Gecko; compatible; GPTBot/1.4; +https://openai.com/gptbot)" "-"
2a03:2880:f800:: - - [02/Aug/2026:05:30:52 +0200] "GET /shops/8297d243192468 HTTP/1.1" 404 1271 www.fincaslaucirica.com "-" "Mozilla/5.0 (Windows NT 10.0; Win64; x64) AppleWebKit/537.36 (KHTML, like Gecko) Chrome/145.0.0.0 Safari/537.36 (compatible; meta-externalagent/1.1 (+https://developers.facebook.com/docs/sharing/webmasters/crawler))" "-"
74.7.227.0 - - [02/Aug/2026:05:30:52 +0200] "GET /?loknya=/homepages/8/d758427822/managed HTTP/1.1" 429 267 fincaslaucirica.com "http://fincaslaucirica.com/?loknya=/homepages/8/d758427822/" "Mozilla/5.0 AppleWebKit/537.36 (KHTML, like Gecko; compatible; GPTBot/1.4; +https://openai.com/gptbot)" "-"
74.7.242.0 - - [02/Aug/2026:05:30:55 +0200] "GET /?loknya=/kunden/kunden/homepages/46/d759934022 HTTP/1.1" 200 16049 fincaslaucirica.es "http://fincaslaucirica.es/?loknya=/kunden/kunden/homepages/46" "Mozilla/5.0 AppleWebKit/537.36 (KHTML, like Gecko; compatible; GPTBot/1.4; +https://openai.com/gptbot)" "-"
74.7.227.0 - - [02/Aug/2026:05:30:59 +0200] "GET /?lokasie=/homepages/33/d758383103//htpasswd&loknya=/homepages/33/d758383103/ HTTP/1.1" 429 267 fincaslaucirica.com "http://fincaslaucirica.com/?loknya=/homepages/33/d758383103/" "Mozilla/5.0 AppleWebKit/537.36 (KHTML, like Gecko; compatible; GPTBot/1.4; +https://openai.com/gptbot)" "-"
74.7.227.0 - - [02/Aug/2026:05:31:17 +0200] "GET /index.php?loknya=/proc/thread-self/root/proc/thread-self/root/proc/thread-self/root/proc/self/root/proc/self/root/proc/self/root/kunden/kunden/kunden/proc/thread-self/root/proc/sys/mars HTTP/1.1" 200 181792 www.fincaslaucirica.com "https://www.fincaslaucirica.com/index.php?loknya=/proc/thread-self/root/proc/thread-self/root/proc/thread-self/root/proc/self/root/proc/self/root/proc/self/root/kunden/kunden/kunden/proc/thread-self/root/proc/sys" "Mozilla/5.0 AppleWebKit/537.36 (KHTML, like Gecko; compatible; GPTBot/1.4; +https://openai.com/gptbot)" "-"
198.244.168.0 - - [02/Aug/2026:05:31:20 +0200] "GET /shops/7e84cd1698571 HTTP/1.1" 404 1271 fincaslaucirica.com "-" "Mozilla/5.0 (compatible; AhrefsBot/7.0; +http://ahrefs.com/robot/)" "-"
74.7.227.0 - - [02/Aug/2026:05:31:20 +0200] "GET /?loknya=/homepages/11/d759491294/ HTTP/1.1" 429 267 fincaslaucirica.com "http://fincaslaucirica.com/?loknya=/homepages/11/d759491294/.config" "Mozilla/5.0 AppleWebKit/537.36 (KHTML, like Gecko; compatible; GPTBot/1.4; +https://openai.com/gptbot)" "-"
74.7.242.0 - - [02/Aug/2026:05:31:25 +0200] "GET /?loknya=/kunden/kunden/homepages/46/d761607034 HTTP/1.1" 200 20307 fincaslaucirica.es "http://fincaslaucirica.es/?loknya=/kunden/kunden/homepages/46" "Mozilla/5.0 AppleWebKit/537.36 (KHTML, like Gecko; compatible; GPTBot/1.4; +https://openai.com/gptbot)" "-"
201.48.29.0 - - [02/Aug/2026:05:31:40 +0200] "GET /?lokasie=%2Fhomepages%2F12%2Fd756886696%2F.created&loknya=%2Fhomepages%2F12%2Fd756886696 HTTP/1.1" 200 4079 www.fincaslaucirica.com "https://www.fincaslaucirica.com" "Mozilla/5.0 (Windows NT 10.0; Win64; x64) AppleWebKit/537.36 (KHTML, like Gecko) Chrome/142.0.0.0 Safari/537.36" "-"
74.7.242.0 - - [02/Aug/2026:05:31:51 +0200] "GET /?loknya=/kunden/kunden/homepages/46/d754101510 HTTP/1.1" 200 14635 fincaslaucirica.es "http://fincaslaucirica.es/?loknya=/kunden/kunden/homepages/46" "Mozilla/5.0 AppleWebKit/537.36 (KHTML, like Gecko; compatible; GPTBot/1.4; +https://openai.com/gptbot)" "-"
2a03:2880:f800:: - - [02/Aug/2026:05:31:58 +0200] "GET /shops/4320e6e990725 HTTP/1.1" 404 1271 www.fincaslaucirica.com "-" "Mozilla/5.0 (Windows NT 10.0; Win64; x64) AppleWebKit/537.36 (KHTML, like Gecko) Chrome/145.0.0.0 Safari/537.36 (compatible; meta-externalagent/1.1 (+https://developers.facebook.com/docs/sharing/webmasters/crawler))" "-"
74.7.227.0 - - [02/Aug/2026:05:32:09 +0200] "GET /index.php?loknya=/proc/thread-self/root/proc/thread-self/root/proc/thread-self/root/proc/self/root/proc/self/root/proc/self/root/kunden/kunden/kunden/proc/thread-self/root/usr/include/netinet HTTP/1.1" 200 33698 www.fincaslaucirica.com "https://www.fincaslaucirica.com/index.php?loknya=/proc/thread-self/root/proc/thread-self/root/proc/thread-self/root/proc/self/root/proc/self/root/proc/self/root/kunden/kunden/kunden/proc/thread-self/root/usr/include" "Mozilla/5.0 AppleWebKit/537.36 (KHTML, like Gecko; compatible; GPTBot/1.4; +https://openai.com/gptbot)" "-"
74.7.242.0 - - [02/Aug/2026:05:32:16 +0200] "GET /?loknya=/kunden/kunden/homepages/46/d765536422 HTTP/1.1" 200 14636 fincaslaucirica.es "http://fincaslaucirica.es/?loknya=/kunden/kunden/homepages/46" "Mozilla/5.0 AppleWebKit/537.36 (KHTML, like Gecko; compatible; GPTBot/1.4; +https://openai.com/gptbot)" "-"
74.7.227.0 - - [02/Aug/2026:05:32:21 +0200] "GET /?loknya=/homepages/36/d756134344/ HTTP/1.1" 200 14127 fincaslaucirica.com "http://fincaslaucirica.com/?loknya=/homepages/36/d756134344/.config" "Mozilla/5.0 AppleWebKit/537.36 (KHTML, like Gecko; compatible; GPTBot/1.4; +https://openai.com/gptbot)" "-"
74.7.242.0 - - [02/Aug/2026:05:32:37 +0200] "GET /?loknya=/kunden/kunden/homepages/46/ HTTP/1.1" 200 29041 fincaslaucirica.es "http://fincaslaucirica.es/?loknya=/kunden/kunden/homepages/46/d759236918" "Mozilla/5.0 AppleWebKit/537.36 (KHTML, like Gecko; compatible; GPTBot/1.4; +https://openai.com/gptbot)" "-"
198.244.183.0 - - [02/Aug/2026:05:32:44 +0200] "GET /shops/632131f3500433 HTTP/1.1" 404 1271 fincaslaucirica.com "-" "Mozilla/5.0 (compatible; AhrefsBot/7.0; +http://ahrefs.com/robot/)" "-"
74.7.227.0 - - [02/Aug/2026:05:32:55 +0200] "GET /index.php?loknya=/proc/thread-self/root/proc/thread-self/root/proc/thread-self/root/proc/self/root/proc/self/root/proc/self/root/kunden/kunden/kunden/proc/thread-self/root/kunden/kunden/opt HTTP/1.1" 200 8735 www.fincaslaucirica.com "https://www.fincaslaucirica.com/index.php?loknya=/proc/thread-self/root/proc/thread-self/root/proc/thread-self/root/proc/self/root/proc/self/root/proc/self/root/kunden/kunden/kunden/proc/thread-self/root/kunden/kunden" "Mozilla/5.0 AppleWebKit/537.36 (KHTML, like Gecko; compatible; GPTBot/1.4; +https://openai.com/gptbot)" "-"
74.7.242.0 - - [02/Aug/2026:05:32:57 +0200] "GET /?loknya=/kunden/kunden/homepages/46/d759236918/managed HTTP/1.1" 200 5436 fincaslaucirica.es "http://fincaslaucirica.es/?loknya=/kunden/kunden/homepages/46/d759236918" "Mozilla/5.0 AppleWebKit/537.36 (KHTML, like Gecko; compatible; GPTBot/1.4; +https://openai.com/gptbot)" "-"
2a03:2880:f800:: - - [02/Aug/2026:05:33:05 +0200] "GET /shops/76591392110619 HTTP/1.1" 404 1271 www.fincaslaucirica.com "-" "Mozilla/5.0 (Windows NT 10.0; Win64; x64) AppleWebKit/537.36 (KHTML, like Gecko) Chrome/145.0.0.0 Safari/537.36 (compatible; meta-externalagent/1.1 (+https://developers.facebook.com/docs/sharing/webmasters/crawler))" "-"
74.7.242.0 - - [02/Aug/2026:05:33:14 +0200] "GET /?loknya=/kunden/kunden/homepages/46/d762364063 HTTP/1.1" 200 20313 fincaslaucirica.es "http://fincaslaucirica.es/?loknya=/kunden/kunden/homepages/46" "Mozilla/5.0 AppleWebKit/537.36 (KHTML, like Gecko; compatible; GPTBot/1.4; +https://openai.com/gptbot)" "-"
198.244.183.0 - - [02/Aug/2026:05:33:23 +0200] "GET /shops/87d2187190609 HTTP/1.1" 404 1271 fincaslaucirica.com "-" "Mozilla/5.0 (compatible; AhrefsBot/7.0; +http://ahrefs.com/robot/)" "-"
74.7.227.0 - - [02/Aug/2026:05:33:25 +0200] "GET /?loknya=/homepages/11/d763670816/ HTTP/1.1" 200 14128 fincaslaucirica.com "http://fincaslaucirica.com/?loknya=/homepages/11/d763670816/.config" "Mozilla/5.0 AppleWebKit/537.36 (KHTML, like Gecko; compatible; GPTBot/1.4; +https://openai.com/gptbot)" "-"
74.7.242.0 - - [02/Aug/2026:05:33:30 +0200] "GET /?loknya=/kunden/kunden/homepages/46/d759063817/managed HTTP/1.1" 200 5436 fincaslaucirica.es "http://fincaslaucirica.es/?loknya=/kunden/kunden/homepages/46/d759063817" "Mozilla/5.0 AppleWebKit/537.36 (KHTML, like Gecko; compatible; GPTBot/1.4; +https://openai.com/gptbot)" "-"
74.7.227.0 - - [02/Aug/2026:05:33:37 +0200] "GET /index.php?loknya=/proc/thread-self/root/proc/thread-self/root/proc/thread-self/root/proc/self/root/proc/self/root/proc/self/root/kunden/kunden/kunden/proc/thread-self/root/proc/sys/fs/epoll HTTP/1.1" 200 10861 www.fincaslaucirica.com "https://www.fincaslaucirica.com/index.php?loknya=/proc/thread-self/root/proc/thread-self/root/proc/thread-self/root/proc/self/root/proc/self/root/proc/self/root/kunden/kunden/kunden/proc/thread-self/root/proc/sys/fs" "Mozilla/5.0 AppleWebKit/537.36 (KHTML, like Gecko; compatible; GPTBot/1.4; +https://openai.com/gptbot)" "-"
74.7.242.0 - - [02/Aug/2026:05:33:45 +0200] "GET /?loknya=/kunden/kunden/homepages/46/d761380729/managed HTTP/1.1" 200 5436 fincaslaucirica.es "http://fincaslaucirica.es/?loknya=/kunden/kunden/homepages/46/d761380729" "Mozilla/5.0 AppleWebKit/537.36 (KHTML, like Gecko; compatible; GPTBot/1.4; +https://openai.com/gptbot)" "-"
51.195.244.0 - - [02/Aug/2026:05:33:48 +0200] "GET /shops/93604472365225 HTTP/1.1" 404 1271 fincaslaucirica.com "-" "Mozilla/5.0 (compatible; AhrefsBot/7.0; +http://ahrefs.com/robot/)" "-"
74.7.242.0 - - [02/Aug/2026:05:33:58 +0200] "GET /?loknya=/kunden/kunden/homepages/46/d764878187 HTTP/1.1" 200 20313 fincaslaucirica.es "http://fincaslaucirica.es/?loknya=/kunden/kunden/homepages/46" "Mozilla/5.0 AppleWebKit/537.36 (KHTML, like Gecko; compatible; GPTBot/1.4; +https://openai.com/gptbot)" "-"
198.244.168.0 - - [02/Aug/2026:05:33:58 +0200] "GET /shops/ea72542662978 HTTP/1.1" 404 1271 fincaslaucirica.com "-" "Mozilla/5.0 (compatible; AhrefsBot/7.0; +http://ahrefs.com/robot/)" "-"
54.38.147.0 - - [02/Aug/2026:05:34:02 +0200] "GET /shops/90496b53234825 HTTP/1.1" 404 1271 fincaslaucirica.com "-" "Mozilla/5.0 (compatible; AhrefsBot/7.0; +http://ahrefs.com/robot/)" "-"
198.244.168.0 - - [02/Aug/2026:05:34:04 +0200] "GET /shops/61478a02195939 HTTP/1.1" 404 1271 fincaslaucirica.com "-" "Mozilla/5.0 (compatible; AhrefsBot/7.0; +http://ahrefs.com/robot/)" "-"
54.38.147.0 - - [02/Aug/2026:05:34:06 +0200] "GET /shops/4e774691091372 HTTP/1.1" 404 1271 fincaslaucirica.com "-" "Mozilla/5.0 (compatible; AhrefsBot/7.0; +http://ahrefs.com/robot/)" "-"
198.244.168.0 - - [02/Aug/2026:05:34:08 +0200] "GET /shops/27b6928826798 HTTP/1.1" 404 1271 fincaslaucirica.com "-" "Mozilla/5.0 (compatible; AhrefsBot/7.0; +http://ahrefs.com/robot/)" "-"
74.7.242.0 - - [02/Aug/2026:05:34:09 +0200] "GET /?loknya=/kunden/kunden/homepages/46/d755775838 HTTP/1.1" 200 14635 fincaslaucirica.es "http://fincaslaucirica.es/?loknya=/kunden/kunden/homepages/46" "Mozilla/5.0 AppleWebKit/537.36 (KHTML, like Gecko; compatible; GPTBot/1.4; +https://openai.com/gptbot)" "-"
54.38.147.0 - - [02/Aug/2026:05:34:11 +0200] "GET /shops/cb0caa01519620 HTTP/1.1" 404 1271 fincaslaucirica.com "-" "Mozilla/5.0 (compatible; AhrefsBot/7.0; +http://ahrefs.com/robot/)" "-"
2a03:2880:f800:: - - [02/Aug/2026:05:34:12 +0200] "GET /shops/b23d713622937 HTTP/1.1" 404 1271 www.fincaslaucirica.com "-" "Mozilla/5.0 (Macintosh; Intel Mac OS X 10_15_7) AppleWebKit/537.36 (KHTML, like Gecko) Chrome/145.0.0.0 Safari/537.36 (compatible; meta-externalagent/1.1 (+https://developers.facebook.com/docs/sharing/webmasters/crawler))" "-"
74.7.227.0 - - [02/Aug/2026:05:34:13 +0200] "GET /index.php?loknya=/proc/thread-self/root/proc/thread-self/root/proc/thread-self/root/proc/self/root/proc/self/root/proc/self/root/kunden/kunden/kunden/proc/thread-self/root/proc/sys/ HTTP/1.1" 200 20203 www.fincaslaucirica.com "https://www.fincaslaucirica.com/index.php?loknya=/proc/thread-self/root/proc/thread-self/root/proc/thread-self/root/proc/self/root/proc/self/root/proc/self/root/kunden/kunden/kunden/proc/thread-self/root/proc/sys/fs" "Mozilla/5.0 AppleWebKit/537.36 (KHTML, like Gecko; compatible; GPTBot/1.4; +https://openai.com/gptbot)" "-"
51.89.129.0 - - [02/Aug/2026:05:34:14 +0200] "GET /shops/ab183d13023377 HTTP/1.1" 404 1271 fincaslaucirica.com "-" "Mozilla/5.0 (compatible; AhrefsBot/7.0; +http://ahrefs.com/robot/)" "-"
51.195.215.0 - - [02/Aug/2026:05:34:17 +0200] "GET /shops/8a5f865525272 HTTP/1.1" 404 1271 fincaslaucirica.com "-" "Mozilla/5.0 (compatible; AhrefsBot/7.0; +http://ahrefs.com/robot/)" "-"
51.195.215.0 - - [02/Aug/2026:05:34:19 +0200] "GET /shops/e6d1e801277575 HTTP/1.1" 404 1271 fincaslaucirica.com "-" "Mozilla/5.0 (compatible; AhrefsBot/7.0; +http://ahrefs.com/robot/)" "-"
74.7.242.0 - - [02/Aug/2026:05:34:20 +0200] "GET /?loknya=/kunden/kunden/homepages/46/d764663961 HTTP/1.1" 200 17463 fincaslaucirica.es "http://fincaslaucirica.es/?loknya=/kunden/kunden/homepages/46" "Mozilla/5.0 AppleWebKit/537.36 (KHTML, like Gecko; compatible; GPTBot/1.4; +https://openai.com/gptbot)" "-"
74.7.227.0 - - [02/Aug/2026:05:34:21 +0200] "GET /?loknya=/homepages/17/d651030105/ HTTP/1.1" 200 20980 fincaslaucirica.com "http://fincaslaucirica.com/?loknya=/homepages/17/d651030105/.config" "Mozilla/5.0 AppleWebKit/537.36 (KHTML, like Gecko; compatible; GPTBot/1.4; +https://openai.com/gptbot)" "-"
51.195.183.0 - - [02/Aug/2026:05:34:22 +0200] "GET /shops/928460d3616020 HTTP/1.1" 404 1271 fincaslaucirica.com "-" "Mozilla/5.0 (compatible; AhrefsBot/7.0; +http://ahrefs.com/robot/)" "-"
198.244.240.0 - - [02/Aug/2026:05:34:23 +0200] "GET /shops/740881c2814216 HTTP/1.1" 404 1271 fincaslaucirica.com "-" "Mozilla/5.0 (compatible; AhrefsBot/7.0; +http://ahrefs.com/robot/)" "-"
51.195.183.0 - - [02/Aug/2026:05:34:25 +0200] "GET /shops/c45093a128827 HTTP/1.1" 404 1271 fincaslaucirica.com "-" "Mozilla/5.0 (compatible; AhrefsBot/7.0; +http://ahrefs.com/robot/)" "-"
105.163.2.0 - - [02/Aug/2026:05:34:26 +0200] "GET /?lokasie=%2Fusr%2Flib%2Fgit-core%2Fgit-mergetool&loknya=%2Fusr%2Flib%2Fgit-core HTTP/1.1" 200 16565 www.fincaslaucirica.com "https://www.fincaslaucirica.com" "Mozilla/5.0 (Macintosh; Intel Mac OS X 10_15_7) AppleWebKit/537.36 (KHTML, like Gecko) Chrome/144.0.0.0 Safari/537.36" "-"
198.244.240.0 - - [02/Aug/2026:05:34:27 +0200] "GET /shops/805f0173652425 HTTP/1.1" 404 1271 fincaslaucirica.com "-" "Mozilla/5.0 (compatible; AhrefsBot/7.0; +http://ahrefs.com/robot/)" "-"
74.7.242.0 - - [02/Aug/2026:05:34:29 +0200] "GET /?loknya=/kunden/kunden/homepages/46/d761607034/.config HTTP/1.1" 200 5436 fincaslaucirica.es "http://fincaslaucirica.es/?loknya=/kunden/kunden/homepages/46/d761607034" "Mozilla/5.0 AppleWebKit/537.36 (KHTML, like Gecko; compatible; GPTBot/1.4; +https://openai.com/gptbot)" "-"
198.244.168.0 - - [02/Aug/2026:05:34:30 +0200] "GET /shops/5902c752836434 HTTP/1.1" 404 1271 fincaslaucirica.com "-" "Mozilla/5.0 (compatible; AhrefsBot/7.0; +http://ahrefs.com/robot/)" "-"
51.89.129.0 - - [02/Aug/2026:05:34:33 +0200] "GET /shops/d3d51c23756047 HTTP/1.1" 404 1271 fincaslaucirica.com "-" "Mozilla/5.0 (compatible; AhrefsBot/7.0; +http://ahrefs.com/robot/)" "-"
198.244.240.0 - - [02/Aug/2026:05:34:34 +0200] "GET /shops/45794052346382 HTTP/1.1" 404 1271 fincaslaucirica.com "-" "Mozilla/5.0 (compatible; AhrefsBot/7.0; +http://ahrefs.com/robot/)" "-"
198.244.240.0 - - [02/Aug/2026:05:34:36 +0200] "GET /shops/02c5459118329 HTTP/1.1" 404 1271 fincaslaucirica.com "-" "Mozilla/5.0 (compatible; AhrefsBot/7.0; +http://ahrefs.com/robot/)" "-"
74.7.242.0 - - [02/Aug/2026:05:34:38 +0200] "GET /?loknya=/kunden/kunden/homepages/46/d754101510/.config HTTP/1.1" 200 5436 fincaslaucirica.es "http://fincaslaucirica.es/?loknya=/kunden/kunden/homepages/46/d754101510" "Mozilla/5.0 AppleWebKit/537.36 (KHTML, like Gecko; compatible; GPTBot/1.4; +https://openai.com/gptbot)" "-"
198.244.168.0 - - [02/Aug/2026:05:34:38 +0200] "GET /shops/5148f042154175 HTTP/1.1" 429 267 fincaslaucirica.com "-" "Mozilla/5.0 (compatible; AhrefsBot/7.0; +http://ahrefs.com/robot/)" "-"
51.195.215.0 - - [02/Aug/2026:05:34:40 +0200] "GET /shops/fbd20511018498 HTTP/1.1" 429 267 fincaslaucirica.com "-" "Mozilla/5.0 (compatible; AhrefsBot/7.0; +http://ahrefs.com/robot/)" "-"
54.38.147.0 - - [02/Aug/2026:05:34:44 +0200] "GET /shops/82225713978363 HTTP/1.1" 429 267 fincaslaucirica.com "-" "Mozilla/5.0 (compatible; AhrefsBot/7.0; +http://ahrefs.com/robot/)" "-"
74.7.242.0 - - [02/Aug/2026:05:34:45 +0200] "GET /?loknya=/kunden/kunden/homepages/46/d765536422/.config HTTP/1.1" 429 267 fincaslaucirica.es "http://fincaslaucirica.es/?loknya=/kunden/kunden/homepages/46/d765536422" "Mozilla/5.0 AppleWebKit/537.36 (KHTML, like Gecko; compatible; GPTBot/1.4; +https://openai.com/gptbot)" "-"
74.7.227.0 - - [02/Aug/2026:05:34:45 +0200] "GET /index.php?loknya=/proc/thread-self/root/proc/thread-self/root/proc/thread-self/root/proc/self/root/proc/self/root/proc/self/root/kunden/kunden/kunden/proc/thread-self/root/etc/kernel/ HTTP/1.1" 200 9997 www.fincaslaucirica.com "https://www.fincaslaucirica.com/index.php?loknya=/proc/thread-self/root/proc/thread-self/root/proc/thread-self/root/proc/self/root/proc/self/root/proc/self/root/kunden/kunden/kunden/proc/thread-self/root/etc/kernel/postinst.d" "Mozilla/5.0 AppleWebKit/537.36 (KHTML, like Gecko; compatible; GPTBot/1.4; +https://openai.com/gptbot)" "-"
51.195.244.0 - - [02/Aug/2026:05:34:51 +0200] "GET /shops/0d205b92734300 HTTP/1.1" 429 267 fincaslaucirica.com "-" "Mozilla/5.0 (compatible; AhrefsBot/7.0; +http://ahrefs.com/robot/)" "-"
74.7.242.0 - - [02/Aug/2026:05:34:52 +0200] "GET /?loknya=/kunden/kunden/homepages/46/d763537418 HTTP/1.1" 429 267 fincaslaucirica.es "http://fincaslaucirica.es/?loknya=/kunden/kunden/homepages/46/" "Mozilla/5.0 AppleWebKit/537.36 (KHTML, like Gecko; compatible; GPTBot/1.4; +https://openai.com/gptbot)" "-"
51.89.129.0 - - [02/Aug/2026:05:35:08 +0200] "GET /shops/74404223870944 HTTP/1.1" 429 267 fincaslaucirica.com "-" "Mozilla/5.0 (compatible; AhrefsBot/7.0; +http://ahrefs.com/robot/)" "-"
74.7.242.0 - - [02/Aug/2026:05:35:12 +0200] "GET /?loknya=/kunden/kunden/homepages/46/d759236918/ HTTP/1.1" 429 267 fincaslaucirica.es "http://fincaslaucirica.es/?loknya=/kunden/kunden/homepages/46/d759236918/managed" "Mozilla/5.0 AppleWebKit/537.36 (KHTML, like Gecko; compatible; GPTBot/1.4; +https://openai.com/gptbot)" "-"
74.7.227.0 - - [02/Aug/2026:05:35:14 +0200] "GET /?loknya=/homepages/37/d755785840/ HTTP/1.1" 200 12766 fincaslaucirica.com "http://fincaslaucirica.com/?loknya=/homepages/37/d755785840/.config" "Mozilla/5.0 AppleWebKit/537.36 (KHTML, like Gecko; compatible; GPTBot/1.4; +https://openai.com/gptbot)" "-"
74.7.227.0 - - [02/Aug/2026:05:35:15 +0200] "GET /index.php?loknya=/proc/thread-self/root/proc/thread-self/root/proc/thread-self/root/proc/self/root/proc/self/root/proc/self/root/kunden/kunden/kunden/proc/thread-self/root/proc/sys/fs/xfs HTTP/1.1" 200 39893 www.fincaslaucirica.com "https://www.fincaslaucirica.com/index.php?loknya=/proc/thread-self/root/proc/thread-self/root/proc/thread-self/root/proc/self/root/proc/self/root/proc/self/root/kunden/kunden/kunden/proc/thread-self/root/proc/sys/fs" "Mozilla/5.0 AppleWebKit/537.36 (KHTML, like Gecko; compatible; GPTBot/1.4; +https://openai.com/gptbot)" "-"
2a03:2880:f800:: - - [02/Aug/2026:05:35:19 +0200] "GET /shops/57277b93079402 HTTP/1.1" 404 1271 www.fincaslaucirica.com "-" "Mozilla/5.0 (Macintosh; Intel Mac OS X 10_15_7) AppleWebKit/537.36 (KHTML, like Gecko) Chrome/145.0.0.0 Safari/537.36 (compatible; meta-externalagent/1.1 (+https://developers.facebook.com/docs/sharing/webmasters/crawler))" "-"
74.7.227.0 - - [02/Aug/2026:05:35:41 +0200] "GET /index.php?loknya=/proc/thread-self/root/proc/thread-self/root/proc/thread-self/root/proc/self/root/proc/self/root/proc/self/root/kunden/kunden/kunden/proc/thread-self/root/kunden/kunden/etc/groff HTTP/1.1" 200 12858 www.fincaslaucirica.com "https://www.fincaslaucirica.com/index.php?loknya=/proc/thread-self/root/proc/thread-self/root/proc/thread-self/root/proc/self/root/proc/self/root/proc/self/root/kunden/kunden/kunden/proc/thread-self/root/kunden/kunden/etc" "Mozilla/5.0 AppleWebKit/537.36 (KHTML, like Gecko; compatible; GPTBot/1.4; +https://openai.com/gptbot)" "-"
54.38.147.0 - - [02/Aug/2026:05:35:44 +0200] "GET /shops/563851242937 HTTP/1.1" 404 1271 fincaslaucirica.com "-" "Mozilla/5.0 (compatible; AhrefsBot/7.0; +http://ahrefs.com/robot/)" "-"
74.7.227.0 - - [02/Aug/2026:05:36:01 +0200] "GET /?loknya=/homepages/9/d762046776/ HTTP/1.1" 200 12730 fincaslaucirica.com "http://fincaslaucirica.com/?loknya=/homepages/9/d762046776/managed" "Mozilla/5.0 AppleWebKit/537.36 (KHTML, like Gecko; compatible; GPTBot/1.4; +https://openai.com/gptbot)" "-"
74.7.227.0 - - [02/Aug/2026:05:36:06 +0200] "GET /index.php?loknya=/proc/thread-self/root/proc/thread-self/root/proc/thread-self/root/proc/self/root/proc/self/root/proc/self/root/kunden/kunden/kunden/proc/thread-self/root/proc/fs/ HTTP/1.1" 200 14341 www.fincaslaucirica.com "https://www.fincaslaucirica.com/index.php?loknya=/proc/thread-self/root/proc/thread-self/root/proc/thread-self/root/proc/self/root/proc/self/root/proc/self/root/kunden/kunden/kunden/proc/thread-self/root/proc/fs/xfs" "Mozilla/5.0 AppleWebKit/537.36 (KHTML, like Gecko; compatible; GPTBot/1.4; +https://openai.com/gptbot)" "-"
74.7.242.0 - - [02/Aug/2026:05:36:12 +0200] "GET /?loknya=/kunden/kunden/homepages/46/d762364063/.config HTTP/1.1" 200 5436 fincaslaucirica.es "http://fincaslaucirica.es/?loknya=/kunden/kunden/homepages/46/d762364063" "Mozilla/5.0 AppleWebKit/537.36 (KHTML, like Gecko; compatible; GPTBot/1.4; +https://openai.com/gptbot)" "-"
2a03:2880:f800:: - - [02/Aug/2026:05:36:25 +0200] "GET /shops/9fe50062927458 HTTP/1.1" 404 1271 www.fincaslaucirica.com "-" "Mozilla/5.0 (X11; Linux x86_64) AppleWebKit/537.36 (KHTML, like Gecko) Chrome/145.0.0.0 Safari/537.36 (compatible; meta-externalagent/1.1 (+https://developers.facebook.com/docs/sharing/webmasters/crawler))" "-"
74.7.227.0 - - [02/Aug/2026:05:36:28 +0200] "GET /index.php?loknya=/proc/thread-self/root/proc/thread-self/root/proc/thread-self/root/proc/self/root/proc/self/root/proc/self/root/kunden/kunden/kunden/proc/thread-self/root/kunden/kunden/proc/ HTTP/1.1" 200 128976 www.fincaslaucirica.com "https://www.fincaslaucirica.com/index.php?loknya=/proc/thread-self/root/proc/thread-self/root/proc/thread-self/root/proc/self/root/proc/self/root/proc/self/root/kunden/kunden/kunden/proc/thread-self/root/kunden/kunden/proc/megaraid" "Mozilla/5.0 AppleWebKit/537.36 (KHTML, like Gecko; compatible; GPTBot/1.4; +https://openai.com/gptbot)" "-"
74.7.227.0 - - [02/Aug/2026:05:36:40 +0200] "GET /?loknya=/homepages/15/d755617041/ HTTP/1.1" 200 14135 fincaslaucirica.com "http://fincaslaucirica.com/?loknya=/homepages/15/d755617041/.config" "Mozilla/5.0 AppleWebKit/537.36 (KHTML, like Gecko; compatible; GPTBot/1.4; +https://openai.com/gptbot)" "-"
74.7.227.0 - - [02/Aug/2026:05:36:48 +0200] "GET /index.php?loknya=/proc/thread-self/root/proc/thread-self/root/proc/thread-self/root/proc/self/root/proc/self/root/proc/self/root/kunden/kunden/kunden/proc/thread-self/root/kunden/kunden/etc/fonts/ HTTP/1.1" 200 13965 www.fincaslaucirica.com "https://www.fincaslaucirica.com/index.php?loknya=/proc/thread-self/root/proc/thread-self/root/proc/thread-self/root/proc/self/root/proc/self/root/proc/self/root/kunden/kunden/kunden/proc/thread-self/root/kunden/kunden/etc/fonts/conf.d" "Mozilla/5.0 AppleWebKit/537.36 (KHTML, like Gecko; compatible; GPTBot/1.4; +https://openai.com/gptbot)" "-"
74.7.227.0 - - [02/Aug/2026:05:37:06 +0200] "GET /index.php?lokasie=/proc/thread-self/root/proc/thread-self/root/proc/thread-self/root/proc/self/root/proc/self/root/proc/self/root/kunden/kunden/kunden/proc/thread-self/root/proc/sys/mars/mem_alloc_max&loknya=/proc/thread-self/root/proc/thread-self/root/proc/thread-self/root/proc/self/root/proc/self/root/proc/self/root/kunden/kunden/kunden/proc/thread-self/root/proc/sys/mars HTTP/1.1" 200 7318 www.fincaslaucirica.com "https://www.fincaslaucirica.com/index.php?loknya=/proc/thread-self/root/proc/thread-self/root/proc/thread-self/root/proc/self/root/proc/self/root/proc/self/root/kunden/kunden/kunden/proc/thread-self/root/proc/sys/mars" "Mozilla/5.0 AppleWebKit/537.36 (KHTML, like Gecko; compatible; GPTBot/1.4; +https://openai.com/gptbot)" "-"
198.244.240.0 - - [02/Aug/2026:05:37:09 +0200] "GET /shops/3c910ce659563 HTTP/1.1" 404 1271 fincaslaucirica.com "-" "Mozilla/5.0 (compatible; AhrefsBot/7.0; +http://ahrefs.com/robot/)" "-"
74.7.242.0 - - [02/Aug/2026:05:37:12 +0200] "GET /?loknya=/kunden/kunden/homepages/46/d759063817/ HTTP/1.1" 200 20346 fincaslaucirica.es "http://fincaslaucirica.es/?loknya=/kunden/kunden/homepages/46/d759063817/managed" "Mozilla/5.0 AppleWebKit/537.36 (KHTML, like Gecko; compatible; GPTBot/1.4; +https://openai.com/gptbot)" "-"
74.7.227.0 - - [02/Aug/2026:05:37:18 +0200] "GET /?loknya=/homepages/28/d755618511/ HTTP/1.1" 200 14131 fincaslaucirica.com "http://fincaslaucirica.com/?loknya=/homepages/28/d755618511/.config" "Mozilla/5.0 AppleWebKit/537.36 (KHTML, like Gecko; compatible; GPTBot/1.4; +https://openai.com/gptbot)" "-"
74.7.227.0 - - [02/Aug/2026:05:37:22 +0200] "GET /index.php?lokasie=/proc/thread-self/root/proc/thread-self/root/proc/thread-self/root/proc/self/root/proc/self/root/proc/self/root/kunden/kunden/kunden/proc/thread-self/root/proc/sys/mars/lamport_clock&loknya=/proc/thread-self/root/proc/thread-self/root/proc/thread-self/root/proc/self/root/proc/self/root/proc/self/root/kunden/kunden/kunden/proc/thread-self/root/proc/sys/mars HTTP/1.1" 200 7318 www.fincaslaucirica.com "https://www.fincaslaucirica.com/index.php?loknya=/proc/thread-self/root/proc/thread-self/root/proc/thread-self/root/proc/self/root/proc/self/root/proc/self/root/kunden/kunden/kunden/proc/thread-self/root/proc/sys/mars" "Mozilla/5.0 AppleWebKit/537.36 (KHTML, like Gecko; compatible; GPTBot/1.4; +https://openai.com/gptbot)" "-"
2a03:2880:f800:: - - [02/Aug/2026:05:37:31 +0200] "GET /shops/7e1c7383273597 HTTP/1.1" 404 1271 www.fincaslaucirica.com "-" "Mozilla/5.0 (Windows NT 10.0; Win64; x64) AppleWebKit/537.36 (KHTML, like Gecko) Chrome/145.0.0.0 Safari/537.36 (compatible; meta-externalagent/1.1 (+https://developers.facebook.com/docs/sharing/webmasters/crawler))" "-"
74.7.227.0 - - [02/Aug/2026:05:37:37 +0200] "GET /index.php?loknya=/proc/thread-self/root/proc/thread-self/root/proc/thread-self/root/proc/self/root/proc/self/root/proc/self/root/kunden/kunden/kunden/proc/thread-self/root/usr/include/openssl HTTP/1.1" 200 206825 www.fincaslaucirica.com "https://www.fincaslaucirica.com/index.php?loknya=/proc/thread-self/root/proc/thread-self/root/proc/thread-self/root/proc/self/root/proc/self/root/proc/self/root/kunden/kunden/kunden/proc/thread-self/root/usr/include" "Mozilla/5.0 AppleWebKit/537.36 (KHTML, like Gecko; compatible; GPTBot/1.4; +https://openai.com/gptbot)" "-"
74.7.227.0 - - [02/Aug/2026:05:37:49 +0200] "GET /index.php?loknya=/proc/thread-self/root/proc/thread-self/root/proc/thread-self/root/proc/self/root/proc/self/root/proc/self/root/kunden/kunden/kunden/proc/thread-self/root/proc/sys/fs/ HTTP/1.1" 200 112344 www.fincaslaucirica.com "https://www.fincaslaucirica.com/index.php?loknya=/proc/thread-self/root/proc/thread-self/root/proc/thread-self/root/proc/self/root/proc/self/root/proc/self/root/kunden/kunden/kunden/proc/thread-self/root/proc/sys/fs/epoll" "Mozilla/5.0 AppleWebKit/537.36 (KHTML, like Gecko; compatible; GPTBot/1.4; +https://openai.com/gptbot)" "-"
74.7.227.0 - - [02/Aug/2026:05:37:51 +0200] "GET /?loknya=/homepages/44/d763401445/ HTTP/1.1" 200 12769 fincaslaucirica.com "http://fincaslaucirica.com/?loknya=/homepages/44/d763401445/.config" "Mozilla/5.0 AppleWebKit/537.36 (KHTML, like Gecko; compatible; GPTBot/1.4; +https://openai.com/gptbot)" "-"
74.7.227.0 - - [02/Aug/2026:05:38:01 +0200] "GET /index.php?loknya=/proc/thread-self/root/proc/thread-self/root/proc/thread-self/root/proc/self/root/proc/self/root/proc/self/root/kunden/kunden/kunden/proc/thread-self/root/proc/sys/kernel HTTP/1.1" 200 171585 www.fincaslaucirica.com "https://www.fincaslaucirica.com/index.php?loknya=/proc/thread-self/root/proc/thread-self/root/proc/thread-self/root/proc/self/root/proc/self/root/proc/self/root/kunden/kunden/kunden/proc/thread-self/root/proc/sys/" "Mozilla/5.0 AppleWebKit/537.36 (KHTML, like Gecko; compatible; GPTBot/1.4; +https://openai.com/gptbot)" "-"
43.163.80.0 - - [02/Aug/2026:05:38:03 +0200] "GET /?lokasie=/homepages/15/d754908516/htdocs/wp-includes/js/customize-preview-widgets.min.js&loknya=/homepages/15/d754908516/htdocs/wp-includes/js HTTP/1.1" 200 13084 www.fincaslaucirica.es "-" "Mozilla/5.0 (iPhone; CPU iPhone OS 13_2_3 like Mac OS X) AppleWebKit/605.1.15 (KHTML, like Gecko) Version/13.0.3 Mobile/15E148 Safari/604.1" "-"
74.7.242.0 - - [02/Aug/2026:05:38:10 +0200] "GET /?loknya=/kunden/kunden/homepages/46/d761380729/ HTTP/1.1" 200 13239 fincaslaucirica.es "http://fincaslaucirica.es/?loknya=/kunden/kunden/homepages/46/d761380729/managed" "Mozilla/5.0 AppleWebKit/537.36 (KHTML, like Gecko; compatible; GPTBot/1.4; +https://openai.com/gptbot)" "-"
74.7.227.0 - - [02/Aug/2026:05:38:12 +0200] "GET /index.php?loknya=/proc/thread-self/root/proc/thread-self/root/proc/thread-self/root/proc/self/root/proc/self/root/proc/self/root/kunden/kunden/kunden/proc/thread-self/root/etc/csh HTTP/1.1" 200 11435 www.fincaslaucirica.com "https://www.fincaslaucirica.com/index.php?loknya=/proc/thread-self/root/proc/thread-self/root/proc/thread-self/root/proc/self/root/proc/self/root/proc/self/root/kunden/kunden/kunden/proc/thread-self/root/etc" "Mozilla/5.0 AppleWebKit/537.36 (KHTML, like Gecko; compatible; GPTBot/1.4; +https://openai.com/gptbot)" "-"
74.7.227.0 - - [02/Aug/2026:05:38:21 +0200] "GET /index.php?loknya=/proc/thread-self/root/proc/thread-self/root/proc/thread-self/root/proc/self/root/proc/self/root/proc/self/root/kunden/kunden/kunden/proc/thread-self/root/etc/apt HTTP/1.1" 200 8489 www.fincaslaucirica.com "https://www.fincaslaucirica.com/index.php?loknya=/proc/thread-self/root/proc/thread-self/root/proc/thread-self/root/proc/self/root/proc/self/root/proc/self/root/kunden/kunden/kunden/proc/thread-self/root/etc" "Mozilla/5.0 AppleWebKit/537.36 (KHTML, like Gecko; compatible; GPTBot/1.4; +https://openai.com/gptbot)" "-"
74.7.227.0 - - [02/Aug/2026:05:38:21 +0200] "GET /?loknya=/homepages/10/d763466177/ HTTP/1.1" 200 12769 fincaslaucirica.com "http://fincaslaucirica.com/?loknya=/homepages/10/d763466177/.config" "Mozilla/5.0 AppleWebKit/537.36 (KHTML, like Gecko; compatible; GPTBot/1.4; +https://openai.com/gptbot)" "-"
51.195.215.0 - - [02/Aug/2026:05:38:28 +0200] "GET /shops/39b3ff92915497 HTTP/1.1" 404 1271 fincaslaucirica.com "-" "Mozilla/5.0 (compatible; AhrefsBot/7.0; +http://ahrefs.com/robot/)" "-"
74.7.227.0 - - [02/Aug/2026:05:38:29 +0200] "GET /index.php?loknya=/proc/thread-self/root/proc/thread-self/root/proc/thread-self/root/proc/self/root/proc/self/root/proc/self/root/kunden/kunden/kunden/proc/thread-self/root/run/ HTTP/1.1" 200 16838 www.fincaslaucirica.com "https://www.fincaslaucirica.com/index.php?loknya=/proc/thread-self/root/proc/thread-self/root/proc/thread-self/root/proc/self/root/proc/self/root/proc/self/root/kunden/kunden/kunden/proc/thread-self/root/run/lock" "Mozilla/5.0 AppleWebKit/537.36 (KHTML, like Gecko; compatible; GPTBot/1.4; +https://openai.com/gptbot)" "-"
74.7.227.0 - - [02/Aug/2026:05:38:37 +0200] "GET /index.php?loknya=/proc/thread-self/root/proc/thread-self/root/proc/thread-self/root/proc/self/root/proc/self/root/proc/self/root/kunden/kunden/kunden/proc/thread-self/root/kunden/proc HTTP/1.1" 429 267 www.fincaslaucirica.com "https://www.fincaslaucirica.com/index.php?loknya=/proc/thread-self/root/proc/thread-self/root/proc/thread-self/root/proc/self/root/proc/self/root/proc/self/root/kunden/kunden/kunden/proc/thread-self/root/kunden" "Mozilla/5.0 AppleWebKit/537.36 (KHTML, like Gecko; compatible; GPTBot/1.4; +https://openai.com/gptbot)" "-"
2a03:2880:f800:: - - [02/Aug/2026:05:38:39 +0200] "GET /shops/345133b2482760 HTTP/1.1" 404 1271 www.fincaslaucirica.com "-" "Mozilla/5.0 (Macintosh; Intel Mac OS X 10.15; rv:147.0) Gecko/20100101 Firefox/147.0 (compatible; meta-externalagent/1.1 (+https://developers.facebook.com/docs/sharing/webmasters/crawler))" "-"
74.7.227.0 - - [02/Aug/2026:05:38:44 +0200] "GET /index.php?lokasie=/proc/thread-self/root/proc/thread-self/root/proc/thread-self/root/proc/self/root/proc/self/root/proc/self/root/kunden/kunden/kunden/proc/thread-self/root/kunden/kunden/proc//mounts&loknya=/proc/thread-self/root/proc/thread-self/root/proc/thread-self/root/proc/self/root/proc/self/root/proc/self/root/kunden/kunden/kunden/proc/thread-self/root/kunden/kunden/proc/ HTTP/1.1" 429 267 www.fincaslaucirica.com "https://www.fincaslaucirica.com/index.php?loknya=/proc/thread-self/root/proc/thread-self/root/proc/thread-self/root/proc/self/root/proc/self/root/proc/self/root/kunden/kunden/kunden/proc/thread-self/root/kunden/kunden/proc/" "Mozilla/5.0 AppleWebKit/537.36 (KHTML, like Gecko; compatible; GPTBot/1.4; +https://openai.com/gptbot)" "-"
74.7.227.0 - - [02/Aug/2026:05:38:49 +0200] "GET /?loknya=/homepages/46/d755775838/ HTTP/1.1" 200 14132 fincaslaucirica.com "http://fincaslaucirica.com/?loknya=/homepages/46/d755775838/.config" "Mozilla/5.0 AppleWebKit/537.36 (KHTML, like Gecko; compatible; GPTBot/1.4; +https://openai.com/gptbot)" "-"
74.7.242.0 - - [02/Aug/2026:05:39:01 +0200] "GET /?loknya=/kunden/kunden/homepages/46/d764878187/.config HTTP/1.1" 200 5436 fincaslaucirica.es "http://fincaslaucirica.es/?loknya=/kunden/kunden/homepages/46/d764878187" "Mozilla/5.0 AppleWebKit/537.36 (KHTML, like Gecko; compatible; GPTBot/1.4; +https://openai.com/gptbot)" "-"
43.157.142.0 - - [02/Aug/2026:05:39:03 +0200] "GET /?loknya=/homepages/15/d754908516/htdocs/logs HTTP/1.1" 200 47054 fincaslaucirica.com "-" "Mozilla/5.0 (iPhone; CPU iPhone OS 13_2_3 like Mac OS X) AppleWebKit/605.1.15 (KHTML, like Gecko) Version/13.0.3 Mobile/15E148 Safari/604.1" "-"
74.7.227.0 - - [02/Aug/2026:05:39:05 +0200] "GET /index.php?loknya=/proc/thread-self/root/proc/thread-self/root/proc/thread-self/root/proc/self/root/proc/self/root/proc/self/root/kunden/kunden/kunden/proc/thread-self/root/kunden/kunden/proc/mpt HTTP/1.1" 429 267 www.fincaslaucirica.com "https://www.fincaslaucirica.com/index.php?loknya=/proc/thread-self/root/proc/thread-self/root/proc/thread-self/root/proc/self/root/proc/self/root/proc/self/root/kunden/kunden/kunden/proc/thread-self/root/kunden/kunden/proc/" "Mozilla/5.0 AppleWebKit/537.36 (KHTML, like Gecko; compatible; GPTBot/1.4; +https://openai.com/gptbot)" "-"
2a01:f2c2:a700:: - - [02/Aug/2026:05:39:09 +0200] "GET /?loknya=%2Fhomepages%2F3%2Fd756754147 HTTP/1.1" 200 14094 www.fincaslaucirica.com "https://www.fincaslaucirica.com" "Mozilla/5.0 (Windows NT 10.0; Win64; x64) AppleWebKit/537.36 (KHTML, like Gecko) Chrome/145.0.0.0 Safari/537.36 Edg/145.0.0.0" "-"
74.7.227.0 - - [02/Aug/2026:05:39:14 +0200] "GET /?loknya=/homepages/15/d759867956/ HTTP/1.1" 200 14133 fincaslaucirica.com "http://fincaslaucirica.com/?loknya=/homepages/15/d759867956/.config" "Mozilla/5.0 AppleWebKit/537.36 (KHTML, like Gecko; compatible; GPTBot/1.4; +https://openai.com/gptbot)" "-"
51.195.244.0 - - [02/Aug/2026:05:39:19 +0200] "GET /shops/906a5051295561 HTTP/1.1" 404 1271 fincaslaucirica.com "-" "Mozilla/5.0 (compatible; AhrefsBot/7.0; +http://ahrefs.com/robot/)" "-"
157.100.104.0 - - [02/Aug/2026:05:39:21 +0200] "GET /?lokasie=%2Fetc%2FImageMagick-6%2Ftype-windows.xml&loknya=%2Fetc%2FImageMagick-6 HTTP/1.1" 200 24137 www.fincaslaucirica.com "https://www.fincaslaucirica.com" "Mozilla/5.0 (Windows NT 10.0; Win64; x64) AppleWebKit/537.36 (KHTML, like Gecko) Chrome/144.0.0.0 Safari/537.36" "-"
74.7.227.0 - - [02/Aug/2026:05:39:35 +0200] "GET /?lokasie=/homepages/36/d756134344//.created&loknya=/homepages/36/d756134344/ HTTP/1.1" 200 4079 fincaslaucirica.com "http://fincaslaucirica.com/?loknya=/homepages/36/d756134344/" "Mozilla/5.0 AppleWebKit/537.36 (KHTML, like Gecko; compatible; GPTBot/1.4; +https://openai.com/gptbot)" "-"
2a03:2880:f800:: - - [02/Aug/2026:05:39:44 +0200] "GET /shops/5a17003375831 HTTP/1.1" 404 1271 www.fincaslaucirica.com "-" "Mozilla/5.0 (Windows NT 10.0; Win64; x64) AppleWebKit/537.36 (KHTML, like Gecko) Chrome/145.0.0.0 Safari/537.36 (compatible; meta-externalagent/1.1 (+https://developers.facebook.com/docs/sharing/webmasters/crawler))" "-"
74.7.242.0 - - [02/Aug/2026:05:39:49 +0200] "GET /?loknya=/kunden/kunden/homepages/46/d755775838/.config HTTP/1.1" 200 5436 fincaslaucirica.es "http://fincaslaucirica.es/?loknya=/kunden/kunden/homepages/46/d755775838" "Mozilla/5.0 AppleWebKit/537.36 (KHTML, like Gecko; compatible; GPTBot/1.4; +https://openai.com/gptbot)" "-"
74.7.227.0 - - [02/Aug/2026:05:39:56 +0200] "GET /?lokasie=/homepages/11/d763670816//.created&loknya=/homepages/11/d763670816/ HTTP/1.1" 200 4079 fincaslaucirica.com "http://fincaslaucirica.com/?loknya=/homepages/11/d763670816/" "Mozilla/5.0 AppleWebKit/537.36 (KHTML, like Gecko; compatible; GPTBot/1.4; +https://openai.com/gptbot)" "-"
74.7.227.0 - - [02/Aug/2026:05:40:09 +0200] "GET /index.php?loknya=/proc/thread-self/root/proc/thread-self/root/proc/thread-self/root/proc/self/root/proc/self/root/proc/self/root/kunden/kunden/kunden/proc/thread-self/root/kunden/kunden/run/ HTTP/1.1" 200 17535 www.fincaslaucirica.com "https://www.fincaslaucirica.com/index.php?loknya=/proc/thread-self/root/proc/thread-self/root/proc/thread-self/root/proc/self/root/proc/self/root/proc/self/root/kunden/kunden/kunden/proc/thread-self/root/kunden/kunden/run/lock" "Mozilla/5.0 AppleWebKit/537.36 (KHTML, like Gecko; compatible; GPTBot/1.4; +https://openai.com/gptbot)" "-"
198.244.240.0 - - [02/Aug/2026:05:40:10 +0200] "GET /shops/5289e132022050 HTTP/1.1" 404 1271 fincaslaucirica.com "-" "Mozilla/5.0 (compatible; AhrefsBot/7.0; +http://ahrefs.com/robot/)" "-"
74.7.227.0 - - [02/Aug/2026:05:40:14 +0200] "GET /?lokasie=/homepages/17/d651030105//.created&loknya=/homepages/17/d651030105/ HTTP/1.1" 200 4079 fincaslaucirica.com "http://fincaslaucirica.com/?loknya=/homepages/17/d651030105/" "Mozilla/5.0 AppleWebKit/537.36 (KHTML, like Gecko; compatible; GPTBot/1.4; +https://openai.com/gptbot)" "-"
74.7.227.0 - - [02/Aug/2026:05:40:29 +0200] "GET /?lokasie=/homepages/37/d755785840//.created&loknya=/homepages/37/d755785840/ HTTP/1.1" 200 4079 fincaslaucirica.com "http://fincaslaucirica.com/?loknya=/homepages/37/d755785840/" "Mozilla/5.0 AppleWebKit/537.36 (KHTML, like Gecko; compatible; GPTBot/1.4; +https://openai.com/gptbot)" "-"
74.7.242.0 - - [02/Aug/2026:05:40:30 +0200] "GET /?loknya=/kunden/kunden/homepages/46/d764663961/.config HTTP/1.1" 200 5436 fincaslaucirica.es "http://fincaslaucirica.es/?loknya=/kunden/kunden/homepages/46/d764663961" "Mozilla/5.0 AppleWebKit/537.36 (KHTML, like Gecko; compatible; GPTBot/1.4; +https://openai.com/gptbot)" "-"
74.7.227.0 - - [02/Aug/2026:05:40:43 +0200] "GET /?lokasie=/homepages/17/d651030105//distributor.lock&loknya=/homepages/17/d651030105/ HTTP/1.1" 200 4076 fincaslaucirica.com "http://fincaslaucirica.com/?loknya=/homepages/17/d651030105/" "Mozilla/5.0 AppleWebKit/537.36 (KHTML, like Gecko; compatible; GPTBot/1.4; +https://openai.com/gptbot)" "-"
2a03:2880:f800:: - - [02/Aug/2026:05:40:52 +0200] "GET /2023/03/07/orologio-gratuito-di-calcio-porto-vs-inter/ HTTP/1.1" 404 1271 www.fincaslaucirica.com "-" "Mozilla/5.0 (Macintosh; Intel Mac OS X 10_15_7) AppleWebKit/537.36 (KHTML, like Gecko) Chrome/145.0.0.0 Safari/537.36 (compatible; meta-externalagent/1.1 (+https://developers.facebook.com/docs/sharing/webmasters/crawler))" "-"
74.7.227.0 - - [02/Aug/2026:05:40:56 +0200] "GET /?lokasie=/homepages/15/d755617041//.created&loknya=/homepages/15/d755617041/ HTTP/1.1" 200 4079 fincaslaucirica.com "http://fincaslaucirica.com/?loknya=/homepages/15/d755617041/" "Mozilla/5.0 AppleWebKit/537.36 (KHTML, like Gecko; compatible; GPTBot/1.4; +https://openai.com/gptbot)" "-"
51.89.129.0 - - [02/Aug/2026:05:41:00 +0200] "GET /shops/9dc1088152172 HTTP/1.1" 404 1271 fincaslaucirica.com "-" "Mozilla/5.0 (compatible; AhrefsBot/7.0; +http://ahrefs.com/robot/)" "-"
74.7.242.0 - - [02/Aug/2026:05:41:07 +0200] "GET /?loknya=/kunden/kunden/homepages/46/d761607034/ HTTP/1.1" 200 20349 fincaslaucirica.es "http://fincaslaucirica.es/?loknya=/kunden/kunden/homepages/46/d761607034/.config" "Mozilla/5.0 AppleWebKit/537.36 (KHTML, like Gecko; compatible; GPTBot/1.4; +https://openai.com/gptbot)" "-"
74.7.227.0 - - [02/Aug/2026:05:41:08 +0200] "GET /?lokasie=/homepages/28/d755618511//.created&loknya=/homepages/28/d755618511/ HTTP/1.1" 200 4079 fincaslaucirica.com "http://fincaslaucirica.com/?loknya=/homepages/28/d755618511/" "Mozilla/5.0 AppleWebKit/537.36 (KHTML, like Gecko; compatible; GPTBot/1.4; +https://openai.com/gptbot)" "-"
74.7.227.0 - - [02/Aug/2026:05:41:10 +0200] "GET /index.php?loknya=/proc/thread-self/root/proc/thread-self/root/proc/thread-self/root/proc/self/root/proc/self/root/proc/self/root/kunden/kunden/kunden/proc/thread-self/root/proc/fs/nfsd HTTP/1.1" 200 8701 www.fincaslaucirica.com "https://www.fincaslaucirica.com/index.php?loknya=/proc/thread-self/root/proc/thread-self/root/proc/thread-self/root/proc/self/root/proc/self/root/proc/self/root/kunden/kunden/kunden/proc/thread-self/root/proc/fs" "Mozilla/5.0 AppleWebKit/537.36 (KHTML, like Gecko; compatible; GPTBot/1.4; +https://openai.com/gptbot)" "-"
74.7.227.0 - - [02/Aug/2026:05:41:19 +0200] "GET /?loknya=/homepages/44/d763401445 HTTP/1.1" 200 12747 fincaslaucirica.com "http://fincaslaucirica.com/?loknya=/homepages/44/d763401445/" "Mozilla/5.0 AppleWebKit/537.36 (KHTML, like Gecko; compatible; GPTBot/1.4; +https://openai.com/gptbot)" "-"
74.7.227.0 - - [02/Aug/2026:05:41:28 +0200] "GET /?lokasie=/homepages/10/d763466177//.created&loknya=/homepages/10/d763466177/ HTTP/1.1" 200 4079 fincaslaucirica.com "http://fincaslaucirica.com/?loknya=/homepages/10/d763466177/" "Mozilla/5.0 AppleWebKit/537.36 (KHTML, like Gecko; compatible; GPTBot/1.4; +https://openai.com/gptbot)" "-"
74.7.227.0 - - [02/Aug/2026:05:41:36 +0200] "GET /?lokasie=/homepages/46/d755775838//.created&loknya=/homepages/46/d755775838/ HTTP/1.1" 200 4079 fincaslaucirica.com "http://fincaslaucirica.com/?loknya=/homepages/46/d755775838/" "Mozilla/5.0 AppleWebKit/537.36 (KHTML, like Gecko; compatible; GPTBot/1.4; +https://openai.com/gptbot)" "-"
