52.238.199.0 - - [02/Aug/2026:00:12:09 +0200] "GET /wp-content/155.php HTTP/1.1" 404 1271 fincaslaucirica.com "-" "Mozilla/5.0 (Windows NT 10.0; Win64; x64) AppleWebKit/537.36 (KHTML, like Gecko) Chrome/120.0.0.0 Safari/537.36" "-"
52.238.199.0 - - [02/Aug/2026:00:12:09 +0200] "GET /wp-content/themes/about.php HTTP/1.1" 404 1271 fincaslaucirica.com "-" "Mozilla/5.0 (Windows NT 10.0; Win64; x64) AppleWebKit/537.36 (KHTML, like Gecko) Chrome/120.0.0.0 Safari/537.36" "-"
52.238.199.0 - - [02/Aug/2026:00:12:09 +0200] "GET /wp-update.php HTTP/1.1" 404 1271 fincaslaucirica.com "-" "Mozilla/5.0 (Windows NT 10.0; Win64; x64) AppleWebKit/537.36 (KHTML, like Gecko) Chrome/120.0.0.0 Safari/537.36" "-"
52.238.199.0 - - [02/Aug/2026:00:12:09 +0200] "GET /xmrlpc.php HTTP/1.1" 301 286 fincaslaucirica.com "-" "Mozilla/5.0 (Windows NT 10.0; Win64; x64) AppleWebKit/537.36 (KHTML, like Gecko) Chrome/120.0.0.0 Safari/537.36" "-"
52.238.199.0 - - [02/Aug/2026:00:12:09 +0200] "GET /about/function.php HTTP/1.1" 404 1271 fincaslaucirica.com "-" "Mozilla/5.0 (Windows NT 10.0; Win64; x64) AppleWebKit/537.36 (KHTML, like Gecko) Chrome/120.0.0.0 Safari/537.36" "-"
52.238.199.0 - - [02/Aug/2026:00:12:09 +0200] "GET /an.php HTTP/1.1" 404 1271 fincaslaucirica.com "-" "Mozilla/5.0 (Windows NT 10.0; Win64; x64) AppleWebKit/537.36 (KHTML, like Gecko) Chrome/120.0.0.0 Safari/537.36" "-"
52.238.199.0 - - [02/Aug/2026:00:12:10 +0200] "GET /asw.php HTTP/1.1" 404 1271 fincaslaucirica.com "-" "Mozilla/5.0 (Windows NT 10.0; Win64; x64) AppleWebKit/537.36 (KHTML, like Gecko) Chrome/120.0.0.0 Safari/537.36" "-"
52.238.199.0 - - [02/Aug/2026:00:12:10 +0200] "GET /item.php HTTP/1.1" 403 15 fincaslaucirica.com "-" "Mozilla/5.0 (Windows NT 10.0; Win64; x64) AppleWebKit/537.36 (KHTML, like Gecko) Chrome/120.0.0.0 Safari/537.36" "-"
52.238.199.0 - - [02/Aug/2026:00:12:10 +0200] "GET /jga.php HTTP/1.1" 404 1271 fincaslaucirica.com "-" "Mozilla/5.0 (Windows NT 10.0; Win64; x64) AppleWebKit/537.36 (KHTML, like Gecko) Chrome/120.0.0.0 Safari/537.36" "-"
52.238.199.0 - - [02/Aug/2026:00:12:10 +0200] "GET /mac.php HTTP/1.1" 301 283 fincaslaucirica.com "-" "Mozilla/5.0 (Windows NT 10.0; Win64; x64) AppleWebKit/537.36 (KHTML, like Gecko) Chrome/120.0.0.0 Safari/537.36" "-"
52.238.199.0 - - [02/Aug/2026:00:12:10 +0200] "GET /system.php HTTP/1.1" 404 1271 fincaslaucirica.com "-" "Mozilla/5.0 (Windows NT 10.0; Win64; x64) AppleWebKit/537.36 (KHTML, like Gecko) Chrome/120.0.0.0 Safari/537.36" "-"
52.238.199.0 - - [02/Aug/2026:00:12:10 +0200] "GET /wp-access.php HTTP/1.1" 404 1271 fincaslaucirica.com "-" "Mozilla/5.0 (Windows NT 10.0; Win64; x64) AppleWebKit/537.36 (KHTML, like Gecko) Chrome/120.0.0.0 Safari/537.36" "-"
52.238.199.0 - - [02/Aug/2026:00:12:10 +0200] "GET /wp-admin/images/index.php HTTP/1.1" 404 1271 fincaslaucirica.com "-" "Mozilla/5.0 (Windows NT 10.0; Win64; x64) AppleWebKit/537.36 (KHTML, like Gecko) Chrome/120.0.0.0 Safari/537.36" "-"
52.238.199.0 - - [02/Aug/2026:00:12:11 +0200] "GET /wp-admin/includes/index.php HTTP/1.1" 404 1271 fincaslaucirica.com "-" "Mozilla/5.0 (Windows NT 10.0; Win64; x64) AppleWebKit/537.36 (KHTML, like Gecko) Chrome/120.0.0.0 Safari/537.36" "-"
52.238.199.0 - - [02/Aug/2026:00:12:11 +0200] "GET /wp-load.php HTTP/1.1" 200 57762 fincaslaucirica.com "-" "Mozilla/5.0 (Windows NT 10.0; Win64; x64) AppleWebKit/537.36 (KHTML, like Gecko) Chrome/120.0.0.0 Safari/537.36" "-"
74.7.227.0 - - [02/Aug/2026:00:12:11 +0200] "GET /index.php?loknya=/roc/thread-self/root/roc/thread-self/root/roc/thread-self/root/roc/self/root/roc/self/root/roc/thread-self/root/roc/thread-self/root/kunden/roc HTTP/1.1" 200 7822 www.fincaslaucirica.com "https://www.fincaslaucirica.com/index.php?loknya=/roc/thread-self/root/roc/thread-self/root/roc/thread-self/root/roc/self/root/roc/self/root/roc/thread-self/root/roc/thread-self/root/kunden/roc/thread-self/root/lib/terminfo/" "Mozilla/5.0 AppleWebKit/537.36 (KHTML, like Gecko; compatible; GPTBot/1.4; +https://openai.com/gptbot)" "-"
74.7.227.0 - - [02/Aug/2026:00:12:22 +0200] "GET /index.php?lokasie=/homepages/15/d754908516/htdocs/wp-admin/site-health-info.php&loknya=/homepages/15/d754908516/htdocs/wp-admin HTTP/1.1" 200 9041 fincaslaucirica.com "http://fincaslaucirica.com/index.php?loknya=/homepages/15/d754908516/htdocs/wp-admin" "Mozilla/5.0 AppleWebKit/537.36 (KHTML, like Gecko; compatible; GPTBot/1.4; +https://openai.com/gptbot)" "-"
74.7.227.0 - - [02/Aug/2026:00:12:26 +0200] "GET /index.php?loknya=/pro/thread-self/root/pro/thread-self/root/pro/thread-self/root/pro/self/root/pro/self/root/pro/thread-self/root/pro/thread-self/root/lib HTTP/1.1" 200 7652 www.fincaslaucirica.com "https://www.fincaslaucirica.com/index.php?loknya=/pro/thread-self/root/pro/thread-self/root/pro/thread-self/root/pro/self/root/pro/self/root/pro/thread-self/root/pro/thread-self/root/lib/terminfo/" "Mozilla/5.0 AppleWebKit/537.36 (KHTML, like Gecko; compatible; GPTBot/1.4; +https://openai.com/gptbot)" "-"
51.195.215.0 - - [02/Aug/2026:00:12:30 +0200] "GET /shops/5c95ba53708867 HTTP/1.1" 404 1271 fincaslaucirica.com "-" "Mozilla/5.0 (compatible; AhrefsBot/7.0; +http://ahrefs.com/robot/)" "-"
74.7.242.0 - - [02/Aug/2026:00:12:34 +0200] "GET /?loknya=/kunden/kunden/homepages/29/d762173085/ HTTP/1.1" 200 13238 fincaslaucirica.es "http://fincaslaucirica.es/?loknya=/kunden/kunden/homepages/29/d762173085/managed" "Mozilla/5.0 AppleWebKit/537.36 (KHTML, like Gecko; compatible; GPTBot/1.4; +https://openai.com/gptbot)" "-"
74.7.227.0 - - [02/Aug/2026:00:12:39 +0200] "GET /index.php?loknya=/pro/thread-self/root/pro/thread-self/root/pro/thread-self/root/pro/self/root/pro/self/root/pro/thread-self/root/pro/thread-self/root/lib/ HTTP/1.1" 200 7654 www.fincaslaucirica.com "https://www.fincaslaucirica.com/index.php?loknya=/pro/thread-self/root/pro/thread-self/root/pro/thread-self/root/pro/self/root/pro/self/root/pro/thread-self/root/pro/thread-self/root/lib/terminfo/" "Mozilla/5.0 AppleWebKit/537.36 (KHTML, like Gecko; compatible; GPTBot/1.4; +https://openai.com/gptbot)" "-"
74.7.227.0 - - [02/Aug/2026:00:12:51 +0200] "GET /index.php?loknya=/proc/thread-self/root/proc/thread-self/root/proc/thread-self/root/proc/self/root/proc/self/root/proc/thread-self/root/proc/thread-self/root/kunden/usr/lib/ruby/vendor_ruby/rubygems/ HTTP/1.1" 200 158280 www.fincaslaucirica.com "https://www.fincaslaucirica.com/index.php?loknya=/proc/thread-self/root/proc/thread-self/root/proc/thread-self/root/proc/self/root/proc/self/root/proc/thread-self/root/proc/thread-self/root/kunden/usr/lib/ruby/vendor_ruby/rubygems/ssl_certs" "Mozilla/5.0 AppleWebKit/537.36 (KHTML, like Gecko; compatible; GPTBot/1.4; +https://openai.com/gptbot)" "-"
74.7.227.0 - - [02/Aug/2026:00:12:54 +0200] "GET /index.php?lokasie=/homepages/15/d754908516/htdocs/wp-admin/site-health-info.php&loknya=/homepages/15/d754908516/htdocs/wp-admin HTTP/1.1" 200 9041 fincaslaucirica.com "https://fincaslaucirica.com/index.php?loknya=/homepages/15/d754908516/htdocs/wp-admin" "Mozilla/5.0 AppleWebKit/537.36 (KHTML, like Gecko; compatible; GPTBot/1.4; +https://openai.com/gptbot)" "-"
74.7.227.0 - - [02/Aug/2026:00:13:01 +0200] "GET /index.php?loknya=/pro/thread-self/root/pro/thread-self/root/pro/thread-self/root/pro/self/root/pro/self/root/pro/thread-self/root/pro/thread-self/root/lib/terminfo HTTP/1.1" 200 7852 www.fincaslaucirica.com "https://www.fincaslaucirica.com/index.php?loknya=/pro/thread-self/root/pro/thread-self/root/pro/thread-self/root/pro/self/root/pro/self/root/pro/thread-self/root/pro/thread-self/root/lib/terminfo/" "Mozilla/5.0 AppleWebKit/537.36 (KHTML, like Gecko; compatible; GPTBot/1.4; +https://openai.com/gptbot)" "-"
2a03:2880:f800:: - - [02/Aug/2026:00:13:05 +0200] "GET /shops/5ee32be1840331 HTTP/1.1" 404 1271 www.fincaslaucirica.com "-" "Mozilla/5.0 (Macintosh; Intel Mac OS X 10.15; rv:147.0) Gecko/20100101 Firefox/147.0 (compatible; meta-externalagent/1.1 (+https://developers.facebook.com/docs/sharing/webmasters/crawler))" "-"
74.7.227.0 - - [02/Aug/2026:00:13:11 +0200] "GET /index.php?loknya=/proc/thred-self/root/proc/thred-self/root/proc/thred-self/root/proc/self/root/proc/self/root/proc/thred-self/root/proc/thred-self/root/kunden/proc HTTP/1.1" 200 7857 www.fincaslaucirica.com "https://www.fincaslaucirica.com/index.php?loknya=/proc/thred-self/root/proc/thred-self/root/proc/thred-self/root/proc/self/root/proc/self/root/proc/thred-self/root/proc/thred-self/root/kunden/proc/thred-self/root/lib/terminfo/" "Mozilla/5.0 AppleWebKit/537.36 (KHTML, like Gecko; compatible; GPTBot/1.4; +https://openai.com/gptbot)" "-"
52.167.144.0 - - [02/Aug/2026:00:13:17 +0200] "GET /shops/1df6c7b2086919 HTTP/1.1" 404 1271 fincaslaucirica.com "-" "Mozilla/5.0 AppleWebKit/537.36 (KHTML, like Gecko; compatible; bingbot/2.0; +http://www.bing.com/bingbot.htm) Chrome/116.0.1938.76 Safari/537.36" "-"
74.7.227.0 - - [02/Aug/2026:00:13:19 +0200] "GET /index.php?loknya=/roc/thread-self/root/roc/thread-self/root/roc/thread-self/root/roc/self/root/roc/self/root/roc/thread-self/root/roc/thread-self/root/kunden/roc/self HTTP/1.1" 200 8011 www.fincaslaucirica.com "https://www.fincaslaucirica.com/index.php?loknya=/roc/thread-self/root/roc/thread-self/root/roc/thread-self/root/roc/self/root/roc/self/root/roc/thread-self/root/roc/thread-self/root/kunden/roc/self/root/usr/lib/terminfo/" "Mozilla/5.0 AppleWebKit/537.36 (KHTML, like Gecko; compatible; GPTBot/1.4; +https://openai.com/gptbot)" "-"
74.7.227.0 - - [02/Aug/2026:00:13:26 +0200] "GET /?lokasie=/var/cache/fontconfig/91e9d42b-2627-4a79-b9f2-e1457bf70ec9-le64.cache-7&loknya=/var/cache/fontconfig HTTP/1.1" 200 4090 fincaslaucirica.com "https://fincaslaucirica.com/?loknya=/var/cache/fontconfig" "Mozilla/5.0 AppleWebKit/537.36 (KHTML, like Gecko; compatible; GPTBot/1.4; +https://openai.com/gptbot)" "-"
74.7.227.0 - - [02/Aug/2026:00:13:27 +0200] "GET /index.php?loknya=/pro/thread-self/root/pro/thread-self/root/pro/thread-self/root/pro/self/root/pro/self/root/pro/thread-self/root/pro/thread-self/root/ HTTP/1.1" 429 267 www.fincaslaucirica.com "https://www.fincaslaucirica.com/index.php?loknya=/pro/thread-self/root/pro/thread-self/root/pro/thread-self/root/pro/self/root/pro/self/root/pro/thread-self/root/pro/thread-self/root/kunden/kunden" "Mozilla/5.0 AppleWebKit/537.36 (KHTML, like Gecko; compatible; GPTBot/1.4; +https://openai.com/gptbot)" "-"
74.7.242.0 - - [02/Aug/2026:00:13:28 +0200] "GET /?loknya=/kunden/kunden/homepages/32/d764515897/ HTTP/1.1" 200 13239 fincaslaucirica.es "http://fincaslaucirica.es/?loknya=/kunden/kunden/homepages/32/d764515897/managed" "Mozilla/5.0 AppleWebKit/537.36 (KHTML, like Gecko; compatible; GPTBot/1.4; +https://openai.com/gptbot)" "-"
74.7.227.0 - - [02/Aug/2026:00:13:34 +0200] "GET /index.php?loknya=/proc/threa-self/root/proc/threa-self/root/proc/threa-self/root/proc/self/root/proc/self/root/proc/threa-self/root/proc/threa-self/root/kunen HTTP/1.1" 429 267 www.fincaslaucirica.com "https://www.fincaslaucirica.com/index.php?loknya=/proc/threa-self/root/proc/threa-self/root/proc/threa-self/root/proc/self/root/proc/self/root/proc/threa-self/root/proc/threa-self/root/kunen/proc/threa-self/root/lib/" "Mozilla/5.0 AppleWebKit/537.36 (KHTML, like Gecko; compatible; GPTBot/1.4; +https://openai.com/gptbot)" "-"
74.7.227.0 - - [02/Aug/2026:00:13:52 +0200] "GET /?lokasie=/var/cache/fontconfig/58d0a22f-0c5d-4c65-ab50-75b1a433b5cc-le64.cache-7&loknya=/var/cache/fontconfig HTTP/1.1" 200 4090 fincaslaucirica.com "http://fincaslaucirica.com/?loknya=/var/cache/fontconfig" "Mozilla/5.0 AppleWebKit/537.36 (KHTML, like Gecko; compatible; GPTBot/1.4; +https://openai.com/gptbot)" "-"
74.7.227.0 - - [02/Aug/2026:00:13:54 +0200] "GET /index.php?loknya=/proc/thread-self/root/proc/thread-self/root/proc/thread-self/root/proc/self/root/proc/self/root/proc/thread-self/root/proc/thread-self/root/lib/gcc HTTP/1.1" 429 267 www.fincaslaucirica.com "https://www.fincaslaucirica.com/index.php?loknya=/proc/thread-self/root/proc/thread-self/root/proc/thread-self/root/proc/self/root/proc/self/root/proc/thread-self/root/proc/thread-self/root/lib" "Mozilla/5.0 AppleWebKit/537.36 (KHTML, like Gecko; compatible; GPTBot/1.4; +https://openai.com/gptbot)" "-"
2a03:2880:f800:: - - [02/Aug/2026:00:14:11 +0200] "GET /shops/6328259180638 HTTP/1.1" 404 1271 www.fincaslaucirica.com "-" "Mozilla/5.0 (Windows NT 10.0; Win64; x64) AppleWebKit/537.36 (KHTML, like Gecko) Chrome/145.0.0.0 Safari/537.36 Edg/145.0.0.0 (compatible; meta-externalagent/1.1 (+https://developers.facebook.com/docs/sharing/webmasters/crawler))" "-"
198.244.226.0 - - [02/Aug/2026:00:14:13 +0200] "GET /shops/f4d2c801326814 HTTP/1.1" 404 1271 fincaslaucirica.com "-" "Mozilla/5.0 (compatible; AhrefsBot/7.0; +http://ahrefs.com/robot/)" "-"
74.7.227.0 - - [02/Aug/2026:00:14:15 +0200] "GET /?lokasie=/var/cache/fontconfig/c8be8a4f-5ce1-455b-ad60-82c2b69e5475-le64.cache-7&loknya=/var/cache/fontconfig HTTP/1.1" 200 4090 fincaslaucirica.com "http://fincaslaucirica.com/?loknya=/var/cache/fontconfig" "Mozilla/5.0 AppleWebKit/537.36 (KHTML, like Gecko; compatible; GPTBot/1.4; +https://openai.com/gptbot)" "-"
74.7.242.0 - - [02/Aug/2026:00:14:21 +0200] "GET /?loknya=/kunden/kunden/homepages/16/d754360826/ HTTP/1.1" 200 20335 fincaslaucirica.es "http://fincaslaucirica.es/?loknya=/kunden/kunden/homepages/16/d754360826/managed" "Mozilla/5.0 AppleWebKit/537.36 (KHTML, like Gecko; compatible; GPTBot/1.4; +https://openai.com/gptbot)" "-"
74.7.227.0 - - [02/Aug/2026:00:14:38 +0200] "GET /?lokasie=/var/cache/fontconfig/c8be8a4f-5ce1-455b-ad60-82c2b69e5475-le64.cache-7&loknya=/var/cache/fontconfig HTTP/1.1" 200 4090 fincaslaucirica.com "https://fincaslaucirica.com/?loknya=/var/cache/fontconfig" "Mozilla/5.0 AppleWebKit/537.36 (KHTML, like Gecko; compatible; GPTBot/1.4; +https://openai.com/gptbot)" "-"
74.7.227.0 - - [02/Aug/2026:00:14:56 +0200] "GET /index.php?loknya=/proc/thread-self/root/proc/thread-self/root/proc/thread-self/root/proc/self/root/proc/self/root/proc/thread-self/root/proc/thread-self/root/kunn/var HTTP/1.1" 200 7964 www.fincaslaucirica.com "https://www.fincaslaucirica.com/index.php?loknya=/proc/thread-self/root/proc/thread-self/root/proc/thread-self/root/proc/self/root/proc/self/root/proc/thread-self/root/proc/thread-self/root/kunn/var/cache/man/" "Mozilla/5.0 AppleWebKit/537.36 (KHTML, like Gecko; compatible; GPTBot/1.4; +https://openai.com/gptbot)" "-"
74.7.227.0 - - [02/Aug/2026:00:14:59 +0200] "GET /?lokasie=/var/cache/fontconfig/91e9d42b-2627-4a79-b9f2-e1457bf70ec9-le64.cache-7&loknya=/var/cache/fontconfig HTTP/1.1" 200 4090 fincaslaucirica.com "http://fincaslaucirica.com/?loknya=/var/cache/fontconfig" "Mozilla/5.0 AppleWebKit/537.36 (KHTML, like Gecko; compatible; GPTBot/1.4; +https://openai.com/gptbot)" "-"
74.7.242.0 - - [02/Aug/2026:00:15:09 +0200] "GET /?loknya=/kunden/kunden/homepages/32/d756805641/ HTTP/1.1" 200 20353 fincaslaucirica.es "http://fincaslaucirica.es/?loknya=/kunden/kunden/homepages/32/d756805641/managed" "Mozilla/5.0 AppleWebKit/537.36 (KHTML, like Gecko; compatible; GPTBot/1.4; +https://openai.com/gptbot)" "-"
74.7.227.0 - - [02/Aug/2026:00:15:17 +0200] "GET /?lokasie=/var/cache/fontconfig/3e4c1ed3-87aa-4814-b805-aeff08827ba3-le64.cache-7&loknya=/var/cache/fontconfig HTTP/1.1" 200 4090 fincaslaucirica.com "http://fincaslaucirica.com/?loknya=/var/cache/fontconfig" "Mozilla/5.0 AppleWebKit/537.36 (KHTML, like Gecko; compatible; GPTBot/1.4; +https://openai.com/gptbot)" "-"
2a03:2880:f800:: - - [02/Aug/2026:00:15:18 +0200] "GET /shops/f21b023169701 HTTP/1.1" 404 1271 www.fincaslaucirica.com "-" "Mozilla/5.0 (Macintosh; Intel Mac OS X 10_15_7) AppleWebKit/537.36 (KHTML, like Gecko) Chrome/145.0.0.0 Safari/537.36 (compatible; meta-externalagent/1.1 (+https://developers.facebook.com/docs/sharing/webmasters/crawler))" "-"
74.7.227.0 - - [02/Aug/2026:00:15:33 +0200] "GET /?lokasie=/var/cache/fontconfig/3e4c1ed3-87aa-4814-b805-aeff08827ba3-le64.cache-7&loknya=/var/cache/fontconfig HTTP/1.1" 200 4090 fincaslaucirica.com "https://fincaslaucirica.com/?loknya=/var/cache/fontconfig" "Mozilla/5.0 AppleWebKit/537.36 (KHTML, like Gecko; compatible; GPTBot/1.4; +https://openai.com/gptbot)" "-"
74.7.227.0 - - [02/Aug/2026:00:15:48 +0200] "GET /?lokasie=/usr/share/aclocal/ltoptions.m4&loknya=/usr/share/aclocal HTTP/1.1" 200 18776 fincaslaucirica.com "http://fincaslaucirica.com/?loknya=/usr/share/aclocal" "Mozilla/5.0 AppleWebKit/537.36 (KHTML, like Gecko; compatible; GPTBot/1.4; +https://openai.com/gptbot)" "-"
74.7.242.0 - - [02/Aug/2026:00:15:50 +0200] "GET /?loknya=/kunden/kunden/homepages/25/d758491336/ HTTP/1.1" 200 20331 fincaslaucirica.es "http://fincaslaucirica.es/?loknya=/kunden/kunden/homepages/25/d758491336/managed" "Mozilla/5.0 AppleWebKit/537.36 (KHTML, like Gecko; compatible; GPTBot/1.4; +https://openai.com/gptbot)" "-"
198.244.240.0 - - [02/Aug/2026:00:15:56 +0200] "GET /shops/461a988520479 HTTP/1.1" 404 1271 fincaslaucirica.com "-" "Mozilla/5.0 (compatible; AhrefsBot/7.0; +http://ahrefs.com/robot/)" "-"
74.7.227.0 - - [02/Aug/2026:00:16:00 +0200] "GET /?lokasie=/usr/share/aclocal/lt~obsolete.m4&loknya=/usr/share/aclocal HTTP/1.1" 200 10186 fincaslaucirica.com "http://fincaslaucirica.com/?loknya=/usr/share/aclocal" "Mozilla/5.0 AppleWebKit/537.36 (KHTML, like Gecko; compatible; GPTBot/1.4; +https://openai.com/gptbot)" "-"
74.7.227.0 - - [02/Aug/2026:00:16:00 +0200] "GET /index.php?loknya=/proc/threa-self/root/proc/threa-self/root/proc/threa-self/root/proc/self/root/proc/self/root/proc/threa-self/root/proc/threa-self/root/kunen/kunen HTTP/1.1" 200 7884 www.fincaslaucirica.com "https://www.fincaslaucirica.com/index.php?loknya=/proc/threa-self/root/proc/threa-self/root/proc/threa-self/root/proc/self/root/proc/self/root/proc/threa-self/root/proc/threa-self/root/kunen/kunen/proc/self/root/usr/lib/terminfo/" "Mozilla/5.0 AppleWebKit/537.36 (KHTML, like Gecko; compatible; GPTBot/1.4; +https://openai.com/gptbot)" "-"
74.7.227.0 - - [02/Aug/2026:00:16:12 +0200] "GET /?lokasie=/usr/share/aclocal/ltversion.m4&loknya=/usr/share/aclocal HTTP/1.1" 200 4743 fincaslaucirica.com "http://fincaslaucirica.com/?loknya=/usr/share/aclocal" "Mozilla/5.0 AppleWebKit/537.36 (KHTML, like Gecko; compatible; GPTBot/1.4; +https://openai.com/gptbot)" "-"
74.7.227.0 - - [02/Aug/2026:00:16:22 +0200] "GET /?lokasie=/homepages/18/d764880791/htaccesslist&loknya=/homepages/18/d764880791 HTTP/1.1" 200 4071 fincaslaucirica.com "http://fincaslaucirica.com/?loknya=/homepages/18/d764880791" "Mozilla/5.0 AppleWebKit/537.36 (KHTML, like Gecko; compatible; GPTBot/1.4; +https://openai.com/gptbot)" "-"
2a03:2880:f800:: - - [02/Aug/2026:00:16:24 +0200] "GET /shops/292a5471835661 HTTP/1.1" 404 1271 www.fincaslaucirica.com "-" "Mozilla/5.0 (Windows NT 10.0; Win64; x64) AppleWebKit/537.36 (KHTML, like Gecko) Chrome/145.0.0.0 Safari/537.36 (compatible; meta-externalagent/1.1 (+https://developers.facebook.com/docs/sharing/webmasters/crawler))" "-"
74.7.242.0 - - [02/Aug/2026:00:16:26 +0200] "GET /?loknya=/kunden/kunden/homepages/32/d764958261/ HTTP/1.1" 200 16077 fincaslaucirica.es "http://fincaslaucirica.es/?loknya=/kunden/kunden/homepages/32/d764958261/managed" "Mozilla/5.0 AppleWebKit/537.36 (KHTML, like Gecko; compatible; GPTBot/1.4; +https://openai.com/gptbot)" "-"
74.7.227.0 - - [02/Aug/2026:00:16:32 +0200] "GET /?lokasie=/homepages/19/d754048091/htaccesslist&loknya=/homepages/19/d754048091 HTTP/1.1" 200 4071 fincaslaucirica.com "http://fincaslaucirica.com/?loknya=/homepages/19/d754048091" "Mozilla/5.0 AppleWebKit/537.36 (KHTML, like Gecko; compatible; GPTBot/1.4; +https://openai.com/gptbot)" "-"
2600:1f18:6600:: - - [02/Aug/2026:00:16:38 +0200] "GET / HTTP/1.1" 200 57785 fincaslaucirica.es "-" "Mozilla/5.0 (X11; Linux x86_64) AppleWebKit/537.36 (KHTML, like Gecko) Chrome/58.0.3029.110 Safari/537.36" "-"
74.7.227.0 - - [02/Aug/2026:00:16:40 +0200] "GET /?lokasie=/usr/lib/git-core//git-sh-i18n&loknya=/usr/lib/git-core/ HTTP/1.1" 200 6910 fincaslaucirica.com "http://fincaslaucirica.com/?loknya=/usr/lib/git-core/" "Mozilla/5.0 AppleWebKit/537.36 (KHTML, like Gecko; compatible; GPTBot/1.4; +https://openai.com/gptbot)" "-"
74.7.227.0 - - [02/Aug/2026:00:16:48 +0200] "GET /?lokasie=/lib/locale/miq_NI/LC_NAME&loknya=/lib/locale/miq_NI HTTP/1.1" 429 267 fincaslaucirica.com "https://fincaslaucirica.com/?loknya=/lib/locale/miq_NI" "Mozilla/5.0 AppleWebKit/537.36 (KHTML, like Gecko; compatible; GPTBot/1.4; +https://openai.com/gptbot)" "-"
74.7.227.0 - - [02/Aug/2026:00:16:55 +0200] "GET /?lokasie=/lib/locale/the_NP/LC_NAME&loknya=/lib/locale/the_NP HTTP/1.1" 429 267 fincaslaucirica.com "http://fincaslaucirica.com/?loknya=/lib/locale/the_NP" "Mozilla/5.0 AppleWebKit/537.36 (KHTML, like Gecko; compatible; GPTBot/1.4; +https://openai.com/gptbot)" "-"
74.7.227.0 - - [02/Aug/2026:00:16:55 +0200] "GET /index.php?loknya=/proc/thread-sef/root/proc/thread-sef/root/proc/thread-sef/root/proc/sef/root/proc/sef/root/proc/thread-sef/root/proc/thread-sef/root/kunden/kunden HTTP/1.1" 200 7862 www.fincaslaucirica.com "https://www.fincaslaucirica.com/index.php?loknya=/proc/thread-sef/root/proc/thread-sef/root/proc/thread-sef/root/proc/sef/root/proc/sef/root/proc/thread-sef/root/proc/thread-sef/root/kunden/kunden/proc/sef/root/usr/ib/terminfo/" "Mozilla/5.0 AppleWebKit/537.36 (KHTML, like Gecko; compatible; GPTBot/1.4; +https://openai.com/gptbot)" "-"
74.7.242.0 - - [02/Aug/2026:00:16:58 +0200] "GET /?loknya=/kunden/kunden/homepages/32/d765095548/ HTTP/1.1" 200 14665 fincaslaucirica.es "http://fincaslaucirica.es/?loknya=/kunden/kunden/homepages/32/d765095548/managed" "Mozilla/5.0 AppleWebKit/537.36 (KHTML, like Gecko; compatible; GPTBot/1.4; +https://openai.com/gptbot)" "-"
74.7.227.0 - - [02/Aug/2026:00:17:16 +0200] "GET /?lokasie=/lib/locale/the_NP/LC_NAME&loknya=/lib/locale/the_NP HTTP/1.1" 429 267 fincaslaucirica.com "https://fincaslaucirica.com/?loknya=/lib/locale/the_NP" "Mozilla/5.0 AppleWebKit/537.36 (KHTML, like Gecko; compatible; GPTBot/1.4; +https://openai.com/gptbot)" "-"
52.167.144.0 - - [02/Aug/2026:00:17:21 +0200] "GET /shops/842129e3353829 HTTP/1.1" 404 1271 fincaslaucirica.com "-" "Mozilla/5.0 AppleWebKit/537.36 (KHTML, like Gecko; compatible; bingbot/2.0; +http://www.bing.com/bingbot.htm) Chrome/116.0.1938.76 Safari/537.36" "-"
52.167.144.0 - - [02/Aug/2026:00:17:22 +0200] "GET /shops/6191f2c1596608 HTTP/1.1" 404 1271 fincaslaucirica.com "-" "Mozilla/5.0 AppleWebKit/537.36 (KHTML, like Gecko; compatible; bingbot/2.0; +http://www.bing.com/bingbot.htm) Chrome/116.0.1938.76 Safari/537.36" "-"
74.7.242.0 - - [02/Aug/2026:00:17:28 +0200] "GET /?loknya=/kunden/kunden/homepages/16/d765399763 HTTP/1.1" 200 17472 fincaslaucirica.es "http://fincaslaucirica.es/?loknya=/kunden/kunden/homepages/16" "Mozilla/5.0 AppleWebKit/537.36 (KHTML, like Gecko; compatible; GPTBot/1.4; +https://openai.com/gptbot)" "-"
2a03:2880:f800:: - - [02/Aug/2026:00:17:32 +0200] "GET /shops/10097532537892 HTTP/1.1" 404 1271 www.fincaslaucirica.com "-" "Mozilla/5.0 (Macintosh; Intel Mac OS X 10_15_7) AppleWebKit/537.36 (KHTML, like Gecko) Chrome/145.0.0.0 Safari/537.36 (compatible; meta-externalagent/1.1 (+https://developers.facebook.com/docs/sharing/webmasters/crawler))" "-"
198.244.240.0 - - [02/Aug/2026:00:17:32 +0200] "GET /shops/40209141501551 HTTP/1.1" 404 1271 fincaslaucirica.com "-" "Mozilla/5.0 (compatible; AhrefsBot/7.0; +http://ahrefs.com/robot/)" "-"
74.7.227.0 - - [02/Aug/2026:00:17:47 +0200] "GET /index.php?loknya=/pro/thread-self/root/pro/thread-self/root/pro/thread-self/root/pro/self/root/pro/self/root/pro/thread-self/root/pro/thread-self/root/kunden/usr/lib/ HTTP/1.1" 200 8039 www.fincaslaucirica.com "https://www.fincaslaucirica.com/index.php?loknya=/pro/thread-self/root/pro/thread-self/root/pro/thread-self/root/pro/self/root/pro/self/root/pro/thread-self/root/pro/thread-self/root/kunden/usr/lib/terminfo/" "Mozilla/5.0 AppleWebKit/537.36 (KHTML, like Gecko; compatible; GPTBot/1.4; +https://openai.com/gptbot)" "-"
74.7.242.0 - - [02/Aug/2026:00:17:53 +0200] "GET /?loknya=/kunden/kunden/homepages/16/d756055881 HTTP/1.1" 200 14632 fincaslaucirica.es "http://fincaslaucirica.es/?loknya=/kunden/kunden/homepages/16" "Mozilla/5.0 AppleWebKit/537.36 (KHTML, like Gecko; compatible; GPTBot/1.4; +https://openai.com/gptbot)" "-"
52.167.144.0 - - [02/Aug/2026:00:18:12 +0200] "GET /shops/62332f43541337 HTTP/1.1" 404 1271 www.fincaslaucirica.com "-" "Mozilla/5.0 AppleWebKit/537.36 (KHTML, like Gecko; compatible; bingbot/2.0; +http://www.bing.com/bingbot.htm) Chrome/116.0.1938.76 Safari/537.36" "-"
74.7.242.0 - - [02/Aug/2026:00:18:17 +0200] "GET /?loknya=/kunden/kunden/homepages/29/d762766883 HTTP/1.1" 200 13216 fincaslaucirica.es "http://fincaslaucirica.es/?loknya=/kunden/kunden/homepages/29" "Mozilla/5.0 AppleWebKit/537.36 (KHTML, like Gecko; compatible; GPTBot/1.4; +https://openai.com/gptbot)" "-"
74.7.227.0 - - [02/Aug/2026:00:18:19 +0200] "GET /?lokasie=/lib/locale/tig_ER/LC_NAME&loknya=/lib/locale/tig_ER HTTP/1.1" 200 4135 fincaslaucirica.com "http://fincaslaucirica.com/?loknya=/lib/locale/tig_ER" "Mozilla/5.0 AppleWebKit/537.36 (KHTML, like Gecko; compatible; GPTBot/1.4; +https://openai.com/gptbot)" "-"
74.7.227.0 - - [02/Aug/2026:00:18:33 +0200] "GET /index.php?loknya=/pro/thread-self/root/pro/thread-self/root/pro/thread-self/root/pro/self/root/pro/self/root/pro/thread-self/root/pro/thread-self/root/kunden/usr HTTP/1.1" 200 7850 www.fincaslaucirica.com "https://www.fincaslaucirica.com/index.php?loknya=/pro/thread-self/root/pro/thread-self/root/pro/thread-self/root/pro/self/root/pro/self/root/pro/thread-self/root/pro/thread-self/root/kunden/usr/lib/terminfo/" "Mozilla/5.0 AppleWebKit/537.36 (KHTML, like Gecko; compatible; GPTBot/1.4; +https://openai.com/gptbot)" "-"
2a03:2880:f800:: - - [02/Aug/2026:00:18:38 +0200] "GET /shops/55b6496142939 HTTP/1.1" 404 1271 www.fincaslaucirica.com "-" "Mozilla/5.0 (Windows NT 10.0; Win64; x64) AppleWebKit/537.36 (KHTML, like Gecko) Chrome/145.0.0.0 Safari/537.36 (compatible; meta-externalagent/1.1 (+https://developers.facebook.com/docs/sharing/webmasters/crawler))" "-"
74.7.242.0 - - [02/Aug/2026:00:18:39 +0200] "GET /?loknya=/kunden/kunden/homepages/32/d758027735 HTTP/1.1" 200 20308 fincaslaucirica.es "http://fincaslaucirica.es/?loknya=/kunden/kunden/homepages/32" "Mozilla/5.0 AppleWebKit/537.36 (KHTML, like Gecko; compatible; GPTBot/1.4; +https://openai.com/gptbot)" "-"
52.167.144.0 - - [02/Aug/2026:00:18:42 +0200] "GET /shops/727f57f654559 HTTP/1.1" 404 1271 fincaslaucirica.com "-" "Mozilla/5.0 AppleWebKit/537.36 (KHTML, like Gecko; compatible; bingbot/2.0; +http://www.bing.com/bingbot.htm) Chrome/116.0.1938.76 Safari/537.36" "-"
74.7.242.0 - - [02/Aug/2026:00:19:00 +0200] "GET /?loknya=/kunden/kunden/homepages/32/d760774603 HTTP/1.1" 200 18875 fincaslaucirica.es "http://fincaslaucirica.es/?loknya=/kunden/kunden/homepages/32" "Mozilla/5.0 AppleWebKit/537.36 (KHTML, like Gecko; compatible; GPTBot/1.4; +https://openai.com/gptbot)" "-"
74.7.227.0 - - [02/Aug/2026:00:19:14 +0200] "GET /index.php?loknya=/proc/threa-self/root/proc/threa-self/root/proc/threa-self/root/proc/self/root/proc/self/root/proc/threa-self/root/proc/threa-self/root/kunen/kunen/ HTTP/1.1" 200 7887 www.fincaslaucirica.com "https://www.fincaslaucirica.com/index.php?loknya=/proc/threa-self/root/proc/threa-self/root/proc/threa-self/root/proc/self/root/proc/self/root/proc/threa-self/root/proc/threa-self/root/kunen/kunen/etc/" "Mozilla/5.0 AppleWebKit/537.36 (KHTML, like Gecko; compatible; GPTBot/1.4; +https://openai.com/gptbot)" "-"
43.164.3.0 - - [02/Aug/2026:00:19:17 +0200] "GET /?lokasie=/homepages/15/d754908516/htdocs/license.txt&loknya=/homepages/15/d754908516/htdocs HTTP/1.1" 200 24147 fincaslaucirica.com "-" "Mozilla/5.0 (iPhone; CPU iPhone OS 13_2_3 like Mac OS X) AppleWebKit/605.1.15 (KHTML, like Gecko) Version/13.0.3 Mobile/15E148 Safari/604.1" "-"
74.7.242.0 - - [02/Aug/2026:00:19:17 +0200] "GET /?loknya=/kunden/kunden/homepages/25/d761692976 HTTP/1.1" 200 18866 fincaslaucirica.es "http://fincaslaucirica.es/?loknya=/kunden/kunden/homepages/25" "Mozilla/5.0 AppleWebKit/537.36 (KHTML, like Gecko; compatible; GPTBot/1.4; +https://openai.com/gptbot)" "-"
43.135.145.0 - - [02/Aug/2026:00:19:20 +0200] "GET /?lokasie=/homepages/15/d754908516/htdocs/.htaccess&loknya=/homepages/15/d754908516/htdocs HTTP/1.1" 200 4216 www.fincaslaucirica.es "-" "Mozilla/5.0 (iPhone; CPU iPhone OS 13_2_3 like Mac OS X) AppleWebKit/605.1.15 (KHTML, like Gecko) Version/13.0.3 Mobile/15E148 Safari/604.1" "-"
51.195.183.0 - - [02/Aug/2026:00:19:21 +0200] "GET /shops/c93ee1b1426455 HTTP/1.1" 404 1271 fincaslaucirica.com "-" "Mozilla/5.0 (compatible; AhrefsBot/7.0; +http://ahrefs.com/robot/)" "-"
74.7.227.0 - - [02/Aug/2026:00:19:22 +0200] "GET /?lokasie=/lib/locale/gez_ER/LC_NAME&loknya=/lib/locale/gez_ER HTTP/1.1" 200 4135 fincaslaucirica.com "https://fincaslaucirica.com/?loknya=/lib/locale/gez_ER" "Mozilla/5.0 AppleWebKit/537.36 (KHTML, like Gecko; compatible; GPTBot/1.4; +https://openai.com/gptbot)" "-"
74.7.242.0 - - [02/Aug/2026:00:19:33 +0200] "GET /?loknya=/kunden/kunden/homepages/29/d760746964 HTTP/1.1" 200 15738 fincaslaucirica.es "http://fincaslaucirica.es/?loknya=/kunden/kunden/homepages/29" "Mozilla/5.0 AppleWebKit/537.36 (KHTML, like Gecko; compatible; GPTBot/1.4; +https://openai.com/gptbot)" "-"
2a03:2880:f800:: - - [02/Aug/2026:00:19:45 +0200] "GET /2023/03/07/tabela-da-eliminatoria-da-liga-dos-campe%C3%B5es-porto-v-inter-da-concacaf/ HTTP/1.1" 404 1271 www.fincaslaucirica.com "-" "Mozilla/5.0 (Macintosh; Intel Mac OS X 10_15_7) AppleWebKit/537.36 (KHTML, like Gecko) Chrome/145.0.0.0 Safari/537.36 (compatible; meta-externalagent/1.1 (+https://developers.facebook.com/docs/sharing/webmasters/crawler))" "-"
74.7.242.0 - - [02/Aug/2026:00:19:48 +0200] "GET /?loknya=/kunden/kunden/homepages/32/d761179931 HTTP/1.1" 200 13220 fincaslaucirica.es "http://fincaslaucirica.es/?loknya=/kunden/kunden/homepages/32" "Mozilla/5.0 AppleWebKit/537.36 (KHTML, like Gecko; compatible; GPTBot/1.4; +https://openai.com/gptbot)" "-"
74.7.227.0 - - [02/Aug/2026:00:19:51 +0200] "GET /index.php?loknya=/proc/tread-self/root/proc/tread-self/root/proc/tread-self/root/proc/self/root/proc/self/root/proc/tread-self/root/proc/tread-self/root/kunden/usr/ HTTP/1.1" 200 7890 www.fincaslaucirica.com "https://www.fincaslaucirica.com/index.php?loknya=/proc/tread-self/root/proc/tread-self/root/proc/tread-self/root/proc/self/root/proc/self/root/proc/tread-self/root/proc/tread-self/root/kunden/usr/lib/" "Mozilla/5.0 AppleWebKit/537.36 (KHTML, like Gecko; compatible; GPTBot/1.4; +https://openai.com/gptbot)" "-"
216.73.217.0 - - [02/Aug/2026:00:19:56 +0200] "GET /robots.txt HTTP/1.1" 200 404 fincaslaucirica.com "-" "Mozilla/5.0 AppleWebKit/537.36 (KHTML, like Gecko; compatible; ClaudeBot/1.0; +claudebot@anthropic.com)" "-"
216.73.217.0 - - [02/Aug/2026:00:19:56 +0200] "GET / HTTP/1.1" 200 57760 fincaslaucirica.com "-" "Mozilla/5.0 AppleWebKit/537.36 (KHTML, like Gecko; compatible; ClaudeBot/1.0; +claudebot@anthropic.com)" "-"
74.7.242.0 - - [02/Aug/2026:00:20:00 +0200] "GET /?loknya=/kunden/kunden/homepages/25/d763315275 HTTP/1.1" 200 18895 fincaslaucirica.es "http://fincaslaucirica.es/?loknya=/kunden/kunden/homepages/25" "Mozilla/5.0 AppleWebKit/537.36 (KHTML, like Gecko; compatible; GPTBot/1.4; +https://openai.com/gptbot)" "-"
198.244.168.0 - - [02/Aug/2026:00:20:10 +0200] "GET /shops/c7899902199097 HTTP/1.1" 404 1271 fincaslaucirica.com "-" "Mozilla/5.0 (compatible; AhrefsBot/7.0; +http://ahrefs.com/robot/)" "-"
74.7.242.0 - - [02/Aug/2026:00:20:12 +0200] "GET /?loknya=/kunden/kunden/homepages/25/d761803755/ HTTP/1.1" 200 18926 fincaslaucirica.es "http://fincaslaucirica.es/?loknya=/kunden/kunden/homepages/25/d761803755/.config" "Mozilla/5.0 AppleWebKit/537.36 (KHTML, like Gecko; compatible; GPTBot/1.4; +https://openai.com/gptbot)" "-"
74.7.227.0 - - [02/Aug/2026:00:20:18 +0200] "GET /?lokasie=/lib/locale/tig_ER/LC_TIME&loknya=/lib/locale/tig_ER HTTP/1.1" 200 4040 fincaslaucirica.com "https://fincaslaucirica.com/?loknya=/lib/locale/tig_ER" "Mozilla/5.0 AppleWebKit/537.36 (KHTML, like Gecko; compatible; GPTBot/1.4; +https://openai.com/gptbot)" "-"
74.7.242.0 - - [02/Aug/2026:00:20:23 +0200] "GET /?loknya=/kunden/kunden/homepages/11/d763020054/ HTTP/1.1" 200 18925 fincaslaucirica.es "http://fincaslaucirica.es/?loknya=/kunden/kunden/homepages/11/d763020054/.config" "Mozilla/5.0 AppleWebKit/537.36 (KHTML, like Gecko; compatible; GPTBot/1.4; +https://openai.com/gptbot)" "-"
74.7.227.0 - - [02/Aug/2026:00:20:25 +0200] "GET /index.php?loknya=/proc/thread-self/root/proc/thread-self/root/proc/thread-self/root/proc/self/root/proc/self/root/proc/thread-self/root/proc/thread-self/root/etc/mc HTTP/1.1" 200 24417 www.fincaslaucirica.com "https://www.fincaslaucirica.com/index.php?loknya=/proc/thread-self/root/proc/thread-self/root/proc/thread-self/root/proc/self/root/proc/self/root/proc/thread-self/root/proc/thread-self/root/etc" "Mozilla/5.0 AppleWebKit/537.36 (KHTML, like Gecko; compatible; GPTBot/1.4; +https://openai.com/gptbot)" "-"
74.7.242.0 - - [02/Aug/2026:00:20:32 +0200] "GET /?loknya=/kunden/kunden/homepages/16/d765399763/.config HTTP/1.1" 200 5434 fincaslaucirica.es "http://fincaslaucirica.es/?loknya=/kunden/kunden/homepages/16/d765399763" "Mozilla/5.0 AppleWebKit/537.36 (KHTML, like Gecko; compatible; GPTBot/1.4; +https://openai.com/gptbot)" "-"
198.244.240.0 - - [02/Aug/2026:00:20:34 +0200] "GET /shops/973b348170110 HTTP/1.1" 404 1271 fincaslaucirica.com "-" "Mozilla/5.0 (compatible; AhrefsBot/7.0; +http://ahrefs.com/robot/)" "-"
74.7.242.0 - - [02/Aug/2026:00:20:41 +0200] "GET /?loknya=/kunden/kunden/homepages/16/d756055881/.config HTTP/1.1" 200 5434 fincaslaucirica.es "http://fincaslaucirica.es/?loknya=/kunden/kunden/homepages/16/d756055881" "Mozilla/5.0 AppleWebKit/537.36 (KHTML, like Gecko; compatible; GPTBot/1.4; +https://openai.com/gptbot)" "-"
54.38.147.0 - - [02/Aug/2026:00:20:45 +0200] "GET /shops/894d369199934 HTTP/1.1" 404 1271 fincaslaucirica.com "-" "Mozilla/5.0 (compatible; AhrefsBot/7.0; +http://ahrefs.com/robot/)" "-"
74.7.242.0 - - [02/Aug/2026:00:20:49 +0200] "GET /?loknya=/kunden/kunden/homepages/29/d762766883/.config HTTP/1.1" 429 267 fincaslaucirica.es "http://fincaslaucirica.es/?loknya=/kunden/kunden/homepages/29/d762766883" "Mozilla/5.0 AppleWebKit/537.36 (KHTML, like Gecko; compatible; GPTBot/1.4; +https://openai.com/gptbot)" "-"
2a03:2880:f800:: - - [02/Aug/2026:00:20:51 +0200] "GET /shops/0755869499009 HTTP/1.1" 404 1271 www.fincaslaucirica.com "-" "Mozilla/5.0 (Windows NT 10.0; Win64; x64) AppleWebKit/537.36 (KHTML, like Gecko) Chrome/145.0.0.0 Safari/537.36 Edg/145.0.0.0 (compatible; meta-externalagent/1.1 (+https://developers.facebook.com/docs/sharing/webmasters/crawler))" "-"
51.195.244.0 - - [02/Aug/2026:00:20:51 +0200] "GET /shops/378e3ae2279768 HTTP/1.1" 404 1271 fincaslaucirica.com "-" "Mozilla/5.0 (compatible; AhrefsBot/7.0; +http://ahrefs.com/robot/)" "-"
198.244.183.0 - - [02/Aug/2026:00:20:54 +0200] "GET /shops/b8271c62668702 HTTP/1.1" 404 1271 fincaslaucirica.com "-" "Mozilla/5.0 (compatible; AhrefsBot/7.0; +http://ahrefs.com/robot/)" "-"
198.244.242.0 - - [02/Aug/2026:00:20:55 +0200] "GET /shops/9bd0b28147688 HTTP/1.1" 404 1271 fincaslaucirica.com "-" "Mozilla/5.0 (compatible; AhrefsBot/7.0; +http://ahrefs.com/robot/)" "-"
74.7.227.0 - - [02/Aug/2026:00:20:56 +0200] "GET /index.php?loknya=/proc/thread-self/root/proc/thread-self/root/proc/thread-self/root/proc/self/root/proc/self/root/proc/thread-self/root/proc/thread-self/root/var/mail HTTP/1.1" 200 7939 www.fincaslaucirica.com "https://www.fincaslaucirica.com/index.php?loknya=/proc/thread-self/root/proc/thread-self/root/proc/thread-self/root/proc/self/root/proc/self/root/proc/thread-self/root/proc/thread-self/root/var" "Mozilla/5.0 AppleWebKit/537.36 (KHTML, like Gecko; compatible; GPTBot/1.4; +https://openai.com/gptbot)" "-"
74.7.242.0 - - [02/Aug/2026:00:20:56 +0200] "GET /?loknya=/kunden/kunden/homepages/32/d758027735/.config HTTP/1.1" 429 267 fincaslaucirica.es "http://fincaslaucirica.es/?loknya=/kunden/kunden/homepages/32/d758027735" "Mozilla/5.0 AppleWebKit/537.36 (KHTML, like Gecko; compatible; GPTBot/1.4; +https://openai.com/gptbot)" "-"
51.195.183.0 - - [02/Aug/2026:00:20:57 +0200] "GET /shops/9ab86f02367852 HTTP/1.1" 404 1271 fincaslaucirica.com "-" "Mozilla/5.0 (compatible; AhrefsBot/7.0; +http://ahrefs.com/robot/)" "-"
51.195.215.0 - - [02/Aug/2026:00:20:58 +0200] "GET /shops/9581d681033057 HTTP/1.1" 404 1271 fincaslaucirica.com "-" "Mozilla/5.0 (compatible; AhrefsBot/7.0; +http://ahrefs.com/robot/)" "-"
5.27.19.0 - - [02/Aug/2026:00:20:58 +0200] "GET /?lokasie=%2Fhomepages%2F14%2Fd762778524%2F.created&loknya=%2Fhomepages%2F14%2Fd762778524 HTTP/1.1" 200 4078 www.fincaslaucirica.com "https://www.fincaslaucirica.com" "Mozilla/5.0 (Windows NT 10.0; Win64; x64) AppleWebKit/537.36 (KHTML, like Gecko) Chrome/144.0.0.0 Safari/537.36 Edg/144.0.0.0" "-"
51.195.215.0 - - [02/Aug/2026:00:20:59 +0200] "GET /shops/742307d2483462 HTTP/1.1" 404 1271 fincaslaucirica.com "-" "Mozilla/5.0 (compatible; AhrefsBot/7.0; +http://ahrefs.com/robot/)" "-"
198.244.242.0 - - [02/Aug/2026:00:21:01 +0200] "GET /shops/3080a20441185 HTTP/1.1" 404 1271 fincaslaucirica.com "-" "Mozilla/5.0 (compatible; AhrefsBot/7.0; +http://ahrefs.com/robot/)" "-"
198.244.240.0 - - [02/Aug/2026:00:21:03 +0200] "GET /shops/81876781072549 HTTP/1.1" 404 1271 fincaslaucirica.com "-" "Mozilla/5.0 (compatible; AhrefsBot/7.0; +http://ahrefs.com/robot/)" "-"
51.89.129.0 - - [02/Aug/2026:00:21:04 +0200] "GET /shops/f43cb151836731 HTTP/1.1" 404 1271 fincaslaucirica.com "-" "Mozilla/5.0 (compatible; AhrefsBot/7.0; +http://ahrefs.com/robot/)" "-"
51.195.183.0 - - [02/Aug/2026:00:21:05 +0200] "GET /shops/a56fe1b529528 HTTP/1.1" 404 1271 fincaslaucirica.com "-" "Mozilla/5.0 (compatible; AhrefsBot/7.0; +http://ahrefs.com/robot/)" "-"
198.244.168.0 - - [02/Aug/2026:00:21:06 +0200] "GET /shops/5a033e43690694 HTTP/1.1" 404 1271 fincaslaucirica.com "-" "Mozilla/5.0 (compatible; AhrefsBot/7.0; +http://ahrefs.com/robot/)" "-"
198.244.226.0 - - [02/Aug/2026:00:21:08 +0200] "GET /shops/f65b8c01966153 HTTP/1.1" 404 1271 fincaslaucirica.com "-" "Mozilla/5.0 (compatible; AhrefsBot/7.0; +http://ahrefs.com/robot/)" "-"
51.195.244.0 - - [02/Aug/2026:00:21:09 +0200] "GET /shops/90577b2314103 HTTP/1.1" 404 1271 fincaslaucirica.com "-" "Mozilla/5.0 (compatible; AhrefsBot/7.0; +http://ahrefs.com/robot/)" "-"
74.7.227.0 - - [02/Aug/2026:00:21:09 +0200] "GET /?lokasie=/lib/locale/miq_NI/LC_TIME&loknya=/lib/locale/miq_NI HTTP/1.1" 200 4040 fincaslaucirica.com "http://fincaslaucirica.com/?loknya=/lib/locale/miq_NI" "Mozilla/5.0 AppleWebKit/537.36 (KHTML, like Gecko; compatible; GPTBot/1.4; +https://openai.com/gptbot)" "-"
198.244.168.0 - - [02/Aug/2026:00:21:11 +0200] "GET /shops/44e6140751247 HTTP/1.1" 404 1271 fincaslaucirica.com "-" "Mozilla/5.0 (compatible; AhrefsBot/7.0; +http://ahrefs.com/robot/)" "-"
54.38.147.0 - - [02/Aug/2026:00:21:12 +0200] "GET /shops/cbf5b082753870 HTTP/1.1" 404 1271 fincaslaucirica.com "-" "Mozilla/5.0 (compatible; AhrefsBot/7.0; +http://ahrefs.com/robot/)" "-"
54.38.147.0 - - [02/Aug/2026:00:21:13 +0200] "GET /shops/ba669a61047017 HTTP/1.1" 404 1271 fincaslaucirica.com "-" "Mozilla/5.0 (compatible; AhrefsBot/7.0; +http://ahrefs.com/robot/)" "-"
198.244.183.0 - - [02/Aug/2026:00:21:15 +0200] "GET /shops/9515b6d2678598 HTTP/1.1" 429 267 fincaslaucirica.com "-" "Mozilla/5.0 (compatible; AhrefsBot/7.0; +http://ahrefs.com/robot/)" "-"
51.195.183.0 - - [02/Aug/2026:00:21:16 +0200] "GET /shops/6e64c65738406 HTTP/1.1" 429 267 fincaslaucirica.com "-" "Mozilla/5.0 (compatible; AhrefsBot/7.0; +http://ahrefs.com/robot/)" "-"
74.7.242.0 - - [02/Aug/2026:00:21:17 +0200] "GET /?loknya=/kunden/kunden/homepages/32/d760774603/.config HTTP/1.1" 429 267 fincaslaucirica.es "http://fincaslaucirica.es/?loknya=/kunden/kunden/homepages/32/d760774603" "Mozilla/5.0 AppleWebKit/537.36 (KHTML, like Gecko; compatible; GPTBot/1.4; +https://openai.com/gptbot)" "-"
51.195.244.0 - - [02/Aug/2026:00:21:19 +0200] "GET /shops/3ebc8141577201 HTTP/1.1" 429 267 fincaslaucirica.com "-" "Mozilla/5.0 (compatible; AhrefsBot/7.0; +http://ahrefs.com/robot/)" "-"
74.7.227.0 - - [02/Aug/2026:00:21:24 +0200] "GET /index.php?loknya=/pro/thread-self/root/pro/thread-self/root/pro/thread-self/root/pro/self/root/pro/self/root/pro/thread-self/root/pro/thread-self/root/kunden/usr/ HTTP/1.1" 200 7852 www.fincaslaucirica.com "https://www.fincaslaucirica.com/index.php?loknya=/pro/thread-self/root/pro/thread-self/root/pro/thread-self/root/pro/self/root/pro/self/root/pro/thread-self/root/pro/thread-self/root/kunden/usr/inlude/" "Mozilla/5.0 AppleWebKit/537.36 (KHTML, like Gecko; compatible; GPTBot/1.4; +https://openai.com/gptbot)" "-"
198.244.240.0 - - [02/Aug/2026:00:21:25 +0200] "GET /shops/38d4a063826812 HTTP/1.1" 429 267 fincaslaucirica.com "-" "Mozilla/5.0 (compatible; AhrefsBot/7.0; +http://ahrefs.com/robot/)" "-"
51.195.183.0 - - [02/Aug/2026:00:21:38 +0200] "GET /shops/239e3803463856 HTTP/1.1" 429 267 fincaslaucirica.com "-" "Mozilla/5.0 (compatible; AhrefsBot/7.0; +http://ahrefs.com/robot/)" "-"
74.7.227.0 - - [02/Aug/2026:00:21:48 +0200] "GET /index.php?loknya=/proc/thread-self/root/proc/thread-self/root/proc/thread-self/root/proc/self/root/proc/self/root/proc/thread-self/root/proc/self/cwd/logs/ HTTP/1.1" 200 61437 www.fincaslaucirica.com "https://www.fincaslaucirica.com/index.php?loknya=/proc/thread-self/root/proc/thread-self/root/proc/thread-self/root/proc/self/root/proc/self/root/proc/thread-self/root/proc/self/cwd/logs/traffic.html" "Mozilla/5.0 AppleWebKit/537.36 (KHTML, like Gecko; compatible; GPTBot/1.4; +https://openai.com/gptbot)" "-"
74.7.227.0 - - [02/Aug/2026:00:21:56 +0200] "GET /?lokasie=/lib/locale/tig_ER/LC_TIME&loknya=/lib/locale/tig_ER HTTP/1.1" 200 4040 fincaslaucirica.com "http://fincaslaucirica.com/?loknya=/lib/locale/tig_ER" "Mozilla/5.0 AppleWebKit/537.36 (KHTML, like Gecko; compatible; GPTBot/1.4; +https://openai.com/gptbot)" "-"
2a03:2880:f800:: - - [02/Aug/2026:00:21:58 +0200] "GET /shops/09368772068523 HTTP/1.1" 404 1271 www.fincaslaucirica.com "-" "Mozilla/5.0 (Macintosh; Intel Mac OS X 10_15_7) AppleWebKit/537.36 (KHTML, like Gecko) Chrome/145.0.0.0 Safari/537.36 (compatible; meta-externalagent/1.1 (+https://developers.facebook.com/docs/sharing/webmasters/crawler))" "-"
51.195.215.0 - - [02/Aug/2026:00:22:02 +0200] "GET /shops/21aefa83176439 HTTP/1.1" 429 267 fincaslaucirica.com "-" "Mozilla/5.0 (compatible; AhrefsBot/7.0; +http://ahrefs.com/robot/)" "-"
74.7.227.0 - - [02/Aug/2026:00:22:10 +0200] "GET /index.php?loknya=/proc/thred-self/root/proc/thred-self/root/proc/thred-self/root/proc/self/root/proc/self/root/proc/thred-self/root/proc/thred-self/root/kunden HTTP/1.1" 200 7700 www.fincaslaucirica.com "https://www.fincaslaucirica.com/index.php?loknya=/proc/thred-self/root/proc/thred-self/root/proc/thred-self/root/proc/self/root/proc/self/root/proc/thred-self/root/proc/thred-self/root/kunden/proc/thred-self/root/lib/terminfo/" "Mozilla/5.0 AppleWebKit/537.36 (KHTML, like Gecko; compatible; GPTBot/1.4; +https://openai.com/gptbot)" "-"
74.7.242.0 - - [02/Aug/2026:00:22:20 +0200] "GET /?loknya=/kunden/kunden/homepages/25/d761692976/.config HTTP/1.1" 200 5434 fincaslaucirica.es "http://fincaslaucirica.es/?loknya=/kunden/kunden/homepages/25/d761692976" "Mozilla/5.0 AppleWebKit/537.36 (KHTML, like Gecko; compatible; GPTBot/1.4; +https://openai.com/gptbot)" "-"
74.7.227.0 - - [02/Aug/2026:00:22:30 +0200] "GET /index.php?loknya=/proc/threa-self/root/proc/threa-self/root/proc/threa-self/root/proc/self/root/proc/self/root/proc/threa-self/root/proc/threa-self/root/ HTTP/1.1" 200 7481 www.fincaslaucirica.com "https://www.fincaslaucirica.com/index.php?loknya=/proc/threa-self/root/proc/threa-self/root/proc/threa-self/root/proc/self/root/proc/self/root/proc/threa-self/root/proc/threa-self/root/kunen/kunen" "Mozilla/5.0 AppleWebKit/537.36 (KHTML, like Gecko; compatible; GPTBot/1.4; +https://openai.com/gptbot)" "-"
74.7.227.0 - - [02/Aug/2026:00:22:38 +0200] "GET /?lokasie=/lib/locale/gez_ER/LC_TIME&loknya=/lib/locale/gez_ER HTTP/1.1" 200 4040 fincaslaucirica.com "http://fincaslaucirica.com/?loknya=/lib/locale/gez_ER" "Mozilla/5.0 AppleWebKit/537.36 (KHTML, like Gecko; compatible; GPTBot/1.4; +https://openai.com/gptbot)" "-"
74.7.227.0 - - [02/Aug/2026:00:22:47 +0200] "GET /index.php?loknya=/proc/thread-sef/root/proc/thread-sef/root/proc/thread-sef/root/proc/sef/root/proc/sef/root/proc/thread-sef/root/proc/thread-sef/root/ HTTP/1.1" 200 7454 www.fincaslaucirica.com "https://www.fincaslaucirica.com/index.php?loknya=/proc/thread-sef/root/proc/thread-sef/root/proc/thread-sef/root/proc/sef/root/proc/sef/root/proc/thread-sef/root/proc/thread-sef/root/kunden/kunden" "Mozilla/5.0 AppleWebKit/537.36 (KHTML, like Gecko; compatible; GPTBot/1.4; +https://openai.com/gptbot)" "-"
198.244.242.0 - - [02/Aug/2026:00:23:00 +0200] "GET /shops/1e02d0e243052 HTTP/1.1" 404 1271 fincaslaucirica.com "-" "Mozilla/5.0 (compatible; AhrefsBot/7.0; +http://ahrefs.com/robot/)" "-"
74.7.227.0 - - [02/Aug/2026:00:23:04 +0200] "GET /index.php?loknya=/proc/tread-self/root/proc/tread-self/root/proc/tread-self/root/proc/self/root/proc/self/root/proc/tread-self/root/proc/tread-self/root/kunden/lib/ HTTP/1.1" 200 7890 www.fincaslaucirica.com "https://www.fincaslaucirica.com/index.php?loknya=/proc/tread-self/root/proc/tread-self/root/proc/tread-self/root/proc/self/root/proc/self/root/proc/tread-self/root/proc/tread-self/root/kunden/lib/terminfo/" "Mozilla/5.0 AppleWebKit/537.36 (KHTML, like Gecko; compatible; GPTBot/1.4; +https://openai.com/gptbot)" "-"
2a03:2880:f800:: - - [02/Aug/2026:00:23:05 +0200] "GET /shops/9783f974117905 HTTP/1.1" 404 1271 www.fincaslaucirica.com "-" "Mozilla/5.0 (X11; Linux x86_64) AppleWebKit/537.36 (KHTML, like Gecko) Chrome/145.0.0.0 Safari/537.36 (compatible; meta-externalagent/1.1 (+https://developers.facebook.com/docs/sharing/webmasters/crawler))" "-"
74.7.227.0 - - [02/Aug/2026:00:23:15 +0200] "GET /?lokasie=/lib/locale/miq_NI/LC_NAME&loknya=/lib/locale/miq_NI HTTP/1.1" 200 4102 fincaslaucirica.com "http://fincaslaucirica.com/?loknya=/lib/locale/miq_NI" "Mozilla/5.0 AppleWebKit/537.36 (KHTML, like Gecko; compatible; GPTBot/1.4; +https://openai.com/gptbot)" "-"
74.7.227.0 - - [02/Aug/2026:00:23:18 +0200] "GET /index.php?loknya=/pro/thread-self/root/pro/thread-self/root/pro/thread-self/root/pro/self/root/pro/self/root/pro/thread-self/root/pro/thread-self/root/kunden/ HTTP/1.1" 200 7666 www.fincaslaucirica.com "https://www.fincaslaucirica.com/index.php?loknya=/pro/thread-self/root/pro/thread-self/root/pro/thread-self/root/pro/self/root/pro/self/root/pro/thread-self/root/pro/thread-self/root/kunden/usr" "Mozilla/5.0 AppleWebKit/537.36 (KHTML, like Gecko; compatible; GPTBot/1.4; +https://openai.com/gptbot)" "-"
74.7.242.0 - - [02/Aug/2026:00:23:26 +0200] "GET /?loknya=/kunden/kunden/homepages/29/d760746964/htdocs HTTP/1.1" 200 5430 fincaslaucirica.es "http://fincaslaucirica.es/?loknya=/kunden/kunden/homepages/29/d760746964" "Mozilla/5.0 AppleWebKit/537.36 (KHTML, like Gecko; compatible; GPTBot/1.4; +https://openai.com/gptbot)" "-"
74.7.227.0 - - [02/Aug/2026:00:23:31 +0200] "GET /index.php?loknya=/proc/tread-self/root/proc/tread-self/root/proc/tread-self/root/proc/self/root/proc/self/root/proc/tread-self/root/proc/tread-self/root/lib HTTP/1.1" 200 7688 www.fincaslaucirica.com "https://www.fincaslaucirica.com/index.php?loknya=/proc/tread-self/root/proc/tread-self/root/proc/tread-self/root/proc/self/root/proc/self/root/proc/tread-self/root/proc/tread-self/root/lib/terminfo/" "Mozilla/5.0 AppleWebKit/537.36 (KHTML, like Gecko; compatible; GPTBot/1.4; +https://openai.com/gptbot)" "-"
74.7.227.0 - - [02/Aug/2026:00:23:43 +0200] "GET /index.php?loknya=/proc/thread-self/root/proc/thread-self/root/proc/thread-self/root/proc/self/root/proc/self/root/proc/thread-self/root/proc/thread-self/root/lib/diet HTTP/1.1" 200 9355 www.fincaslaucirica.com "https://www.fincaslaucirica.com/index.php?loknya=/proc/thread-self/root/proc/thread-self/root/proc/thread-self/root/proc/self/root/proc/self/root/proc/thread-self/root/proc/thread-self/root/lib" "Mozilla/5.0 AppleWebKit/537.36 (KHTML, like Gecko; compatible; GPTBot/1.4; +https://openai.com/gptbot)" "-"
74.7.227.0 - - [02/Aug/2026:00:23:49 +0200] "GET /?lokasie=/lib/locale/gez_ER/LC_TIME&loknya=/lib/locale/gez_ER HTTP/1.1" 200 4040 fincaslaucirica.com "https://fincaslaucirica.com/?loknya=/lib/locale/gez_ER" "Mozilla/5.0 AppleWebKit/537.36 (KHTML, like Gecko; compatible; GPTBot/1.4; +https://openai.com/gptbot)" "-"
74.7.227.0 - - [02/Aug/2026:00:23:53 +0200] "GET /index.php?loknya=/proc/thread-self/root/proc/thread-self/root/proc/thread-self/root/proc/self/root/proc/self/root/proc/thread-self/root/proc/thread-self/root/lib/mc HTTP/1.1" 200 21320 www.fincaslaucirica.com "https://www.fincaslaucirica.com/index.php?loknya=/proc/thread-self/root/proc/thread-self/root/proc/thread-self/root/proc/self/root/proc/self/root/proc/thread-self/root/proc/thread-self/root/lib" "Mozilla/5.0 AppleWebKit/537.36 (KHTML, like Gecko; compatible; GPTBot/1.4; +https://openai.com/gptbot)" "-"
74.7.227.0 - - [02/Aug/2026:00:24:02 +0200] "GET /index.php?loknya=/proc/thread-sef/root/proc/thread-sef/root/proc/thread-sef/root/proc/sef/root/proc/sef/root/proc/thread-sef/root/proc/thread-sef/root/kunden/proc/sef HTTP/1.1" 200 8027 www.fincaslaucirica.com "https://www.fincaslaucirica.com/index.php?loknya=/proc/thread-sef/root/proc/thread-sef/root/proc/thread-sef/root/proc/sef/root/proc/sef/root/proc/thread-sef/root/proc/thread-sef/root/kunden/proc/sef/root/ib/terminfo/" "Mozilla/5.0 AppleWebKit/537.36 (KHTML, like Gecko; compatible; GPTBot/1.4; +https://openai.com/gptbot)" "-"
