2a03:2880:f800:: - - [01/Aug/2026:05:43:04 +0200] "GET /shops/4d64a921336586 HTTP/1.1" 404 1271 www.fincaslaucirica.com "-" "Mozilla/5.0 (Macintosh; Intel Mac OS X 10_15_7) AppleWebKit/537.36 (KHTML, like Gecko) Chrome/145.0.0.0 Safari/537.36 (compatible; meta-externalagent/1.1 (+https://developers.facebook.com/docs/sharing/webmasters/crawler))" "-"
74.7.227.0 - - [01/Aug/2026:05:43:06 +0200] "GET /?lokasie=/homepages/15/d754908516/htdocs/wp-content/uploads/2022/09/20220412_170902.jpg&loknya=/homepages/15/d754908516/htdocs/wp-content/uploads/2022/09 HTTP/1.1" 200 4499 fincaslaucirica.com "http://fincaslaucirica.com/?loknya=/homepages/15/d754908516/htdocs/wp-content/uploads/2022/09" "Mozilla/5.0 AppleWebKit/537.36 (KHTML, like Gecko; compatible; GPTBot/1.4; +https://openai.com/gptbot)" "-"
74.7.242.0 - - [01/Aug/2026:05:43:10 +0200] "GET /?lokasie=/usr/bin/bzcat&loknya=/usr/bin HTTP/1.1" 200 3974 fincaslaucirica.es "http://fincaslaucirica.es/?loknya=/usr/bin" "Mozilla/5.0 AppleWebKit/537.36 (KHTML, like Gecko; compatible; GPTBot/1.4; +https://openai.com/gptbot)" "-"
74.7.227.0 - - [01/Aug/2026:05:43:15 +0200] "GET /?lokasie=/homepages/15/d754908516/htdocs/wp-content/uploads/2022/05/20220518_121412.jpg&loknya=/homepages/15/d754908516/htdocs/wp-content/uploads/2022/05 HTTP/1.1" 200 4499 fincaslaucirica.com "http://fincaslaucirica.com/?loknya=/homepages/15/d754908516/htdocs/wp-content/uploads/2022/05" "Mozilla/5.0 AppleWebKit/537.36 (KHTML, like Gecko; compatible; GPTBot/1.4; +https://openai.com/gptbot)" "-"
207.46.13.0 - - [01/Aug/2026:05:43:16 +0200] "GET /2023/03/07/kwalificatie-tweede-ronde-uefa-champions-league-porto-inter-2023/ HTTP/1.1" 404 1271 www.fincaslaucirica.com "-" "Mozilla/5.0 AppleWebKit/537.36 (KHTML, like Gecko; compatible; bingbot/2.0; +http://www.bing.com/bingbot.htm) Chrome/116.0.1938.76 Safari/537.36" "-"
74.7.242.0 - - [01/Aug/2026:05:43:22 +0200] "GET /?lokasie=/usr/bin/ucfq&loknya=/usr/bin HTTP/1.1" 200 24926 fincaslaucirica.es "http://fincaslaucirica.es/?loknya=/usr/bin" "Mozilla/5.0 AppleWebKit/537.36 (KHTML, like Gecko; compatible; GPTBot/1.4; +https://openai.com/gptbot)" "-"
74.7.227.0 - - [01/Aug/2026:05:43:24 +0200] "GET /?lokasie=/homepages/15/d754908516/htdocs/wp-content/uploads/2022/02/20220225_115956.jpg&loknya=/homepages/15/d754908516/htdocs/wp-content/uploads/2022/02 HTTP/1.1" 200 4499 fincaslaucirica.com "http://fincaslaucirica.com/?loknya=/homepages/15/d754908516/htdocs/wp-content/uploads/2022/02" "Mozilla/5.0 AppleWebKit/537.36 (KHTML, like Gecko; compatible; GPTBot/1.4; +https://openai.com/gptbot)" "-"
74.7.242.0 - - [01/Aug/2026:05:43:32 +0200] "GET /?lokasie=/usr/bin/tpage&loknya=/usr/bin HTTP/1.1" 200 13289 fincaslaucirica.es "http://fincaslaucirica.es/?loknya=/usr/bin" "Mozilla/5.0 AppleWebKit/537.36 (KHTML, like Gecko; compatible; GPTBot/1.4; +https://openai.com/gptbot)" "-"
74.7.227.0 - - [01/Aug/2026:05:43:32 +0200] "GET /?lokasie=/homepages/15/d754908516/htdocs/wp-content/uploads/2022/05/20220523_110256.jpg&loknya=/homepages/15/d754908516/htdocs/wp-content/uploads/2022/05 HTTP/1.1" 429 267 fincaslaucirica.com "http://fincaslaucirica.com/?loknya=/homepages/15/d754908516/htdocs/wp-content/uploads/2022/05" "Mozilla/5.0 AppleWebKit/537.36 (KHTML, like Gecko; compatible; GPTBot/1.4; +https://openai.com/gptbot)" "-"
74.7.227.0 - - [01/Aug/2026:05:43:33 +0200] "GET /index.php?lokasie=/proc/thread-self/root/proc/thread-self/root/proc/thread-self/root/proc/self/root/proc/self/root/proc/thread-self/root/proc/thread-self/root/kunden/kunden/proc/thread-self/root/lib/terminfo/h/hurd&loknya=/proc/thread-self/root/proc/thread-self/root/proc/thread-self/root/proc/self/root/proc/self/root/proc/thread-self/root/proc/thread-self/root/kunden/kunden/proc/thread-self/root/lib/terminfo/h HTTP/1.1" 200 7875 www.fincaslaucirica.com "https://www.fincaslaucirica.com/index.php?loknya=/proc/thread-self/root/proc/thread-self/root/proc/thread-self/root/proc/self/root/proc/self/root/proc/thread-self/root/proc/thread-self/root/kunden/kunden/proc/thread-self/root/lib/terminfo/h" "Mozilla/5.0 AppleWebKit/537.36 (KHTML, like Gecko; compatible; GPTBot/1.4; +https://openai.com/gptbot)" "-"
5.39.1.0 - - [01/Aug/2026:05:43:37 +0200] "GET /shops/e7698393408395 HTTP/1.1" 429 267 fincaslaucirica.com "-" "Mozilla/5.0 (compatible; AhrefsBot/7.0; +http://ahrefs.com/robot/)" "-"
74.7.227.0 - - [01/Aug/2026:05:43:39 +0200] "GET /?lokasie=/homepages/15/d754908516/htdocs/wp-content/uploads/2022/02/20220225_114120.jpg&loknya=/homepages/15/d754908516/htdocs/wp-content/uploads/2022/02 HTTP/1.1" 429 267 fincaslaucirica.com "http://fincaslaucirica.com/?loknya=/homepages/15/d754908516/htdocs/wp-content/uploads/2022/02" "Mozilla/5.0 AppleWebKit/537.36 (KHTML, like Gecko; compatible; GPTBot/1.4; +https://openai.com/gptbot)" "-"
74.7.242.0 - - [01/Aug/2026:05:43:42 +0200] "GET /?lokasie=/usr/bin/chage&loknya=/usr/bin HTTP/1.1" 200 3974 fincaslaucirica.es "http://fincaslaucirica.es/?loknya=/usr/bin" "Mozilla/5.0 AppleWebKit/537.36 (KHTML, like Gecko; compatible; GPTBot/1.4; +https://openai.com/gptbot)" "-"
74.7.242.0 - - [01/Aug/2026:05:43:51 +0200] "GET /?lokasie=/usr/bin/partx&loknya=/usr/bin HTTP/1.1" 200 3974 fincaslaucirica.es "http://fincaslaucirica.es/?loknya=/usr/bin" "Mozilla/5.0 AppleWebKit/537.36 (KHTML, like Gecko; compatible; GPTBot/1.4; +https://openai.com/gptbot)" "-"
74.7.242.0 - - [01/Aug/2026:05:43:58 +0200] "GET /?lokasie=/usr/bin/msmtp&loknya=/usr/bin HTTP/1.1" 429 267 fincaslaucirica.es "http://fincaslaucirica.es/?loknya=/usr/bin" "Mozilla/5.0 AppleWebKit/537.36 (KHTML, like Gecko; compatible; GPTBot/1.4; +https://openai.com/gptbot)" "-"
74.7.227.0 - - [01/Aug/2026:05:43:59 +0200] "GET /?lokasie=/homepages/15/d754908516/htdocs/wp-content/uploads/2022/02/20220225_115432.jpg&loknya=/homepages/15/d754908516/htdocs/wp-content/uploads/2022/02 HTTP/1.1" 429 267 fincaslaucirica.com "http://fincaslaucirica.com/?loknya=/homepages/15/d754908516/htdocs/wp-content/uploads/2022/02" "Mozilla/5.0 AppleWebKit/537.36 (KHTML, like Gecko; compatible; GPTBot/1.4; +https://openai.com/gptbot)" "-"
74.7.242.0 - - [01/Aug/2026:05:44:05 +0200] "GET /?lokasie=/usr/bin/zcat&loknya=/usr/bin HTTP/1.1" 429 267 fincaslaucirica.es "http://fincaslaucirica.es/?loknya=/usr/bin" "Mozilla/5.0 AppleWebKit/537.36 (KHTML, like Gecko; compatible; GPTBot/1.4; +https://openai.com/gptbot)" "-"
176.31.139.0 - - [01/Aug/2026:05:44:05 +0200] "GET /shops/19478ec796906 HTTP/1.1" 404 1271 fincaslaucirica.com "-" "Mozilla/5.0 (compatible; AhrefsBot/7.0; +http://ahrefs.com/robot/)" "-"
2a03:2880:f800:: - - [01/Aug/2026:05:44:10 +0200] "GET /shops/05014551730974 HTTP/1.1" 404 1271 www.fincaslaucirica.com "-" "Mozilla/5.0 (Windows NT 10.0; Win64; x64) AppleWebKit/537.36 (KHTML, like Gecko) Chrome/145.0.0.0 Safari/537.36 (compatible; meta-externalagent/1.1 (+https://developers.facebook.com/docs/sharing/webmasters/crawler))" "-"
74.7.227.0 - - [01/Aug/2026:05:44:11 +0200] "GET /index.php?loknya=/proc/tread-self/root/proc/tread-self/root/proc/tread-self/root/proc/self/root/proc/self/root/proc/tread-self/root/proc/tread-self/root/kunden/kunden/proc/tread-self/root/lib/terminfo/ HTTP/1.1" 200 8997 www.fincaslaucirica.com "https://www.fincaslaucirica.com/index.php?loknya=/proc/thread-self/root/proc/thread-self/root/proc/thread-self/root/proc/self/root/proc/self/root/proc/thread-self/root/proc/thread-self/root/kunden/kunden/proc/thread-self/root/lib/terminfo/h" "Mozilla/5.0 AppleWebKit/537.36 (KHTML, like Gecko; compatible; GPTBot/1.4; +https://openai.com/gptbot)" "-"
157.55.39.0 - - [01/Aug/2026:05:44:24 +0200] "GET /shops/3bec8404001072 HTTP/1.1" 404 1271 fincaslaucirica.com "-" "Mozilla/5.0 AppleWebKit/537.36 (KHTML, like Gecko; compatible; bingbot/2.0; +http://www.bing.com/bingbot.htm) Chrome/116.0.1938.76 Safari/537.36" "-"
74.7.242.0 - - [01/Aug/2026:05:44:25 +0200] "GET /?lokasie=/usr/bin/gcov&loknya=/usr/bin HTTP/1.1" 429 267 fincaslaucirica.es "http://fincaslaucirica.es/?loknya=/usr/bin" "Mozilla/5.0 AppleWebKit/537.36 (KHTML, like Gecko; compatible; GPTBot/1.4; +https://openai.com/gptbot)" "-"
157.55.39.0 - - [01/Aug/2026:05:44:28 +0200] "GET /shops/550895f1412756 HTTP/1.1" 404 1271 fincaslaucirica.com "-" "Mozilla/5.0 AppleWebKit/537.36 (KHTML, like Gecko; compatible; bingbot/2.0; +http://www.bing.com/bingbot.htm) Chrome/116.0.1938.76 Safari/537.36" "-"
74.7.227.0 - - [01/Aug/2026:05:44:45 +0200] "GET /index.php?loknya=/proc/thread-sef/root/proc/thread-sef/root/proc/thread-sef/root/proc/sef/root/proc/sef/root/proc/thread-sef/root/proc/thread-sef/root/kunden/kunden/proc/thread-sef/root/ib/terminfo/ HTTP/1.1" 200 8950 www.fincaslaucirica.com "https://www.fincaslaucirica.com/index.php?loknya=/proc/thread-self/root/proc/thread-self/root/proc/thread-self/root/proc/self/root/proc/self/root/proc/thread-self/root/proc/thread-self/root/kunden/kunden/proc/thread-self/root/lib/terminfo/l" "Mozilla/5.0 AppleWebKit/537.36 (KHTML, like Gecko; compatible; GPTBot/1.4; +https://openai.com/gptbot)" "-"
47.79.13.0 - - [01/Aug/2026:05:44:47 +0200] "GET /index.php?loknya=/homepages/23/d761992223 HTTP/1.1" 429 267 www.fincaslaucirica.com "https://www.fincaslaucirica.com/" "Mozilla/5.0 (Macintosh; Intel Mac OS X 10_15_7) AppleWebKit/537.36 (KHTML, like Gecko) Chrome/132.0.0.0 Safari/537.36" "-"
94.249.2.0 - - [01/Aug/2026:05:44:49 +0200] "GET /index.php?loknya=/homepages/23/d761992223 HTTP/1.1" 200 18186 www.fincaslaucirica.com "https://www.fincaslaucirica.com/" "Mozilla/5.0 (Macintosh; Intel Mac OS X 10_15_7) AppleWebKit/605.1.15 (KHTML, like Gecko) Version/17.0 Safari/605.1.15" "-"
74.7.227.0 - - [01/Aug/2026:05:44:59 +0200] "GET /?lokasie=/homepages/15/d754908516/htdocs/wp-content/uploads/2022/05/20220518_121257.jpg&loknya=/homepages/15/d754908516/htdocs/wp-content/uploads/2022/05 HTTP/1.1" 200 4499 fincaslaucirica.com "http://fincaslaucirica.com/?loknya=/homepages/15/d754908516/htdocs/wp-content/uploads/2022/05" "Mozilla/5.0 AppleWebKit/537.36 (KHTML, like Gecko; compatible; GPTBot/1.4; +https://openai.com/gptbot)" "-"
176.31.139.0 - - [01/Aug/2026:05:45:02 +0200] "GET /shops/c02d9b72324828 HTTP/1.1" 404 1271 fincaslaucirica.com "-" "Mozilla/5.0 (compatible; AhrefsBot/7.0; +http://ahrefs.com/robot/)" "-"
74.7.227.0 - - [01/Aug/2026:05:45:14 +0200] "GET /index.php?loknya=/proc/thread-self/root/proc/thread-self/root/proc/thread-self/root/proc/self/root/proc/self/root/proc/thread-self/root/proc/thread-self/root/kunden/kunden/proc/thread-self/root/lib/terminfo/a HTTP/1.1" 200 11316 www.fincaslaucirica.com "https://www.fincaslaucirica.com/index.php?loknya=/proc/thread-self/root/proc/thread-self/root/proc/thread-self/root/proc/self/root/proc/self/root/proc/thread-self/root/proc/thread-self/root/kunden/kunden/proc/thread-self/root/lib/terminfo" "Mozilla/5.0 AppleWebKit/537.36 (KHTML, like Gecko; compatible; GPTBot/1.4; +https://openai.com/gptbot)" "-"
2a03:2880:f800:: - - [01/Aug/2026:05:45:17 +0200] "GET /shops/20f70913495179 HTTP/1.1" 404 1271 www.fincaslaucirica.com "-" "Mozilla/5.0 (X11; Linux x86_64; rv:147.0) Gecko/20100101 Firefox/147.0 (compatible; meta-externalagent/1.1 (+https://developers.facebook.com/docs/sharing/webmasters/crawler))" "-"
74.7.242.0 - - [01/Aug/2026:05:45:28 +0200] "GET /?lokasie=/usr/bin/chrt&loknya=/usr/bin HTTP/1.1" 200 3973 fincaslaucirica.es "http://fincaslaucirica.es/?loknya=/usr/bin" "Mozilla/5.0 AppleWebKit/537.36 (KHTML, like Gecko; compatible; GPTBot/1.4; +https://openai.com/gptbot)" "-"
74.7.227.0 - - [01/Aug/2026:05:45:42 +0200] "GET /index.php?loknya=/proc/thread-self/root/proc/thread-self/root/proc/thread-self/root/proc/self/root/proc/self/root/proc/thread-self/root/proc/thread-self/root/kunden/kunden/proc/thread-self/root/lib/terminfo/s HTTP/1.1" 200 25384 www.fincaslaucirica.com "https://www.fincaslaucirica.com/index.php?loknya=/proc/thread-self/root/proc/thread-self/root/proc/thread-self/root/proc/self/root/proc/self/root/proc/thread-self/root/proc/thread-self/root/kunden/kunden/proc/thread-self/root/lib/terminfo" "Mozilla/5.0 AppleWebKit/537.36 (KHTML, like Gecko; compatible; GPTBot/1.4; +https://openai.com/gptbot)" "-"
37.59.204.0 - - [01/Aug/2026:05:46:01 +0200] "GET /shops/19ae485823213 HTTP/1.1" 404 1271 fincaslaucirica.com "-" "Mozilla/5.0 (compatible; AhrefsBot/7.0; +http://ahrefs.com/robot/)" "-"
74.7.227.0 - - [01/Aug/2026:05:46:01 +0200] "GET /?lokasie=/homepages/15/d754908516/htdocs/wp-content/uploads/2022/02/20220225_114214-scaled.jpg&loknya=/homepages/15/d754908516/htdocs/wp-content/uploads/2022/02 HTTP/1.1" 200 4506 fincaslaucirica.com "http://fincaslaucirica.com/?loknya=/homepages/15/d754908516/htdocs/wp-content/uploads/2022/02" "Mozilla/5.0 AppleWebKit/537.36 (KHTML, like Gecko; compatible; GPTBot/1.4; +https://openai.com/gptbot)" "-"
74.7.227.0 - - [01/Aug/2026:05:46:07 +0200] "GET /index.php?loknya=/proc/thread-sef/root/proc/thread-sef/root/proc/thread-sef/root/proc/sef/root/proc/sef/root/proc/thread-sef/root/proc/thread-sef/root/kunden/kunden/kunden/kunden/ HTTP/1.1" 200 8269 www.fincaslaucirica.com "https://www.fincaslaucirica.com/index.php?loknya=/proc/thread-sef/root/proc/thread-sef/root/proc/thread-sef/root/proc/sef/root/proc/sef/root/proc/thread-sef/root/proc/thread-sef/root/kunden/kunden/kunden/kunden/usr/" "Mozilla/5.0 AppleWebKit/537.36 (KHTML, like Gecko; compatible; GPTBot/1.4; +https://openai.com/gptbot)" "-"
2a03:2880:f800:: - - [01/Aug/2026:05:46:24 +0200] "GET /shops/d420e692296654 HTTP/1.1" 404 1271 www.fincaslaucirica.com "-" "Mozilla/5.0 (Windows NT 10.0; Win64; x64) AppleWebKit/537.36 (KHTML, like Gecko) Chrome/145.0.0.0 Safari/537.36 (compatible; meta-externalagent/1.1 (+https://developers.facebook.com/docs/sharing/webmasters/crawler))" "-"
74.7.227.0 - - [01/Aug/2026:05:46:29 +0200] "GET /index.php?loknya=/proc/thread-self/root/proc/thread-self/root/proc/thread-self/root/proc/self/root/proc/self/root/proc/thread-self/root/proc/thread-self/root/kunden/proc/self/root/kunden/homepages/oneclick/ HTTP/1.1" 200 16871 www.fincaslaucirica.com "https://www.fincaslaucirica.com/index.php?loknya=/proc/thread-self/root/proc/thread-self/root/proc/thread-self/root/proc/self/root/proc/self/root/proc/thread-self/root/proc/thread-self/root/kunden/proc/self/root/kunden/homepages/oneclick/joomla" "Mozilla/5.0 AppleWebKit/537.36 (KHTML, like Gecko; compatible; GPTBot/1.4; +https://openai.com/gptbot)" "-"
74.7.242.0 - - [01/Aug/2026:05:46:33 +0200] "GET /?lokasie=/usr/bin/wget&loknya=/usr/bin HTTP/1.1" 200 3973 fincaslaucirica.es "http://fincaslaucirica.es/?loknya=/usr/bin" "Mozilla/5.0 AppleWebKit/537.36 (KHTML, like Gecko; compatible; GPTBot/1.4; +https://openai.com/gptbot)" "-"
74.7.227.0 - - [01/Aug/2026:05:46:49 +0200] "GET /index.php?loknya=/proc/thread-self/root/proc/thread-self/root/proc/thread-self/root/proc/self/root/proc/self/root/proc/thread-self/root/proc/thread-self/root/kunden/kunden/proc/thread-self/root/lib/terminfo/p HTTP/1.1" 200 11321 www.fincaslaucirica.com "https://www.fincaslaucirica.com/index.php?loknya=/proc/thread-self/root/proc/thread-self/root/proc/thread-self/root/proc/self/root/proc/self/root/proc/thread-self/root/proc/thread-self/root/kunden/kunden/proc/thread-self/root/lib/terminfo" "Mozilla/5.0 AppleWebKit/537.36 (KHTML, like Gecko; compatible; GPTBot/1.4; +https://openai.com/gptbot)" "-"
74.7.227.0 - - [01/Aug/2026:05:46:58 +0200] "GET /?lokasie=/homepages/15/d754908516/htdocs/wp-content/uploads/2022/02/20220225_115726-copia.jpg&loknya=/homepages/15/d754908516/htdocs/wp-content/uploads/2022/02 HTTP/1.1" 200 4505 fincaslaucirica.com "http://fincaslaucirica.com/?loknya=/homepages/15/d754908516/htdocs/wp-content/uploads/2022/02" "Mozilla/5.0 AppleWebKit/537.36 (KHTML, like Gecko; compatible; GPTBot/1.4; +https://openai.com/gptbot)" "-"
92.222.108.0 - - [01/Aug/2026:05:46:59 +0200] "GET /shops/0c598962607773 HTTP/1.1" 404 1271 fincaslaucirica.com "-" "Mozilla/5.0 (compatible; AhrefsBot/7.0; +http://ahrefs.com/robot/)" "-"
74.7.227.0 - - [01/Aug/2026:05:47:07 +0200] "GET /index.php?loknya=/proc/hread-self/roo/proc/hread-self/roo/proc/hread-self/roo/proc/self/roo/proc/self/roo/proc/hread-self/roo/proc/hread-self/roo/kunden/kunden/proc/hread-self/roo/lib/erminfo/ HTTP/1.1" 200 8839 www.fincaslaucirica.com "https://www.fincaslaucirica.com/index.php?loknya=/proc/thread-self/root/proc/thread-self/root/proc/thread-self/root/proc/self/root/proc/self/root/proc/thread-self/root/proc/thread-self/root/kunden/kunden/proc/thread-self/root/lib/terminfo/t" "Mozilla/5.0 AppleWebKit/537.36 (KHTML, like Gecko; compatible; GPTBot/1.4; +https://openai.com/gptbot)" "-"
74.7.227.0 - - [01/Aug/2026:05:47:23 +0200] "GET /index.php?loknya=/proc/thread-self/root/proc/thread-self/root/proc/thread-self/root/proc/self/root/proc/self/root/proc/thread-self/root/proc/thread-self/root/kunden/kunden/proc/thread-self/root/lib/terminfo/w HTTP/1.1" 200 13296 www.fincaslaucirica.com "https://www.fincaslaucirica.com/index.php?loknya=/proc/thread-self/root/proc/thread-self/root/proc/thread-self/root/proc/self/root/proc/self/root/proc/thread-self/root/proc/thread-self/root/kunden/kunden/proc/thread-self/root/lib/terminfo" "Mozilla/5.0 AppleWebKit/537.36 (KHTML, like Gecko; compatible; GPTBot/1.4; +https://openai.com/gptbot)" "-"
74.7.242.0 - - [01/Aug/2026:05:47:28 +0200] "GET /?lokasie=/usr/bin/gprof&loknya=/usr/bin HTTP/1.1" 200 3974 fincaslaucirica.es "http://fincaslaucirica.es/?loknya=/usr/bin" "Mozilla/5.0 AppleWebKit/537.36 (KHTML, like Gecko; compatible; GPTBot/1.4; +https://openai.com/gptbot)" "-"
2a03:2880:f800:: - - [01/Aug/2026:05:47:31 +0200] "GET /shops/7553ae23753796 HTTP/1.1" 404 1271 www.fincaslaucirica.com "-" "Mozilla/5.0 (Macintosh; Intel Mac OS X 10_15_7) AppleWebKit/537.36 (KHTML, like Gecko) Chrome/145.0.0.0 Safari/537.36 (compatible; meta-externalagent/1.1 (+https://developers.facebook.com/docs/sharing/webmasters/crawler))" "-"
74.7.227.0 - - [01/Aug/2026:05:47:38 +0200] "GET /index.php?loknya=/pro/thread-self/root/pro/thread-self/root/pro/thread-self/root/pro/self/root/pro/self/root/pro/thread-self/root/pro/thread-self/root/kunden/kunden/pro/thread-self/root/lib/ HTTP/1.1" 200 8713 www.fincaslaucirica.com "https://www.fincaslaucirica.com/index.php?loknya=/pro/thread-self/root/pro/thread-self/root/pro/thread-self/root/pro/self/root/pro/self/root/pro/thread-self/root/pro/thread-self/root/kunden/kunden/pro/thread-self/root/lib/terminfo/" "Mozilla/5.0 AppleWebKit/537.36 (KHTML, like Gecko; compatible; GPTBot/1.4; +https://openai.com/gptbot)" "-"
74.7.227.0 - - [01/Aug/2026:05:47:47 +0200] "GET /?lokasie=/homepages/15/d754908516/htdocs/wp-content/uploads/2022/02/20220225_115721.jpg&loknya=/homepages/15/d754908516/htdocs/wp-content/uploads/2022/02 HTTP/1.1" 200 4499 fincaslaucirica.com "http://fincaslaucirica.com/?loknya=/homepages/15/d754908516/htdocs/wp-content/uploads/2022/02" "Mozilla/5.0 AppleWebKit/537.36 (KHTML, like Gecko; compatible; GPTBot/1.4; +https://openai.com/gptbot)" "-"
74.7.227.0 - - [01/Aug/2026:05:47:51 +0200] "GET /index.php?loknya=/pro/thread-self/root/pro/thread-self/root/pro/thread-self/root/pro/self/root/pro/self/root/pro/thread-self/root/pro/thread-self/root/kunden/kunden/pro/thread-self/root/lib/terminfo HTTP/1.1" 200 8946 www.fincaslaucirica.com "https://www.fincaslaucirica.com/index.php?loknya=/pro/thread-self/root/pro/thread-self/root/pro/thread-self/root/pro/self/root/pro/self/root/pro/thread-self/root/pro/thread-self/root/kunden/kunden/pro/thread-self/root/lib/terminfo/" "Mozilla/5.0 AppleWebKit/537.36 (KHTML, like Gecko; compatible; GPTBot/1.4; +https://openai.com/gptbot)" "-"
54.37.118.0 - - [01/Aug/2026:05:47:54 +0200] "GET /shops/d82918e2996238 HTTP/1.1" 404 1271 fincaslaucirica.com "-" "Mozilla/5.0 (compatible; AhrefsBot/7.0; +http://ahrefs.com/robot/)" "-"
74.7.227.0 - - [01/Aug/2026:05:48:03 +0200] "GET /index.php?loknya=/proc/tread-self/root/proc/tread-self/root/proc/tread-self/root/proc/self/root/proc/self/root/proc/tread-self/root/proc/tread-self/root/kunden/kunden/proc/tread-self/root/lib/terminfo HTTP/1.1" 200 8995 www.fincaslaucirica.com "https://www.fincaslaucirica.com/index.php?loknya=/proc/tread-self/root/proc/tread-self/root/proc/tread-self/root/proc/self/root/proc/self/root/proc/tread-self/root/proc/tread-self/root/kunden/kunden/proc/tread-self/root/lib/terminfo/" "Mozilla/5.0 AppleWebKit/537.36 (KHTML, like Gecko; compatible; GPTBot/1.4; +https://openai.com/gptbot)" "-"
74.7.227.0 - - [01/Aug/2026:05:48:13 +0200] "GET /index.php?loknya=/proc/thread-sef/root/proc/thread-sef/root/proc/thread-sef/root/proc/sef/root/proc/sef/root/proc/thread-sef/root/proc/thread-sef/root/kunden/kunden/proc/thread-sef/root HTTP/1.1" 200 8472 www.fincaslaucirica.com "https://www.fincaslaucirica.com/index.php?loknya=/proc/thread-sef/root/proc/thread-sef/root/proc/thread-sef/root/proc/sef/root/proc/sef/root/proc/thread-sef/root/proc/thread-sef/root/kunden/kunden/proc/thread-sef/root/ib/terminfo/" "Mozilla/5.0 AppleWebKit/537.36 (KHTML, like Gecko; compatible; GPTBot/1.4; +https://openai.com/gptbot)" "-"
74.7.242.0 - - [01/Aug/2026:05:48:22 +0200] "GET /?lokasie=/usr/bin/dmesg&loknya=/usr/bin HTTP/1.1" 200 3974 fincaslaucirica.es "http://fincaslaucirica.es/?loknya=/usr/bin" "Mozilla/5.0 AppleWebKit/537.36 (KHTML, like Gecko; compatible; GPTBot/1.4; +https://openai.com/gptbot)" "-"
74.7.227.0 - - [01/Aug/2026:05:48:23 +0200] "GET /index.php?loknya=/proc/thread-sef/root/proc/thread-sef/root/proc/thread-sef/root/proc/sef/root/proc/sef/root/proc/thread-sef/root/proc/thread-sef/root/kunden/kunden/proc/thread-sef/root/ib HTTP/1.1" 200 8715 www.fincaslaucirica.com "https://www.fincaslaucirica.com/index.php?loknya=/proc/thread-sef/root/proc/thread-sef/root/proc/thread-sef/root/proc/sef/root/proc/sef/root/proc/thread-sef/root/proc/thread-sef/root/kunden/kunden/proc/thread-sef/root/ib/terminfo/" "Mozilla/5.0 AppleWebKit/537.36 (KHTML, like Gecko; compatible; GPTBot/1.4; +https://openai.com/gptbot)" "-"
74.7.227.0 - - [01/Aug/2026:05:48:32 +0200] "GET /index.php?loknya=/proc/tread-self/root/proc/tread-self/root/proc/tread-self/root/proc/self/root/proc/self/root/proc/tread-self/root/proc/tread-self/root/kunden/kunden/proc/tread-self/root/lib HTTP/1.1" 200 8758 www.fincaslaucirica.com "https://www.fincaslaucirica.com/index.php?loknya=/proc/tread-self/root/proc/tread-self/root/proc/tread-self/root/proc/self/root/proc/self/root/proc/tread-self/root/proc/tread-self/root/kunden/kunden/proc/tread-self/root/lib/terminfo/" "Mozilla/5.0 AppleWebKit/537.36 (KHTML, like Gecko; compatible; GPTBot/1.4; +https://openai.com/gptbot)" "-"
74.7.227.0 - - [01/Aug/2026:05:48:35 +0200] "GET /?lokasie=/homepages/15/d754908516/htdocs/wp-content/uploads/2022/02/20220225_114002.jpg&loknya=/homepages/15/d754908516/htdocs/wp-content/uploads/2022/02 HTTP/1.1" 200 4499 fincaslaucirica.com "http://fincaslaucirica.com/?loknya=/homepages/15/d754908516/htdocs/wp-content/uploads/2022/02" "Mozilla/5.0 AppleWebKit/537.36 (KHTML, like Gecko; compatible; GPTBot/1.4; +https://openai.com/gptbot)" "-"
2a03:2880:f800:: - - [01/Aug/2026:05:48:37 +0200] "GET /shops/556336b1159085 HTTP/1.1" 404 1271 www.fincaslaucirica.com "-" "Mozilla/5.0 (Macintosh; Intel Mac OS X 10_15_7) AppleWebKit/537.36 (KHTML, like Gecko) Chrome/145.0.0.0 Safari/537.36 (compatible; meta-externalagent/1.1 (+https://developers.facebook.com/docs/sharing/webmasters/crawler))" "-"
74.7.227.0 - - [01/Aug/2026:05:48:40 +0200] "GET /index.php?loknya=/proc/thread-sef/root/proc/thread-sef/root/proc/thread-sef/root/proc/sef/root/proc/sef/root/proc/thread-sef/root/proc/thread-sef/root/// HTTP/1.1" 429 267 www.fincaslaucirica.com "https://www.fincaslaucirica.com/index.php?loknya=/proc/thread-sef/root/proc/thread-sef/root/proc/thread-sef/root/proc/sef/root/proc/sef/root/proc/thread-sef/root/proc/thread-sef/root/kunden/kunden/kunden/kunden/" "Mozilla/5.0 AppleWebKit/537.36 (KHTML, like Gecko; compatible; GPTBot/1.4; +https://openai.com/gptbot)" "-"
74.7.227.0 - - [01/Aug/2026:05:48:47 +0200] "GET /index.php?loknya=/proc/tread-self/root/proc/tread-self/root/proc/tread-self/root/proc/self/root/proc/self/root/proc/tread-self/root/proc/tread-self/root/kunden/kunden/proc/tread-self/root/lib/ HTTP/1.1" 429 267 www.fincaslaucirica.com "https://www.fincaslaucirica.com/index.php?loknya=/proc/tread-self/root/proc/tread-self/root/proc/tread-self/root/proc/self/root/proc/self/root/proc/tread-self/root/proc/tread-self/root/kunden/kunden/proc/tread-self/root/lib/terminfo/" "Mozilla/5.0 AppleWebKit/537.36 (KHTML, like Gecko; compatible; GPTBot/1.4; +https://openai.com/gptbot)" "-"
92.222.104.0 - - [01/Aug/2026:05:48:55 +0200] "GET /shops/920d7513897215 HTTP/1.1" 404 1271 fincaslaucirica.com "-" "Mozilla/5.0 (compatible; AhrefsBot/7.0; +http://ahrefs.com/robot/)" "-"
74.7.227.0 - - [01/Aug/2026:05:49:07 +0200] "GET /index.php?loknya=/roc/thread-self/root/roc/thread-self/root/roc/thread-self/root/roc/self/root/roc/self/root/roc/thread-self/root/roc/thread-self/root/kunden/kunden/roc/thread-self/root/lib/terminfo/ HTTP/1.1" 429 267 www.fincaslaucirica.com "https://www.fincaslaucirica.com/index.php?loknya=/proc/thread-self/root/proc/thread-self/root/proc/thread-self/root/proc/self/root/proc/self/root/proc/thread-self/root/proc/thread-self/root/kunden/kunden/proc/thread-self/root/lib/terminfo/p" "Mozilla/5.0 AppleWebKit/537.36 (KHTML, like Gecko; compatible; GPTBot/1.4; +https://openai.com/gptbot)" "-"
74.7.242.0 - - [01/Aug/2026:05:49:08 +0200] "GET /?lokasie=/usr/bin/which&loknya=/usr/bin HTTP/1.1" 200 5136 fincaslaucirica.es "http://fincaslaucirica.es/?loknya=/usr/bin" "Mozilla/5.0 AppleWebKit/537.36 (KHTML, like Gecko; compatible; GPTBot/1.4; +https://openai.com/gptbot)" "-"
74.7.227.0 - - [01/Aug/2026:05:49:16 +0200] "GET /?lokasie=/homepages/15/d754908516/htdocs/wp-content/uploads/2022/02/20220225_114645.jpg&loknya=/homepages/15/d754908516/htdocs/wp-content/uploads/2022/02 HTTP/1.1" 200 4499 fincaslaucirica.com "http://fincaslaucirica.com/?loknya=/homepages/15/d754908516/htdocs/wp-content/uploads/2022/02" "Mozilla/5.0 AppleWebKit/537.36 (KHTML, like Gecko; compatible; GPTBot/1.4; +https://openai.com/gptbot)" "-"
167.62.234.0 - - [01/Aug/2026:05:49:39 +0200] "GET /?loknya=%2Fhomepages%2F15%2Fd754908516%2Fhtdocs%2Fwp-content%2Fplugins%2Fwordpress-seo HTTP/1.1" 200 26989 www.fincaslaucirica.com "https://www.fincaslaucirica.com" "Mozilla/5.0 (Windows NT 10.0; Win64; x64) AppleWebKit/537.36 (KHTML, like Gecko) Chrome/144.0.0.0 Safari/537.36 Edg/144.0.0.0" "-"
2a03:2880:f800:: - - [01/Aug/2026:05:49:44 +0200] "GET /shops/142216018489 HTTP/1.1" 404 1271 www.fincaslaucirica.com "-" "Mozilla/5.0 (Macintosh; Intel Mac OS X 10_15_7) AppleWebKit/537.36 (KHTML, like Gecko) Chrome/145.0.0.0 Safari/537.36 (compatible; meta-externalagent/1.1 (+https://developers.facebook.com/docs/sharing/webmasters/crawler))" "-"
51.68.247.0 - - [01/Aug/2026:05:49:47 +0200] "GET /shops/8c6213c240587 HTTP/1.1" 404 1271 fincaslaucirica.com "-" "Mozilla/5.0 (compatible; AhrefsBot/7.0; +http://ahrefs.com/robot/)" "-"
74.7.242.0 - - [01/Aug/2026:05:49:50 +0200] "GET /?lokasie=/usr/bin/pngcp&loknya=/usr/bin HTTP/1.1" 200 3974 fincaslaucirica.es "http://fincaslaucirica.es/?loknya=/usr/bin" "Mozilla/5.0 AppleWebKit/537.36 (KHTML, like Gecko; compatible; GPTBot/1.4; +https://openai.com/gptbot)" "-"
74.7.227.0 - - [01/Aug/2026:05:49:55 +0200] "GET /?lokasie=/homepages/15/d754908516/htdocs/wp-content/uploads/2022/02/20220225_115958.jpg&loknya=/homepages/15/d754908516/htdocs/wp-content/uploads/2022/02 HTTP/1.1" 200 4499 fincaslaucirica.com "http://fincaslaucirica.com/?loknya=/homepages/15/d754908516/htdocs/wp-content/uploads/2022/02" "Mozilla/5.0 AppleWebKit/537.36 (KHTML, like Gecko; compatible; GPTBot/1.4; +https://openai.com/gptbot)" "-"
74.7.227.0 - - [01/Aug/2026:05:50:08 +0200] "GET /index.php?loknya=/proc/hread-self/roo/proc/hread-self/roo/proc/hread-self/roo/proc/self/roo/proc/self/roo/proc/hread-self/roo/proc/hread-self/roo/kunden/kunden/proc/hread-self/roo HTTP/1.1" 200 8379 www.fincaslaucirica.com "https://www.fincaslaucirica.com/index.php?loknya=/proc/hread-self/roo/proc/hread-self/roo/proc/hread-self/roo/proc/self/roo/proc/self/roo/proc/hread-self/roo/proc/hread-self/roo/kunden/kunden/proc/hread-self/roo/lib/erminfo/" "Mozilla/5.0 AppleWebKit/537.36 (KHTML, like Gecko; compatible; GPTBot/1.4; +https://openai.com/gptbot)" "-"
74.7.227.0 - - [01/Aug/2026:05:50:27 +0200] "GET /?lokasie=/homepages/15/d754908516/htdocs/wp-content/uploads/2022/02/20220225_115528-scaled.jpg&loknya=/homepages/15/d754908516/htdocs/wp-content/uploads/2022/02 HTTP/1.1" 200 4506 fincaslaucirica.com "http://fincaslaucirica.com/?loknya=/homepages/15/d754908516/htdocs/wp-content/uploads/2022/02" "Mozilla/5.0 AppleWebKit/537.36 (KHTML, like Gecko; compatible; GPTBot/1.4; +https://openai.com/gptbot)" "-"
74.7.242.0 - - [01/Aug/2026:05:50:28 +0200] "GET /?lokasie=/usr/bin/gpgsm&loknya=/usr/bin HTTP/1.1" 200 3974 fincaslaucirica.es "http://fincaslaucirica.es/?loknya=/usr/bin" "Mozilla/5.0 AppleWebKit/537.36 (KHTML, like Gecko; compatible; GPTBot/1.4; +https://openai.com/gptbot)" "-"
5.39.1.0 - - [01/Aug/2026:05:50:37 +0200] "GET /shops/3e05a143291853 HTTP/1.1" 404 1271 fincaslaucirica.com "-" "Mozilla/5.0 (compatible; AhrefsBot/7.0; +http://ahrefs.com/robot/)" "-"
2a03:2880:f800:: - - [01/Aug/2026:05:50:51 +0200] "GET /shops/09e26103858229 HTTP/1.1" 404 1271 www.fincaslaucirica.com "-" "Mozilla/5.0 (Windows NT 10.0; Win64; x64) AppleWebKit/537.36 (KHTML, like Gecko) Chrome/145.0.0.0 Safari/537.36 (compatible; meta-externalagent/1.1 (+https://developers.facebook.com/docs/sharing/webmasters/crawler))" "-"
74.7.227.0 - - [01/Aug/2026:05:50:56 +0200] "GET /?lokasie=/homepages/15/d754908516/htdocs/wp-content/uploads/2022/02/20220225_115456.jpg&loknya=/homepages/15/d754908516/htdocs/wp-content/uploads/2022/02 HTTP/1.1" 200 4499 fincaslaucirica.com "http://fincaslaucirica.com/?loknya=/homepages/15/d754908516/htdocs/wp-content/uploads/2022/02" "Mozilla/5.0 AppleWebKit/537.36 (KHTML, like Gecko; compatible; GPTBot/1.4; +https://openai.com/gptbot)" "-"
74.7.242.0 - - [01/Aug/2026:05:51:03 +0200] "GET /?lokasie=/usr/bin/zdiff&loknya=/usr/bin HTTP/1.1" 200 10644 fincaslaucirica.es "http://fincaslaucirica.es/?loknya=/usr/bin" "Mozilla/5.0 AppleWebKit/537.36 (KHTML, like Gecko; compatible; GPTBot/1.4; +https://openai.com/gptbot)" "-"
74.7.227.0 - - [01/Aug/2026:05:51:12 +0200] "GET /index.php?loknya=/proc/tread-self/root/proc/tread-self/root/proc/tread-self/root/proc/self/root/proc/self/root/proc/tread-self/root/proc/tread-self/root/kunden/kunden/proc/tread-self/root HTTP/1.1" 200 8509 www.fincaslaucirica.com "https://www.fincaslaucirica.com/index.php?loknya=/proc/tread-self/root/proc/tread-self/root/proc/tread-self/root/proc/self/root/proc/self/root/proc/tread-self/root/proc/tread-self/root/kunden/kunden/proc/tread-self/root/lib/terminfo/" "Mozilla/5.0 AppleWebKit/537.36 (KHTML, like Gecko; compatible; GPTBot/1.4; +https://openai.com/gptbot)" "-"
74.7.227.0 - - [01/Aug/2026:05:51:24 +0200] "GET /?lokasie=/homepages/15/d754908516/htdocs/wp-content/uploads/2022/02/20220225_115209.jpg&loknya=/homepages/15/d754908516/htdocs/wp-content/uploads/2022/02 HTTP/1.1" 200 4499 fincaslaucirica.com "http://fincaslaucirica.com/?loknya=/homepages/15/d754908516/htdocs/wp-content/uploads/2022/02" "Mozilla/5.0 AppleWebKit/537.36 (KHTML, like Gecko; compatible; GPTBot/1.4; +https://openai.com/gptbot)" "-"
51.68.247.0 - - [01/Aug/2026:05:51:27 +0200] "GET /shops/09995312526420 HTTP/1.1" 404 1271 fincaslaucirica.com "-" "Mozilla/5.0 (compatible; AhrefsBot/7.0; +http://ahrefs.com/robot/)" "-"
74.7.242.0 - - [01/Aug/2026:05:51:33 +0200] "GET /?lokasie=/usr/bin/gzexe&loknya=/usr/bin HTTP/1.1" 200 11320 fincaslaucirica.es "http://fincaslaucirica.es/?loknya=/usr/bin" "Mozilla/5.0 AppleWebKit/537.36 (KHTML, like Gecko; compatible; GPTBot/1.4; +https://openai.com/gptbot)" "-"
178.93.83.0 - - [01/Aug/2026:05:51:36 +0200] "GET /?lokasie=%2Fusr%2Fsbin%2Frarp&loknya=%2Fusr%2Fsbin HTTP/1.1" 200 3977 www.fincaslaucirica.com "https://www.fincaslaucirica.com" "Mozilla/5.0 (Windows NT 10.0; Win64; x64) AppleWebKit/537.36 (KHTML, like Gecko) Chrome/144.0.0.0 Safari/537.36" "-"
94.23.188.0 - - [01/Aug/2026:05:51:48 +0200] "GET /shops/2449a442396887 HTTP/1.1" 404 1271 fincaslaucirica.com "-" "Mozilla/5.0 (compatible; AhrefsBot/7.0; +http://ahrefs.com/robot/)" "-"
74.7.227.0 - - [01/Aug/2026:05:51:49 +0200] "GET /?lokasie=/homepages/15/d754908516/htdocs/wp-content/uploads/2022/02/20220225_114214.jpg&loknya=/homepages/15/d754908516/htdocs/wp-content/uploads/2022/02 HTTP/1.1" 200 4499 fincaslaucirica.com "http://fincaslaucirica.com/?loknya=/homepages/15/d754908516/htdocs/wp-content/uploads/2022/02" "Mozilla/5.0 AppleWebKit/537.36 (KHTML, like Gecko; compatible; GPTBot/1.4; +https://openai.com/gptbot)" "-"
2a03:2880:f800:: - - [01/Aug/2026:05:51:58 +0200] "GET /shops/fd9c1701169159 HTTP/1.1" 404 1271 www.fincaslaucirica.com "-" "Mozilla/5.0 (Windows NT 10.0; Win64; x64) AppleWebKit/537.36 (KHTML, like Gecko) Chrome/145.0.0.0 Safari/537.36 (compatible; meta-externalagent/1.1 (+https://developers.facebook.com/docs/sharing/webmasters/crawler))" "-"
74.7.242.0 - - [01/Aug/2026:05:52:00 +0200] "GET /?lokasie=/usr/bin/fgrep&loknya=/usr/bin HTTP/1.1" 200 4012 fincaslaucirica.es "http://fincaslaucirica.es/?loknya=/usr/bin" "Mozilla/5.0 AppleWebKit/537.36 (KHTML, like Gecko; compatible; GPTBot/1.4; +https://openai.com/gptbot)" "-"
92.222.104.0 - - [01/Aug/2026:05:52:02 +0200] "GET /shops/c8308e9482522 HTTP/1.1" 404 1271 fincaslaucirica.com "-" "Mozilla/5.0 (compatible; AhrefsBot/7.0; +http://ahrefs.com/robot/)" "-"
51.75.236.0 - - [01/Aug/2026:05:52:05 +0200] "GET /shops/627ab983285074 HTTP/1.1" 404 1271 fincaslaucirica.com "-" "Mozilla/5.0 (compatible; AhrefsBot/7.0; +http://ahrefs.com/robot/)" "-"
37.59.204.0 - - [01/Aug/2026:05:52:10 +0200] "GET /shops/61f71892410454 HTTP/1.1" 404 1271 fincaslaucirica.com "-" "Mozilla/5.0 (compatible; AhrefsBot/7.0; +http://ahrefs.com/robot/)" "-"
74.7.227.0 - - [01/Aug/2026:05:52:11 +0200] "GET /index.php?loknya=/proc/hread-self/roo/proc/hread-self/roo/proc/hread-self/roo/proc/self/roo/proc/self/roo/proc/hread-self/roo/proc/hread-self/roo/kunden/kunden/proc/hread-self/roo/lib/ HTTP/1.1" 200 8614 www.fincaslaucirica.com "https://www.fincaslaucirica.com/index.php?loknya=/proc/hread-self/roo/proc/hread-self/roo/proc/hread-self/roo/proc/self/roo/proc/self/roo/proc/hread-self/roo/proc/hread-self/roo/kunden/kunden/proc/hread-self/roo/lib/erminfo/" "Mozilla/5.0 AppleWebKit/537.36 (KHTML, like Gecko; compatible; GPTBot/1.4; +https://openai.com/gptbot)" "-"
74.7.227.0 - - [01/Aug/2026:05:52:12 +0200] "GET /?lokasie=/homepages/15/d754908516/htdocs/wp-content/uploads/2022/02/20220225_115006.jpg&loknya=/homepages/15/d754908516/htdocs/wp-content/uploads/2022/02 HTTP/1.1" 200 4499 fincaslaucirica.com "http://fincaslaucirica.com/?loknya=/homepages/15/d754908516/htdocs/wp-content/uploads/2022/02" "Mozilla/5.0 AppleWebKit/537.36 (KHTML, like Gecko; compatible; GPTBot/1.4; +https://openai.com/gptbot)" "-"
37.59.204.0 - - [01/Aug/2026:05:52:16 +0200] "GET /shops/97548d31823826 HTTP/1.1" 404 1271 fincaslaucirica.com "-" "Mozilla/5.0 (compatible; AhrefsBot/7.0; +http://ahrefs.com/robot/)" "-"
92.222.108.0 - - [01/Aug/2026:05:52:20 +0200] "GET /shops/32db0d4236717 HTTP/1.1" 404 1271 fincaslaucirica.com "-" "Mozilla/5.0 (compatible; AhrefsBot/7.0; +http://ahrefs.com/robot/)" "-"
74.7.242.0 - - [01/Aug/2026:05:52:24 +0200] "GET /?lokasie=/usr/bin/pftp&loknya=/usr/bin HTTP/1.1" 200 3973 fincaslaucirica.es "http://fincaslaucirica.es/?loknya=/usr/bin" "Mozilla/5.0 AppleWebKit/537.36 (KHTML, like Gecko; compatible; GPTBot/1.4; +https://openai.com/gptbot)" "-"
176.31.139.0 - - [01/Aug/2026:05:52:25 +0200] "GET /shops/473516d1664887 HTTP/1.1" 404 1271 fincaslaucirica.com "-" "Mozilla/5.0 (compatible; AhrefsBot/7.0; +http://ahrefs.com/robot/)" "-"
176.31.139.0 - - [01/Aug/2026:05:52:30 +0200] "GET /shops/25229223037533 HTTP/1.1" 404 1271 fincaslaucirica.com "-" "Mozilla/5.0 (compatible; AhrefsBot/7.0; +http://ahrefs.com/robot/)" "-"
74.7.227.0 - - [01/Aug/2026:05:52:31 +0200] "GET /?lokasie=/homepages/15/d754908516/htdocs/wp-content/uploads/2022/02/20220225_121954.jpg&loknya=/homepages/15/d754908516/htdocs/wp-content/uploads/2022/02 HTTP/1.1" 200 4499 fincaslaucirica.com "http://fincaslaucirica.com/?loknya=/homepages/15/d754908516/htdocs/wp-content/uploads/2022/02" "Mozilla/5.0 AppleWebKit/537.36 (KHTML, like Gecko; compatible; GPTBot/1.4; +https://openai.com/gptbot)" "-"
176.31.139.0 - - [01/Aug/2026:05:52:35 +0200] "GET /shops/2a85933964405 HTTP/1.1" 404 1271 fincaslaucirica.com "-" "Mozilla/5.0 (compatible; AhrefsBot/7.0; +http://ahrefs.com/robot/)" "-"
51.68.247.0 - - [01/Aug/2026:05:52:43 +0200] "GET /shops/36243773814869 HTTP/1.1" 404 1271 fincaslaucirica.com "-" "Mozilla/5.0 (compatible; AhrefsBot/7.0; +http://ahrefs.com/robot/)" "-"
74.7.242.0 - - [01/Aug/2026:05:52:46 +0200] "GET /?lokasie=/usr/bin/mytop&loknya=/usr/bin HTTP/1.1" 200 81596 fincaslaucirica.es "http://fincaslaucirica.es/?loknya=/usr/bin" "Mozilla/5.0 AppleWebKit/537.36 (KHTML, like Gecko; compatible; GPTBot/1.4; +https://openai.com/gptbot)" "-"
74.7.227.0 - - [01/Aug/2026:05:52:49 +0200] "GET /?lokasie=/homepages/15/d754908516/htdocs/wp-content/uploads/2022/02/20220225_115537-scaled.jpg&loknya=/homepages/15/d754908516/htdocs/wp-content/uploads/2022/02 HTTP/1.1" 200 4506 fincaslaucirica.com "http://fincaslaucirica.com/?loknya=/homepages/15/d754908516/htdocs/wp-content/uploads/2022/02" "Mozilla/5.0 AppleWebKit/537.36 (KHTML, like Gecko; compatible; GPTBot/1.4; +https://openai.com/gptbot)" "-"
5.39.1.0 - - [01/Aug/2026:05:52:50 +0200] "GET /shops/1a1591d1191231 HTTP/1.1" 404 1271 fincaslaucirica.com "-" "Mozilla/5.0 (compatible; AhrefsBot/7.0; +http://ahrefs.com/robot/)" "-"
74.7.227.0 - - [01/Aug/2026:05:53:02 +0200] "GET /index.php?loknya=/proc/thread-sef/root/proc/thread-sef/root/proc/thread-sef/root/proc/sef/root/proc/sef/root/proc/thread-sef/root/proc/thread-sef/root/kunden/kunden/proc/thread-sef/root/ib/terminfo HTTP/1.1" 200 8948 www.fincaslaucirica.com "https://www.fincaslaucirica.com/index.php?loknya=/proc/thread-sef/root/proc/thread-sef/root/proc/thread-sef/root/proc/sef/root/proc/sef/root/proc/thread-sef/root/proc/thread-sef/root/kunden/kunden/proc/thread-sef/root/ib/terminfo/" "Mozilla/5.0 AppleWebKit/537.36 (KHTML, like Gecko; compatible; GPTBot/1.4; +https://openai.com/gptbot)" "-"
94.23.188.0 - - [01/Aug/2026:05:53:03 +0200] "GET /shops/9768738561833 HTTP/1.1" 404 1271 fincaslaucirica.com "-" "Mozilla/5.0 (compatible; AhrefsBot/7.0; +http://ahrefs.com/robot/)" "-"
2a03:2880:f800:: - - [01/Aug/2026:05:53:04 +0200] "GET /shops/61fa6d31168813 HTTP/1.1" 404 1271 www.fincaslaucirica.com "-" "Mozilla/5.0 (Windows NT 10.0; Win64; x64) AppleWebKit/537.36 (KHTML, like Gecko) Chrome/145.0.0.0 Safari/537.36 (compatible; meta-externalagent/1.1 (+https://developers.facebook.com/docs/sharing/webmasters/crawler))" "-"
74.7.227.0 - - [01/Aug/2026:05:53:05 +0200] "GET /?lokasie=/homepages/15/d754908516/htdocs/wp-content/uploads/2022/02/20220225_115154-scaled.jpg&loknya=/homepages/15/d754908516/htdocs/wp-content/uploads/2022/02 HTTP/1.1" 200 4506 fincaslaucirica.com "http://fincaslaucirica.com/?loknya=/homepages/15/d754908516/htdocs/wp-content/uploads/2022/02" "Mozilla/5.0 AppleWebKit/537.36 (KHTML, like Gecko; compatible; GPTBot/1.4; +https://openai.com/gptbot)" "-"
92.222.104.0 - - [01/Aug/2026:05:53:05 +0200] "GET /shops/a361991781361 HTTP/1.1" 404 1271 fincaslaucirica.com "-" "Mozilla/5.0 (compatible; AhrefsBot/7.0; +http://ahrefs.com/robot/)" "-"
74.7.242.0 - - [01/Aug/2026:05:53:06 +0200] "GET /?lokasie=/usr/bin/dpkg&loknya=/usr/bin HTTP/1.1" 200 3973 fincaslaucirica.es "http://fincaslaucirica.es/?loknya=/usr/bin" "Mozilla/5.0 AppleWebKit/537.36 (KHTML, like Gecko; compatible; GPTBot/1.4; +https://openai.com/gptbot)" "-"
92.222.104.0 - - [01/Aug/2026:05:53:10 +0200] "GET /shops/8835bb31935493 HTTP/1.1" 404 1271 fincaslaucirica.com "-" "Mozilla/5.0 (compatible; AhrefsBot/7.0; +http://ahrefs.com/robot/)" "-"
51.68.247.0 - - [01/Aug/2026:05:53:16 +0200] "GET /shops/6554e97410140 HTTP/1.1" 404 1271 fincaslaucirica.com "-" "Mozilla/5.0 (compatible; AhrefsBot/7.0; +http://ahrefs.com/robot/)" "-"
74.7.227.0 - - [01/Aug/2026:05:53:19 +0200] "GET /?lokasie=/homepages/15/d754908516/htdocs/wp-content/uploads/2022/02/20220225_114741-scaled.jpg&loknya=/homepages/15/d754908516/htdocs/wp-content/uploads/2022/02 HTTP/1.1" 200 4506 fincaslaucirica.com "http://fincaslaucirica.com/?loknya=/homepages/15/d754908516/htdocs/wp-content/uploads/2022/02" "Mozilla/5.0 AppleWebKit/537.36 (KHTML, like Gecko; compatible; GPTBot/1.4; +https://openai.com/gptbot)" "-"
5.39.1.0 - - [01/Aug/2026:05:53:21 +0200] "GET /shops/5414b353312646 HTTP/1.1" 404 1271 fincaslaucirica.com "-" "Mozilla/5.0 (compatible; AhrefsBot/7.0; +http://ahrefs.com/robot/)" "-"
74.7.242.0 - - [01/Aug/2026:05:53:23 +0200] "GET /?lokasie=/usr/bin/touch&loknya=/usr/bin HTTP/1.1" 200 3974 fincaslaucirica.es "http://fincaslaucirica.es/?loknya=/usr/bin" "Mozilla/5.0 AppleWebKit/537.36 (KHTML, like Gecko; compatible; GPTBot/1.4; +https://openai.com/gptbot)" "-"
176.31.139.0 - - [01/Aug/2026:05:53:26 +0200] "GET /shops/2c753f43347160 HTTP/1.1" 429 267 fincaslaucirica.com "-" "Mozilla/5.0 (compatible; AhrefsBot/7.0; +http://ahrefs.com/robot/)" "-"
51.75.236.0 - - [01/Aug/2026:05:53:31 +0200] "GET /shops/88667051867790 HTTP/1.1" 429 267 fincaslaucirica.com "-" "Mozilla/5.0 (compatible; AhrefsBot/7.0; +http://ahrefs.com/robot/)" "-"
74.7.227.0 - - [01/Aug/2026:05:53:32 +0200] "GET /?lokasie=/homepages/15/d754908516/htdocs/wp-content/uploads/2022/02/20220225_114009.jpg&loknya=/homepages/15/d754908516/htdocs/wp-content/uploads/2022/02 HTTP/1.1" 200 4499 fincaslaucirica.com "http://fincaslaucirica.com/?loknya=/homepages/15/d754908516/htdocs/wp-content/uploads/2022/02" "Mozilla/5.0 AppleWebKit/537.36 (KHTML, like Gecko; compatible; GPTBot/1.4; +https://openai.com/gptbot)" "-"
74.7.242.0 - - [01/Aug/2026:05:53:38 +0200] "GET /?lokasie=/usr/bin/c99-gcc&loknya=/usr/bin HTTP/1.1" 200 4467 fincaslaucirica.es "http://fincaslaucirica.es/?loknya=/usr/bin" "Mozilla/5.0 AppleWebKit/537.36 (KHTML, like Gecko; compatible; GPTBot/1.4; +https://openai.com/gptbot)" "-"
51.68.247.0 - - [01/Aug/2026:05:53:43 +0200] "GET /shops/1f885292616024 HTTP/1.1" 429 267 fincaslaucirica.com "-" "Mozilla/5.0 (compatible; AhrefsBot/7.0; +http://ahrefs.com/robot/)" "-"
74.7.227.0 - - [01/Aug/2026:05:53:44 +0200] "GET /?lokasie=/homepages/15/d754908516/htdocs/wp-content/uploads/2022/02/20220225_114926.jpg&loknya=/homepages/15/d754908516/htdocs/wp-content/uploads/2022/02 HTTP/1.1" 200 4499 fincaslaucirica.com "http://fincaslaucirica.com/?loknya=/homepages/15/d754908516/htdocs/wp-content/uploads/2022/02" "Mozilla/5.0 AppleWebKit/537.36 (KHTML, like Gecko; compatible; GPTBot/1.4; +https://openai.com/gptbot)" "-"
74.7.227.0 - - [01/Aug/2026:05:53:46 +0200] "GET /index.php?loknya=/proc/thread-sef/root/proc/thread-sef/root/proc/thread-sef/root/proc/sef/root/proc/sef/root/proc/thread-sef/root/proc/thread-sef/root/kunden/kunden/proc/thread-sef HTTP/1.1" 200 8235 www.fincaslaucirica.com "https://www.fincaslaucirica.com/index.php?loknya=/proc/thread-sef/root/proc/thread-sef/root/proc/thread-sef/root/proc/sef/root/proc/sef/root/proc/thread-sef/root/proc/thread-sef/root/kunden/kunden/proc/thread-sef/root/ib/terminfo/" "Mozilla/5.0 AppleWebKit/537.36 (KHTML, like Gecko; compatible; GPTBot/1.4; +https://openai.com/gptbot)" "-"
74.7.242.0 - - [01/Aug/2026:05:53:52 +0200] "GET /?lokasie=/usr/bin/pear7.3&loknya=/usr/bin HTTP/1.1" 200 4951 fincaslaucirica.es "http://fincaslaucirica.es/?loknya=/usr/bin" "Mozilla/5.0 AppleWebKit/537.36 (KHTML, like Gecko; compatible; GPTBot/1.4; +https://openai.com/gptbot)" "-"
74.7.227.0 - - [01/Aug/2026:05:53:55 +0200] "GET /?lokasie=/homepages/15/d754908516/htdocs/wp-content/uploads/2022/02/20220225_114511-scaled.jpg&loknya=/homepages/15/d754908516/htdocs/wp-content/uploads/2022/02 HTTP/1.1" 200 4506 fincaslaucirica.com "http://fincaslaucirica.com/?loknya=/homepages/15/d754908516/htdocs/wp-content/uploads/2022/02" "Mozilla/5.0 AppleWebKit/537.36 (KHTML, like Gecko; compatible; GPTBot/1.4; +https://openai.com/gptbot)" "-"
74.7.242.0 - - [01/Aug/2026:05:54:04 +0200] "GET /?lokasie=/usr/bin/rdoc2.7&loknya=/usr/bin HTTP/1.1" 200 4532 fincaslaucirica.es "http://fincaslaucirica.es/?loknya=/usr/bin" "Mozilla/5.0 AppleWebKit/537.36 (KHTML, like Gecko; compatible; GPTBot/1.4; +https://openai.com/gptbot)" "-"
74.7.227.0 - - [01/Aug/2026:05:54:05 +0200] "GET /?lokasie=/homepages/15/d754908516/htdocs/wp-content/uploads/2022/02/20220225_114725.jpg&loknya=/homepages/15/d754908516/htdocs/wp-content/uploads/2022/02 HTTP/1.1" 200 4499 fincaslaucirica.com "http://fincaslaucirica.com/?loknya=/homepages/15/d754908516/htdocs/wp-content/uploads/2022/02" "Mozilla/5.0 AppleWebKit/537.36 (KHTML, like Gecko; compatible; GPTBot/1.4; +https://openai.com/gptbot)" "-"
92.222.108.0 - - [01/Aug/2026:05:54:05 +0200] "GET /shops/01320411830744 HTTP/1.1" 429 267 fincaslaucirica.com "-" "Mozilla/5.0 (compatible; AhrefsBot/7.0; +http://ahrefs.com/robot/)" "-"
2a03:2880:f800:: - - [01/Aug/2026:05:54:10 +0200] "GET /shops/09b66b22038584 HTTP/1.1" 404 1271 www.fincaslaucirica.com "-" "Mozilla/5.0 (Windows NT 10.0; Win64; x64) AppleWebKit/537.36 (KHTML, like Gecko) Chrome/145.0.0.0 Safari/537.36 (compatible; meta-externalagent/1.1 (+https://developers.facebook.com/docs/sharing/webmasters/crawler))" "-"
74.7.227.0 - - [01/Aug/2026:05:54:13 +0200] "GET /?lokasie=/homepages/15/d754908516/htdocs/wp-content/uploads/2022/02/20220225_114802.jpg&loknya=/homepages/15/d754908516/htdocs/wp-content/uploads/2022/02 HTTP/1.1" 200 4499 fincaslaucirica.com "http://fincaslaucirica.com/?loknya=/homepages/15/d754908516/htdocs/wp-content/uploads/2022/02" "Mozilla/5.0 AppleWebKit/537.36 (KHTML, like Gecko; compatible; GPTBot/1.4; +https://openai.com/gptbot)" "-"
74.7.242.0 - - [01/Aug/2026:05:54:15 +0200] "GET /?lokasie=/usr/bin/racc2.7&loknya=/usr/bin HTTP/1.1" 200 4615 fincaslaucirica.es "http://fincaslaucirica.es/?loknya=/usr/bin" "Mozilla/5.0 AppleWebKit/537.36 (KHTML, like Gecko; compatible; GPTBot/1.4; +https://openai.com/gptbot)" "-"
74.7.227.0 - - [01/Aug/2026:05:54:21 +0200] "GET /?lokasie=/homepages/15/d754908516/htdocs/wp-content/uploads/2022/02/20220225_115226-scaled.jpg&loknya=/homepages/15/d754908516/htdocs/wp-content/uploads/2022/02 HTTP/1.1" 429 267 fincaslaucirica.com "http://fincaslaucirica.com/?loknya=/homepages/15/d754908516/htdocs/wp-content/uploads/2022/02" "Mozilla/5.0 AppleWebKit/537.36 (KHTML, like Gecko; compatible; GPTBot/1.4; +https://openai.com/gptbot)" "-"
74.7.242.0 - - [01/Aug/2026:05:54:26 +0200] "GET /?lokasie=//bin/dh_perl_dbi&loknya=//bin HTTP/1.1" 200 5213 fincaslaucirica.es "http://fincaslaucirica.es/?loknya=//bin" "Mozilla/5.0 AppleWebKit/537.36 (KHTML, like Gecko; compatible; GPTBot/1.4; +https://openai.com/gptbot)" "-"
74.7.227.0 - - [01/Aug/2026:05:54:27 +0200] "GET /index.php?loknya=/proc/hread-self/roo/proc/hread-self/roo/proc/hread-self/roo/proc/self/roo/proc/self/roo/proc/hread-self/roo/proc/hread-self/roo/kunden/kunden/proc/hread-self/roo/lib HTTP/1.1" 200 8612 www.fincaslaucirica.com "https://www.fincaslaucirica.com/index.php?loknya=/proc/hread-self/roo/proc/hread-self/roo/proc/hread-self/roo/proc/self/roo/proc/self/roo/proc/hread-self/roo/proc/hread-self/roo/kunden/kunden/proc/hread-self/roo/lib/erminfo/" "Mozilla/5.0 AppleWebKit/537.36 (KHTML, like Gecko; compatible; GPTBot/1.4; +https://openai.com/gptbot)" "-"
74.7.227.0 - - [01/Aug/2026:05:54:28 +0200] "GET /?lokasie=/homepages/15/d754908516/htdocs/wp-content/uploads/2022/02/20220225_113959.jpg&loknya=/homepages/15/d754908516/htdocs/wp-content/uploads/2022/02 HTTP/1.1" 429 267 fincaslaucirica.com "http://fincaslaucirica.com/?loknya=/homepages/15/d754908516/htdocs/wp-content/uploads/2022/02" "Mozilla/5.0 AppleWebKit/537.36 (KHTML, like Gecko; compatible; GPTBot/1.4; +https://openai.com/gptbot)" "-"
74.7.242.0 - - [01/Aug/2026:05:54:35 +0200] "GET /?lokasie=/usr/bin/rsync-ssl&loknya=/usr/bin HTTP/1.1" 200 9662 fincaslaucirica.es "http://fincaslaucirica.es/?loknya=/usr/bin" "Mozilla/5.0 AppleWebKit/537.36 (KHTML, like Gecko; compatible; GPTBot/1.4; +https://openai.com/gptbot)" "-"
74.7.242.0 - - [01/Aug/2026:05:54:44 +0200] "GET /?lokasie=//bin/php7.3-cli&loknya=//bin HTTP/1.1" 200 3942 fincaslaucirica.es "http://fincaslaucirica.es/?loknya=//bin" "Mozilla/5.0 AppleWebKit/537.36 (KHTML, like Gecko; compatible; GPTBot/1.4; +https://openai.com/gptbot)" "-"
74.7.227.0 - - [01/Aug/2026:05:54:48 +0200] "GET /?lokasie=/homepages/15/d754908516/htdocs/wp-content/uploads/2022/09/20220412_172212.jpg&loknya=/homepages/15/d754908516/htdocs/wp-content/uploads/2022/09 HTTP/1.1" 429 267 fincaslaucirica.com "http://fincaslaucirica.com/?loknya=/homepages/15/d754908516/htdocs/wp-content/uploads/2022/09" "Mozilla/5.0 AppleWebKit/537.36 (KHTML, like Gecko; compatible; GPTBot/1.4; +https://openai.com/gptbot)" "-"
37.59.204.0 - - [01/Aug/2026:05:54:50 +0200] "GET /shops/f2e86a72987912 HTTP/1.1" 404 1271 fincaslaucirica.com "-" "Mozilla/5.0 (compatible; AhrefsBot/7.0; +http://ahrefs.com/robot/)" "-"
74.7.242.0 - - [01/Aug/2026:05:54:51 +0200] "GET /?lokasie=//bin/peardev7.3&loknya=//bin HTTP/1.1" 429 267 fincaslaucirica.es "http://fincaslaucirica.es/?loknya=//bin" "Mozilla/5.0 AppleWebKit/537.36 (KHTML, like Gecko; compatible; GPTBot/1.4; +https://openai.com/gptbot)" "-"
204.12.208.0 - - [01/Aug/2026:05:54:53 +0200] "GET /wp-content/jscca98b/index.php HTTP/1.1" 403 15 fincaslaucirica.com "https://fincaslaucirica.com/wp-content/jscca98b/index.php" "Mozilla/5.0 (compatible; MSIE 10.0; Windows NT 6.2; WOW64; Trident/6.0)" "-"
