74.7.242.0 - - [01/Aug/2026:02:15:04 +0200] "GET /?lokasie=/usr/bin/ischroot&loknya=/usr/bin HTTP/1.1" 200 3977 fincaslaucirica.es "http://fincaslaucirica.es/?loknya=/usr/bin" "Mozilla/5.0 AppleWebKit/537.36 (KHTML, like Gecko; compatible; GPTBot/1.4; +https://openai.com/gptbot)" "-"
37.59.204.0 - - [01/Aug/2026:02:15:09 +0200] "GET /shops/057d1802612838 HTTP/1.1" 404 1271 fincaslaucirica.com "-" "Mozilla/5.0 (compatible; AhrefsBot/7.0; +http://ahrefs.com/robot/)" "-"
74.7.227.0 - - [01/Aug/2026:02:15:13 +0200] "GET /?lokasie=/lib/locale/nl_BE.utf8/LC_TIME&loknya=/lib/locale/nl_BE.utf8 HTTP/1.1" 200 4052 fincaslaucirica.com "http://fincaslaucirica.com/?loknya=/lib/locale/nl_BE.utf8" "Mozilla/5.0 AppleWebKit/537.36 (KHTML, like Gecko; compatible; GPTBot/1.4; +https://openai.com/gptbot)" "-"
2a03:2880:f800:: - - [01/Aug/2026:02:15:17 +0200] "GET /2023/03/07/syst%C3%A8me-infaillible-pour-les-paris-sur-le-football/ HTTP/1.1" 404 1271 www.fincaslaucirica.com "-" "Mozilla/5.0 (Windows NT 10.0; Win64; x64) AppleWebKit/537.36 (KHTML, like Gecko) Chrome/145.0.0.0 Safari/537.36 (compatible; meta-externalagent/1.1 (+https://developers.facebook.com/docs/sharing/webmasters/crawler))" "-"
51.75.236.0 - - [01/Aug/2026:02:15:18 +0200] "GET /shops/b358e773583413 HTTP/1.1" 404 1271 fincaslaucirica.com "-" "Mozilla/5.0 (compatible; AhrefsBot/7.0; +http://ahrefs.com/robot/)" "-"
74.7.227.0 - - [01/Aug/2026:02:15:22 +0200] "GET /index.php?loknya=/proc/thred-self/root/proc/thred-self/root/proc/thred-self/root/proc/self/root/proc/self/root/proc/thred-self/root/proc/thred-self/root/kunden/kunden/kunden/usr/lib HTTP/1.1" 200 8512 www.fincaslaucirica.com "https://www.fincaslaucirica.com/index.php?loknya=/proc/thred-self/root/proc/thred-self/root/proc/thred-self/root/proc/self/root/proc/self/root/proc/thred-self/root/proc/thred-self/root/kunden/kunden/kunden/usr/lib/terminfo/" "Mozilla/5.0 AppleWebKit/537.36 (KHTML, like Gecko; compatible; GPTBot/1.4; +https://openai.com/gptbot)" "-"
124.156.204.0 - - [01/Aug/2026:02:15:26 +0200] "GET /index.php?loknya=/ HTTP/1.1" 200 29694 fincaslaucirica.com "-" "Mozilla/5.0 (iPhone; CPU iPhone OS 13_2_3 like Mac OS X) AppleWebKit/605.1.15 (KHTML, like Gecko) Version/13.0.3 Mobile/15E148 Safari/604.1" "-"
74.7.242.0 - - [01/Aug/2026:02:15:26 +0200] "GET /?lokasie=/usr/bin/tiffinfo&loknya=/usr/bin HTTP/1.1" 200 3977 fincaslaucirica.es "http://fincaslaucirica.es/?loknya=/usr/bin" "Mozilla/5.0 AppleWebKit/537.36 (KHTML, like Gecko; compatible; GPTBot/1.4; +https://openai.com/gptbot)" "-"
51.68.247.0 - - [01/Aug/2026:02:15:27 +0200] "GET /shops/8c64f352947269 HTTP/1.1" 404 1271 fincaslaucirica.com "-" "Mozilla/5.0 (compatible; AhrefsBot/7.0; +http://ahrefs.com/robot/)" "-"
74.7.227.0 - - [01/Aug/2026:02:15:31 +0200] "GET /?lokasie=/lib/locale/nl_BE.utf8/LC_NAME&loknya=/lib/locale/nl_BE.utf8 HTTP/1.1" 200 4154 fincaslaucirica.com "http://fincaslaucirica.com/?loknya=/lib/locale/nl_BE.utf8" "Mozilla/5.0 AppleWebKit/537.36 (KHTML, like Gecko; compatible; GPTBot/1.4; +https://openai.com/gptbot)" "-"
51.68.247.0 - - [01/Aug/2026:02:15:35 +0200] "GET /shops/26073e23976391 HTTP/1.1" 404 1271 fincaslaucirica.com "-" "Mozilla/5.0 (compatible; AhrefsBot/7.0; +http://ahrefs.com/robot/)" "-"
94.23.188.0 - - [01/Aug/2026:02:15:43 +0200] "GET /shops/d5700d23235584 HTTP/1.1" 404 1271 fincaslaucirica.com "-" "Mozilla/5.0 (compatible; AhrefsBot/7.0; +http://ahrefs.com/robot/)" "-"
74.7.242.0 - - [01/Aug/2026:02:15:45 +0200] "GET /?lokasie=/usr/bin/corelist&loknya=/usr/bin HTTP/1.1" 200 20271 fincaslaucirica.es "http://fincaslaucirica.es/?loknya=/usr/bin" "Mozilla/5.0 AppleWebKit/537.36 (KHTML, like Gecko; compatible; GPTBot/1.4; +https://openai.com/gptbot)" "-"
74.7.227.0 - - [01/Aug/2026:02:15:49 +0200] "GET /?lokasie=/lib/locale/lt_LT.utf8/LC_NAME&loknya=/lib/locale/lt_LT.utf8 HTTP/1.1" 200 4114 fincaslaucirica.com "http://fincaslaucirica.com/?loknya=/lib/locale/lt_LT.utf8" "Mozilla/5.0 AppleWebKit/537.36 (KHTML, like Gecko; compatible; GPTBot/1.4; +https://openai.com/gptbot)" "-"
92.222.108.0 - - [01/Aug/2026:02:15:55 +0200] "GET /shops/4bc1360686721 HTTP/1.1" 404 1271 fincaslaucirica.com "-" "Mozilla/5.0 (compatible; AhrefsBot/7.0; +http://ahrefs.com/robot/)" "-"
74.7.242.0 - - [01/Aug/2026:02:16:03 +0200] "GET /?lokasie=/usr/bin/zstdless&loknya=/usr/bin HTTP/1.1" 200 4017 fincaslaucirica.es "http://fincaslaucirica.es/?loknya=/usr/bin" "Mozilla/5.0 AppleWebKit/537.36 (KHTML, like Gecko; compatible; GPTBot/1.4; +https://openai.com/gptbot)" "-"
176.31.139.0 - - [01/Aug/2026:02:16:04 +0200] "GET /shops/f56519f1061772 HTTP/1.1" 404 1271 fincaslaucirica.com "-" "Mozilla/5.0 (compatible; AhrefsBot/7.0; +http://ahrefs.com/robot/)" "-"
74.7.227.0 - - [01/Aug/2026:02:16:04 +0200] "GET /?lokasie=/lib/locale/kl_GL.utf8/LC_TIME&loknya=/lib/locale/kl_GL.utf8 HTTP/1.1" 200 4052 fincaslaucirica.com "http://fincaslaucirica.com/?loknya=/lib/locale/kl_GL.utf8" "Mozilla/5.0 AppleWebKit/537.36 (KHTML, like Gecko; compatible; GPTBot/1.4; +https://openai.com/gptbot)" "-"
74.7.227.0 - - [01/Aug/2026:02:16:11 +0200] "GET /index.php?loknya=/proc/thred-self/root/proc/thred-self/root/proc/thred-self/root/proc/self/root/proc/self/root/proc/thred-self/root/proc/thred-self/root/kunden/kunden/kunden/usr HTTP/1.1" 200 8309 www.fincaslaucirica.com "https://www.fincaslaucirica.com/index.php?loknya=/proc/thred-self/root/proc/thred-self/root/proc/thred-self/root/proc/self/root/proc/self/root/proc/thred-self/root/proc/thred-self/root/kunden/kunden/kunden/usr/lib/terminfo/" "Mozilla/5.0 AppleWebKit/537.36 (KHTML, like Gecko; compatible; GPTBot/1.4; +https://openai.com/gptbot)" "-"
176.31.139.0 - - [01/Aug/2026:02:16:15 +0200] "GET /shops/1f10ae4516791 HTTP/1.1" 429 267 fincaslaucirica.com "-" "Mozilla/5.0 (compatible; AhrefsBot/7.0; +http://ahrefs.com/robot/)" "-"
74.7.227.0 - - [01/Aug/2026:02:16:18 +0200] "GET /?lokasie=/lib/locale/kl_GL.utf8/LC_ADDRESS&loknya=/lib/locale/kl_GL.utf8 HTTP/1.1" 200 4055 fincaslaucirica.com "http://fincaslaucirica.com/?loknya=/lib/locale/kl_GL.utf8" "Mozilla/5.0 AppleWebKit/537.36 (KHTML, like Gecko; compatible; GPTBot/1.4; +https://openai.com/gptbot)" "-"
74.7.242.0 - - [01/Aug/2026:02:16:19 +0200] "GET /?lokasie=/usr/bin/pnmmargin&loknya=/usr/bin HTTP/1.1" 200 5990 fincaslaucirica.es "http://fincaslaucirica.es/?loknya=/usr/bin" "Mozilla/5.0 AppleWebKit/537.36 (KHTML, like Gecko; compatible; GPTBot/1.4; +https://openai.com/gptbot)" "-"
5.39.1.0 - - [01/Aug/2026:02:16:23 +0200] "GET /shops/194b52d2715788 HTTP/1.1" 429 267 fincaslaucirica.com "-" "Mozilla/5.0 (compatible; AhrefsBot/7.0; +http://ahrefs.com/robot/)" "-"
2a03:2880:f800:: - - [01/Aug/2026:02:16:25 +0200] "GET /shops/816b5773824849 HTTP/1.1" 404 1271 www.fincaslaucirica.com "-" "Mozilla/5.0 (Windows NT 10.0; Win64; x64) AppleWebKit/537.36 (KHTML, like Gecko) Chrome/145.0.0.0 Safari/537.36 (compatible; meta-externalagent/1.1 (+https://developers.facebook.com/docs/sharing/webmasters/crawler))" "-"
74.7.227.0 - - [01/Aug/2026:02:16:31 +0200] "GET /?lokasie=/lib/locale/lt_LT.utf8/LC_MEASUREMENT&loknya=/lib/locale/lt_LT.utf8 HTTP/1.1" 200 4082 fincaslaucirica.com "http://fincaslaucirica.com/?loknya=/lib/locale/lt_LT.utf8" "Mozilla/5.0 AppleWebKit/537.36 (KHTML, like Gecko; compatible; GPTBot/1.4; +https://openai.com/gptbot)" "-"
74.7.242.0 - - [01/Aug/2026:02:16:33 +0200] "GET /?lokasie=/usr/bin/bashbug&loknya=/usr/bin HTTP/1.1" 200 11546 fincaslaucirica.es "http://fincaslaucirica.es/?loknya=/usr/bin" "Mozilla/5.0 AppleWebKit/537.36 (KHTML, like Gecko; compatible; GPTBot/1.4; +https://openai.com/gptbot)" "-"
51.75.236.0 - - [01/Aug/2026:02:16:39 +0200] "GET /shops/80aef4f95195 HTTP/1.1" 429 267 fincaslaucirica.com "-" "Mozilla/5.0 (compatible; AhrefsBot/7.0; +http://ahrefs.com/robot/)" "-"
74.7.227.0 - - [01/Aug/2026:02:16:43 +0200] "GET /?lokasie=/lib/locale/en_HK.utf8/LC_PAPER&loknya=/lib/locale/en_HK.utf8 HTTP/1.1" 200 4053 fincaslaucirica.com "http://fincaslaucirica.com/?loknya=/lib/locale/en_HK.utf8" "Mozilla/5.0 AppleWebKit/537.36 (KHTML, like Gecko; compatible; GPTBot/1.4; +https://openai.com/gptbot)" "-"
101.33.81.0 - - [01/Aug/2026:02:16:45 +0200] "GET /index.php?loknya=/homepages HTTP/1.1" 200 58035 fincaslaucirica.es "-" "Mozilla/5.0 (iPhone; CPU iPhone OS 13_2_3 like Mac OS X) AppleWebKit/605.1.15 (KHTML, like Gecko) Version/13.0.3 Mobile/15E148 Safari/604.1" "-"
74.7.242.0 - - [01/Aug/2026:02:16:46 +0200] "GET /?lokasie=/usr/bin/zipsplit&loknya=/usr/bin HTTP/1.1" 200 3977 fincaslaucirica.es "http://fincaslaucirica.es/?loknya=/usr/bin" "Mozilla/5.0 AppleWebKit/537.36 (KHTML, like Gecko; compatible; GPTBot/1.4; +https://openai.com/gptbot)" "-"
74.7.227.0 - - [01/Aug/2026:02:16:53 +0200] "GET /?lokasie=/lib/locale/oc_FR.utf8/LC_CTYPE&loknya=/lib/locale/oc_FR.utf8 HTTP/1.1" 200 4053 fincaslaucirica.com "http://fincaslaucirica.com/?loknya=/lib/locale/oc_FR.utf8" "Mozilla/5.0 AppleWebKit/537.36 (KHTML, like Gecko; compatible; GPTBot/1.4; +https://openai.com/gptbot)" "-"
74.7.227.0 - - [01/Aug/2026:02:16:56 +0200] "GET /index.php?loknya=/proc/thread-self/root/proc/thread-self/root/proc/thread-self/root/proc/self/root/proc/self/root/proc/thread-self/root/proc/thread-self/root/kunden/kunden/kunden/usr/lib/locale/tk_TM HTTP/1.1" 200 32224 www.fincaslaucirica.com "https://www.fincaslaucirica.com/index.php?loknya=/proc/thread-self/root/proc/thread-self/root/proc/thread-self/root/proc/self/root/proc/self/root/proc/thread-self/root/proc/thread-self/root/kunden/kunden/kunden/usr/lib/locale" "Mozilla/5.0 AppleWebKit/537.36 (KHTML, like Gecko; compatible; GPTBot/1.4; +https://openai.com/gptbot)" "-"
74.7.242.0 - - [01/Aug/2026:02:16:58 +0200] "GET /?lokasie=/usr/bin/mispipe&loknya=/usr/bin HTTP/1.1" 200 3976 fincaslaucirica.es "http://fincaslaucirica.es/?loknya=/usr/bin" "Mozilla/5.0 AppleWebKit/537.36 (KHTML, like Gecko; compatible; GPTBot/1.4; +https://openai.com/gptbot)" "-"
74.7.227.0 - - [01/Aug/2026:02:17:03 +0200] "GET /?lokasie=/lib/locale/en_HK.utf8/LC_CTYPE&loknya=/lib/locale/en_HK.utf8 HTTP/1.1" 200 4053 fincaslaucirica.com "http://fincaslaucirica.com/?loknya=/lib/locale/en_HK.utf8" "Mozilla/5.0 AppleWebKit/537.36 (KHTML, like Gecko; compatible; GPTBot/1.4; +https://openai.com/gptbot)" "-"
74.7.242.0 - - [01/Aug/2026:02:17:09 +0200] "GET /?lokasie=/usr/bin/autoscan&loknya=/usr/bin HTTP/1.1" 200 22041 fincaslaucirica.es "http://fincaslaucirica.es/?loknya=/usr/bin" "Mozilla/5.0 AppleWebKit/537.36 (KHTML, like Gecko; compatible; GPTBot/1.4; +https://openai.com/gptbot)" "-"
74.7.227.0 - - [01/Aug/2026:02:17:12 +0200] "GET /?lokasie=/lib/locale/en_ZA.utf8/LC_PAPER&loknya=/lib/locale/en_ZA.utf8 HTTP/1.1" 200 4053 fincaslaucirica.com "http://fincaslaucirica.com/?loknya=/lib/locale/en_ZA.utf8" "Mozilla/5.0 AppleWebKit/537.36 (KHTML, like Gecko; compatible; GPTBot/1.4; +https://openai.com/gptbot)" "-"
74.7.242.0 - - [01/Aug/2026:02:17:19 +0200] "GET /?lokasie=/usr/bin/uudecode&loknya=/usr/bin HTTP/1.1" 200 3977 fincaslaucirica.es "http://fincaslaucirica.es/?loknya=/usr/bin" "Mozilla/5.0 AppleWebKit/537.36 (KHTML, like Gecko; compatible; GPTBot/1.4; +https://openai.com/gptbot)" "-"
74.7.227.0 - - [01/Aug/2026:02:17:20 +0200] "GET /?lokasie=/lib/locale/fi_FI.utf8/LC_CTYPE&loknya=/lib/locale/fi_FI.utf8 HTTP/1.1" 429 267 fincaslaucirica.com "http://fincaslaucirica.com/?loknya=/lib/locale/fi_FI.utf8" "Mozilla/5.0 AppleWebKit/537.36 (KHTML, like Gecko; compatible; GPTBot/1.4; +https://openai.com/gptbot)" "-"
176.31.139.0 - - [01/Aug/2026:02:17:21 +0200] "GET /shops/55d53653148609 HTTP/1.1" 404 1271 fincaslaucirica.com "-" "Mozilla/5.0 (compatible; AhrefsBot/7.0; +http://ahrefs.com/robot/)" "-"
2a01:f2c1:e700:: - - [01/Aug/2026:02:17:24 +0200] "GET /?loknya=%2Fhomepages%2F19%2Fd761639954%2Fmanaged HTTP/1.1" 200 5283 www.fincaslaucirica.com "https://www.fincaslaucirica.com" "Mozilla/5.0 (Windows NT 10.0; Win64; x64) AppleWebKit/537.36 (KHTML, like Gecko) Chrome/145.0.0.0 Safari/537.36 Edg/145.0.0.0" "-"
74.7.227.0 - - [01/Aug/2026:02:17:26 +0200] "GET /?lokasie=/lib/locale/en_ZA.utf8/LC_CTYPE&loknya=/lib/locale/en_ZA.utf8 HTTP/1.1" 429 267 fincaslaucirica.com "http://fincaslaucirica.com/?loknya=/lib/locale/en_ZA.utf8" "Mozilla/5.0 AppleWebKit/537.36 (KHTML, like Gecko; compatible; GPTBot/1.4; +https://openai.com/gptbot)" "-"
74.7.242.0 - - [01/Aug/2026:02:17:27 +0200] "GET /?lokasie=/usr/bin/tiffset&loknya=/usr/bin HTTP/1.1" 200 3976 fincaslaucirica.es "http://fincaslaucirica.es/?loknya=/usr/bin" "Mozilla/5.0 AppleWebKit/537.36 (KHTML, like Gecko; compatible; GPTBot/1.4; +https://openai.com/gptbot)" "-"
204.12.208.0 - - [01/Aug/2026:02:17:29 +0200] "GET /wp-content/jscca98b/index.php HTTP/1.1" 403 15 fincaslaucirica.com "https://fincaslaucirica.com/wp-content/jscca98b/index.php" "Mozilla/5.0 (Windows NT 6.1) AppleWebKit/534.24 (KHTML, like Gecko) Chrome/11.0.696.65 Safari/534.24" "-"
204.12.208.0 - - [01/Aug/2026:02:17:30 +0200] "GET /wp-content/jscca98b/index.php HTTP/1.1" 403 15 fincaslaucirica.com "https://fincaslaucirica.com/wp-content/jscca98b/index.php" "Mozilla/5.0 (Macintosh; Intel Mac OS X 10_6_8) AppleWebKit/535.1 (KHTML, like Gecko) RockMelt/0.9.64.361 Chrome/13.0.782.218 Safari/535.1" "-"
204.12.208.0 - - [01/Aug/2026:02:17:30 +0200] "GET /wp-content/jscca98b/index.php HTTP/1.1" 403 15 fincaslaucirica.com "https://fincaslaucirica.com/wp-content/jscca98b/index.php" "Mozilla/5.0 (Macintosh; Intel Mac OS X 10_6_8) AppleWebKit/535.1 (KHTML, like Gecko) Chrome/14.0.835.202 Safari/535.1" "-"
2a03:2880:f800:: - - [01/Aug/2026:02:17:30 +0200] "GET /shops/f6785942567843 HTTP/1.1" 404 1271 www.fincaslaucirica.com "-" "Mozilla/5.0 (Macintosh; Intel Mac OS X 10_15_7) AppleWebKit/537.36 (KHTML, like Gecko) Chrome/145.0.0.0 Safari/537.36 (compatible; meta-externalagent/1.1 (+https://developers.facebook.com/docs/sharing/webmasters/crawler))" "-"
74.7.242.0 - - [01/Aug/2026:02:17:35 +0200] "GET /?lokasie=/usr/bin/kbxutil&loknya=/usr/bin HTTP/1.1" 429 267 fincaslaucirica.es "http://fincaslaucirica.es/?loknya=/usr/bin" "Mozilla/5.0 AppleWebKit/537.36 (KHTML, like Gecko; compatible; GPTBot/1.4; +https://openai.com/gptbot)" "-"
74.7.227.0 - - [01/Aug/2026:02:17:40 +0200] "GET /index.php?loknya=/proc/thread-self/root/proc/thread-self/root/proc/thread-self/root/proc/self/root/proc/self/root/proc/thread-self/root/proc/thread-self/root/kunden/kunden/kunden/usr/lib/locale/raj_IN HTTP/1.1" 200 32276 www.fincaslaucirica.com "https://www.fincaslaucirica.com/index.php?loknya=/proc/thread-self/root/proc/thread-self/root/proc/thread-self/root/proc/self/root/proc/self/root/proc/thread-self/root/proc/thread-self/root/kunden/kunden/kunden/usr/lib/locale" "Mozilla/5.0 AppleWebKit/537.36 (KHTML, like Gecko; compatible; GPTBot/1.4; +https://openai.com/gptbot)" "-"
74.7.242.0 - - [01/Aug/2026:02:17:42 +0200] "GET /?lokasie=/usr/bin/sync&loknya=/usr/bin HTTP/1.1" 429 267 fincaslaucirica.es "http://fincaslaucirica.es/?loknya=/usr/bin" "Mozilla/5.0 AppleWebKit/537.36 (KHTML, like Gecko; compatible; GPTBot/1.4; +https://openai.com/gptbot)" "-"
74.7.227.0 - - [01/Aug/2026:02:17:46 +0200] "GET /?lokasie=/lib/locale/en_NZ.utf8/LC_PAPER&loknya=/lib/locale/en_NZ.utf8 HTTP/1.1" 429 267 fincaslaucirica.com "http://fincaslaucirica.com/?loknya=/lib/locale/en_NZ.utf8" "Mozilla/5.0 AppleWebKit/537.36 (KHTML, like Gecko; compatible; GPTBot/1.4; +https://openai.com/gptbot)" "-"
74.7.242.0 - - [01/Aug/2026:02:18:02 +0200] "GET /?lokasie=/usr/bin/zless&loknya=/usr/bin HTTP/1.1" 429 267 fincaslaucirica.es "http://fincaslaucirica.es/?loknya=/usr/bin" "Mozilla/5.0 AppleWebKit/537.36 (KHTML, like Gecko; compatible; GPTBot/1.4; +https://openai.com/gptbot)" "-"
74.7.227.0 - - [01/Aug/2026:02:18:17 +0200] "GET /index.php?loknya=/proc/thread-self/root/proc/thread-self/root/proc/thread-self/root/proc/self/root/proc/self/root/proc/thread-self/root/proc/thread-self/root/kunden/kunden/kunden/usr/lib/locale/gez_ER@abegede HTTP/1.1" 200 32684 www.fincaslaucirica.com "https://www.fincaslaucirica.com/index.php?loknya=/proc/thread-self/root/proc/thread-self/root/proc/thread-self/root/proc/self/root/proc/self/root/proc/thread-self/root/proc/thread-self/root/kunden/kunden/kunden/usr/lib/locale" "Mozilla/5.0 AppleWebKit/537.36 (KHTML, like Gecko; compatible; GPTBot/1.4; +https://openai.com/gptbot)" "-"
92.222.104.0 - - [01/Aug/2026:02:18:22 +0200] "GET /shops/27f2c12284111 HTTP/1.1" 404 1271 fincaslaucirica.com "-" "Mozilla/5.0 (compatible; AhrefsBot/7.0; +http://ahrefs.com/robot/)" "-"
2a03:2880:f800:: - - [01/Aug/2026:02:18:37 +0200] "GET /shops/e02895d3781370 HTTP/1.1" 404 1271 www.fincaslaucirica.com "-" "Mozilla/5.0 (Windows NT 10.0; Win64; x64) AppleWebKit/537.36 (KHTML, like Gecko) Chrome/145.0.0.0 Safari/537.36 (compatible; meta-externalagent/1.1 (+https://developers.facebook.com/docs/sharing/webmasters/crawler))" "-"
74.7.227.0 - - [01/Aug/2026:02:18:48 +0200] "GET /index.php?lokasie=/proc/thread-self/root/proc/thread-self/root/proc/thread-self/root/proc/self/root/proc/self/root/proc/thread-self/root/proc/thread-self/root/kunden/kunden/kunden/usr/lib/git-core/mergetools/xxdiff&loknya=/proc/thread-self/root/proc/thread-self/root/proc/thread-self/root/proc/self/root/proc/self/root/proc/thread-self/root/proc/thread-self/root/kunden/kunden/kunden/usr/lib/git-core/mergetools HTTP/1.1" 200 8430 www.fincaslaucirica.com "https://www.fincaslaucirica.com/index.php?loknya=/proc/thread-self/root/proc/thread-self/root/proc/thread-self/root/proc/self/root/proc/self/root/proc/thread-self/root/proc/thread-self/root/kunden/kunden/kunden/usr/lib/git-core/mergetools" "Mozilla/5.0 AppleWebKit/537.36 (KHTML, like Gecko; compatible; GPTBot/1.4; +https://openai.com/gptbot)" "-"
74.7.227.0 - - [01/Aug/2026:02:18:51 +0200] "GET /?lokasie=/lib/locale/en_NZ.utf8/LC_CTYPE&loknya=/lib/locale/en_NZ.utf8 HTTP/1.1" 200 4053 fincaslaucirica.com "http://fincaslaucirica.com/?loknya=/lib/locale/en_NZ.utf8" "Mozilla/5.0 AppleWebKit/537.36 (KHTML, like Gecko; compatible; GPTBot/1.4; +https://openai.com/gptbot)" "-"
74.7.242.0 - - [01/Aug/2026:02:19:06 +0200] "GET /?lokasie=/usr/bin/mail&loknya=/usr/bin HTTP/1.1" 200 3973 fincaslaucirica.es "http://fincaslaucirica.es/?loknya=/usr/bin" "Mozilla/5.0 AppleWebKit/537.36 (KHTML, like Gecko; compatible; GPTBot/1.4; +https://openai.com/gptbot)" "-"
74.7.227.0 - - [01/Aug/2026:02:19:20 +0200] "GET /index.php?loknya=/proc/thread-self/root/proc/thread-self/root/proc/thread-self/root/proc/self/root/proc/self/root/proc/thread-self/root/proc/thread-self/root/kunden/kunden/kunden/usr/lib/locale/et_EE.utf8 HTTP/1.1" 200 32479 www.fincaslaucirica.com "https://www.fincaslaucirica.com/index.php?loknya=/proc/thread-self/root/proc/thread-self/root/proc/thread-self/root/proc/self/root/proc/self/root/proc/thread-self/root/proc/thread-self/root/kunden/kunden/kunden/usr/lib/locale" "Mozilla/5.0 AppleWebKit/537.36 (KHTML, like Gecko; compatible; GPTBot/1.4; +https://openai.com/gptbot)" "-"
5.39.1.0 - - [01/Aug/2026:02:19:27 +0200] "GET /shops/077863d749969 HTTP/1.1" 404 1271 fincaslaucirica.com "-" "Mozilla/5.0 (compatible; AhrefsBot/7.0; +http://ahrefs.com/robot/)" "-"
2a03:2880:f800:: - - [01/Aug/2026:02:19:43 +0200] "GET /shops/0fb57482006063 HTTP/1.1" 404 1271 www.fincaslaucirica.com "-" "Mozilla/5.0 (Windows NT 10.0; Win64; x64) AppleWebKit/537.36 (KHTML, like Gecko) Chrome/145.0.0.0 Safari/537.36 (compatible; meta-externalagent/1.1 (+https://developers.facebook.com/docs/sharing/webmasters/crawler))" "-"
74.7.227.0 - - [01/Aug/2026:02:19:47 +0200] "GET /index.php?loknya=/proc/thred-self/root/proc/thred-self/root/proc/thred-self/root/proc/self/root/proc/self/root/proc/thred-self/root/proc/thred-self/root/kunden/kunden/kunden/usr/lib/terminfo HTTP/1.1" 200 8739 www.fincaslaucirica.com "https://www.fincaslaucirica.com/index.php?loknya=/proc/thred-self/root/proc/thred-self/root/proc/thred-self/root/proc/self/root/proc/self/root/proc/thred-self/root/proc/thred-self/root/kunden/kunden/kunden/usr/lib/terminfo/" "Mozilla/5.0 AppleWebKit/537.36 (KHTML, like Gecko; compatible; GPTBot/1.4; +https://openai.com/gptbot)" "-"
74.7.227.0 - - [01/Aug/2026:02:19:55 +0200] "GET /?lokasie=/lib/locale/fi_FI.utf8/LC_PAPER&loknya=/lib/locale/fi_FI.utf8 HTTP/1.1" 200 4053 fincaslaucirica.com "http://fincaslaucirica.com/?loknya=/lib/locale/fi_FI.utf8" "Mozilla/5.0 AppleWebKit/537.36 (KHTML, like Gecko; compatible; GPTBot/1.4; +https://openai.com/gptbot)" "-"
74.7.242.0 - - [01/Aug/2026:02:20:07 +0200] "GET /?lokasie=/usr/bin/nawk&loknya=/usr/bin HTTP/1.1" 200 3973 fincaslaucirica.es "http://fincaslaucirica.es/?loknya=/usr/bin" "Mozilla/5.0 AppleWebKit/537.36 (KHTML, like Gecko; compatible; GPTBot/1.4; +https://openai.com/gptbot)" "-"
37.135.60.0 - - [01/Aug/2026:02:20:09 +0200] "GET /?lokasie=%2Fhomepages%2F43%2Fd761750992%2F.htaccess&loknya=%2Fhomepages%2F43%2Fd761750992 HTTP/1.1" 200 4070 www.fincaslaucirica.com "https://www.fincaslaucirica.com" "Mozilla/5.0 (Windows NT 10.0; Win64; x64) AppleWebKit/537.36 (KHTML, like Gecko) Chrome/145.0.0.0 Safari/537.36 Edg/145.0.0.0" "-"
74.7.227.0 - - [01/Aug/2026:02:20:11 +0200] "GET /index.php?loknya=/proc/thred-self/root/proc/thred-self/root/proc/thred-self/root/proc/self/root/proc/self/root/proc/thred-self/root/proc/thred-self/root/kunden/kunden/kunden/usr/lib/ HTTP/1.1" 200 8514 www.fincaslaucirica.com "https://www.fincaslaucirica.com/index.php?loknya=/proc/thred-self/root/proc/thred-self/root/proc/thred-self/root/proc/self/root/proc/self/root/proc/thred-self/root/proc/thred-self/root/kunden/kunden/kunden/usr/lib/terminfo/" "Mozilla/5.0 AppleWebKit/537.36 (KHTML, like Gecko; compatible; GPTBot/1.4; +https://openai.com/gptbot)" "-"
92.222.108.0 - - [01/Aug/2026:02:20:32 +0200] "GET /shops/f7c100b3600442 HTTP/1.1" 404 1271 fincaslaucirica.com "-" "Mozilla/5.0 (compatible; AhrefsBot/7.0; +http://ahrefs.com/robot/)" "-"
74.7.227.0 - - [01/Aug/2026:02:20:33 +0200] "GET /index.php?loknya=/proc/thread-self/root/proc/thread-self/root/proc/thread-self/root/proc/self/root/proc/self/root/proc/thread-self/root/proc/thread-self/root/kunden/kunden/kunden/usr/lib/locale/eo HTTP/1.1" 200 32072 www.fincaslaucirica.com "https://www.fincaslaucirica.com/index.php?loknya=/proc/thread-self/root/proc/thread-self/root/proc/thread-self/root/proc/self/root/proc/self/root/proc/thread-self/root/proc/thread-self/root/kunden/kunden/kunden/usr/lib/locale" "Mozilla/5.0 AppleWebKit/537.36 (KHTML, like Gecko; compatible; GPTBot/1.4; +https://openai.com/gptbot)" "-"
139.59.143.0 - - [01/Aug/2026:02:20:49 +0200] "GET / HTTP/1.1" 200 57758 fincaslaucirica.com "-" "Mozilla/5.0 (l9scan/2.0.135323e203e2036313e2731323; +https://leakix.net)" "-"
139.59.143.0 - - [01/Aug/2026:02:20:50 +0200] "GET /console/ HTTP/1.1" 404 1271 fincaslaucirica.com "-" "Mozilla/5.0 (l9scan/2.0.135323e203e2036313e2731323; +https://leakix.net)" "-"
74.7.227.0 - - [01/Aug/2026:02:20:50 +0200] "GET /?loknya=/lib/locale/el_GR.utf8/LC_MESSAGES HTTP/1.1" 200 6644 fincaslaucirica.com "http://fincaslaucirica.com/?loknya=/lib/locale/el_GR.utf8" "Mozilla/5.0 AppleWebKit/537.36 (KHTML, like Gecko; compatible; GPTBot/1.4; +https://openai.com/gptbot)" "-"
2a03:2880:f800:: - - [01/Aug/2026:02:20:51 +0200] "GET /solicitud-tasacion/ HTTP/1.1" 404 1271 www.fincaslaucirica.com "-" "Mozilla/5.0 (Macintosh; Intel Mac OS X 10_15_7) AppleWebKit/537.36 (KHTML, like Gecko) Chrome/145.0.0.0 Safari/537.36 (compatible; meta-externalagent/1.1 (+https://developers.facebook.com/docs/sharing/webmasters/crawler))" "-"
139.59.143.0 - - [01/Aug/2026:02:20:52 +0200] "GET /server HTTP/1.1" 404 1271 fincaslaucirica.com "-" "Mozilla/5.0 (l9scan/2.0.135323e203e2036313e2731323; +https://leakix.net)" "-"
139.59.143.0 - - [01/Aug/2026:02:20:53 +0200] "GET /server-status HTTP/1.1" 404 1271 fincaslaucirica.com "-" "Mozilla/5.0 (l9scan/2.0.135323e203e2036313e2731323; +https://leakix.net)" "-"
74.7.227.0 - - [01/Aug/2026:02:20:54 +0200] "GET /index.php?loknya=/proc/thread-self/root/proc/thread-self/root/proc/thread-self/root/proc/self/root/proc/self/root/proc/thread-self/root/proc/thread-self/root/kunden/kunden/kunden/usr/lib/git-core/ HTTP/1.1" 200 333360 www.fincaslaucirica.com "https://www.fincaslaucirica.com/index.php?loknya=/proc/thread-self/root/proc/thread-self/root/proc/thread-self/root/proc/self/root/proc/self/root/proc/thread-self/root/proc/thread-self/root/kunden/kunden/kunden/usr/lib/git-core/mergetools" "Mozilla/5.0 AppleWebKit/537.36 (KHTML, like Gecko; compatible; GPTBot/1.4; +https://openai.com/gptbot)" "-"
139.59.143.0 - - [01/Aug/2026:02:20:55 +0200] "GET /about HTTP/1.1" 404 1271 fincaslaucirica.com "-" "Mozilla/5.0 (l9scan/2.0.135323e203e2036313e2731323; +https://leakix.net)" "-"
139.59.143.0 - - [01/Aug/2026:02:20:55 +0200] "GET /login.action HTTP/1.1" 404 1271 fincaslaucirica.com "-" "Mozilla/5.0 (l9scan/2.0.135323e203e2036313e2731323; +https://leakix.net)" "-"
139.59.143.0 - - [01/Aug/2026:02:20:56 +0200] "GET / HTTP/1.1" 200 57758 fincaslaucirica.com "-" "Mozilla/5.0 (l9scan/2.0.135323e203e2036313e2731323; +https://leakix.net)" "-"
139.59.143.0 - - [01/Aug/2026:02:20:57 +0200] "GET /___proxy_subdomain_whm/login HTTP/1.1" 404 1271 fincaslaucirica.com "-" "Mozilla/5.0 (l9scan/2.0.135323e203e2036313e2731323; +https://leakix.net)" "-"
139.59.143.0 - - [01/Aug/2026:02:20:58 +0200] "GET /___proxy_subdomain_cpanel HTTP/1.1" 404 1271 fincaslaucirica.com "-" "Mozilla/5.0 (l9scan/2.0.135323e203e2036313e2731323; +https://leakix.net)" "-"
139.59.143.0 - - [01/Aug/2026:02:20:58 +0200] "GET /v2/_catalog HTTP/1.1" 404 1271 fincaslaucirica.com "-" "Mozilla/5.0 (l9scan/2.0.135323e203e2036313e2731323; +https://leakix.net)" "-"
139.59.143.0 - - [01/Aug/2026:02:21:00 +0200] "GET /.DS_Store HTTP/1.1" 300 587 fincaslaucirica.com "-" "Mozilla/5.0 (l9scan/2.0.135323e203e2036313e2731323; +https://leakix.net)" "-"
139.59.143.0 - - [01/Aug/2026:02:21:01 +0200] "GET /.env HTTP/1.1" 300 582 fincaslaucirica.com "-" "Mozilla/5.0 (l9scan/2.0.135323e203e2036313e2731323; +https://leakix.net)" "-"
139.59.143.0 - - [01/Aug/2026:02:21:03 +0200] "GET /ecp/Current/exporttool/microsoft.exchange.ediscovery.exporttool.application HTTP/1.1" 404 1271 fincaslaucirica.com "-" "Mozilla/5.0 (l9scan/2.0.135323e203e2036313e2731323; +https://leakix.net)" "-"
139.59.143.0 - - [01/Aug/2026:02:21:05 +0200] "GET /.git/config HTTP/1.1" 403 1271 fincaslaucirica.com "-" "Mozilla/5.0 (l9scan/2.0.135323e203e2036313e2731323; +https://leakix.net)" "-"
74.7.242.0 - - [01/Aug/2026:02:21:05 +0200] "GET /?lokasie=/usr/bin/sort&loknya=/usr/bin HTTP/1.1" 200 3973 fincaslaucirica.es "http://fincaslaucirica.es/?loknya=/usr/bin" "Mozilla/5.0 AppleWebKit/537.36 (KHTML, like Gecko; compatible; GPTBot/1.4; +https://openai.com/gptbot)" "-"
139.59.143.0 - - [01/Aug/2026:02:21:06 +0200] "POST /graphql HTTP/1.1" 404 1271 fincaslaucirica.com "-" "Mozilla/5.0 (l9scan/2.0.135323e203e2036313e2731323; +https://leakix.net)" "-"
139.59.143.0 - - [01/Aug/2026:02:21:06 +0200] "POST /api HTTP/1.1" 404 1271 fincaslaucirica.com "-" "Mozilla/5.0 (l9scan/2.0.135323e203e2036313e2731323; +https://leakix.net)" "-"
139.59.143.0 - - [01/Aug/2026:02:21:07 +0200] "POST /api/graphql HTTP/1.1" 404 1271 fincaslaucirica.com "-" "Mozilla/5.0 (l9scan/2.0.135323e203e2036313e2731323; +https://leakix.net)" "-"
139.59.143.0 - - [01/Aug/2026:02:21:08 +0200] "POST /graphql/api HTTP/1.1" 404 1271 fincaslaucirica.com "-" "Mozilla/5.0 (l9scan/2.0.135323e203e2036313e2731323; +https://leakix.net)" "-"
139.59.143.0 - - [01/Aug/2026:02:21:08 +0200] "POST /api/gql HTTP/1.1" 404 1271 fincaslaucirica.com "-" "Mozilla/5.0 (l9scan/2.0.135323e203e2036313e2731323; +https://leakix.net)" "-"
139.59.143.0 - - [01/Aug/2026:02:21:09 +0200] "GET /s/135323e203e2036313e2731323/_/;/META-INF/maven/com.atlassian.jira/jira-webapp-dist/pom.properties HTTP/1.1" 301 374 fincaslaucirica.com "-" "Mozilla/5.0 (l9scan/2.0.135323e203e2036313e2731323; +https://leakix.net)" "-"
139.59.143.0 - - [01/Aug/2026:02:21:10 +0200] "GET /config.json HTTP/1.1" 404 1271 fincaslaucirica.com "-" "Mozilla/5.0 (l9scan/2.0.135323e203e2036313e2731323; +https://leakix.net)" "-"
74.7.227.0 - - [01/Aug/2026:02:21:11 +0200] "GET /index.php?loknya=/proc/thred-self/root/proc/thred-self/root/proc/thred-self/root/proc/self/root/proc/self/root/proc/thred-self/root/proc/thred-self/root/kunden/kunden/kunden/usr/ HTTP/1.1" 200 8311 www.fincaslaucirica.com "https://www.fincaslaucirica.com/index.php?loknya=/proc/thred-self/root/proc/thred-self/root/proc/thred-self/root/proc/self/root/proc/self/root/proc/thred-self/root/proc/thred-self/root/kunden/kunden/kunden/usr/lib" "Mozilla/5.0 AppleWebKit/537.36 (KHTML, like Gecko; compatible; GPTBot/1.4; +https://openai.com/gptbot)" "-"
139.59.143.0 - - [01/Aug/2026:02:21:12 +0200] "GET /telescope/requests HTTP/1.1" 404 1271 fincaslaucirica.com "-" "Mozilla/5.0 (l9scan/2.0.135323e203e2036313e2731323; +https://leakix.net)" "-"
139.59.143.0 - - [01/Aug/2026:02:21:12 +0200] "GET /info.php HTTP/1.1" 404 1271 fincaslaucirica.com "-" "Mozilla/5.0 (l9scan/2.0.135323e203e2036313e2731323; +https://leakix.net)" "-"
139.59.143.0 - - [01/Aug/2026:02:21:14 +0200] "GET /.well-known/security.txt HTTP/1.1" 300 706 fincaslaucirica.com "-" "Mozilla/5.0 (l9scan/2.0.135323e203e2036313e2731323; +https://leakix.net)" "-"
139.59.143.0 - - [01/Aug/2026:02:21:15 +0200] "GET /actuator/env HTTP/1.1" 404 1271 fincaslaucirica.com "-" "Mozilla/5.0 (l9scan/2.0.135323e203e2036313e2731323; +https://leakix.net)" "-"
139.59.143.0 - - [01/Aug/2026:02:21:16 +0200] "GET /trace.axd HTTP/1.1" 404 1271 fincaslaucirica.com "-" "Mozilla/5.0 (l9scan/2.0.135323e203e2036313e2731323; +https://leakix.net)" "-"
139.59.143.0 - - [01/Aug/2026:02:21:17 +0200] "GET /@vite/env HTTP/1.1" 404 1271 fincaslaucirica.com "-" "Mozilla/5.0 (l9scan/2.0.135323e203e2036313e2731323; +https://leakix.net)" "-"
139.59.143.0 - - [01/Aug/2026:02:21:18 +0200] "GET /.vscode/sftp.json HTTP/1.1" 300 675 fincaslaucirica.com "-" "Mozilla/5.0 (l9scan/2.0.135323e203e2036313e2731323; +https://leakix.net)" "-"
139.59.143.0 - - [01/Aug/2026:02:21:19 +0200] "OPTIONS / HTTP/1.1" 200 57758 fincaslaucirica.com "-" "Mozilla/5.0 (l9scan/2.0.135323e203e2036313e2731323; +https://leakix.net)" "-"
139.59.143.0 - - [01/Aug/2026:02:21:20 +0200] "GET /?rest_route=/wp/v2/users/ HTTP/1.1" 200 57758 fincaslaucirica.com "-" "Mozilla/5.0 (l9scan/2.0.135323e203e2036313e2731323; +https://leakix.net)" "-"
139.59.143.0 - - [01/Aug/2026:02:21:21 +0200] "GET /debug/default/view?panel=config HTTP/1.1" 404 1271 fincaslaucirica.com "-" "Mozilla/5.0 (l9scan/2.0.135323e203e2036313e2731323; +https://leakix.net)" "-"
74.7.227.0 - - [01/Aug/2026:02:21:27 +0200] "GET /index.php?loknya=/proc/thread-self/root/proc/thread-self/root/proc/thread-self/root/proc/self/root/proc/self/root/proc/thread-self/root/proc/thread-self/root/kunden/kunden/kunden/usr/lib/udev/rules.d HTTP/1.1" 200 13025 www.fincaslaucirica.com "https://www.fincaslaucirica.com/index.php?loknya=/proc/thread-self/root/proc/thread-self/root/proc/thread-self/root/proc/self/root/proc/self/root/proc/thread-self/root/proc/thread-self/root/kunden/kunden/kunden/usr/lib/udev" "Mozilla/5.0 AppleWebKit/537.36 (KHTML, like Gecko; compatible; GPTBot/1.4; +https://openai.com/gptbot)" "-"
74.7.227.0 - - [01/Aug/2026:02:21:39 +0200] "GET /?loknya=/lib/locale/lt_LT.utf8/LC_MESSAGES HTTP/1.1" 200 6644 fincaslaucirica.com "http://fincaslaucirica.com/?loknya=/lib/locale/lt_LT.utf8" "Mozilla/5.0 AppleWebKit/537.36 (KHTML, like Gecko; compatible; GPTBot/1.4; +https://openai.com/gptbot)" "-"
74.7.227.0 - - [01/Aug/2026:02:21:41 +0200] "GET /index.php?loknya=/proc/thread-self/root/proc/thread-self/root/proc/thread-self/root/proc/self/root/proc/self/root/proc/thread-self/root/proc/thread-self/root/kunden/kunden/usr/local/bin HTTP/1.1" 200 12381 www.fincaslaucirica.com "https://www.fincaslaucirica.com/index.php?loknya=/proc/thread-self/root/proc/thread-self/root/proc/thread-self/root/proc/self/root/proc/self/root/proc/thread-self/root/proc/thread-self/root/kunden/kunden/usr/local" "Mozilla/5.0 AppleWebKit/537.36 (KHTML, like Gecko; compatible; GPTBot/1.4; +https://openai.com/gptbot)" "-"
157.100.198.0 - - [01/Aug/2026:02:21:42 +0200] "GET /?loknya=%2Fhomepages%2F25%2Fd757064369%2Fmanaged HTTP/1.1" 200 5258 www.fincaslaucirica.com "https://www.fincaslaucirica.com" "Mozilla/5.0 (Windows NT 10.0; Win64; x64) AppleWebKit/537.36 (KHTML, like Gecko) Chrome/143.0.0.0 Safari/537.36" "-"
74.7.227.0 - - [01/Aug/2026:02:21:54 +0200] "GET /index.php?loknya=/proc/thread-self/root/proc/thread-self/root/proc/thread-self/root/proc/self/root/proc/self/root/proc/thread-self/root/proc/thread-self/root/kunden/kunden/proc/self/root/kunden/etc/dictionaries-common HTTP/1.1" 200 11372 www.fincaslaucirica.com "https://www.fincaslaucirica.com/index.php?loknya=/proc/thread-self/root/proc/thread-self/root/proc/thread-self/root/proc/self/root/proc/self/root/proc/thread-self/root/proc/thread-self/root/kunden/kunden/proc/self/root/kunden/etc" "Mozilla/5.0 AppleWebKit/537.36 (KHTML, like Gecko; compatible; GPTBot/1.4; +https://openai.com/gptbot)" "-"
74.7.242.0 - - [01/Aug/2026:02:21:56 +0200] "GET /?lokasie=/usr/bin/sleep&loknya=/usr/bin HTTP/1.1" 200 3974 fincaslaucirica.es "http://fincaslaucirica.es/?loknya=/usr/bin" "Mozilla/5.0 AppleWebKit/537.36 (KHTML, like Gecko; compatible; GPTBot/1.4; +https://openai.com/gptbot)" "-"
54.37.118.0 - - [01/Aug/2026:02:21:57 +0200] "GET /shops/3aaf02a3151242 HTTP/1.1" 404 1271 fincaslaucirica.com "-" "Mozilla/5.0 (compatible; AhrefsBot/7.0; +http://ahrefs.com/robot/)" "-"
2a03:2880:f800:: - - [01/Aug/2026:02:21:58 +0200] "GET /shops/86873341811172 HTTP/1.1" 404 1271 www.fincaslaucirica.com "-" "Mozilla/5.0 (Windows NT 10.0; Win64; x64) AppleWebKit/537.36 (KHTML, like Gecko) Chrome/145.0.0.0 Safari/537.36 (compatible; meta-externalagent/1.1 (+https://developers.facebook.com/docs/sharing/webmasters/crawler))" "-"
74.7.227.0 - - [01/Aug/2026:02:22:06 +0200] "GET /index.php?loknya=/proc/thread-self/root/proc/thread-self/root/proc/thread-self/root/proc/self/root/proc/self/root/proc/thread-self/root/proc/thread-self/root/kunden/kunden/kunden/etc/zsh HTTP/1.1" 200 20086 www.fincaslaucirica.com "https://www.fincaslaucirica.com/index.php?loknya=/proc/thread-self/root/proc/thread-self/root/proc/thread-self/root/proc/self/root/proc/self/root/proc/thread-self/root/proc/thread-self/root/kunden/kunden/kunden/etc" "Mozilla/5.0 AppleWebKit/537.36 (KHTML, like Gecko; compatible; GPTBot/1.4; +https://openai.com/gptbot)" "-"
74.7.227.0 - - [01/Aug/2026:02:22:17 +0200] "GET /index.php?loknya=/proc/thread-self/root/proc/thread-self/root/proc/thread-self/root/proc/self/root/proc/self/root/proc/thread-self/root/proc/thread-self/root/kunden/kunden/kunden/etc/ui-sqlmapper HTTP/1.1" 200 8626 www.fincaslaucirica.com "https://www.fincaslaucirica.com/index.php?loknya=/proc/thread-self/root/proc/thread-self/root/proc/thread-self/root/proc/self/root/proc/self/root/proc/thread-self/root/proc/thread-self/root/kunden/kunden/kunden/etc" "Mozilla/5.0 AppleWebKit/537.36 (KHTML, like Gecko; compatible; GPTBot/1.4; +https://openai.com/gptbot)" "-"
74.7.227.0 - - [01/Aug/2026:02:22:27 +0200] "GET /index.php?loknya=/proc/thread-self/root/proc/thread-self/root/proc/thread-self/root/proc/self/root/proc/self/root/proc/thread-self/root/proc/thread-self/root/kunden/kunden/lib/terminfo/s HTTP/1.1" 200 23952 www.fincaslaucirica.com "https://www.fincaslaucirica.com/index.php?loknya=/proc/thread-self/root/proc/thread-self/root/proc/thread-self/root/proc/self/root/proc/self/root/proc/thread-self/root/proc/thread-self/root/kunden/kunden/lib/terminfo" "Mozilla/5.0 AppleWebKit/537.36 (KHTML, like Gecko; compatible; GPTBot/1.4; +https://openai.com/gptbot)" "-"
74.7.227.0 - - [01/Aug/2026:02:22:27 +0200] "GET /?loknya=/lib/locale/nl_BE.utf8/LC_MESSAGES HTTP/1.1" 200 6644 fincaslaucirica.com "http://fincaslaucirica.com/?loknya=/lib/locale/nl_BE.utf8" "Mozilla/5.0 AppleWebKit/537.36 (KHTML, like Gecko; compatible; GPTBot/1.4; +https://openai.com/gptbot)" "-"
74.7.227.0 - - [01/Aug/2026:02:22:35 +0200] "GET /index.php?loknya=/proc/thread-self/root/proc/thread-self/root/proc/thread-self/root/proc/self/root/proc/self/root/proc/thread-self/root/proc/thread-self/root/kunden/lib/groff/site-tmac HTTP/1.1" 200 8381 www.fincaslaucirica.com "https://www.fincaslaucirica.com/index.php?loknya=/proc/thread-self/root/proc/thread-self/root/proc/thread-self/root/proc/self/root/proc/self/root/proc/thread-self/root/proc/thread-self/root/kunden/lib/groff" "Mozilla/5.0 AppleWebKit/537.36 (KHTML, like Gecko; compatible; GPTBot/1.4; +https://openai.com/gptbot)" "-"
74.7.242.0 - - [01/Aug/2026:02:22:41 +0200] "GET /?lokasie=/usr/bin/file&loknya=/usr/bin HTTP/1.1" 200 3973 fincaslaucirica.es "http://fincaslaucirica.es/?loknya=/usr/bin" "Mozilla/5.0 AppleWebKit/537.36 (KHTML, like Gecko; compatible; GPTBot/1.4; +https://openai.com/gptbot)" "-"
74.7.227.0 - - [01/Aug/2026:02:22:43 +0200] "GET /index.php?loknya=/proc/thread-self/root/proc/thread-self/root/proc/thread-self/root/proc/self/root/proc/self/root/proc/thread-self/root/proc/thread-self/root/kunden/kunden/lib/klibc HTTP/1.1" 429 267 www.fincaslaucirica.com "https://www.fincaslaucirica.com/index.php?loknya=/proc/thread-self/root/proc/thread-self/root/proc/thread-self/root/proc/self/root/proc/self/root/proc/thread-self/root/proc/thread-self/root/kunden/kunden/lib" "Mozilla/5.0 AppleWebKit/537.36 (KHTML, like Gecko; compatible; GPTBot/1.4; +https://openai.com/gptbot)" "-"
74.7.227.0 - - [01/Aug/2026:02:22:50 +0200] "GET /index.php?loknya=/proc/thread-self/root/proc/thread-self/root/proc/thread-self/root/proc/self/root/proc/self/root/proc/thread-self/root/proc/thread-self/root/kunden/proc/self/root/usr/lib/ui-infong-disable-utils HTTP/1.1" 429 267 www.fincaslaucirica.com "https://www.fincaslaucirica.com/index.php?loknya=/proc/thread-self/root/proc/thread-self/root/proc/thread-self/root/proc/self/root/proc/self/root/proc/thread-self/root/proc/thread-self/root/kunden/proc/self/root/usr/lib" "Mozilla/5.0 AppleWebKit/537.36 (KHTML, like Gecko; compatible; GPTBot/1.4; +https://openai.com/gptbot)" "-"
2a03:2880:f800:: - - [01/Aug/2026:02:23:04 +0200] "GET /shops/c2b9a512086769 HTTP/1.1" 404 1271 www.fincaslaucirica.com "-" "Mozilla/5.0 (Windows NT 10.0; Win64; x64) AppleWebKit/537.36 (KHTML, like Gecko) Chrome/145.0.0.0 Safari/537.36 (compatible; meta-externalagent/1.1 (+https://developers.facebook.com/docs/sharing/webmasters/crawler))" "-"
5.39.1.0 - - [01/Aug/2026:02:23:09 +0200] "GET /shops/0daab612743625 HTTP/1.1" 404 1271 fincaslaucirica.com "-" "Mozilla/5.0 (compatible; AhrefsBot/7.0; +http://ahrefs.com/robot/)" "-"
74.7.227.0 - - [01/Aug/2026:02:23:10 +0200] "GET /?loknya=/lib/locale/en_ZA.utf8/LC_MESSAGES HTTP/1.1" 200 6644 fincaslaucirica.com "http://fincaslaucirica.com/?loknya=/lib/locale/en_ZA.utf8" "Mozilla/5.0 AppleWebKit/537.36 (KHTML, like Gecko; compatible; GPTBot/1.4; +https://openai.com/gptbot)" "-"
74.7.227.0 - - [01/Aug/2026:02:23:11 +0200] "GET /index.php?lokasie=/proc/thread-self/root/proc/thread-self/root/proc/thread-self/root/proc/self/root/proc/self/root/proc/thread-self/root/proc/thread-self/root/kunden/kunden/kunden/usr/lib/git-core//git-read-tree&loknya=/proc/thread-self/root/proc/thread-self/root/proc/thread-self/root/proc/self/root/proc/self/root/proc/thread-self/root/proc/thread-self/root/kunden/kunden/kunden/usr/lib/git-core/ HTTP/1.1" 429 267 www.fincaslaucirica.com "https://www.fincaslaucirica.com/index.php?loknya=/proc/thread-self/root/proc/thread-self/root/proc/thread-self/root/proc/self/root/proc/self/root/proc/thread-self/root/proc/thread-self/root/kunden/kunden/kunden/usr/lib/git-core/" "Mozilla/5.0 AppleWebKit/537.36 (KHTML, like Gecko; compatible; GPTBot/1.4; +https://openai.com/gptbot)" "-"
74.7.242.0 - - [01/Aug/2026:02:23:23 +0200] "GET /?lokasie=/usr/bin/last&loknya=/usr/bin HTTP/1.1" 200 3973 fincaslaucirica.es "http://fincaslaucirica.es/?loknya=/usr/bin" "Mozilla/5.0 AppleWebKit/537.36 (KHTML, like Gecko; compatible; GPTBot/1.4; +https://openai.com/gptbot)" "-"
207.46.13.0 - - [01/Aug/2026:02:23:36 +0200] "GET /shops/4a187c73191676 HTTP/1.1" 404 1271 fincaslaucirica.com "-" "Mozilla/5.0 AppleWebKit/537.36 (KHTML, like Gecko; compatible; bingbot/2.0; +http://www.bing.com/bingbot.htm) Chrome/116.0.1938.76 Safari/537.36" "-"
40.77.167.0 - - [01/Aug/2026:02:23:41 +0200] "GET /shops/6534b963154376 HTTP/1.1" 404 1271 fincaslaucirica.com "-" "Mozilla/5.0 AppleWebKit/537.36 (KHTML, like Gecko; compatible; bingbot/2.0; +http://www.bing.com/bingbot.htm) Chrome/116.0.1938.76 Safari/537.36" "-"
74.7.227.0 - - [01/Aug/2026:02:23:48 +0200] "GET /?loknya=/lib/locale/en_BW.utf8 HTTP/1.1" 200 20806 fincaslaucirica.com "http://fincaslaucirica.com/?loknya=/lib/locale" "Mozilla/5.0 AppleWebKit/537.36 (KHTML, like Gecko; compatible; GPTBot/1.4; +https://openai.com/gptbot)" "-"
190.35.154.0 - - [01/Aug/2026:02:23:51 +0200] "GET /?lokasie=%2Fusr%2Fbin%2Fgold&loknya=%2Fusr%2Fbin HTTP/1.1" 200 3975 www.fincaslaucirica.com "https://www.fincaslaucirica.com" "Mozilla/5.0 (Windows NT 10.0; Win64; x64) AppleWebKit/537.36 (KHTML, like Gecko) Chrome/145.0.0.0 Safari/537.36" "-"
74.7.242.0 - - [01/Aug/2026:02:23:59 +0200] "GET /?lokasie=/usr/bin/rbash&loknya=/usr/bin HTTP/1.1" 200 3974 fincaslaucirica.es "http://fincaslaucirica.es/?loknya=/usr/bin" "Mozilla/5.0 AppleWebKit/537.36 (KHTML, like Gecko; compatible; GPTBot/1.4; +https://openai.com/gptbot)" "-"
2a03:2880:f800:: - - [01/Aug/2026:02:24:11 +0200] "GET /shops/963429b707975 HTTP/1.1" 404 1271 www.fincaslaucirica.com "-" "Mozilla/5.0 (Macintosh; Intel Mac OS X 10_15_7) AppleWebKit/537.36 (KHTML, like Gecko) Chrome/145.0.0.0 Safari/537.36 (compatible; meta-externalagent/1.1 (+https://developers.facebook.com/docs/sharing/webmasters/crawler))" "-"
74.7.227.0 - - [01/Aug/2026:02:24:11 +0200] "GET /index.php?lokasie=/proc/thread-self/root/proc/thread-self/root/proc/thread-self/root/proc/self/root/proc/self/root/proc/thread-self/root/proc/thread-self/root/kunden/kunden/kunden/usr/lib/git-core//git-show-ref&loknya=/proc/thread-self/root/proc/thread-self/root/proc/thread-self/root/proc/self/root/proc/self/root/proc/thread-self/root/proc/thread-self/root/kunden/kunden/kunden/usr/lib/git-core/ HTTP/1.1" 200 7419 www.fincaslaucirica.com "https://www.fincaslaucirica.com/index.php?loknya=/proc/thread-self/root/proc/thread-self/root/proc/thread-self/root/proc/self/root/proc/self/root/proc/thread-self/root/proc/thread-self/root/kunden/kunden/kunden/usr/lib/git-core/" "Mozilla/5.0 AppleWebKit/537.36 (KHTML, like Gecko; compatible; GPTBot/1.4; +https://openai.com/gptbot)" "-"
94.23.188.0 - - [01/Aug/2026:02:24:14 +0200] "GET /shops/68c48811477369 HTTP/1.1" 404 1271 fincaslaucirica.com "-" "Mozilla/5.0 (compatible; AhrefsBot/7.0; +http://ahrefs.com/robot/)" "-"
74.7.227.0 - - [01/Aug/2026:02:24:21 +0200] "GET /?loknya=/lib/locale/ka_GE.utf8 HTTP/1.1" 200 20807 fincaslaucirica.com "http://fincaslaucirica.com/?loknya=/lib/locale" "Mozilla/5.0 AppleWebKit/537.36 (KHTML, like Gecko; compatible; GPTBot/1.4; +https://openai.com/gptbot)" "-"
74.7.242.0 - - [01/Aug/2026:02:24:33 +0200] "GET /?lokasie=/usr/bin/test&loknya=/usr/bin HTTP/1.1" 200 3973 fincaslaucirica.es "http://fincaslaucirica.es/?loknya=/usr/bin" "Mozilla/5.0 AppleWebKit/537.36 (KHTML, like Gecko; compatible; GPTBot/1.4; +https://openai.com/gptbot)" "-"
74.7.227.0 - - [01/Aug/2026:02:24:50 +0200] "GET /?loknya=/lib/locale/it_IT.utf8 HTTP/1.1" 200 20805 fincaslaucirica.com "http://fincaslaucirica.com/?loknya=/lib/locale" "Mozilla/5.0 AppleWebKit/537.36 (KHTML, like Gecko; compatible; GPTBot/1.4; +https://openai.com/gptbot)" "-"
74.7.242.0 - - [01/Aug/2026:02:25:03 +0200] "GET /?lokasie=/usr/bin/rsync&loknya=/usr/bin HTTP/1.1" 200 3974 fincaslaucirica.es "http://fincaslaucirica.es/?loknya=/usr/bin" "Mozilla/5.0 AppleWebKit/537.36 (KHTML, like Gecko; compatible; GPTBot/1.4; +https://openai.com/gptbot)" "-"
54.37.118.0 - - [01/Aug/2026:02:25:12 +0200] "GET /shops/c378497884676 HTTP/1.1" 404 1271 fincaslaucirica.com "-" "Mozilla/5.0 (compatible; AhrefsBot/7.0; +http://ahrefs.com/robot/)" "-"
74.7.227.0 - - [01/Aug/2026:02:25:15 +0200] "GET /index.php?loknya=/proc/thread-self/root/proc/thread-self/root/proc/thread-self/root/proc/self/root/proc/self/root/proc/thread-self/root/proc/thread-self/root/kunden/kunden/kunden/usr/lib/udev/ HTTP/1.1" 200 12263 www.fincaslaucirica.com "https://www.fincaslaucirica.com/index.php?loknya=/proc/thread-self/root/proc/thread-self/root/proc/thread-self/root/proc/self/root/proc/self/root/proc/thread-self/root/proc/thread-self/root/kunden/kunden/kunden/usr/lib/udev/rules.d" "Mozilla/5.0 AppleWebKit/537.36 (KHTML, like Gecko; compatible; GPTBot/1.4; +https://openai.com/gptbot)" "-"
74.7.227.0 - - [01/Aug/2026:02:25:18 +0200] "GET /?loknya=/lib/locale/el_CY.utf8 HTTP/1.1" 200 20807 fincaslaucirica.com "http://fincaslaucirica.com/?loknya=/lib/locale" "Mozilla/5.0 AppleWebKit/537.36 (KHTML, like Gecko; compatible; GPTBot/1.4; +https://openai.com/gptbot)" "-"
2a03:2880:f800:: - - [01/Aug/2026:02:25:18 +0200] "GET /shops/0e4806c1509411 HTTP/1.1" 404 1271 www.fincaslaucirica.com "-" "Mozilla/5.0 (Windows NT 10.0; Win64; x64) AppleWebKit/537.36 (KHTML, like Gecko) Chrome/145.0.0.0 Safari/537.36 (compatible; meta-externalagent/1.1 (+https://developers.facebook.com/docs/sharing/webmasters/crawler))" "-"
74.7.242.0 - - [01/Aug/2026:02:25:30 +0200] "GET /?lokasie=/usr/bin/rlog&loknya=/usr/bin HTTP/1.1" 200 4822 fincaslaucirica.es "http://fincaslaucirica.es/?loknya=/usr/bin" "Mozilla/5.0 AppleWebKit/537.36 (KHTML, like Gecko; compatible; GPTBot/1.4; +https://openai.com/gptbot)" "-"
74.7.227.0 - - [01/Aug/2026:02:25:42 +0200] "GET /?loknya=/lib/locale/ca_ES.utf8 HTTP/1.1" 200 20806 fincaslaucirica.com "http://fincaslaucirica.com/?loknya=/lib/locale" "Mozilla/5.0 AppleWebKit/537.36 (KHTML, like Gecko; compatible; GPTBot/1.4; +https://openai.com/gptbot)" "-"
103.155.166.0 - - [01/Aug/2026:02:25:48 +0200] "GET /?lokasie=%2Fbin%2Fperlthanks&loknya=%2Fbin HTTP/1.1" 200 52665 www.fincaslaucirica.com "https://www.fincaslaucirica.com" "Mozilla/5.0 (Macintosh; Intel Mac OS X 10_15_7) AppleWebKit/537.36 (KHTML, like Gecko) Chrome/144.0.0.0 Safari/537.36" "-"
74.7.242.0 - - [01/Aug/2026:02:25:55 +0200] "GET /?lokasie=/usr/bin/make&loknya=/usr/bin HTTP/1.1" 200 3973 fincaslaucirica.es "http://fincaslaucirica.es/?loknya=/usr/bin" "Mozilla/5.0 AppleWebKit/537.36 (KHTML, like Gecko; compatible; GPTBot/1.4; +https://openai.com/gptbot)" "-"
74.7.227.0 - - [01/Aug/2026:02:26:05 +0200] "GET /?loknya=/lib/locale/en_ZW.utf8 HTTP/1.1" 200 20806 fincaslaucirica.com "http://fincaslaucirica.com/?loknya=/lib/locale" "Mozilla/5.0 AppleWebKit/537.36 (KHTML, like Gecko; compatible; GPTBot/1.4; +https://openai.com/gptbot)" "-"
74.7.227.0 - - [01/Aug/2026:02:26:12 +0200] "GET /index.php?loknya=/proc/thread-self/root/proc/thread-self/root/proc/thread-self/root/proc/self/root/proc/self/root/proc/thread-self/root/proc/thread-self/root/kunden/kunden/kunden/kunden/etc/ghostscript HTTP/1.1" 200 11949 www.fincaslaucirica.com "https://www.fincaslaucirica.com/index.php?loknya=/proc/thread-self/root/proc/thread-self/root/proc/thread-self/root/proc/self/root/proc/self/root/proc/thread-self/root/proc/thread-self/root/kunden/kunden/kunden/kunden/etc" "Mozilla/5.0 AppleWebKit/537.36 (KHTML, like Gecko; compatible; GPTBot/1.4; +https://openai.com/gptbot)" "-"
74.7.242.0 - - [01/Aug/2026:02:26:17 +0200] "GET /?lokasie=/usr/bin/stat&loknya=/usr/bin HTTP/1.1" 200 3973 fincaslaucirica.es "http://fincaslaucirica.es/?loknya=/usr/bin" "Mozilla/5.0 AppleWebKit/537.36 (KHTML, like Gecko; compatible; GPTBot/1.4; +https://openai.com/gptbot)" "-"
2a03:2880:f800:: - - [01/Aug/2026:02:26:24 +0200] "GET /shops/1310a042569847 HTTP/1.1" 404 1271 www.fincaslaucirica.com "-" "Mozilla/5.0 (Macintosh; Intel Mac OS X 10_15_7) AppleWebKit/537.36 (KHTML, like Gecko) Chrome/145.0.0.0 Safari/537.36 (compatible; meta-externalagent/1.1 (+https://developers.facebook.com/docs/sharing/webmasters/crawler))" "-"
74.7.227.0 - - [01/Aug/2026:02:26:25 +0200] "GET /?loknya=/lib/locale/kk_KZ.utf8 HTTP/1.1" 200 20806 fincaslaucirica.com "http://fincaslaucirica.com/?loknya=/lib/locale" "Mozilla/5.0 AppleWebKit/537.36 (KHTML, like Gecko; compatible; GPTBot/1.4; +https://openai.com/gptbot)" "-"
74.7.242.0 - - [01/Aug/2026:02:26:37 +0200] "GET /?lokasie=/usr/bin/ifne&loknya=/usr/bin HTTP/1.1" 200 3973 fincaslaucirica.es "http://fincaslaucirica.es/?loknya=/usr/bin" "Mozilla/5.0 AppleWebKit/537.36 (KHTML, like Gecko; compatible; GPTBot/1.4; +https://openai.com/gptbot)" "-"
74.7.227.0 - - [01/Aug/2026:02:26:42 +0200] "GET /?loknya=/lib/locale/ko_KR.utf8 HTTP/1.1" 200 20811 fincaslaucirica.com "http://fincaslaucirica.com/?loknya=/lib/locale" "Mozilla/5.0 AppleWebKit/537.36 (KHTML, like Gecko; compatible; GPTBot/1.4; +https://openai.com/gptbot)" "-"
54.37.118.0 - - [01/Aug/2026:02:26:50 +0200] "GET /shops/b8e99933213518 HTTP/1.1" 404 1271 fincaslaucirica.com "-" "Mozilla/5.0 (compatible; AhrefsBot/7.0; +http://ahrefs.com/robot/)" "-"
43.166.244.0 - - [01/Aug/2026:02:26:55 +0200] "GET /index.php?loknya=/homepages HTTP/1.1" 200 58036 fincaslaucirica.com "-" "Mozilla/5.0 (iPhone; CPU iPhone OS 13_2_3 like Mac OS X) AppleWebKit/605.1.15 (KHTML, like Gecko) Version/13.0.3 Mobile/15E148 Safari/604.1" "-"
74.7.242.0 - - [01/Aug/2026:02:26:56 +0200] "GET /?lokasie=/usr/bin/namei&loknya=/usr/bin HTTP/1.1" 200 3974 fincaslaucirica.es "http://fincaslaucirica.es/?loknya=/usr/bin" "Mozilla/5.0 AppleWebKit/537.36 (KHTML, like Gecko; compatible; GPTBot/1.4; +https://openai.com/gptbot)" "-"
74.7.227.0 - - [01/Aug/2026:02:26:57 +0200] "GET /?loknya=/lib/locale/uk_UA.utf8 HTTP/1.1" 200 20806 fincaslaucirica.com "http://fincaslaucirica.com/?loknya=/lib/locale" "Mozilla/5.0 AppleWebKit/537.36 (KHTML, like Gecko; compatible; GPTBot/1.4; +https://openai.com/gptbot)" "-"
