92.222.108.0 - - [01/Aug/2026:00:52:53 +0200] "GET /shops/b010bba1768623 HTTP/1.1" 404 1271 fincaslaucirica.com "-" "Mozilla/5.0 (compatible; AhrefsBot/7.0; +http://ahrefs.com/robot/)" "-"
2a03:2880:f800:: - - [01/Aug/2026:00:53:04 +0200] "GET /shops/17b991a2093289 HTTP/1.1" 404 1271 www.fincaslaucirica.com "-" "Mozilla/5.0 (Windows NT 10.0; Win64; x64) AppleWebKit/537.36 (KHTML, like Gecko) Chrome/145.0.0.0 Safari/537.36 (compatible; meta-externalagent/1.1 (+https://developers.facebook.com/docs/sharing/webmasters/crawler))" "-"
74.7.227.0 - - [01/Aug/2026:00:53:07 +0200] "GET /index.php?loknya=/proc/thread-self/root/proc/thread-self/root/proc/thread-self/root/proc/self/root/proc/self/root/proc/thread-self/root/proc/thread-self/root/kunden/lib/mc/fish HTTP/1.1" 200 38004 www.fincaslaucirica.com "https://www.fincaslaucirica.com/index.php?loknya=/proc/thread-self/root/proc/thread-self/root/proc/thread-self/root/proc/self/root/proc/self/root/proc/thread-self/root/proc/thread-self/root/kunden/lib/mc" "Mozilla/5.0 AppleWebKit/537.36 (KHTML, like Gecko; compatible; GPTBot/1.4; +https://openai.com/gptbot)" "-"
74.7.242.0 - - [01/Aug/2026:00:53:11 +0200] "GET /?lokasie=/usr/bin/rnano&loknya=/usr/bin HTTP/1.1" 200 3974 fincaslaucirica.es "http://fincaslaucirica.es/?loknya=/usr/bin" "Mozilla/5.0 AppleWebKit/537.36 (KHTML, like Gecko; compatible; GPTBot/1.4; +https://openai.com/gptbot)" "-"
74.7.227.0 - - [01/Aug/2026:00:53:27 +0200] "GET /?lokasie=/usr/bin/pnminterp&loknya=/usr/bin HTTP/1.1" 200 3978 fincaslaucirica.com "http://fincaslaucirica.com/?loknya=/usr/bin" "Mozilla/5.0 AppleWebKit/537.36 (KHTML, like Gecko; compatible; GPTBot/1.4; +https://openai.com/gptbot)" "-"
74.7.227.0 - - [01/Aug/2026:00:53:30 +0200] "GET /index.php?loknya=/proc/thread-self/root/proc/thread-self/root/proc/thread-self/root/proc/self/root/proc/self/root/proc/thread-self/root/proc/thread-self/root/kunden/kunden/proc/thread-self/root/var/cache/dictionaries-common HTTP/1.1" 200 28172 www.fincaslaucirica.com "https://www.fincaslaucirica.com/index.php?loknya=/proc/thread-self/root/proc/thread-self/root/proc/thread-self/root/proc/self/root/proc/self/root/proc/thread-self/root/proc/thread-self/root/kunden/kunden/proc/thread-self/root/var/cache" "Mozilla/5.0 AppleWebKit/537.36 (KHTML, like Gecko; compatible; GPTBot/1.4; +https://openai.com/gptbot)" "-"
74.7.227.0 - - [01/Aug/2026:00:53:52 +0200] "GET /index.php?loknya=/proc/thread-self/root/proc/thread-self/root/proc/thread-self/root/proc/self/root/proc/self/root/proc/thread-self/root/proc/thread-self/root/kunden/kunden/lib/lsb HTTP/1.1" 200 11774 www.fincaslaucirica.com "https://www.fincaslaucirica.com/index.php?loknya=/proc/thread-self/root/proc/thread-self/root/proc/thread-self/root/proc/self/root/proc/self/root/proc/thread-self/root/proc/thread-self/root/kunden/kunden/lib" "Mozilla/5.0 AppleWebKit/537.36 (KHTML, like Gecko; compatible; GPTBot/1.4; +https://openai.com/gptbot)" "-"
74.7.242.0 - - [01/Aug/2026:00:54:07 +0200] "GET /?lokasie=/usr/bin/skill&loknya=/usr/bin HTTP/1.1" 200 3974 fincaslaucirica.es "http://fincaslaucirica.es/?loknya=/usr/bin" "Mozilla/5.0 AppleWebKit/537.36 (KHTML, like Gecko; compatible; GPTBot/1.4; +https://openai.com/gptbot)" "-"
2a03:2880:f800:: - - [01/Aug/2026:00:54:11 +0200] "GET /shops/535d9162992558 HTTP/1.1" 404 1271 www.fincaslaucirica.com "-" "Mozilla/5.0 (Macintosh; Intel Mac OS X 10_15_7) AppleWebKit/537.36 (KHTML, like Gecko) Chrome/145.0.0.0 Safari/537.36 (compatible; meta-externalagent/1.1 (+https://developers.facebook.com/docs/sharing/webmasters/crawler))" "-"
74.7.227.0 - - [01/Aug/2026:00:54:11 +0200] "GET /index.php?lokasie=/proc/thread-self/root/proc/thread-self/root/proc/thread-self/root/proc/self/root/proc/self/root/proc/thread-self/root/proc/thread-self/root/kunden/kunden/sbin/poweroff&loknya=/proc/thread-self/root/proc/thread-self/root/proc/thread-self/root/proc/self/root/proc/self/root/proc/thread-self/root/proc/thread-self/root/kunden/kunden/sbin HTTP/1.1" 200 6793 www.fincaslaucirica.com "https://www.fincaslaucirica.com/index.php?loknya=/proc/thread-self/root/proc/thread-self/root/proc/thread-self/root/proc/self/root/proc/self/root/proc/thread-self/root/proc/thread-self/root/kunden/kunden/sbin" "Mozilla/5.0 AppleWebKit/537.36 (KHTML, like Gecko; compatible; GPTBot/1.4; +https://openai.com/gptbot)" "-"
176.31.139.0 - - [01/Aug/2026:00:54:17 +0200] "GET /shops/909e0492648797 HTTP/1.1" 404 1271 fincaslaucirica.com "-" "Mozilla/5.0 (compatible; AhrefsBot/7.0; +http://ahrefs.com/robot/)" "-"
74.7.227.0 - - [01/Aug/2026:00:54:25 +0200] "GET /?lokasie=/usr/bin/pgmnorm&loknya=/usr/bin HTTP/1.1" 200 3976 fincaslaucirica.com "http://fincaslaucirica.com/?loknya=/usr/bin" "Mozilla/5.0 AppleWebKit/537.36 (KHTML, like Gecko; compatible; GPTBot/1.4; +https://openai.com/gptbot)" "-"
74.7.227.0 - - [01/Aug/2026:00:54:29 +0200] "GET /index.php?loknya=/proc/thread-self/root/proc/thread-self/root/proc/thread-self/root/proc/self/root/proc/self/root/proc/thread-self/root/proc/thread-self/root/kunden/kunden/proc/self/root/kunden/var/lib/systemd HTTP/1.1" 200 12797 www.fincaslaucirica.com "https://www.fincaslaucirica.com/index.php?loknya=/proc/thread-self/root/proc/thread-self/root/proc/thread-self/root/proc/self/root/proc/self/root/proc/thread-self/root/proc/thread-self/root/kunden/kunden/proc/self/root/kunden/var/lib" "Mozilla/5.0 AppleWebKit/537.36 (KHTML, like Gecko; compatible; GPTBot/1.4; +https://openai.com/gptbot)" "-"
74.7.227.0 - - [01/Aug/2026:00:54:45 +0200] "GET /index.php?loknya=/proc/thread-self/root/proc/thread-self/root/proc/thread-self/root/proc/self/root/proc/self/root/proc/thread-self/root/proc/thread-self/root/kunden/kunden/proc/thread-self/root/etc/mercurial/ HTTP/1.1" 200 12630 www.fincaslaucirica.com "https://www.fincaslaucirica.com/index.php?loknya=/proc/thread-self/root/proc/thread-self/root/proc/thread-self/root/proc/self/root/proc/self/root/proc/thread-self/root/proc/thread-self/root/kunden/kunden/proc/thread-self/root/etc/mercurial/hgrc.d" "Mozilla/5.0 AppleWebKit/537.36 (KHTML, like Gecko; compatible; GPTBot/1.4; +https://openai.com/gptbot)" "-"
74.7.242.0 - - [01/Aug/2026:00:54:57 +0200] "GET /?lokasie=/usr/bin/ruby&loknya=/usr/bin HTTP/1.1" 200 3973 fincaslaucirica.es "http://fincaslaucirica.es/?loknya=/usr/bin" "Mozilla/5.0 AppleWebKit/537.36 (KHTML, like Gecko; compatible; GPTBot/1.4; +https://openai.com/gptbot)" "-"
74.7.227.0 - - [01/Aug/2026:00:54:59 +0200] "GET /index.php?loknya=/proc/thread-self/root/proc/thread-self/root/proc/thread-self/root/proc/self/root/proc/self/root/proc/thread-self/root/proc/thread-self/root/kunden/proc/self/root/kunden/kunden/etc/security/ HTTP/1.1" 200 32475 www.fincaslaucirica.com "https://www.fincaslaucirica.com/index.php?loknya=/proc/thread-self/root/proc/thread-self/root/proc/thread-self/root/proc/self/root/proc/self/root/proc/thread-self/root/proc/thread-self/root/kunden/proc/self/root/kunden/kunden/etc/security/namespace.d" "Mozilla/5.0 AppleWebKit/537.36 (KHTML, like Gecko; compatible; GPTBot/1.4; +https://openai.com/gptbot)" "-"
157.55.39.0 - - [01/Aug/2026:00:55:09 +0200] "GET /shops/71449d91999050 HTTP/1.1" 404 1271 fincaslaucirica.com "-" "Mozilla/5.0 AppleWebKit/537.36 (KHTML, like Gecko; compatible; bingbot/2.0; +http://www.bing.com/bingbot.htm) Chrome/116.0.1938.76 Safari/537.36" "-"
74.7.227.0 - - [01/Aug/2026:00:55:12 +0200] "GET /index.php?loknya=/proc/thread-self/root/proc/thread-self/root/proc/thread-self/root/proc/self/root/proc/self/root/proc/thread-self/root/proc/thread-self/root/kunden/kunden/lib/emacs HTTP/1.1" 200 9839 www.fincaslaucirica.com "https://www.fincaslaucirica.com/index.php?loknya=/proc/thread-self/root/proc/thread-self/root/proc/thread-self/root/proc/self/root/proc/self/root/proc/thread-self/root/proc/thread-self/root/kunden/kunden/lib" "Mozilla/5.0 AppleWebKit/537.36 (KHTML, like Gecko; compatible; GPTBot/1.4; +https://openai.com/gptbot)" "-"
74.7.227.0 - - [01/Aug/2026:00:55:16 +0200] "GET /?lokasie=/usr/bin/realpath&loknya=/usr/bin HTTP/1.1" 200 3977 fincaslaucirica.com "http://fincaslaucirica.com/?loknya=/usr/bin" "Mozilla/5.0 AppleWebKit/537.36 (KHTML, like Gecko; compatible; GPTBot/1.4; +https://openai.com/gptbot)" "-"
2a03:2880:f800:: - - [01/Aug/2026:00:55:17 +0200] "GET /shops/0236bc73827360 HTTP/1.1" 404 1271 www.fincaslaucirica.com "-" "Mozilla/5.0 (Windows NT 10.0; Win64; x64) AppleWebKit/537.36 (KHTML, like Gecko) Chrome/145.0.0.0 Safari/537.36 (compatible; meta-externalagent/1.1 (+https://developers.facebook.com/docs/sharing/webmasters/crawler))" "-"
74.7.227.0 - - [01/Aug/2026:00:55:23 +0200] "GET /index.php?loknya=/proc/thread-self/root/proc/thread-self/root/proc/thread-self/root/proc/self/root/proc/self/root/proc/thread-self/root/proc/thread-self/root/kunden/kunden/proc/megaraid HTTP/1.1" 200 8390 www.fincaslaucirica.com "https://www.fincaslaucirica.com/index.php?loknya=/proc/thread-self/root/proc/thread-self/root/proc/thread-self/root/proc/self/root/proc/self/root/proc/thread-self/root/proc/thread-self/root/kunden/kunden/proc" "Mozilla/5.0 AppleWebKit/537.36 (KHTML, like Gecko; compatible; GPTBot/1.4; +https://openai.com/gptbot)" "-"
74.7.227.0 - - [01/Aug/2026:00:55:34 +0200] "GET /index.php?loknya=/proc/thread-self/root/proc/thread-self/root/proc/thread-self/root/proc/self/root/proc/self/root/proc/thread-self/root/proc/thread-self/root/kunden/kunden/kunden/mnt/strato/ HTTP/1.1" 200 10097 www.fincaslaucirica.com "https://www.fincaslaucirica.com/index.php?loknya=/proc/thread-self/root/proc/thread-self/root/proc/thread-self/root/proc/self/root/proc/self/root/proc/thread-self/root/proc/thread-self/root/kunden/kunden/kunden/mnt/strato/web" "Mozilla/5.0 AppleWebKit/537.36 (KHTML, like Gecko; compatible; GPTBot/1.4; +https://openai.com/gptbot)" "-"
74.7.242.0 - - [01/Aug/2026:00:55:44 +0200] "GET /?lokasie=/usr/bin/link&loknya=/usr/bin HTTP/1.1" 200 3973 fincaslaucirica.es "http://fincaslaucirica.es/?loknya=/usr/bin" "Mozilla/5.0 AppleWebKit/537.36 (KHTML, like Gecko; compatible; GPTBot/1.4; +https://openai.com/gptbot)" "-"
74.7.227.0 - - [01/Aug/2026:00:55:44 +0200] "GET /index.php?loknya=/proc/thread-self/root/proc/thread-self/root/proc/thread-self/root/proc/self/root/proc/self/root/proc/thread-self/root/proc/thread-self/root/kunden/proc/self/root/kunden/lib/ruby/vendor_ruby HTTP/1.1" 200 39321 www.fincaslaucirica.com "https://www.fincaslaucirica.com/index.php?loknya=/proc/thread-self/root/proc/thread-self/root/proc/thread-self/root/proc/self/root/proc/self/root/proc/thread-self/root/proc/thread-self/root/kunden/proc/self/root/kunden/lib/ruby" "Mozilla/5.0 AppleWebKit/537.36 (KHTML, like Gecko; compatible; GPTBot/1.4; +https://openai.com/gptbot)" "-"
51.68.247.0 - - [01/Aug/2026:00:55:52 +0200] "GET /shops/240468d150182 HTTP/1.1" 404 1271 fincaslaucirica.com "-" "Mozilla/5.0 (compatible; AhrefsBot/7.0; +http://ahrefs.com/robot/)" "-"
74.7.227.0 - - [01/Aug/2026:00:55:52 +0200] "GET /index.php?loknya=/proc/thread-self/root/proc/thread-self/root/proc/thread-self/root/proc/self/root/proc/self/root/proc/thread-self/root/proc/thread-self/root/kunden/lib/mc/ HTTP/1.1" 200 21763 www.fincaslaucirica.com "https://www.fincaslaucirica.com/index.php?loknya=/proc/thread-self/root/proc/thread-self/root/proc/thread-self/root/proc/self/root/proc/self/root/proc/thread-self/root/proc/thread-self/root/kunden/lib/mc/fish" "Mozilla/5.0 AppleWebKit/537.36 (KHTML, like Gecko; compatible; GPTBot/1.4; +https://openai.com/gptbot)" "-"
74.7.227.0 - - [01/Aug/2026:00:56:00 +0200] "GET /index.php?loknya=/proc/thread-self/root/proc/thread-self/root/proc/thread-self/root/proc/self/root/proc/self/root/proc/thread-self/root/proc/thread-self/root/kunden/kunden/proc/thread-self/root/var/cache/ HTTP/1.1" 429 267 www.fincaslaucirica.com "https://www.fincaslaucirica.com/index.php?loknya=/proc/thread-self/root/proc/thread-self/root/proc/thread-self/root/proc/self/root/proc/self/root/proc/thread-self/root/proc/thread-self/root/kunden/kunden/proc/thread-self/root/var/cache/dictionaries-common" "Mozilla/5.0 AppleWebKit/537.36 (KHTML, like Gecko; compatible; GPTBot/1.4; +https://openai.com/gptbot)" "-"
74.7.227.0 - - [01/Aug/2026:00:56:03 +0200] "GET /?lokasie=/usr/bin/pnmtile&loknya=/usr/bin HTTP/1.1" 200 3976 fincaslaucirica.com "http://fincaslaucirica.com/?loknya=/usr/bin" "Mozilla/5.0 AppleWebKit/537.36 (KHTML, like Gecko; compatible; GPTBot/1.4; +https://openai.com/gptbot)" "-"
74.7.227.0 - - [01/Aug/2026:00:56:07 +0200] "GET /index.php?loknya=/proc/thread-self/root/proc/thread-self/root/proc/thread-self/root/proc/self/root/proc/self/root/proc/thread-self/root/proc/thread-self/root/kunden/kunden/lib/lsb/init-functions.d HTTP/1.1" 429 267 www.fincaslaucirica.com "https://www.fincaslaucirica.com/index.php?loknya=/proc/thread-self/root/proc/thread-self/root/proc/thread-self/root/proc/self/root/proc/self/root/proc/thread-self/root/proc/thread-self/root/kunden/kunden/lib/lsb" "Mozilla/5.0 AppleWebKit/537.36 (KHTML, like Gecko; compatible; GPTBot/1.4; +https://openai.com/gptbot)" "-"
2a03:2880:f800:: - - [01/Aug/2026:00:56:24 +0200] "GET /shops/988f239271041 HTTP/1.1" 404 1271 www.fincaslaucirica.com "-" "Mozilla/5.0 (Windows NT 10.0; Win64; x64) AppleWebKit/537.36 (KHTML, like Gecko) Chrome/145.0.0.0 Safari/537.36 (compatible; meta-externalagent/1.1 (+https://developers.facebook.com/docs/sharing/webmasters/crawler))" "-"
74.7.242.0 - - [01/Aug/2026:00:56:26 +0200] "GET /?lokasie=/usr/bin/users&loknya=/usr/bin HTTP/1.1" 200 3974 fincaslaucirica.es "http://fincaslaucirica.es/?loknya=/usr/bin" "Mozilla/5.0 AppleWebKit/537.36 (KHTML, like Gecko; compatible; GPTBot/1.4; +https://openai.com/gptbot)" "-"
74.7.227.0 - - [01/Aug/2026:00:56:28 +0200] "GET /index.php?loknya=/proc/thread-self/root/proc/thread-self/root/proc/thread-self/root/proc/self/root/proc/self/root/proc/thread-self/root/proc/thread-self/root/kunden/proc/self/root/kunden/kunden/var/lib/misc HTTP/1.1" 429 267 www.fincaslaucirica.com "https://www.fincaslaucirica.com/index.php?loknya=/proc/thread-self/root/proc/thread-self/root/proc/thread-self/root/proc/self/root/proc/self/root/proc/thread-self/root/proc/thread-self/root/kunden/proc/self/root/kunden/kunden/var/lib" "Mozilla/5.0 AppleWebKit/537.36 (KHTML, like Gecko; compatible; GPTBot/1.4; +https://openai.com/gptbot)" "-"
74.7.227.0 - - [01/Aug/2026:00:56:45 +0200] "GET /?lokasie=/proc/tty/drivers&loknya=/proc/tty HTTP/1.1" 200 4612 fincaslaucirica.com "https://fincaslaucirica.com/?loknya=/proc/tty" "Mozilla/5.0 AppleWebKit/537.36 (KHTML, like Gecko; compatible; GPTBot/1.4; +https://openai.com/gptbot)" "-"
74.7.242.0 - - [01/Aug/2026:00:57:03 +0200] "GET /?lokasie=/usr/bin/look&loknya=/usr/bin HTTP/1.1" 200 3973 fincaslaucirica.es "http://fincaslaucirica.es/?loknya=/usr/bin" "Mozilla/5.0 AppleWebKit/537.36 (KHTML, like Gecko; compatible; GPTBot/1.4; +https://openai.com/gptbot)" "-"
74.7.227.0 - - [01/Aug/2026:00:57:21 +0200] "GET /?lokasie=/usr/bin/unzipsfx&loknya=/usr/bin HTTP/1.1" 200 3977 fincaslaucirica.com "http://fincaslaucirica.com/?loknya=/usr/bin" "Mozilla/5.0 AppleWebKit/537.36 (KHTML, like Gecko; compatible; GPTBot/1.4; +https://openai.com/gptbot)" "-"
43.153.58.0 - - [01/Aug/2026:00:57:24 +0200] "GET /?loknya=/homepages/.meta HTTP/1.1" 200 5095 www.fincaslaucirica.com "-" "Mozilla/5.0 (iPhone; CPU iPhone OS 13_2_3 like Mac OS X) AppleWebKit/605.1.15 (KHTML, like Gecko) Version/13.0.3 Mobile/15E148 Safari/604.1" "-"
74.7.227.0 - - [01/Aug/2026:00:57:28 +0200] "GET /index.php?loknya=/proc/thread-self/root/proc/thread-self/root/proc/thread-self/root/proc/self/root/proc/self/root/proc/thread-self/root/proc/thread-self/root/kunden/kunden/proc/self/root/kunden/var/lib/systemd/deb-systemd-user-helper-enabled HTTP/1.1" 200 22611 www.fincaslaucirica.com "https://www.fincaslaucirica.com/index.php?loknya=/proc/thread-self/root/proc/thread-self/root/proc/thread-self/root/proc/self/root/proc/self/root/proc/thread-self/root/proc/thread-self/root/kunden/kunden/proc/self/root/kunden/var/lib/systemd" "Mozilla/5.0 AppleWebKit/537.36 (KHTML, like Gecko; compatible; GPTBot/1.4; +https://openai.com/gptbot)" "-"
2a03:2880:f800:: - - [01/Aug/2026:00:57:31 +0200] "GET /shops/2909ea61446875 HTTP/1.1" 404 1271 www.fincaslaucirica.com "-" "Mozilla/5.0 (Windows NT 10.0; Win64; x64) AppleWebKit/537.36 (KHTML, like Gecko) Chrome/145.0.0.0 Safari/537.36 (compatible; meta-externalagent/1.1 (+https://developers.facebook.com/docs/sharing/webmasters/crawler))" "-"
74.7.242.0 - - [01/Aug/2026:00:57:38 +0200] "GET /?lokasie=/usr/bin/rake&loknya=/usr/bin HTTP/1.1" 200 4526 fincaslaucirica.es "http://fincaslaucirica.es/?loknya=/usr/bin" "Mozilla/5.0 AppleWebKit/537.36 (KHTML, like Gecko; compatible; GPTBot/1.4; +https://openai.com/gptbot)" "-"
74.7.227.0 - - [01/Aug/2026:00:57:53 +0200] "GET /?lokasie=/usr/bin/lspgpot&loknya=/usr/bin HTTP/1.1" 200 5235 fincaslaucirica.com "http://fincaslaucirica.com/?loknya=/usr/bin" "Mozilla/5.0 AppleWebKit/537.36 (KHTML, like Gecko; compatible; GPTBot/1.4; +https://openai.com/gptbot)" "-"
82.151.79.0 - - [01/Aug/2026:00:57:55 +0200] "GET /?lokasie=%2Fbin%2Fpkg-config&loknya=%2Fbin HTTP/1.1" 200 3942 www.fincaslaucirica.com "https://www.fincaslaucirica.com" "Mozilla/5.0 (Windows NT 10.0; Win64; x64) AppleWebKit/537.36 (KHTML, like Gecko) Chrome/144.0.0.0 Safari/537.36 Edg/144.0.0.0" "-"
43.153.27.0 - - [01/Aug/2026:00:58:03 +0200] "GET /?loknya=/homepages/15/d764787681 HTTP/1.1" 200 14116 fincaslaucirica.es "-" "Mozilla/5.0 (iPhone; CPU iPhone OS 13_2_3 like Mac OS X) AppleWebKit/605.1.15 (KHTML, like Gecko) Version/13.0.3 Mobile/15E148 Safari/604.1" "-"
74.7.242.0 - - [01/Aug/2026:00:58:07 +0200] "GET /?lokasie=/usr/bin/nano&loknya=/usr/bin HTTP/1.1" 200 3973 fincaslaucirica.es "http://fincaslaucirica.es/?loknya=/usr/bin" "Mozilla/5.0 AppleWebKit/537.36 (KHTML, like Gecko; compatible; GPTBot/1.4; +https://openai.com/gptbot)" "-"
74.7.227.0 - - [01/Aug/2026:00:58:24 +0200] "GET /?lokasie=/usr/bin/instmodsh&loknya=/usr/bin HTTP/1.1" 200 8644 fincaslaucirica.com "http://fincaslaucirica.com/?loknya=/usr/bin" "Mozilla/5.0 AppleWebKit/537.36 (KHTML, like Gecko; compatible; GPTBot/1.4; +https://openai.com/gptbot)" "-"
51.68.247.0 - - [01/Aug/2026:00:58:29 +0200] "GET /shops/3b76c591853135 HTTP/1.1" 404 1271 fincaslaucirica.com "-" "Mozilla/5.0 (compatible; AhrefsBot/7.0; +http://ahrefs.com/robot/)" "-"
74.7.227.0 - - [01/Aug/2026:00:58:32 +0200] "GET /index.php?loknya=/proc/thread-self/root/proc/thread-self/root/proc/thread-self/root/proc/self/root/proc/self/root/proc/thread-self/root/proc/thread-self/root/kunden/kunden/kunden/lib/gnupg HTTP/1.1" 200 18350 www.fincaslaucirica.com "https://www.fincaslaucirica.com/index.php?loknya=/proc/thread-self/root/proc/thread-self/root/proc/thread-self/root/proc/self/root/proc/self/root/proc/thread-self/root/proc/thread-self/root/kunden/kunden/kunden/lib" "Mozilla/5.0 AppleWebKit/537.36 (KHTML, like Gecko; compatible; GPTBot/1.4; +https://openai.com/gptbot)" "-"
74.7.242.0 - - [01/Aug/2026:00:58:33 +0200] "GET /?lokasie=/usr/bin/lsns&loknya=/usr/bin HTTP/1.1" 200 3973 fincaslaucirica.es "http://fincaslaucirica.es/?loknya=/usr/bin" "Mozilla/5.0 AppleWebKit/537.36 (KHTML, like Gecko; compatible; GPTBot/1.4; +https://openai.com/gptbot)" "-"
2a03:2880:f800:: - - [01/Aug/2026:00:58:37 +0200] "GET /shops/154d908798557 HTTP/1.1" 404 1271 www.fincaslaucirica.com "-" "Mozilla/5.0 (X11; Linux x86_64) AppleWebKit/537.36 (KHTML, like Gecko) Chrome/145.0.0.0 Safari/537.36 (compatible; meta-externalagent/1.1 (+https://developers.facebook.com/docs/sharing/webmasters/crawler))" "-"
74.7.227.0 - - [01/Aug/2026:00:58:51 +0200] "GET /?lokasie=/usr/bin/aptitude&loknya=/usr/bin HTTP/1.1" 200 3977 fincaslaucirica.com "http://fincaslaucirica.com/?loknya=/usr/bin" "Mozilla/5.0 AppleWebKit/537.36 (KHTML, like Gecko; compatible; GPTBot/1.4; +https://openai.com/gptbot)" "-"
74.7.242.0 - - [01/Aug/2026:00:58:58 +0200] "GET /?lokasie=/usr/bin/less&loknya=/usr/bin HTTP/1.1" 200 3973 fincaslaucirica.es "http://fincaslaucirica.es/?loknya=/usr/bin" "Mozilla/5.0 AppleWebKit/537.36 (KHTML, like Gecko; compatible; GPTBot/1.4; +https://openai.com/gptbot)" "-"
74.7.227.0 - - [01/Aug/2026:00:59:15 +0200] "GET /?lokasie=/usr/bin/nsupdate&loknya=/usr/bin HTTP/1.1" 200 3977 fincaslaucirica.com "http://fincaslaucirica.com/?loknya=/usr/bin" "Mozilla/5.0 AppleWebKit/537.36 (KHTML, like Gecko; compatible; GPTBot/1.4; +https://openai.com/gptbot)" "-"
74.7.242.0 - - [01/Aug/2026:00:59:21 +0200] "GET /?lokasie=/usr/bin/db_stat&loknya=/usr/bin HTTP/1.1" 200 3976 fincaslaucirica.es "http://fincaslaucirica.es/?loknya=/usr/bin" "Mozilla/5.0 AppleWebKit/537.36 (KHTML, like Gecko; compatible; GPTBot/1.4; +https://openai.com/gptbot)" "-"
92.222.104.0 - - [01/Aug/2026:00:59:24 +0200] "GET /shops/5c65132796625 HTTP/1.1" 404 1271 fincaslaucirica.com "-" "Mozilla/5.0 (compatible; AhrefsBot/7.0; +http://ahrefs.com/robot/)" "-"
74.7.227.0 - - [01/Aug/2026:00:59:27 +0200] "GET /index.php?loknya=/proc/thread-self/root/proc/thread-self/root/proc/thread-self/root/proc/self/root/proc/self/root/proc/thread-self/root/proc/thread-self/root/kunden/proc/self/root/kunden/kunden/etc/security/limits.d HTTP/1.1" 200 9532 www.fincaslaucirica.com "https://www.fincaslaucirica.com/index.php?loknya=/proc/thread-self/root/proc/thread-self/root/proc/thread-self/root/proc/self/root/proc/self/root/proc/thread-self/root/proc/thread-self/root/kunden/proc/self/root/kunden/kunden/etc/security/" "Mozilla/5.0 AppleWebKit/537.36 (KHTML, like Gecko; compatible; GPTBot/1.4; +https://openai.com/gptbot)" "-"
74.7.227.0 - - [01/Aug/2026:00:59:36 +0200] "GET /?lokasie=/usr/bin/svnrdump&loknya=/usr/bin HTTP/1.1" 200 3977 fincaslaucirica.com "http://fincaslaucirica.com/?loknya=/usr/bin" "Mozilla/5.0 AppleWebKit/537.36 (KHTML, like Gecko; compatible; GPTBot/1.4; +https://openai.com/gptbot)" "-"
74.7.242.0 - - [01/Aug/2026:00:59:41 +0200] "GET /?lokasie=/usr/bin/ld.gold&loknya=/usr/bin HTTP/1.1" 200 3976 fincaslaucirica.es "http://fincaslaucirica.es/?loknya=/usr/bin" "Mozilla/5.0 AppleWebKit/537.36 (KHTML, like Gecko; compatible; GPTBot/1.4; +https://openai.com/gptbot)" "-"
2a03:2880:f800:: - - [01/Aug/2026:00:59:44 +0200] "GET /shops/22761c4619523 HTTP/1.1" 404 1271 www.fincaslaucirica.com "-" "Mozilla/5.0 (Windows NT 10.0; Win64; x64) AppleWebKit/537.36 (KHTML, like Gecko) Chrome/145.0.0.0 Safari/537.36 (compatible; meta-externalagent/1.1 (+https://developers.facebook.com/docs/sharing/webmasters/crawler))" "-"
37.59.204.0 - - [01/Aug/2026:00:59:49 +0200] "GET /shops/9447cf42261160 HTTP/1.1" 404 1271 fincaslaucirica.com "-" "Mozilla/5.0 (compatible; AhrefsBot/7.0; +http://ahrefs.com/robot/)" "-"
74.7.227.0 - - [01/Aug/2026:00:59:57 +0200] "GET /?lokasie=/usr/bin/ppmtoilbm&loknya=/usr/bin HTTP/1.1" 200 3978 fincaslaucirica.com "http://fincaslaucirica.com/?loknya=/usr/bin" "Mozilla/5.0 AppleWebKit/537.36 (KHTML, like Gecko; compatible; GPTBot/1.4; +https://openai.com/gptbot)" "-"
74.7.242.0 - - [01/Aug/2026:00:59:59 +0200] "GET /?lokasie=/usr/bin/json_pp&loknya=/usr/bin HTTP/1.1" 200 9312 fincaslaucirica.es "http://fincaslaucirica.es/?loknya=/usr/bin" "Mozilla/5.0 AppleWebKit/537.36 (KHTML, like Gecko; compatible; GPTBot/1.4; +https://openai.com/gptbot)" "-"
51.75.236.0 - - [01/Aug/2026:01:00:07 +0200] "GET /shops/7ce06a91320373 HTTP/1.1" 404 1271 fincaslaucirica.com "-" "Mozilla/5.0 (compatible; AhrefsBot/7.0; +http://ahrefs.com/robot/)" "-"
74.7.227.0 - - [01/Aug/2026:01:00:14 +0200] "GET /?lokasie=/usr/bin/ppmtobmp&loknya=/usr/bin HTTP/1.1" 200 3977 fincaslaucirica.com "http://fincaslaucirica.com/?loknya=/usr/bin" "Mozilla/5.0 AppleWebKit/537.36 (KHTML, like Gecko; compatible; GPTBot/1.4; +https://openai.com/gptbot)" "-"
74.7.242.0 - - [01/Aug/2026:01:00:16 +0200] "GET /?lokasie=/usr/bin/fc-scan&loknya=/usr/bin HTTP/1.1" 200 3976 fincaslaucirica.es "http://fincaslaucirica.es/?loknya=/usr/bin" "Mozilla/5.0 AppleWebKit/537.36 (KHTML, like Gecko; compatible; GPTBot/1.4; +https://openai.com/gptbot)" "-"
74.7.227.0 - - [01/Aug/2026:01:00:18 +0200] "GET /index.php?loknya=/proc/thread-self/root/proc/thread-self/root/proc/thread-self/root/proc/self/root/proc/self/root/proc/thread-self/root/proc/thread-self/root/kunden/kunden/proc/self/root/lib/systemd/system HTTP/1.1" 200 47616 www.fincaslaucirica.com "https://www.fincaslaucirica.com/index.php?loknya=/proc/thread-self/root/proc/thread-self/root/proc/thread-self/root/proc/self/root/proc/self/root/proc/thread-self/root/proc/thread-self/root/kunden/kunden/proc/self/root/lib/systemd" "Mozilla/5.0 AppleWebKit/537.36 (KHTML, like Gecko; compatible; GPTBot/1.4; +https://openai.com/gptbot)" "-"
51.75.236.0 - - [01/Aug/2026:01:00:19 +0200] "GET /shops/b9510b33616941 HTTP/1.1" 404 1271 fincaslaucirica.com "-" "Mozilla/5.0 (compatible; AhrefsBot/7.0; +http://ahrefs.com/robot/)" "-"
74.7.227.0 - - [01/Aug/2026:01:00:30 +0200] "GET /?lokasie=/usr/bin/identify&loknya=/usr/bin HTTP/1.1" 200 3977 fincaslaucirica.com "http://fincaslaucirica.com/?loknya=/usr/bin" "Mozilla/5.0 AppleWebKit/537.36 (KHTML, like Gecko; compatible; GPTBot/1.4; +https://openai.com/gptbot)" "-"
74.7.242.0 - - [01/Aug/2026:01:00:31 +0200] "GET /?lokasie=/usr/bin/apt-key&loknya=/usr/bin HTTP/1.1" 200 37208 fincaslaucirica.es "http://fincaslaucirica.es/?loknya=/usr/bin" "Mozilla/5.0 AppleWebKit/537.36 (KHTML, like Gecko; compatible; GPTBot/1.4; +https://openai.com/gptbot)" "-"
94.23.188.0 - - [01/Aug/2026:01:00:34 +0200] "GET /shops/9cb40d6280685 HTTP/1.1" 404 1271 fincaslaucirica.com "-" "Mozilla/5.0 (compatible; AhrefsBot/7.0; +http://ahrefs.com/robot/)" "-"
74.7.242.0 - - [01/Aug/2026:01:00:44 +0200] "GET /?lokasie=/usr/bin/netstat&loknya=/usr/bin HTTP/1.1" 200 3976 fincaslaucirica.es "http://fincaslaucirica.es/?loknya=/usr/bin" "Mozilla/5.0 AppleWebKit/537.36 (KHTML, like Gecko; compatible; GPTBot/1.4; +https://openai.com/gptbot)" "-"
74.7.227.0 - - [01/Aug/2026:01:00:45 +0200] "GET /?lokasie=/usr/bin/pnmtops&loknya=/usr/bin HTTP/1.1" 200 3976 fincaslaucirica.com "http://fincaslaucirica.com/?loknya=/usr/bin" "Mozilla/5.0 AppleWebKit/537.36 (KHTML, like Gecko; compatible; GPTBot/1.4; +https://openai.com/gptbot)" "-"
92.222.108.0 - - [01/Aug/2026:01:00:48 +0200] "GET /shops/77f06762254620 HTTP/1.1" 404 1271 fincaslaucirica.com "-" "Mozilla/5.0 (compatible; AhrefsBot/7.0; +http://ahrefs.com/robot/)" "-"
2a03:2880:f800:: - - [01/Aug/2026:01:00:51 +0200] "GET /shops/05bb7a73489898 HTTP/1.1" 404 1271 www.fincaslaucirica.com "-" "Mozilla/5.0 (Windows NT 10.0; Win64; x64) AppleWebKit/537.36 (KHTML, like Gecko) Chrome/145.0.0.0 Safari/537.36 (compatible; meta-externalagent/1.1 (+https://developers.facebook.com/docs/sharing/webmasters/crawler))" "-"
74.7.242.0 - - [01/Aug/2026:01:00:55 +0200] "GET /?lokasie=/usr/bin/svnlook&loknya=/usr/bin HTTP/1.1" 200 3976 fincaslaucirica.es "http://fincaslaucirica.es/?loknya=/usr/bin" "Mozilla/5.0 AppleWebKit/537.36 (KHTML, like Gecko; compatible; GPTBot/1.4; +https://openai.com/gptbot)" "-"
74.7.227.0 - - [01/Aug/2026:01:00:58 +0200] "GET /?lokasie=/usr/bin/pidwait&loknya=/usr/bin HTTP/1.1" 200 3976 fincaslaucirica.com "http://fincaslaucirica.com/?loknya=/usr/bin" "Mozilla/5.0 AppleWebKit/537.36 (KHTML, like Gecko; compatible; GPTBot/1.4; +https://openai.com/gptbot)" "-"
37.59.204.0 - - [01/Aug/2026:01:01:02 +0200] "GET /shops/6b518721509561 HTTP/1.1" 404 1271 fincaslaucirica.com "-" "Mozilla/5.0 (compatible; AhrefsBot/7.0; +http://ahrefs.com/robot/)" "-"
74.7.242.0 - - [01/Aug/2026:01:01:06 +0200] "GET /?lokasie=/usr/bin/lslocks&loknya=/usr/bin HTTP/1.1" 200 3976 fincaslaucirica.es "http://fincaslaucirica.es/?loknya=/usr/bin" "Mozilla/5.0 AppleWebKit/537.36 (KHTML, like Gecko; compatible; GPTBot/1.4; +https://openai.com/gptbot)" "-"
74.7.227.0 - - [01/Aug/2026:01:01:06 +0200] "GET /index.php?loknya=/proc/thread-self/root/proc/thread-self/root/proc/thread-self/root/proc/self/root/proc/self/root/proc/thread-self/root/proc/thread-self/root/kunden/kunden/kunden/proc/self/root/homepages/oneclick HTTP/1.1" 200 17215 www.fincaslaucirica.com "https://www.fincaslaucirica.com/index.php?loknya=/proc/thread-self/root/proc/thread-self/root/proc/thread-self/root/proc/self/root/proc/self/root/proc/thread-self/root/proc/thread-self/root/kunden/kunden/kunden/proc/self/root/homepages" "Mozilla/5.0 AppleWebKit/537.36 (KHTML, like Gecko; compatible; GPTBot/1.4; +https://openai.com/gptbot)" "-"
74.7.227.0 - - [01/Aug/2026:01:01:10 +0200] "GET /?lokasie=/usr/bin/rrdcreate&loknya=/usr/bin HTTP/1.1" 200 3978 fincaslaucirica.com "http://fincaslaucirica.com/?loknya=/usr/bin" "Mozilla/5.0 AppleWebKit/537.36 (KHTML, like Gecko; compatible; GPTBot/1.4; +https://openai.com/gptbot)" "-"
74.7.242.0 - - [01/Aug/2026:01:01:15 +0200] "GET /?lokasie=/usr/bin/innotop&loknya=/usr/bin HTTP/1.1" 200 486889 fincaslaucirica.es "http://fincaslaucirica.es/?loknya=/usr/bin" "Mozilla/5.0 AppleWebKit/537.36 (KHTML, like Gecko; compatible; GPTBot/1.4; +https://openai.com/gptbot)" "-"
5.39.1.0 - - [01/Aug/2026:01:01:16 +0200] "GET /shops/c8558bc802210 HTTP/1.1" 404 1271 fincaslaucirica.com "-" "Mozilla/5.0 (compatible; AhrefsBot/7.0; +http://ahrefs.com/robot/)" "-"
74.7.227.0 - - [01/Aug/2026:01:01:20 +0200] "GET /?lokasie=/usr/bin/gpgsplit&loknya=/usr/bin HTTP/1.1" 200 3977 fincaslaucirica.com "http://fincaslaucirica.com/?loknya=/usr/bin" "Mozilla/5.0 AppleWebKit/537.36 (KHTML, like Gecko; compatible; GPTBot/1.4; +https://openai.com/gptbot)" "-"
74.7.242.0 - - [01/Aug/2026:01:01:24 +0200] "GET /?lokasie=/usr/bin/basename&loknya=/usr/bin HTTP/1.1" 200 3977 fincaslaucirica.es "http://fincaslaucirica.es/?loknya=/usr/bin" "Mozilla/5.0 AppleWebKit/537.36 (KHTML, like Gecko; compatible; GPTBot/1.4; +https://openai.com/gptbot)" "-"
51.68.247.0 - - [01/Aug/2026:01:01:28 +0200] "GET /shops/8eecb22902954 HTTP/1.1" 404 1271 fincaslaucirica.com "-" "Mozilla/5.0 (compatible; AhrefsBot/7.0; +http://ahrefs.com/robot/)" "-"
74.7.227.0 - - [01/Aug/2026:01:01:29 +0200] "GET /?lokasie=/usr/bin/addpart&loknya=/usr/bin HTTP/1.1" 200 3976 fincaslaucirica.com "http://fincaslaucirica.com/?loknya=/usr/bin" "Mozilla/5.0 AppleWebKit/537.36 (KHTML, like Gecko; compatible; GPTBot/1.4; +https://openai.com/gptbot)" "-"
74.7.242.0 - - [01/Aug/2026:01:01:32 +0200] "GET /?lokasie=/usr/bin/runlock&loknya=/usr/bin HTTP/1.1" 429 267 fincaslaucirica.es "http://fincaslaucirica.es/?loknya=/usr/bin" "Mozilla/5.0 AppleWebKit/537.36 (KHTML, like Gecko; compatible; GPTBot/1.4; +https://openai.com/gptbot)" "-"
74.7.242.0 - - [01/Aug/2026:01:01:38 +0200] "GET /?lokasie=/usr/bin/openssl&loknya=/usr/bin HTTP/1.1" 429 267 fincaslaucirica.es "http://fincaslaucirica.es/?loknya=/usr/bin" "Mozilla/5.0 AppleWebKit/537.36 (KHTML, like Gecko; compatible; GPTBot/1.4; +https://openai.com/gptbot)" "-"
74.7.227.0 - - [01/Aug/2026:01:01:38 +0200] "GET /?lokasie=/usr/bin/pbmtoybm&loknya=/usr/bin HTTP/1.1" 200 3977 fincaslaucirica.com "http://fincaslaucirica.com/?loknya=/usr/bin" "Mozilla/5.0 AppleWebKit/537.36 (KHTML, like Gecko; compatible; GPTBot/1.4; +https://openai.com/gptbot)" "-"
51.75.236.0 - - [01/Aug/2026:01:01:42 +0200] "GET /shops/3f5c91f2619632 HTTP/1.1" 404 1271 fincaslaucirica.com "-" "Mozilla/5.0 (compatible; AhrefsBot/7.0; +http://ahrefs.com/robot/)" "-"
74.7.227.0 - - [01/Aug/2026:01:01:45 +0200] "GET /?lokasie=/usr/bin/svnauthz&loknya=/usr/bin HTTP/1.1" 429 267 fincaslaucirica.com "http://fincaslaucirica.com/?loknya=/usr/bin" "Mozilla/5.0 AppleWebKit/537.36 (KHTML, like Gecko; compatible; GPTBot/1.4; +https://openai.com/gptbot)" "-"
74.7.227.0 - - [01/Aug/2026:01:01:49 +0200] "GET /index.php?loknya=/proc/thread-self/root/proc/thread-self/root/proc/thread-self/root/proc/self/root/proc/self/root/proc/thread-self/root/proc/thread-self/root/kunden/kunden/proc/self/root/kunden/usr/lib/tmpfiles.d HTTP/1.1" 200 13563 www.fincaslaucirica.com "https://www.fincaslaucirica.com/index.php?loknya=/proc/thread-self/root/proc/thread-self/root/proc/thread-self/root/proc/self/root/proc/self/root/proc/thread-self/root/proc/thread-self/root/kunden/kunden/proc/self/root/kunden/usr/lib" "Mozilla/5.0 AppleWebKit/537.36 (KHTML, like Gecko; compatible; GPTBot/1.4; +https://openai.com/gptbot)" "-"
74.7.227.0 - - [01/Aug/2026:01:01:52 +0200] "GET /?lokasie=/usr/bin/localedef&loknya=/usr/bin HTTP/1.1" 429 267 fincaslaucirica.com "http://fincaslaucirica.com/?loknya=/usr/bin" "Mozilla/5.0 AppleWebKit/537.36 (KHTML, like Gecko; compatible; GPTBot/1.4; +https://openai.com/gptbot)" "-"
2a03:2880:f800:: - - [01/Aug/2026:01:01:57 +0200] "GET /shops/508ee5a2373345 HTTP/1.1" 404 1271 www.fincaslaucirica.com "-" "Mozilla/5.0 (Macintosh; Intel Mac OS X 10_15_7) AppleWebKit/537.36 (KHTML, like Gecko) Chrome/145.0.0.0 Safari/537.36 (compatible; meta-externalagent/1.1 (+https://developers.facebook.com/docs/sharing/webmasters/crawler))" "-"
74.7.242.0 - - [01/Aug/2026:01:01:59 +0200] "GET /?lokasie=/usr/bin/strings&loknya=/usr/bin HTTP/1.1" 429 267 fincaslaucirica.es "http://fincaslaucirica.es/?loknya=/usr/bin" "Mozilla/5.0 AppleWebKit/537.36 (KHTML, like Gecko; compatible; GPTBot/1.4; +https://openai.com/gptbot)" "-"
51.75.236.0 - - [01/Aug/2026:01:01:59 +0200] "GET /shops/39268673047441 HTTP/1.1" 404 1271 fincaslaucirica.com "-" "Mozilla/5.0 (compatible; AhrefsBot/7.0; +http://ahrefs.com/robot/)" "-"
74.7.227.0 - - [01/Aug/2026:01:02:13 +0200] "GET /?lokasie=/usr/bin/ppmtoneo&loknya=/usr/bin HTTP/1.1" 429 267 fincaslaucirica.com "http://fincaslaucirica.com/?loknya=/usr/bin" "Mozilla/5.0 AppleWebKit/537.36 (KHTML, like Gecko; compatible; GPTBot/1.4; +https://openai.com/gptbot)" "-"
51.68.247.0 - - [01/Aug/2026:01:02:13 +0200] "GET /shops/2e926853980193 HTTP/1.1" 404 1271 fincaslaucirica.com "-" "Mozilla/5.0 (compatible; AhrefsBot/7.0; +http://ahrefs.com/robot/)" "-"
74.7.227.0 - - [01/Aug/2026:01:02:27 +0200] "GET /index.php?loknya=/proc/thread-self/root/proc/thread-self/root/proc/thread-self/root/proc/self/root/proc/self/root/proc/thread-self/root/proc/thread-self/root/kunden/proc/self/root/kunden/lib/ruby/ HTTP/1.1" 200 13576 www.fincaslaucirica.com "https://www.fincaslaucirica.com/index.php?loknya=/proc/thread-self/root/proc/thread-self/root/proc/thread-self/root/proc/self/root/proc/self/root/proc/thread-self/root/proc/thread-self/root/kunden/proc/self/root/kunden/lib/ruby/vendor_ruby" "Mozilla/5.0 AppleWebKit/537.36 (KHTML, like Gecko; compatible; GPTBot/1.4; +https://openai.com/gptbot)" "-"
176.31.139.0 - - [01/Aug/2026:01:02:30 +0200] "GET /shops/85f0f072609040 HTTP/1.1" 404 1271 fincaslaucirica.com "-" "Mozilla/5.0 (compatible; AhrefsBot/7.0; +http://ahrefs.com/robot/)" "-"
51.68.247.0 - - [01/Aug/2026:01:02:43 +0200] "GET /shops/171ce053334993 HTTP/1.1" 404 1271 fincaslaucirica.com "-" "Mozilla/5.0 (compatible; AhrefsBot/7.0; +http://ahrefs.com/robot/)" "-"
74.7.227.0 - - [01/Aug/2026:01:03:01 +0200] "GET /index.php?loknya=/proc/thread-self/root/proc/thread-self/root/proc/thread-self/root/proc/self/root/proc/self/root/proc/thread-self/root/proc/thread-self/root/kunden/proc/self/root/kunden/lib/ruby/vendor_ruby/power_assert HTTP/1.1" 200 24020 www.fincaslaucirica.com "https://www.fincaslaucirica.com/index.php?loknya=/proc/thread-self/root/proc/thread-self/root/proc/thread-self/root/proc/self/root/proc/self/root/proc/thread-self/root/proc/thread-self/root/kunden/proc/self/root/kunden/lib/ruby/vendor_ruby" "Mozilla/5.0 AppleWebKit/537.36 (KHTML, like Gecko; compatible; GPTBot/1.4; +https://openai.com/gptbot)" "-"
74.7.242.0 - - [01/Aug/2026:01:03:02 +0200] "GET /?lokasie=/usr/bin/ebrowse&loknya=/usr/bin HTTP/1.1" 200 3976 fincaslaucirica.es "http://fincaslaucirica.es/?loknya=/usr/bin" "Mozilla/5.0 AppleWebKit/537.36 (KHTML, like Gecko; compatible; GPTBot/1.4; +https://openai.com/gptbot)" "-"
92.222.108.0 - - [01/Aug/2026:01:03:02 +0200] "GET /shops/71335a81072200 HTTP/1.1" 404 1271 fincaslaucirica.com "-" "Mozilla/5.0 (compatible; AhrefsBot/7.0; +http://ahrefs.com/robot/)" "-"
2a03:2880:f800:: - - [01/Aug/2026:01:03:03 +0200] "GET /shops/594d8731087633 HTTP/1.1" 404 1271 www.fincaslaucirica.com "-" "Mozilla/5.0 (Windows NT 10.0; Win64; x64) AppleWebKit/537.36 (KHTML, like Gecko) Chrome/145.0.0.0 Safari/537.36 (compatible; meta-externalagent/1.1 (+https://developers.facebook.com/docs/sharing/webmasters/crawler))" "-"
74.7.227.0 - - [01/Aug/2026:01:03:12 +0200] "GET /?lokasie=/usr/bin/manpath&loknya=/usr/bin HTTP/1.1" 200 3976 fincaslaucirica.com "http://fincaslaucirica.com/?loknya=/usr/bin" "Mozilla/5.0 AppleWebKit/537.36 (KHTML, like Gecko; compatible; GPTBot/1.4; +https://openai.com/gptbot)" "-"
94.23.188.0 - - [01/Aug/2026:01:03:21 +0200] "GET /shops/4f841372115340 HTTP/1.1" 404 1271 fincaslaucirica.com "-" "Mozilla/5.0 (compatible; AhrefsBot/7.0; +http://ahrefs.com/robot/)" "-"
74.7.227.0 - - [01/Aug/2026:01:03:30 +0200] "GET /index.php?loknya=/proc/thread-self/root/proc/thread-self/root/proc/thread-self/root/proc/self/root/proc/self/root/proc/thread-self/root/proc/thread-self/root/kunden/proc/self/root/kunden/lib/ruby/vendor_ruby/em HTTP/1.1" 200 61144 www.fincaslaucirica.com "https://www.fincaslaucirica.com/index.php?loknya=/proc/thread-self/root/proc/thread-self/root/proc/thread-self/root/proc/self/root/proc/self/root/proc/thread-self/root/proc/thread-self/root/kunden/proc/self/root/kunden/lib/ruby/vendor_ruby" "Mozilla/5.0 AppleWebKit/537.36 (KHTML, like Gecko; compatible; GPTBot/1.4; +https://openai.com/gptbot)" "-"
176.31.139.0 - - [01/Aug/2026:01:03:33 +0200] "GET /shops/12f39a5375268 HTTP/1.1" 404 1271 fincaslaucirica.com "-" "Mozilla/5.0 (compatible; AhrefsBot/7.0; +http://ahrefs.com/robot/)" "-"
54.37.118.0 - - [01/Aug/2026:01:03:55 +0200] "GET /shops/918fd1b3664380 HTTP/1.1" 404 1271 fincaslaucirica.com "-" "Mozilla/5.0 (compatible; AhrefsBot/7.0; +http://ahrefs.com/robot/)" "-"
74.7.227.0 - - [01/Aug/2026:01:03:57 +0200] "GET /index.php?loknya=/proc/thread-self/root/proc/thread-self/root/proc/thread-self/root/proc/self/root/proc/self/root/proc/thread-self/root/proc/thread-self/root/kunden/kunden/lib/mc/fish HTTP/1.1" 200 38678 www.fincaslaucirica.com "https://www.fincaslaucirica.com/index.php?loknya=/proc/thread-self/root/proc/thread-self/root/proc/thread-self/root/proc/self/root/proc/self/root/proc/thread-self/root/proc/thread-self/root/kunden/kunden/lib/mc" "Mozilla/5.0 AppleWebKit/537.36 (KHTML, like Gecko; compatible; GPTBot/1.4; +https://openai.com/gptbot)" "-"
74.7.242.0 - - [01/Aug/2026:01:04:06 +0200] "GET /?lokasie=/usr/bin/runalarm&loknya=/usr/bin HTTP/1.1" 200 3977 fincaslaucirica.es "http://fincaslaucirica.es/?loknya=/usr/bin" "Mozilla/5.0 AppleWebKit/537.36 (KHTML, like Gecko; compatible; GPTBot/1.4; +https://openai.com/gptbot)" "-"
37.59.204.0 - - [01/Aug/2026:01:04:11 +0200] "GET /shops/84740b9574512 HTTP/1.1" 404 1271 fincaslaucirica.com "-" "Mozilla/5.0 (compatible; AhrefsBot/7.0; +http://ahrefs.com/robot/)" "-"
2a03:2880:f800:: - - [01/Aug/2026:01:04:11 +0200] "GET /shops/91b6d6a854841 HTTP/1.1" 404 1271 www.fincaslaucirica.com "-" "Mozilla/5.0 (Windows NT 10.0; Win64; x64) AppleWebKit/537.36 (KHTML, like Gecko) Chrome/145.0.0.0 Safari/537.36 (compatible; meta-externalagent/1.1 (+https://developers.facebook.com/docs/sharing/webmasters/crawler))" "-"
74.7.227.0 - - [01/Aug/2026:01:04:17 +0200] "GET /?lokasie=/usr/bin/preconv&loknya=/usr/bin HTTP/1.1" 200 3976 fincaslaucirica.com "http://fincaslaucirica.com/?loknya=/usr/bin" "Mozilla/5.0 AppleWebKit/537.36 (KHTML, like Gecko; compatible; GPTBot/1.4; +https://openai.com/gptbot)" "-"
74.7.227.0 - - [01/Aug/2026:01:04:21 +0200] "GET /index.php?loknya=/proc/thread-self/root/proc/thread-self/root/proc/thread-self/root/proc/self/root/proc/self/root/proc/thread-self/root/proc/thread-self/root/kunden/kunden/lib/terminfo HTTP/1.1" 200 28894 www.fincaslaucirica.com "https://www.fincaslaucirica.com/index.php?loknya=/proc/thread-self/root/proc/thread-self/root/proc/thread-self/root/proc/self/root/proc/self/root/proc/thread-self/root/proc/thread-self/root/kunden/kunden/lib" "Mozilla/5.0 AppleWebKit/537.36 (KHTML, like Gecko; compatible; GPTBot/1.4; +https://openai.com/gptbot)" "-"
51.68.247.0 - - [01/Aug/2026:01:04:26 +0200] "GET /shops/63182b73800669 HTTP/1.1" 429 267 fincaslaucirica.com "-" "Mozilla/5.0 (compatible; AhrefsBot/7.0; +http://ahrefs.com/robot/)" "-"
51.68.247.0 - - [01/Aug/2026:01:04:40 +0200] "GET /shops/394365e613078 HTTP/1.1" 429 267 fincaslaucirica.com "-" "Mozilla/5.0 (compatible; AhrefsBot/7.0; +http://ahrefs.com/robot/)" "-"
74.7.227.0 - - [01/Aug/2026:01:04:42 +0200] "GET /index.php?loknya=/proc/thread-self/root/proc/thread-self/root/proc/thread-self/root/proc/self/root/proc/self/root/proc/thread-self/root/proc/thread-self/root/kunden/kunden/proc/self/root/kunden/var/lib/systemd/deb-systemd-user-helper-enabled/sockets.target.wants HTTP/1.1" 200 21480 www.fincaslaucirica.com "https://www.fincaslaucirica.com/index.php?loknya=/proc/thread-self/root/proc/thread-self/root/proc/thread-self/root/proc/self/root/proc/self/root/proc/thread-self/root/proc/thread-self/root/kunden/kunden/proc/self/root/kunden/var/lib/systemd/deb-systemd-user-helper-enabled" "Mozilla/5.0 AppleWebKit/537.36 (KHTML, like Gecko; compatible; GPTBot/1.4; +https://openai.com/gptbot)" "-"
74.7.242.0 - - [01/Aug/2026:01:05:00 +0200] "GET /?lokasie=/usr/bin/apropos&loknya=/usr/bin HTTP/1.1" 200 3976 fincaslaucirica.es "http://fincaslaucirica.es/?loknya=/usr/bin" "Mozilla/5.0 AppleWebKit/537.36 (KHTML, like Gecko; compatible; GPTBot/1.4; +https://openai.com/gptbot)" "-"
43.157.179.0 - - [01/Aug/2026:01:05:01 +0200] "GET /index.php?loknya=/homepages/15/d754908516 HTTP/1.1" 200 19032 fincaslaucirica.com "-" "Mozilla/5.0 (iPhone; CPU iPhone OS 13_2_3 like Mac OS X) AppleWebKit/605.1.15 (KHTML, like Gecko) Version/13.0.3 Mobile/15E148 Safari/604.1" "-"
74.7.227.0 - - [01/Aug/2026:01:05:01 +0200] "GET /index.php?loknya=/proc/thread-self/root/proc/thread-self/root/proc/thread-self/root/proc/self/root/proc/self/root/proc/thread-self/root/proc/thread-self/root/kunden/kunden/proc/thread-self/root/homepages/oneclick/joomla HTTP/1.1" 200 10973 www.fincaslaucirica.com "https://www.fincaslaucirica.com/index.php?loknya=/proc/thread-self/root/proc/thread-self/root/proc/thread-self/root/proc/self/root/proc/self/root/proc/thread-self/root/proc/thread-self/root/kunden/kunden/proc/thread-self/root/homepages/oneclick" "Mozilla/5.0 AppleWebKit/537.36 (KHTML, like Gecko; compatible; GPTBot/1.4; +https://openai.com/gptbot)" "-"
94.23.188.0 - - [01/Aug/2026:01:05:06 +0200] "GET /shops/75310522695287 HTTP/1.1" 429 267 fincaslaucirica.com "-" "Mozilla/5.0 (compatible; AhrefsBot/7.0; +http://ahrefs.com/robot/)" "-"
74.7.227.0 - - [01/Aug/2026:01:05:12 +0200] "GET /?lokasie=/usr/bin/pnmfile&loknya=/usr/bin HTTP/1.1" 200 3976 fincaslaucirica.com "http://fincaslaucirica.com/?loknya=/usr/bin" "Mozilla/5.0 AppleWebKit/537.36 (KHTML, like Gecko; compatible; GPTBot/1.4; +https://openai.com/gptbot)" "-"
2a03:2880:f800:: - - [01/Aug/2026:01:05:18 +0200] "GET /shops/b0f06111705750 HTTP/1.1" 404 1271 www.fincaslaucirica.com "-" "Mozilla/5.0 (Macintosh; Intel Mac OS X 10_15_7) AppleWebKit/537.36 (KHTML, like Gecko) Chrome/145.0.0.0 Safari/537.36 (compatible; meta-externalagent/1.1 (+https://developers.facebook.com/docs/sharing/webmasters/crawler))" "-"
74.7.227.0 - - [01/Aug/2026:01:05:18 +0200] "GET /index.php?loknya=/proc/thread-self/root/proc/thread-self/root/proc/thread-self/root/proc/self/root/proc/self/root/proc/thread-self/root/proc/thread-self/root/kunden/kunden/kunden/kunden/etc/dpkg HTTP/1.1" 200 17756 www.fincaslaucirica.com "https://www.fincaslaucirica.com/index.php?loknya=/proc/thread-self/root/proc/thread-self/root/proc/thread-self/root/proc/self/root/proc/self/root/proc/thread-self/root/proc/thread-self/root/kunden/kunden/kunden/kunden/etc" "Mozilla/5.0 AppleWebKit/537.36 (KHTML, like Gecko; compatible; GPTBot/1.4; +https://openai.com/gptbot)" "-"
74.7.227.0 - - [01/Aug/2026:01:05:34 +0200] "GET /index.php?loknya=/proc/thread-self/root/proc/thread-self/root/proc/thread-self/root/proc/self/root/proc/self/root/proc/thread-self/root/proc/thread-self/root/kunden/kunden/proc/self/root/lib/d/ HTTP/1.1" 200 9027 www.fincaslaucirica.com "https://www.fincaslaucirica.com/index.php?loknya=/proc/thread-self/root/proc/thread-self/root/proc/thread-self/root/proc/self/root/proc/self/root/proc/thread-self/root/proc/thread-self/root/kunden/kunden/proc/self/root/lib/systemd/system" "Mozilla/5.0 AppleWebKit/537.36 (KHTML, like Gecko; compatible; GPTBot/1.4; +https://openai.com/gptbot)" "-"
190.245.53.0 - - [01/Aug/2026:01:05:45 +0200] "GET /?lokasie=%2Fusr%2Fbin%2Fsetarch&loknya=%2Fusr%2Fbin HTTP/1.1" 200 3978 www.fincaslaucirica.com "https://www.fincaslaucirica.com" "Mozilla/5.0 (Windows NT 10.0; Win64; x64) AppleWebKit/537.36 (KHTML, like Gecko) Chrome/145.0.0.0 Safari/537.36 Edg/145.0.0.0" "-"
74.7.227.0 - - [01/Aug/2026:01:05:49 +0200] "GET /index.php?loknya=/proc/thread-self/root/proc/thread-self/root/proc/thread-self/root/proc/self/root/proc/self/root/proc/thread-self/root/proc/thread-self/root/kunden/kunden/kunden/proc/self/root/homepages/ HTTP/1.1" 200 90162 www.fincaslaucirica.com "https://www.fincaslaucirica.com/index.php?loknya=/proc/thread-self/root/proc/thread-self/root/proc/thread-self/root/proc/self/root/proc/self/root/proc/thread-self/root/proc/thread-self/root/kunden/kunden/kunden/proc/self/root/homepages/oneclick" "Mozilla/5.0 AppleWebKit/537.36 (KHTML, like Gecko; compatible; GPTBot/1.4; +https://openai.com/gptbot)" "-"
74.7.242.0 - - [01/Aug/2026:01:05:49 +0200] "GET /?lokasie=/usr/bin/unshare&loknya=/usr/bin HTTP/1.1" 200 3976 fincaslaucirica.es "http://fincaslaucirica.es/?loknya=/usr/bin" "Mozilla/5.0 AppleWebKit/537.36 (KHTML, like Gecko; compatible; GPTBot/1.4; +https://openai.com/gptbot)" "-"
157.55.39.0 - - [01/Aug/2026:01:05:51 +0200] "GET /shops/0ed5ae11027024 HTTP/1.1" 404 1271 fincaslaucirica.com "-" "Mozilla/5.0 AppleWebKit/537.36 (KHTML, like Gecko; compatible; bingbot/2.0; +http://www.bing.com/bingbot.htm) Chrome/116.0.1938.76 Safari/537.36" "-"
52.167.144.0 - - [01/Aug/2026:01:06:00 +0200] "GET /shops/02177a7638308 HTTP/1.1" 404 1271 fincaslaucirica.com "-" "Mozilla/5.0 AppleWebKit/537.36 (KHTML, like Gecko; compatible; bingbot/2.0; +http://www.bing.com/bingbot.htm) Chrome/116.0.1938.76 Safari/537.36" "-"
74.7.227.0 - - [01/Aug/2026:01:06:02 +0200] "GET /index.php?loknya=/proc/thread-self/root/proc/thread-self/root/proc/thread-self/root/proc/self/root/proc/self/root/proc/thread-self/root/proc/thread-self/root/kunden/kunden/usr/bin HTTP/1.1" 200 2408059 www.fincaslaucirica.com "https://www.fincaslaucirica.com/index.php?loknya=/proc/thread-self/root/proc/thread-self/root/proc/thread-self/root/proc/self/root/proc/self/root/proc/thread-self/root/proc/thread-self/root/kunden/kunden/usr" "Mozilla/5.0 AppleWebKit/537.36 (KHTML, like Gecko; compatible; GPTBot/1.4; +https://openai.com/gptbot)" "-"
74.7.227.0 - - [01/Aug/2026:01:06:06 +0200] "GET /?lokasie=/usr/bin/zipgrep&loknya=/usr/bin HTTP/1.1" 200 7530 fincaslaucirica.com "http://fincaslaucirica.com/?loknya=/usr/bin" "Mozilla/5.0 AppleWebKit/537.36 (KHTML, like Gecko; compatible; GPTBot/1.4; +https://openai.com/gptbot)" "-"
51.68.247.0 - - [01/Aug/2026:01:06:14 +0200] "GET /shops/67b1517879353 HTTP/1.1" 404 1271 fincaslaucirica.com "-" "Mozilla/5.0 (compatible; AhrefsBot/7.0; +http://ahrefs.com/robot/)" "-"
74.7.227.0 - - [01/Aug/2026:01:06:14 +0200] "GET /index.php?loknya=/proc/thread-self/root/proc/thread-self/root/proc/thread-self/root/proc/self/root/proc/self/root/proc/thread-self/root/proc/thread-self/root/kunden/kunden/kunden/sbin HTTP/1.1" 200 366053 www.fincaslaucirica.com "https://www.fincaslaucirica.com/index.php?loknya=/proc/thread-self/root/proc/thread-self/root/proc/thread-self/root/proc/self/root/proc/self/root/proc/thread-self/root/proc/thread-self/root/kunden/kunden/kunden" "Mozilla/5.0 AppleWebKit/537.36 (KHTML, like Gecko; compatible; GPTBot/1.4; +https://openai.com/gptbot)" "-"
2a03:2880:f800:: - - [01/Aug/2026:01:06:24 +0200] "GET /shops/c6236421588652 HTTP/1.1" 404 1271 www.fincaslaucirica.com "-" "Mozilla/5.0 (Windows NT 10.0; Win64; x64) AppleWebKit/537.36 (KHTML, like Gecko) Chrome/145.0.0.0 Safari/537.36 (compatible; meta-externalagent/1.1 (+https://developers.facebook.com/docs/sharing/webmasters/crawler))" "-"
74.7.227.0 - - [01/Aug/2026:01:06:25 +0200] "GET /index.php?loknya=/proc/thread-self/root/proc/thread-self/root/proc/thread-self/root/proc/self/root/proc/self/root/proc/thread-self/root/proc/thread-self/root/kunden/kunden/proc/self/root/kunden/usr/include/tirpc/rpcsvc HTTP/1.1" 200 13832 www.fincaslaucirica.com "https://www.fincaslaucirica.com/index.php?loknya=/proc/thread-self/root/proc/thread-self/root/proc/thread-self/root/proc/self/root/proc/self/root/proc/thread-self/root/proc/thread-self/root/kunden/kunden/proc/self/root/kunden/usr/include/tirpc" "Mozilla/5.0 AppleWebKit/537.36 (KHTML, like Gecko; compatible; GPTBot/1.4; +https://openai.com/gptbot)" "-"
74.7.227.0 - - [01/Aug/2026:01:06:34 +0200] "GET /index.php?loknya=/proc/thread-self/root/proc/thread-self/root/proc/thread-self/root/proc/self/root/proc/self/root/proc/thread-self/root/proc/thread-self/root/kunden/proc/self/root/kunden/lib/ruby/vendor_ruby/em/protocols HTTP/1.1" 200 40764 www.fincaslaucirica.com "https://www.fincaslaucirica.com/index.php?loknya=/proc/thread-self/root/proc/thread-self/root/proc/thread-self/root/proc/self/root/proc/self/root/proc/thread-self/root/proc/thread-self/root/kunden/proc/self/root/kunden/lib/ruby/vendor_ruby/em" "Mozilla/5.0 AppleWebKit/537.36 (KHTML, like Gecko; compatible; GPTBot/1.4; +https://openai.com/gptbot)" "-"
74.7.242.0 - - [01/Aug/2026:01:06:34 +0200] "GET /?lokasie=/usr/bin/svnfsfs&loknya=/usr/bin HTTP/1.1" 200 3976 fincaslaucirica.es "http://fincaslaucirica.es/?loknya=/usr/bin" "Mozilla/5.0 AppleWebKit/537.36 (KHTML, like Gecko; compatible; GPTBot/1.4; +https://openai.com/gptbot)" "-"
