| Server IP : 217.160.0.251 / Your IP : 216.73.217.111 Web Server : Apache System : Linux info 3.0 #1337 SMP Tue Jan 01 00:00:00 CEST 2000 all GNU/Linux User : u94981163 ( 8991765) PHP Version : 7.2.34 Disable Function : NONE MySQL : OFF | cURL : ON | WGET : ON | Perl : ON | Python : OFF | Sudo : OFF | Pkexec : OFF Directory : /homepages/15/d754908516/htdocs/logs/ |
Upload File : |
74.7.227.0 - - [01/Aug/2026:00:00:01 +0200] "GET /index.php?loknya=/lib/php7.2/.channels/.alias HTTP/1.1" 200 9278 fincaslaucirica.com "http://fincaslaucirica.com/index.php?loknya=/lib/php7.2/.channels" "Mozilla/5.0 AppleWebKit/537.36 (KHTML, like Gecko; compatible; GPTBot/1.4; +https://openai.com/gptbot)" "-"
74.7.227.0 - - [01/Aug/2026:00:00:03 +0200] "GET /index.php?loknya=/proc/thread-self/root/proc/thread-self/root/proc/thread-self/root/proc/self/root/proc/self/root/proc/thread-self/root/proc/thread-self/root/kunden/kunden/kunden/etc/cbi/security HTTP/1.1" 200 10370 www.fincaslaucirica.com "https://www.fincaslaucirica.com/index.php?loknya=/proc/thread-self/root/proc/thread-self/root/proc/thread-self/root/proc/self/root/proc/self/root/proc/thread-self/root/proc/thread-self/root/kunden/kunden/kunden/etc/cbi" "Mozilla/5.0 AppleWebKit/537.36 (KHTML, like Gecko; compatible; GPTBot/1.4; +https://openai.com/gptbot)" "-"
157.55.39.0 - - [01/Aug/2026:00:00:14 +0200] "GET /shops/4d323101256076 HTTP/1.1" 404 1271 fincaslaucirica.com "-" "Mozilla/5.0 AppleWebKit/537.36 (KHTML, like Gecko; compatible; bingbot/2.0; +http://www.bing.com/bingbot.htm) Chrome/116.0.1938.76 Safari/537.36" "-"
74.7.227.0 - - [01/Aug/2026:00:00:18 +0200] "GET /index.php?loknya=/proc/thread-self/root/proc/thread-self/root/proc/thread-self/root/proc/self/root/proc/self/root/proc/thread-self/root/proc/thread-self/root/kunden/kunden/kunden/lib/apt HTTP/1.1" 200 16928 www.fincaslaucirica.com "https://www.fincaslaucirica.com/index.php?loknya=/proc/thread-self/root/proc/thread-self/root/proc/thread-self/root/proc/self/root/proc/self/root/proc/thread-self/root/proc/thread-self/root/kunden/kunden/kunden/lib" "Mozilla/5.0 AppleWebKit/537.36 (KHTML, like Gecko; compatible; GPTBot/1.4; +https://openai.com/gptbot)" "-"
74.7.227.0 - - [01/Aug/2026:00:00:32 +0200] "GET /index.php?loknya=/proc/thread-self/root/proc/thread-self/root/proc/thread-self/root/proc/self/root/proc/self/root/proc/thread-self/root/proc/thread-self/root/kunden/proc/self/root/kunden/etc/mercurial/hgrc.d HTTP/1.1" 200 15294 www.fincaslaucirica.com "https://www.fincaslaucirica.com/index.php?loknya=/proc/thread-self/root/proc/thread-self/root/proc/thread-self/root/proc/self/root/proc/self/root/proc/thread-self/root/proc/thread-self/root/kunden/proc/self/root/kunden/etc/mercurial" "Mozilla/5.0 AppleWebKit/537.36 (KHTML, like Gecko; compatible; GPTBot/1.4; +https://openai.com/gptbot)" "-"
74.7.227.0 - - [01/Aug/2026:00:00:43 +0200] "GET /index.php?loknya=/proc/thread-self/root/proc/thread-self/root/proc/thread-self/root/proc/self/root/proc/self/root/proc/thread-self/root/proc/thread-self/root/kunden/kunden/proc/thread-self/root/lib/dpkg HTTP/1.1" 200 10615 www.fincaslaucirica.com "https://www.fincaslaucirica.com/index.php?loknya=/proc/thread-self/root/proc/thread-self/root/proc/thread-self/root/proc/self/root/proc/self/root/proc/thread-self/root/proc/thread-self/root/kunden/kunden/proc/thread-self/root/lib" "Mozilla/5.0 AppleWebKit/537.36 (KHTML, like Gecko; compatible; GPTBot/1.4; +https://openai.com/gptbot)" "-"
74.7.242.0 - - [01/Aug/2026:00:00:50 +0200] "GET /?loknya=/kunden/kunden/homepages/14/d762608666/.config HTTP/1.1" 200 5434 fincaslaucirica.es "http://fincaslaucirica.es/?loknya=/kunden/kunden/homepages/14/d762608666" "Mozilla/5.0 AppleWebKit/537.36 (KHTML, like Gecko; compatible; GPTBot/1.4; +https://openai.com/gptbot)" "-"
2a03:2880:f800:: - - [01/Aug/2026:00:00:51 +0200] "GET /shops/49eb89f479621 HTTP/1.1" 404 1271 www.fincaslaucirica.com "-" "Mozilla/5.0 (Windows NT 10.0; Win64; x64) AppleWebKit/537.36 (KHTML, like Gecko) Chrome/145.0.0.0 Safari/537.36 (compatible; meta-externalagent/1.1 (+https://developers.facebook.com/docs/sharing/webmasters/crawler))" "-"
74.7.227.0 - - [01/Aug/2026:00:00:52 +0200] "GET /?lokasie=/bin/ln&loknya=/bin HTTP/1.1" 200 3932 fincaslaucirica.com "http://fincaslaucirica.com/?loknya=/bin" "Mozilla/5.0 AppleWebKit/537.36 (KHTML, like Gecko; compatible; GPTBot/1.4; +https://openai.com/gptbot)" "-"
74.7.227.0 - - [01/Aug/2026:00:00:54 +0200] "GET /index.php?loknya=/proc/thread-self/root/proc/thread-self/root/proc/thread-self/root/proc/self/root/proc/self/root/proc/thread-self/root/proc/thread-self/root/kunden/kunden/proc/self/cwd/.tmb HTTP/1.1" 200 10915 www.fincaslaucirica.com "https://www.fincaslaucirica.com/index.php?loknya=/proc/thread-self/root/proc/thread-self/root/proc/thread-self/root/proc/self/root/proc/self/root/proc/thread-self/root/proc/thread-self/root/kunden/kunden/proc/self/cwd" "Mozilla/5.0 AppleWebKit/537.36 (KHTML, like Gecko; compatible; GPTBot/1.4; +https://openai.com/gptbot)" "-"
74.7.227.0 - - [01/Aug/2026:00:01:04 +0200] "GET /index.php?loknya=/proc/thread-self/root/proc/thread-self/root/proc/thread-self/root/proc/self/root/proc/self/root/proc/thread-self/root/proc/thread-self/root/kunden/kunden/kunden/lib/mc/ HTTP/1.1" 200 22614 www.fincaslaucirica.com "https://www.fincaslaucirica.com/index.php?loknya=/proc/thread-self/root/proc/thread-self/root/proc/thread-self/root/proc/self/root/proc/self/root/proc/thread-self/root/proc/thread-self/root/kunden/kunden/kunden/lib/mc/extfs.d" "Mozilla/5.0 AppleWebKit/537.36 (KHTML, like Gecko; compatible; GPTBot/1.4; +https://openai.com/gptbot)" "-"
74.7.227.0 - - [01/Aug/2026:00:01:12 +0200] "GET /index.php?lokasie=/proc/thread-self/root/proc/thread-self/root/proc/thread-self/root/proc/self/root/proc/self/root/proc/thread-self/root/proc/thread-self/root/kunden/kunden/proc/self/root/kunden/usr/include/linux/genetlink.h&loknya=/proc/thread-self/root/proc/thread-self/root/proc/thread-self/root/proc/self/root/proc/self/root/proc/thread-self/root/proc/thread-self/root/kunden/kunden/proc/self/root/kunden/usr/include/linux HTTP/1.1" 200 10262 www.fincaslaucirica.com "https://www.fincaslaucirica.com/index.php?loknya=/proc/thread-self/root/proc/thread-self/root/proc/thread-self/root/proc/self/root/proc/self/root/proc/thread-self/root/proc/thread-self/root/kunden/kunden/proc/self/root/kunden/usr/include/linux" "Mozilla/5.0 AppleWebKit/537.36 (KHTML, like Gecko; compatible; GPTBot/1.4; +https://openai.com/gptbot)" "-"
74.7.227.0 - - [01/Aug/2026:00:01:20 +0200] "GET /index.php?lokasie=/proc/thread-self/root/proc/thread-self/root/proc/thread-self/root/proc/self/root/proc/self/root/proc/thread-self/root/proc/thread-self/root/kunden/kunden/proc/self/root/kunden/usr/include/linux/personality.h&loknya=/proc/thread-self/root/proc/thread-self/root/proc/thread-self/root/proc/self/root/proc/self/root/proc/thread-self/root/proc/thread-self/root/kunden/kunden/proc/self/root/kunden/usr/include/linux HTTP/1.1" 429 267 www.fincaslaucirica.com "https://www.fincaslaucirica.com/index.php?loknya=/proc/thread-self/root/proc/thread-self/root/proc/thread-self/root/proc/self/root/proc/self/root/proc/thread-self/root/proc/thread-self/root/kunden/kunden/proc/self/root/kunden/usr/include/linux" "Mozilla/5.0 AppleWebKit/537.36 (KHTML, like Gecko; compatible; GPTBot/1.4; +https://openai.com/gptbot)" "-"
74.7.227.0 - - [01/Aug/2026:00:01:27 +0200] "GET /index.php?lokasie=/proc/thread-self/root/proc/thread-self/root/proc/thread-self/root/proc/self/root/proc/self/root/proc/thread-self/root/proc/thread-self/root/kunden/kunden/proc/self/root/kunden/usr/include/linux/vsockmon.h&loknya=/proc/thread-self/root/proc/thread-self/root/proc/thread-self/root/proc/self/root/proc/self/root/proc/thread-self/root/proc/thread-self/root/kunden/kunden/proc/self/root/kunden/usr/include/linux HTTP/1.1" 429 267 www.fincaslaucirica.com "https://www.fincaslaucirica.com/index.php?loknya=/proc/thread-self/root/proc/thread-self/root/proc/thread-self/root/proc/self/root/proc/self/root/proc/thread-self/root/proc/thread-self/root/kunden/kunden/proc/self/root/kunden/usr/include/linux" "Mozilla/5.0 AppleWebKit/537.36 (KHTML, like Gecko; compatible; GPTBot/1.4; +https://openai.com/gptbot)" "-"
74.7.242.0 - - [01/Aug/2026:00:01:35 +0200] "GET /?lokasie=//bin/dul-receive-pack&loknya=//bin HTTP/1.1" 200 5197 fincaslaucirica.es "http://fincaslaucirica.es/?loknya=//bin" "Mozilla/5.0 AppleWebKit/537.36 (KHTML, like Gecko; compatible; GPTBot/1.4; +https://openai.com/gptbot)" "-"
74.7.227.0 - - [01/Aug/2026:00:01:37 +0200] "GET /?lokasie=/bin/as&loknya=/bin HTTP/1.1" 200 3932 fincaslaucirica.com "http://fincaslaucirica.com/?loknya=/bin" "Mozilla/5.0 AppleWebKit/537.36 (KHTML, like Gecko; compatible; GPTBot/1.4; +https://openai.com/gptbot)" "-"
197.200.9.0 - - [01/Aug/2026:00:01:42 +0200] "GET /?loknya=%2Fhomepages%2F43%2Fd761750992%2Fmanaged HTTP/1.1" 200 5257 www.fincaslaucirica.com "https://www.fincaslaucirica.com" "Mozilla/5.0 (Windows NT 10.0; Win64; x64) AppleWebKit/537.36 (KHTML, like Gecko) Chrome/144.0.0.0 Safari/537.36" "-"
74.7.227.0 - - [01/Aug/2026:00:01:47 +0200] "GET /index.php?lokasie=/proc/thread-self/root/proc/thread-self/root/proc/thread-self/root/proc/self/root/proc/self/root/proc/thread-self/root/proc/thread-self/root/kunden/kunden/proc/self/root/kunden/usr/include/linux/if_slip.h&loknya=/proc/thread-self/root/proc/thread-self/root/proc/thread-self/root/proc/self/root/proc/self/root/proc/thread-self/root/proc/thread-self/root/kunden/kunden/proc/self/root/kunden/usr/include/linux HTTP/1.1" 429 267 www.fincaslaucirica.com "https://www.fincaslaucirica.com/index.php?loknya=/proc/thread-self/root/proc/thread-self/root/proc/thread-self/root/proc/self/root/proc/self/root/proc/thread-self/root/proc/thread-self/root/kunden/kunden/proc/self/root/kunden/usr/include/linux" "Mozilla/5.0 AppleWebKit/537.36 (KHTML, like Gecko; compatible; GPTBot/1.4; +https://openai.com/gptbot)" "-"
198.244.242.0 - - [01/Aug/2026:00:01:55 +0200] "GET /shops/a17a9ed289985 HTTP/1.1" 404 1271 fincaslaucirica.com "-" "Mozilla/5.0 (compatible; AhrefsBot/7.0; +http://ahrefs.com/robot/)" "-"
2a03:2880:f800:: - - [01/Aug/2026:00:01:57 +0200] "GET /shops/89135353907016 HTTP/1.1" 404 1271 www.fincaslaucirica.com "-" "Mozilla/5.0 (Macintosh; Intel Mac OS X 10_15_7) AppleWebKit/537.36 (KHTML, like Gecko) Chrome/145.0.0.0 Safari/537.36 (compatible; meta-externalagent/1.1 (+https://developers.facebook.com/docs/sharing/webmasters/crawler))" "-"
74.7.242.0 - - [01/Aug/2026:00:02:16 +0200] "GET /?lokasie=//bin/deb-systemd-helper&loknya=//bin HTTP/1.1" 200 26328 fincaslaucirica.es "http://fincaslaucirica.es/?loknya=//bin" "Mozilla/5.0 AppleWebKit/537.36 (KHTML, like Gecko; compatible; GPTBot/1.4; +https://openai.com/gptbot)" "-"
74.7.227.0 - - [01/Aug/2026:00:02:20 +0200] "GET /?lokasie=/bin/ls&loknya=/bin HTTP/1.1" 200 3932 fincaslaucirica.com "http://fincaslaucirica.com/?loknya=/bin" "Mozilla/5.0 AppleWebKit/537.36 (KHTML, like Gecko; compatible; GPTBot/1.4; +https://openai.com/gptbot)" "-"
74.7.227.0 - - [01/Aug/2026:00:02:49 +0200] "GET /index.php?lokasie=/proc/thread-self/root/proc/thread-self/root/proc/thread-self/root/proc/self/root/proc/self/root/proc/thread-self/root/proc/thread-self/root/kunden/kunden/proc/self/root/kunden/usr/include/linux/selinux_netlink.h&loknya=/proc/thread-self/root/proc/thread-self/root/proc/thread-self/root/proc/self/root/proc/self/root/proc/thread-self/root/proc/thread-self/root/kunden/kunden/proc/self/root/kunden/usr/include/linux HTTP/1.1" 200 9294 www.fincaslaucirica.com "https://www.fincaslaucirica.com/index.php?loknya=/proc/thread-self/root/proc/thread-self/root/proc/thread-self/root/proc/self/root/proc/self/root/proc/thread-self/root/proc/thread-self/root/kunden/kunden/proc/self/root/kunden/usr/include/linux" "Mozilla/5.0 AppleWebKit/537.36 (KHTML, like Gecko; compatible; GPTBot/1.4; +https://openai.com/gptbot)" "-"
74.7.242.0 - - [01/Aug/2026:00:02:54 +0200] "GET /?lokasie=//bin/strace-log-merge&loknya=//bin HTTP/1.1" 200 5970 fincaslaucirica.es "http://fincaslaucirica.es/?loknya=//bin" "Mozilla/5.0 AppleWebKit/537.36 (KHTML, like Gecko; compatible; GPTBot/1.4; +https://openai.com/gptbot)" "-"
74.7.227.0 - - [01/Aug/2026:00:02:57 +0200] "GET /index.php?lokasie=/lib/python3/dist-packages/mercurial/templates/raw/manifest.tmpl&loknya=/lib/python3/dist-packages/mercurial/templates/raw HTTP/1.1" 200 4378 fincaslaucirica.com "http://fincaslaucirica.com/index.php?loknya=/lib/python3/dist-packages/mercurial/templates/raw" "Mozilla/5.0 AppleWebKit/537.36 (KHTML, like Gecko; compatible; GPTBot/1.4; +https://openai.com/gptbot)" "-"
2a03:2880:f800:: - - [01/Aug/2026:00:03:05 +0200] "GET /shops/02694253615774 HTTP/1.1" 404 1271 www.fincaslaucirica.com "-" "Mozilla/5.0 (Windows NT 10.0; Win64; x64) AppleWebKit/537.36 (KHTML, like Gecko) Chrome/145.0.0.0 Safari/537.36 (compatible; meta-externalagent/1.1 (+https://developers.facebook.com/docs/sharing/webmasters/crawler))" "-"
74.7.242.0 - - [01/Aug/2026:00:03:27 +0200] "GET /?loknya=/lib/python3.9/lib2to3/pgen2 HTTP/1.1" 200 18474 fincaslaucirica.es "http://fincaslaucirica.es/?loknya=/lib/python3.9/lib2to3/" "Mozilla/5.0 AppleWebKit/537.36 (KHTML, like Gecko; compatible; GPTBot/1.4; +https://openai.com/gptbot)" "-"
74.7.227.0 - - [01/Aug/2026:00:03:29 +0200] "GET /index.php?lokasie=/lib/python3/dist-packages/mercurial/templates/raw/logentry.tmpl&loknya=/lib/python3/dist-packages/mercurial/templates/raw HTTP/1.1" 200 4492 fincaslaucirica.com "http://fincaslaucirica.com/index.php?loknya=/lib/python3/dist-packages/mercurial/templates/raw" "Mozilla/5.0 AppleWebKit/537.36 (KHTML, like Gecko; compatible; GPTBot/1.4; +https://openai.com/gptbot)" "-"
74.7.227.0 - - [01/Aug/2026:00:03:55 +0200] "GET /index.php?lokasie=/proc/thread-self/root/proc/thread-self/root/proc/thread-self/root/proc/self/root/proc/self/root/proc/thread-self/root/proc/thread-self/root/kunden/kunden/proc/self/root/kunden/usr/include/linux/vhost_types.h&loknya=/proc/thread-self/root/proc/thread-self/root/proc/thread-self/root/proc/self/root/proc/self/root/proc/thread-self/root/proc/thread-self/root/kunden/kunden/proc/self/root/kunden/usr/include/linux HTTP/1.1" 200 12092 www.fincaslaucirica.com "https://www.fincaslaucirica.com/index.php?loknya=/proc/thread-self/root/proc/thread-self/root/proc/thread-self/root/proc/self/root/proc/self/root/proc/thread-self/root/proc/thread-self/root/kunden/kunden/proc/self/root/kunden/usr/include/linux" "Mozilla/5.0 AppleWebKit/537.36 (KHTML, like Gecko; compatible; GPTBot/1.4; +https://openai.com/gptbot)" "-"
74.7.242.0 - - [01/Aug/2026:00:03:58 +0200] "GET /?lokasie=//bin/git-receive-pack&loknya=//bin HTTP/1.1" 200 3948 fincaslaucirica.es "http://fincaslaucirica.es/?loknya=//bin" "Mozilla/5.0 AppleWebKit/537.36 (KHTML, like Gecko; compatible; GPTBot/1.4; +https://openai.com/gptbot)" "-"
74.7.227.0 - - [01/Aug/2026:00:03:59 +0200] "GET /?loknya=/homepages/15/d754908516/htdocs/wp-includes/js/dist/script-modules/block-library HTTP/1.1" 200 14711 fincaslaucirica.com "https://fincaslaucirica.com/?loknya=/homepages/15/d754908516/htdocs/wp-includes/js/dist/script-modules" "Mozilla/5.0 AppleWebKit/537.36 (KHTML, like Gecko; compatible; GPTBot/1.4; +https://openai.com/gptbot)" "-"
2a03:2880:f800:: - - [01/Aug/2026:00:04:11 +0200] "GET /shops/6870e74930699 HTTP/1.1" 404 1271 www.fincaslaucirica.com "-" "Mozilla/5.0 (Windows NT 10.0; Win64; x64) AppleWebKit/537.36 (KHTML, like Gecko) Chrome/145.0.0.0 Safari/537.36 (compatible; meta-externalagent/1.1 (+https://developers.facebook.com/docs/sharing/webmasters/crawler))" "-"
51.195.215.0 - - [01/Aug/2026:00:04:12 +0200] "GET /shops/2ef4c062743899 HTTP/1.1" 404 1271 fincaslaucirica.com "-" "Mozilla/5.0 (compatible; AhrefsBot/7.0; +http://ahrefs.com/robot/)" "-"
49.235.136.0 - - [01/Aug/2026:00:04:17 +0200] "GET / HTTP/1.1" 200 57757 fincaslaucirica.com "-" "Mozilla/5.0 (iPhone; CPU iPhone OS 13_2_3 like Mac OS X) AppleWebKit/605.1.15 (KHTML, like Gecko) Version/13.0.3 Mobile/15E148 Safari/604.1" "-"
74.7.242.0 - - [01/Aug/2026:00:04:25 +0200] "GET /?loknya=/kunden/kunden/kunden/run/ HTTP/1.1" 200 11375 fincaslaucirica.es "http://fincaslaucirica.es/?loknya=/kunden/kunden/kunden/run/sshd" "Mozilla/5.0 AppleWebKit/537.36 (KHTML, like Gecko; compatible; GPTBot/1.4; +https://openai.com/gptbot)" "-"
74.7.227.0 - - [01/Aug/2026:00:04:26 +0200] "GET /?loknya=/homepages/15/d754908516/htdocs/wp-includes/js/dist/script-modules/block-editor HTTP/1.1" 200 7133 fincaslaucirica.com "https://fincaslaucirica.com/?loknya=/homepages/15/d754908516/htdocs/wp-includes/js/dist/script-modules" "Mozilla/5.0 AppleWebKit/537.36 (KHTML, like Gecko; compatible; GPTBot/1.4; +https://openai.com/gptbot)" "-"
74.7.242.0 - - [01/Aug/2026:00:04:49 +0200] "GET /?loknya=/kunden/kunden/kunden/proc/sys/net/netfilter/nf_log HTTP/1.1" 200 23810 fincaslaucirica.es "http://fincaslaucirica.es/?loknya=/kunden/kunden/kunden/proc/sys/net/netfilter" "Mozilla/5.0 AppleWebKit/537.36 (KHTML, like Gecko; compatible; GPTBot/1.4; +https://openai.com/gptbot)" "-"
74.7.227.0 - - [01/Aug/2026:00:04:49 +0200] "GET /index.php?lokasie=/proc/thread-self/root/proc/thread-self/root/proc/thread-self/root/proc/self/root/proc/self/root/proc/thread-self/root/proc/thread-self/root/kunden/kunden/proc/self/root/kunden/usr/include/linux/atmarp.h&loknya=/proc/thread-self/root/proc/thread-self/root/proc/thread-self/root/proc/self/root/proc/self/root/proc/thread-self/root/proc/thread-self/root/kunden/kunden/proc/self/root/kunden/usr/include/linux HTTP/1.1" 200 9386 www.fincaslaucirica.com "https://www.fincaslaucirica.com/index.php?loknya=/proc/thread-self/root/proc/thread-self/root/proc/thread-self/root/proc/self/root/proc/self/root/proc/thread-self/root/proc/thread-self/root/kunden/kunden/proc/self/root/kunden/usr/include/linux" "Mozilla/5.0 AppleWebKit/537.36 (KHTML, like Gecko; compatible; GPTBot/1.4; +https://openai.com/gptbot)" "-"
74.7.227.0 - - [01/Aug/2026:00:04:51 +0200] "GET /index.php?lokasie=/homepages/15/d754908516/htdocs/wp-admin/js//editor.js&loknya=/homepages/15/d754908516/htdocs/wp-admin/js/ HTTP/1.1" 200 50902 fincaslaucirica.com "http://fincaslaucirica.com/index.php?loknya=/homepages/15/d754908516/htdocs/wp-admin/js/" "Mozilla/5.0 AppleWebKit/537.36 (KHTML, like Gecko; compatible; GPTBot/1.4; +https://openai.com/gptbot)" "-"
74.7.242.0 - - [01/Aug/2026:00:05:12 +0200] "GET /?loknya=/usr/lib/x86_64-linux-gnu/perl/5.32/asm-generic HTTP/1.1" 200 16864 fincaslaucirica.es "http://fincaslaucirica.es/?loknya=/usr/lib/x86_64-linux-gnu/perl/5.32" "Mozilla/5.0 AppleWebKit/537.36 (KHTML, like Gecko; compatible; GPTBot/1.4; +https://openai.com/gptbot)" "-"
74.7.227.0 - - [01/Aug/2026:00:05:14 +0200] "GET /index.php?lokasie=/homepages/15/d754908516/htdocs/wp-admin/js/xfn.min.js&loknya=/homepages/15/d754908516/htdocs/wp-admin/js HTTP/1.1" 200 4936 fincaslaucirica.com "http://fincaslaucirica.com/index.php?loknya=/homepages/15/d754908516/htdocs/wp-admin/js" "Mozilla/5.0 AppleWebKit/537.36 (KHTML, like Gecko; compatible; GPTBot/1.4; +https://openai.com/gptbot)" "-"
2a03:2880:f800:: - - [01/Aug/2026:00:05:18 +0200] "GET /shops/99a7b162403818 HTTP/1.1" 404 1271 www.fincaslaucirica.com "-" "Mozilla/5.0 (Windows NT 10.0; Win64; x64) AppleWebKit/537.36 (KHTML, like Gecko) Chrome/145.0.0.0 Safari/537.36 Edg/145.0.0.0 (compatible; meta-externalagent/1.1 (+https://developers.facebook.com/docs/sharing/webmasters/crawler))" "-"
74.7.242.0 - - [01/Aug/2026:00:05:32 +0200] "GET /?lokasie=/kunden/kunden/kunden/proc/sysvipc/msg&loknya=/kunden/kunden/kunden/proc/sysvipc HTTP/1.1" 200 4303 fincaslaucirica.es "http://fincaslaucirica.es/?loknya=/kunden/kunden/kunden/proc/sysvipc" "Mozilla/5.0 AppleWebKit/537.36 (KHTML, like Gecko; compatible; GPTBot/1.4; +https://openai.com/gptbot)" "-"
74.7.227.0 - - [01/Aug/2026:00:05:33 +0200] "GET /index.php?lokasie=/sbin/remove-default-ispell&loknya=/sbin HTTP/1.1" 200 7083 fincaslaucirica.com "http://fincaslaucirica.com/index.php?loknya=/sbin" "Mozilla/5.0 AppleWebKit/537.36 (KHTML, like Gecko; compatible; GPTBot/1.4; +https://openai.com/gptbot)" "-"
207.46.13.0 - - [01/Aug/2026:00:05:35 +0200] "GET /shops/2b14d062050883 HTTP/1.1" 404 1271 fincaslaucirica.com "-" "Mozilla/5.0 AppleWebKit/537.36 (KHTML, like Gecko; compatible; bingbot/2.0; +http://www.bing.com/bingbot.htm) Chrome/116.0.1938.76 Safari/537.36" "-"
207.46.13.0 - - [01/Aug/2026:00:05:35 +0200] "GET /shops/9d040731980296 HTTP/1.1" 404 1271 fincaslaucirica.com "-" "Mozilla/5.0 AppleWebKit/537.36 (KHTML, like Gecko; compatible; bingbot/2.0; +http://www.bing.com/bingbot.htm) Chrome/116.0.1938.76 Safari/537.36" "-"
74.7.227.0 - - [01/Aug/2026:00:05:38 +0200] "GET /index.php?lokasie=/proc/thread-self/root/proc/thread-self/root/proc/thread-self/root/proc/self/root/proc/self/root/proc/thread-self/root/proc/thread-self/root/kunden/kunden/proc/self/root/kunden/usr/include/linux/qnxtypes.h&loknya=/proc/thread-self/root/proc/thread-self/root/proc/thread-self/root/proc/self/root/proc/self/root/proc/thread-self/root/proc/thread-self/root/kunden/kunden/proc/self/root/kunden/usr/include/linux HTTP/1.1" 200 8704 www.fincaslaucirica.com "https://www.fincaslaucirica.com/index.php?loknya=/proc/thread-self/root/proc/thread-self/root/proc/thread-self/root/proc/self/root/proc/self/root/proc/thread-self/root/proc/thread-self/root/kunden/kunden/proc/self/root/kunden/usr/include/linux" "Mozilla/5.0 AppleWebKit/537.36 (KHTML, like Gecko; compatible; GPTBot/1.4; +https://openai.com/gptbot)" "-"
157.55.39.0 - - [01/Aug/2026:00:05:39 +0200] "GET /shops/74065174141639 HTTP/1.1" 404 1271 fincaslaucirica.com "-" "Mozilla/5.0 AppleWebKit/537.36 (KHTML, like Gecko; compatible; bingbot/2.0; +http://www.bing.com/bingbot.htm) Chrome/116.0.1938.76 Safari/537.36" "-"
157.55.39.0 - - [01/Aug/2026:00:05:40 +0200] "GET /shops/55be8153185863 HTTP/1.1" 404 1271 fincaslaucirica.com "-" "Mozilla/5.0 AppleWebKit/537.36 (KHTML, like Gecko; compatible; bingbot/2.0; +http://www.bing.com/bingbot.htm) Chrome/116.0.1938.76 Safari/537.36" "-"
74.7.242.0 - - [01/Aug/2026:00:05:49 +0200] "GET /?lokasie=/kunden/kunden/kunden/proc/sysvipc/shm&loknya=/kunden/kunden/kunden/proc/sysvipc HTTP/1.1" 200 4527 fincaslaucirica.es "http://fincaslaucirica.es/?loknya=/kunden/kunden/kunden/proc/sysvipc" "Mozilla/5.0 AppleWebKit/537.36 (KHTML, like Gecko; compatible; GPTBot/1.4; +https://openai.com/gptbot)" "-"
74.7.227.0 - - [01/Aug/2026:00:05:51 +0200] "GET /index.php?loknya=/lib/php7.2/.channels/ HTTP/1.1" 200 11559 fincaslaucirica.com "http://fincaslaucirica.com/index.php?loknya=/lib/php7.2/.channels/.alias" "Mozilla/5.0 AppleWebKit/537.36 (KHTML, like Gecko; compatible; GPTBot/1.4; +https://openai.com/gptbot)" "-"
74.7.242.0 - - [01/Aug/2026:00:06:06 +0200] "GET /?loknya=/kunden/kunden/homepages/14/d762608666 HTTP/1.1" 200 16051 fincaslaucirica.es "http://fincaslaucirica.es/?loknya=/kunden/kunden/homepages/14/d762608666/.config" "Mozilla/5.0 AppleWebKit/537.36 (KHTML, like Gecko; compatible; GPTBot/1.4; +https://openai.com/gptbot)" "-"
74.7.227.0 - - [01/Aug/2026:00:06:08 +0200] "GET /?lokasie=/sbin/badblocks&loknya=/sbin HTTP/1.1" 200 3942 fincaslaucirica.com "https://fincaslaucirica.com/?loknya=/sbin" "Mozilla/5.0 AppleWebKit/537.36 (KHTML, like Gecko; compatible; GPTBot/1.4; +https://openai.com/gptbot)" "-"
196.115.190.0 - - [01/Aug/2026:00:06:16 +0200] "GET /?lokasie=%2Fusr%2Fsbin%2Fifup&loknya=%2Fusr%2Fsbin HTTP/1.1" 200 3980 www.fincaslaucirica.com "https://www.fincaslaucirica.com" "Mozilla/5.0 (Macintosh; Intel Mac OS X 10_15_7) AppleWebKit/537.36 (KHTML, like Gecko) Chrome/145.0.0.0 Safari/537.36" "-"
74.7.242.0 - - [01/Aug/2026:00:06:20 +0200] "GET /?lokasie=/kunden/kunden/kunden/proc/sysvipc/sem&loknya=/kunden/kunden/kunden/proc/sysvipc HTTP/1.1" 200 4268 fincaslaucirica.es "http://fincaslaucirica.es/?loknya=/kunden/kunden/kunden/proc/sysvipc" "Mozilla/5.0 AppleWebKit/537.36 (KHTML, like Gecko; compatible; GPTBot/1.4; +https://openai.com/gptbot)" "-"
198.244.240.0 - - [01/Aug/2026:00:06:22 +0200] "GET /shops/5a9471f3831138 HTTP/1.1" 404 1271 fincaslaucirica.com "-" "Mozilla/5.0 (compatible; AhrefsBot/7.0; +http://ahrefs.com/robot/)" "-"
74.7.227.0 - - [01/Aug/2026:00:06:23 +0200] "GET /?lokasie=/sbin/swaplabel&loknya=/sbin HTTP/1.1" 200 3942 fincaslaucirica.com "https://fincaslaucirica.com/?loknya=/sbin" "Mozilla/5.0 AppleWebKit/537.36 (KHTML, like Gecko; compatible; GPTBot/1.4; +https://openai.com/gptbot)" "-"
2a03:2880:f800:: - - [01/Aug/2026:00:06:24 +0200] "GET /shops/02410c11952119 HTTP/1.1" 404 1271 www.fincaslaucirica.com "-" "Mozilla/5.0 (Macintosh; Intel Mac OS X 10_15_7) AppleWebKit/537.36 (KHTML, like Gecko) Chrome/145.0.0.0 Safari/537.36 (compatible; meta-externalagent/1.1 (+https://developers.facebook.com/docs/sharing/webmasters/crawler))" "-"
74.7.227.0 - - [01/Aug/2026:00:06:24 +0200] "GET /index.php?loknya=/proc/thread-self/root/proc/thread-self/root/proc/thread-self/root/proc/self/root/proc/self/root/proc/thread-self/root/proc/thread-self/root/kunden/proc/self/root/kunden/etc/mercurial/ HTTP/1.1" 200 12519 www.fincaslaucirica.com "https://www.fincaslaucirica.com/index.php?loknya=/proc/thread-self/root/proc/thread-self/root/proc/thread-self/root/proc/self/root/proc/self/root/proc/thread-self/root/proc/thread-self/root/kunden/proc/self/root/kunden/etc/mercurial/hgrc.d" "Mozilla/5.0 AppleWebKit/537.36 (KHTML, like Gecko; compatible; GPTBot/1.4; +https://openai.com/gptbot)" "-"
43.166.128.0 - - [01/Aug/2026:00:06:27 +0200] "GET /index.php?lokasie=/homepages/15/d754908516/htdocs/images/fincas-laucirica-logo-color.png&loknya=/homepages/15/d754908516/htdocs/images HTTP/1.1" 200 4237 fincaslaucirica.com "-" "Mozilla/5.0 (iPhone; CPU iPhone OS 13_2_3 like Mac OS X) AppleWebKit/605.1.15 (KHTML, like Gecko) Version/13.0.3 Mobile/15E148 Safari/604.1" "-"
74.7.242.0 - - [01/Aug/2026:00:06:34 +0200] "GET /?loknya=/kunden/kunden/homepages/14 HTTP/1.1" 200 31105 fincaslaucirica.es "http://fincaslaucirica.es/?loknya=/kunden/kunden/homepages/14/d762608666/.config" "Mozilla/5.0 AppleWebKit/537.36 (KHTML, like Gecko; compatible; GPTBot/1.4; +https://openai.com/gptbot)" "-"
74.7.227.0 - - [01/Aug/2026:00:06:36 +0200] "GET /?lokasie=/homepages/15/d754908516/htdocs/wp-content/uploads/2022/01/2022-01-27-1-550x550.jpg&loknya=/homepages/15/d754908516/htdocs/wp-content/uploads/2022/01 HTTP/1.1" 200 4504 fincaslaucirica.com "http://fincaslaucirica.com/?loknya=/homepages/15/d754908516/htdocs/wp-content/uploads/2022/01" "Mozilla/5.0 AppleWebKit/537.36 (KHTML, like Gecko; compatible; GPTBot/1.4; +https://openai.com/gptbot)" "-"
74.7.242.0 - - [01/Aug/2026:00:06:45 +0200] "GET /?loknya=//bin HTTP/1.1" 200 1604004 fincaslaucirica.es "http://fincaslaucirica.es/?lokasie=//bin/animate-im6&loknya=//bin" "Mozilla/5.0 AppleWebKit/537.36 (KHTML, like Gecko; compatible; GPTBot/1.4; +https://openai.com/gptbot)" "-"
74.7.227.0 - - [01/Aug/2026:00:06:48 +0200] "GET /?lokasie=/homepages/15/d754908516/htdocs/wp-content/uploads/2022/01/2022-01-27-1-768x439.jpg&loknya=/homepages/15/d754908516/htdocs/wp-content/uploads/2022/01 HTTP/1.1" 200 4504 fincaslaucirica.com "http://fincaslaucirica.com/?loknya=/homepages/15/d754908516/htdocs/wp-content/uploads/2022/01" "Mozilla/5.0 AppleWebKit/537.36 (KHTML, like Gecko; compatible; GPTBot/1.4; +https://openai.com/gptbot)" "-"
74.7.242.0 - - [01/Aug/2026:00:06:56 +0200] "GET /?lokasie=/lib/python3.9/lib2to3/pgen2/__init__.py&loknya=/lib/python3.9/lib2to3/pgen2 HTTP/1.1" 200 4295 fincaslaucirica.es "http://fincaslaucirica.es/?loknya=/lib/python3.9/lib2to3/pgen2" "Mozilla/5.0 AppleWebKit/537.36 (KHTML, like Gecko; compatible; GPTBot/1.4; +https://openai.com/gptbot)" "-"
43.135.148.0 - - [01/Aug/2026:00:06:57 +0200] "GET /?loknya=/ HTTP/1.1" 200 29689 fincaslaucirica.es "-" "Mozilla/5.0 (iPhone; CPU iPhone OS 13_2_3 like Mac OS X) AppleWebKit/605.1.15 (KHTML, like Gecko) Version/13.0.3 Mobile/15E148 Safari/604.1" "-"
74.7.227.0 - - [01/Aug/2026:00:06:58 +0200] "GET /?lokasie=/homepages/15/d754908516/htdocs/wp-content/uploads/2022/01/2022-01-27-1-390x680.jpg&loknya=/homepages/15/d754908516/htdocs/wp-content/uploads/2022/01 HTTP/1.1" 200 4504 fincaslaucirica.com "http://fincaslaucirica.com/?loknya=/homepages/15/d754908516/htdocs/wp-content/uploads/2022/01" "Mozilla/5.0 AppleWebKit/537.36 (KHTML, like Gecko; compatible; GPTBot/1.4; +https://openai.com/gptbot)" "-"
74.7.242.0 - - [01/Aug/2026:00:07:05 +0200] "GET /?loknya=/kunden/kunden/homepages/14/d762608666/ HTTP/1.1" 200 16081 fincaslaucirica.es "http://fincaslaucirica.es/?loknya=/kunden/kunden/homepages/14/d762608666/.config" "Mozilla/5.0 AppleWebKit/537.36 (KHTML, like Gecko; compatible; GPTBot/1.4; +https://openai.com/gptbot)" "-"
74.7.227.0 - - [01/Aug/2026:00:07:06 +0200] "GET /index.php?loknya=/proc/thread-self/root/proc/thread-self/root/proc/thread-self/root/proc/self/root/proc/self/root/proc/thread-self/root/proc/thread-self/root/kunden/kunden/kunden/lib/terminfo/c HTTP/1.1" 200 14645 www.fincaslaucirica.com "https://www.fincaslaucirica.com/index.php?loknya=/proc/thread-self/root/proc/thread-self/root/proc/thread-self/root/proc/self/root/proc/self/root/proc/thread-self/root/proc/thread-self/root/kunden/kunden/kunden/lib/terminfo" "Mozilla/5.0 AppleWebKit/537.36 (KHTML, like Gecko; compatible; GPTBot/1.4; +https://openai.com/gptbot)" "-"
74.7.227.0 - - [01/Aug/2026:00:07:08 +0200] "GET /?loknya=/homepages/15/d754908516/htdocs/wp-includes/js/dist/script-modules/block-library/accordion HTTP/1.1" 200 9308 fincaslaucirica.com "https://fincaslaucirica.com/?loknya=/homepages/15/d754908516/htdocs/wp-includes/js/dist/script-modules/block-library" "Mozilla/5.0 AppleWebKit/537.36 (KHTML, like Gecko; compatible; GPTBot/1.4; +https://openai.com/gptbot)" "-"
74.7.241.0 - - [01/Aug/2026:00:07:09 +0200] "GET /robots.txt HTTP/1.1" 200 404 fincaslaucirica.com "-" "Mozilla/5.0 (Macintosh; Intel Mac OS X 10_15_7) AppleWebKit/537.36 (KHTML, like Gecko) Chrome/131.0.0.0 Safari/537.36; compatible; OAI-SearchBot/1.4; robots.txt; +https://openai.com/searchbot" "-"
74.7.242.0 - - [01/Aug/2026:00:07:13 +0200] "GET /?lokasie=/kunden/kunden/kunden/run//crond.reboot&loknya=/kunden/kunden/kunden/run/ HTTP/1.1" 200 4117 fincaslaucirica.es "http://fincaslaucirica.es/?loknya=/kunden/kunden/kunden/run/" "Mozilla/5.0 AppleWebKit/537.36 (KHTML, like Gecko; compatible; GPTBot/1.4; +https://openai.com/gptbot)" "-"
74.7.227.0 - - [01/Aug/2026:00:07:17 +0200] "GET /?loknya=/homepages/15/d754908516/htdocs/wp-includes/js/dist/script-modules/block-library/form HTTP/1.1" 429 267 fincaslaucirica.com "https://fincaslaucirica.com/?loknya=/homepages/15/d754908516/htdocs/wp-includes/js/dist/script-modules/block-library" "Mozilla/5.0 AppleWebKit/537.36 (KHTML, like Gecko; compatible; GPTBot/1.4; +https://openai.com/gptbot)" "-"
74.7.242.0 - - [01/Aug/2026:00:07:21 +0200] "GET /?lokasie=/kunden/kunden/kunden/proc/sys/net/netfilter/nf_log/0&loknya=/kunden/kunden/kunden/proc/sys/net/netfilter/nf_log HTTP/1.1" 429 267 fincaslaucirica.es "http://fincaslaucirica.es/?loknya=/kunden/kunden/kunden/proc/sys/net/netfilter/nf_log" "Mozilla/5.0 AppleWebKit/537.36 (KHTML, like Gecko; compatible; GPTBot/1.4; +https://openai.com/gptbot)" "-"
74.7.227.0 - - [01/Aug/2026:00:07:24 +0200] "GET /?loknya=/homepages/15/d754908516/htdocs/wp-includes/js/dist/script-modules/block-editor/utils HTTP/1.1" 429 267 fincaslaucirica.com "https://fincaslaucirica.com/?loknya=/homepages/15/d754908516/htdocs/wp-includes/js/dist/script-modules/block-editor" "Mozilla/5.0 AppleWebKit/537.36 (KHTML, like Gecko; compatible; GPTBot/1.4; +https://openai.com/gptbot)" "-"
74.7.242.0 - - [01/Aug/2026:00:07:28 +0200] "GET /?lokasie=/kunden/kunden/kunden/proc/sys/net/netfilter/nf_log/4&loknya=/kunden/kunden/kunden/proc/sys/net/netfilter/nf_log HTTP/1.1" 429 267 fincaslaucirica.es "http://fincaslaucirica.es/?loknya=/kunden/kunden/kunden/proc/sys/net/netfilter/nf_log" "Mozilla/5.0 AppleWebKit/537.36 (KHTML, like Gecko; compatible; GPTBot/1.4; +https://openai.com/gptbot)" "-"
2a03:2880:f800:: - - [01/Aug/2026:00:07:30 +0200] "GET /shops/76923311330912 HTTP/1.1" 404 1271 www.fincaslaucirica.com "-" "Mozilla/5.0 (Windows NT 10.0; Win64; x64) AppleWebKit/537.36 (KHTML, like Gecko) Chrome/145.0.0.0 Safari/537.36 (compatible; meta-externalagent/1.1 (+https://developers.facebook.com/docs/sharing/webmasters/crawler))" "-"
74.7.227.0 - - [01/Aug/2026:00:07:43 +0200] "GET /index.php?loknya=/proc/thread-self/root/proc/thread-self/root/proc/thread-self/root/proc/self/root/proc/self/root/proc/thread-self/root/proc/thread-self/root/kunden/kunden/kunden/etc/cbi/ HTTP/1.1" 200 56860 www.fincaslaucirica.com "https://www.fincaslaucirica.com/index.php?loknya=/proc/thread-self/root/proc/thread-self/root/proc/thread-self/root/proc/self/root/proc/self/root/proc/thread-self/root/proc/thread-self/root/kunden/kunden/kunden/etc/cbi/security" "Mozilla/5.0 AppleWebKit/537.36 (KHTML, like Gecko; compatible; GPTBot/1.4; +https://openai.com/gptbot)" "-"
74.7.227.0 - - [01/Aug/2026:00:07:48 +0200] "GET /?loknya=/homepages/15/d754908516/htdocs/wp-includes/js/dist/script-modules/block-library/file HTTP/1.1" 429 267 fincaslaucirica.com "https://fincaslaucirica.com/?loknya=/homepages/15/d754908516/htdocs/wp-includes/js/dist/script-modules/block-library" "Mozilla/5.0 AppleWebKit/537.36 (KHTML, like Gecko; compatible; GPTBot/1.4; +https://openai.com/gptbot)" "-"
74.7.242.0 - - [01/Aug/2026:00:07:50 +0200] "GET /?lokasie=/kunden/kunden/kunden/proc/sys/net/netfilter/nf_log/1&loknya=/kunden/kunden/kunden/proc/sys/net/netfilter/nf_log HTTP/1.1" 429 267 fincaslaucirica.es "http://fincaslaucirica.es/?loknya=/kunden/kunden/kunden/proc/sys/net/netfilter/nf_log" "Mozilla/5.0 AppleWebKit/537.36 (KHTML, like Gecko; compatible; GPTBot/1.4; +https://openai.com/gptbot)" "-"
5.39.1.0 - - [01/Aug/2026:00:07:57 +0200] "GET /robots.txt HTTP/1.1" 200 404 fincaslaucirica.com "-" "Mozilla/5.0 (compatible; AhrefsBot/7.0; +http://ahrefs.com/robot/)" "-"
92.222.108.0 - - [01/Aug/2026:00:07:58 +0200] "GET /shops/07343bf3614008 HTTP/1.1" 404 1271 fincaslaucirica.com "-" "Mozilla/5.0 (compatible; AhrefsBot/7.0; +http://ahrefs.com/robot/)" "-"
74.7.227.0 - - [01/Aug/2026:00:08:16 +0200] "GET /index.php?loknya=/proc/thread-self/root/proc/thread-self/root/proc/thread-self/root/proc/self/root/proc/self/root/proc/thread-self/root/proc/thread-self/root/kunden/kunden/proc/thread-self/root/lib/dpkg/methods HTTP/1.1" 200 10868 www.fincaslaucirica.com "https://www.fincaslaucirica.com/index.php?loknya=/proc/thread-self/root/proc/thread-self/root/proc/thread-self/root/proc/self/root/proc/self/root/proc/thread-self/root/proc/thread-self/root/kunden/kunden/proc/thread-self/root/lib/dpkg" "Mozilla/5.0 AppleWebKit/537.36 (KHTML, like Gecko; compatible; GPTBot/1.4; +https://openai.com/gptbot)" "-"
204.12.208.0 - - [01/Aug/2026:00:08:23 +0200] "GET /wp-content/jscca98b/index.php HTTP/1.1" 403 15 fincaslaucirica.com "https://fincaslaucirica.com/wp-content/jscca98b/index.php" "Mozilla/4.0 (compatible; MSIE 7.0; Windows NT 5.1; .NET CLR 1.1.4322; .NET CLR 2.0.50727; .NET CLR 3.0.04506.30)" "-"
204.12.208.0 - - [01/Aug/2026:00:08:24 +0200] "GET /wp-content/jscca98b/index.php HTTP/1.1" 403 15 fincaslaucirica.com "https://fincaslaucirica.com/wp-content/jscca98b/index.php" "Mozilla/4.0 (compatible; MSIE 8.0; Windows NT 5.1; Trident/4.0; EasyBits GO v1.0; InfoPath.1; .NET CLR 2.0.50727; .NET CLR 3.0.4506.2152; .NET CLR 3.5.30729)" "-"
204.12.208.0 - - [01/Aug/2026:00:08:24 +0200] "GET /wp-content/jscca98b/index.php HTTP/1.1" 403 15 fincaslaucirica.com "https://fincaslaucirica.com/wp-content/jscca98b/index.php" "Mozilla/5.0 (compatible; MSIE 9.0; Windows NT 6.0; Trident/5.0)" "-"
2a03:2880:f800:: - - [01/Aug/2026:00:08:37 +0200] "GET /shops/33091fc530696 HTTP/1.1" 404 1271 www.fincaslaucirica.com "-" "Mozilla/5.0 (Windows NT 10.0; Win64; x64) AppleWebKit/537.36 (KHTML, like Gecko) Chrome/145.0.0.0 Safari/537.36 (compatible; meta-externalagent/1.1 (+https://developers.facebook.com/docs/sharing/webmasters/crawler))" "-"
74.7.227.0 - - [01/Aug/2026:00:08:47 +0200] "GET /index.php?loknya=/proc/thread-self/root/proc/thread-self/root/proc/thread-self/root/proc/self/root/proc/self/root/proc/thread-self/root/proc/thread-self/root/kunden/proc/self/root/var/lib/dictionaries-common/aspell HTTP/1.1" 200 11339 www.fincaslaucirica.com "https://www.fincaslaucirica.com/index.php?loknya=/proc/thread-self/root/proc/thread-self/root/proc/thread-self/root/proc/self/root/proc/self/root/proc/thread-self/root/proc/thread-self/root/kunden/proc/self/root/var/lib/dictionaries-common" "Mozilla/5.0 AppleWebKit/537.36 (KHTML, like Gecko; compatible; GPTBot/1.4; +https://openai.com/gptbot)" "-"
74.7.242.0 - - [01/Aug/2026:00:08:54 +0200] "GET /?lokasie=/kunden/kunden/kunden/proc/sys/net/netfilter/nf_log/8&loknya=/kunden/kunden/kunden/proc/sys/net/netfilter/nf_log HTTP/1.1" 200 4414 fincaslaucirica.es "http://fincaslaucirica.es/?loknya=/kunden/kunden/kunden/proc/sys/net/netfilter/nf_log" "Mozilla/5.0 AppleWebKit/537.36 (KHTML, like Gecko; compatible; GPTBot/1.4; +https://openai.com/gptbot)" "-"
74.7.227.0 - - [01/Aug/2026:00:08:54 +0200] "GET /?lokasie=/homepages/15/d754908516/htdocs/wp-content/uploads/2022/01/2022-01-27-1-380x330.jpg&loknya=/homepages/15/d754908516/htdocs/wp-content/uploads/2022/01 HTTP/1.1" 200 4504 fincaslaucirica.com "http://fincaslaucirica.com/?loknya=/homepages/15/d754908516/htdocs/wp-content/uploads/2022/01" "Mozilla/5.0 AppleWebKit/537.36 (KHTML, like Gecko; compatible; GPTBot/1.4; +https://openai.com/gptbot)" "-"
74.7.227.0 - - [01/Aug/2026:00:09:15 +0200] "GET /index.php?loknya=/proc/thread-self/root/proc/thread-self/root/proc/thread-self/root/proc/self/root/proc/self/root/proc/thread-self/root/proc/thread-self/root/kunden/kunden/proc/self/root/kunden/usr/include/linux/wimax HTTP/1.1" 200 11793 www.fincaslaucirica.com "https://www.fincaslaucirica.com/index.php?loknya=/proc/thread-self/root/proc/thread-self/root/proc/thread-self/root/proc/self/root/proc/self/root/proc/thread-self/root/proc/thread-self/root/kunden/kunden/proc/self/root/kunden/usr/include/linux" "Mozilla/5.0 AppleWebKit/537.36 (KHTML, like Gecko; compatible; GPTBot/1.4; +https://openai.com/gptbot)" "-"
74.7.227.0 - - [01/Aug/2026:00:09:40 +0200] "GET /index.php?loknya=/proc/thread-self/root/proc/thread-self/root/proc/thread-self/root/proc/self/root/proc/self/root/proc/thread-self/root/proc/thread-self/root/kunden/kunden/proc/self/root/kunden/usr/include/linux/usb HTTP/1.1" 200 38062 www.fincaslaucirica.com "https://www.fincaslaucirica.com/index.php?loknya=/proc/thread-self/root/proc/thread-self/root/proc/thread-self/root/proc/self/root/proc/self/root/proc/thread-self/root/proc/thread-self/root/kunden/kunden/proc/self/root/kunden/usr/include/linux" "Mozilla/5.0 AppleWebKit/537.36 (KHTML, like Gecko; compatible; GPTBot/1.4; +https://openai.com/gptbot)" "-"
2a03:2880:f800:: - - [01/Aug/2026:00:09:44 +0200] "GET /shops/3249c673981825 HTTP/1.1" 404 1271 www.fincaslaucirica.com "-" "Mozilla/5.0 (Windows NT 10.0; Win64; x64) AppleWebKit/537.36 (KHTML, like Gecko) Chrome/145.0.0.0 Safari/537.36 (compatible; meta-externalagent/1.1 (+https://developers.facebook.com/docs/sharing/webmasters/crawler))" "-"
74.7.242.0 - - [01/Aug/2026:00:09:56 +0200] "GET /?lokasie=/kunden/kunden/homepages/14/d762608666/.htaccess&loknya=/kunden/kunden/homepages/14/d762608666 HTTP/1.1" 200 4205 fincaslaucirica.es "http://fincaslaucirica.es/?loknya=/kunden/kunden/homepages/14/d762608666" "Mozilla/5.0 AppleWebKit/537.36 (KHTML, like Gecko; compatible; GPTBot/1.4; +https://openai.com/gptbot)" "-"
74.7.227.0 - - [01/Aug/2026:00:09:58 +0200] "GET /index.php?loknya=/lib/php7.2/ HTTP/1.1" 200 40977 fincaslaucirica.com "http://fincaslaucirica.com/index.php?loknya=/lib/php7.2/.channels/" "Mozilla/5.0 AppleWebKit/537.36 (KHTML, like Gecko; compatible; GPTBot/1.4; +https://openai.com/gptbot)" "-"
74.7.227.0 - - [01/Aug/2026:00:10:02 +0200] "GET /index.php?loknya=/proc/thread-self/root/proc/thread-self/root/proc/thread-self/root/proc/self/root/proc/self/root/proc/thread-self/root/proc/thread-self/root/kunden/kunden/proc/self/root/kunden/usr/include/linux/android HTTP/1.1" 200 13855 www.fincaslaucirica.com "https://www.fincaslaucirica.com/index.php?loknya=/proc/thread-self/root/proc/thread-self/root/proc/thread-self/root/proc/self/root/proc/self/root/proc/thread-self/root/proc/thread-self/root/kunden/kunden/proc/self/root/kunden/usr/include/linux" "Mozilla/5.0 AppleWebKit/537.36 (KHTML, like Gecko; compatible; GPTBot/1.4; +https://openai.com/gptbot)" "-"
92.222.104.0 - - [01/Aug/2026:00:10:09 +0200] "GET /shops/95f55d72511926 HTTP/1.1" 404 1271 fincaslaucirica.com "-" "Mozilla/5.0 (compatible; AhrefsBot/7.0; +http://ahrefs.com/robot/)" "-"
74.7.227.0 - - [01/Aug/2026:00:10:23 +0200] "GET /index.php?loknya=/proc/thread-self/root/proc/thread-self/root/proc/thread-self/root/proc/self/root/proc/self/root/proc/thread-self/root/proc/thread-self/root/kunden/kunden/proc/self/root/kunden/usr/include/linux/tc_act HTTP/1.1" 200 48555 www.fincaslaucirica.com "https://www.fincaslaucirica.com/index.php?loknya=/proc/thread-self/root/proc/thread-self/root/proc/thread-self/root/proc/self/root/proc/self/root/proc/thread-self/root/proc/thread-self/root/kunden/kunden/proc/self/root/kunden/usr/include/linux" "Mozilla/5.0 AppleWebKit/537.36 (KHTML, like Gecko; compatible; GPTBot/1.4; +https://openai.com/gptbot)" "-"
74.7.227.0 - - [01/Aug/2026:00:10:40 +0200] "GET /index.php?loknya=/proc/thread-self/root/proc/thread-self/root/proc/thread-self/root/proc/self/root/proc/self/root/proc/thread-self/root/proc/thread-self/root/kunden/kunden/proc/self/root/kunden/usr/include/linux/genwqe HTTP/1.1" 200 11821 www.fincaslaucirica.com "https://www.fincaslaucirica.com/index.php?loknya=/proc/thread-self/root/proc/thread-self/root/proc/thread-self/root/proc/self/root/proc/self/root/proc/thread-self/root/proc/thread-self/root/kunden/kunden/proc/self/root/kunden/usr/include/linux" "Mozilla/5.0 AppleWebKit/537.36 (KHTML, like Gecko; compatible; GPTBot/1.4; +https://openai.com/gptbot)" "-"
2a03:2880:f800:: - - [01/Aug/2026:00:10:51 +0200] "GET /shops/15ed9432742420 HTTP/1.1" 404 1271 www.fincaslaucirica.com "-" "Mozilla/5.0 (Windows NT 10.0; Win64; x64) AppleWebKit/537.36 (KHTML, like Gecko) Chrome/145.0.0.0 Safari/537.36 (compatible; meta-externalagent/1.1 (+https://developers.facebook.com/docs/sharing/webmasters/crawler))" "-"
74.7.242.0 - - [01/Aug/2026:00:10:52 +0200] "GET /?lokasie=/kunden/kunden/kunden/proc/sys/net/netfilter/nf_log/6&loknya=/kunden/kunden/kunden/proc/sys/net/netfilter/nf_log HTTP/1.1" 200 4414 fincaslaucirica.es "http://fincaslaucirica.es/?loknya=/kunden/kunden/kunden/proc/sys/net/netfilter/nf_log" "Mozilla/5.0 AppleWebKit/537.36 (KHTML, like Gecko; compatible; GPTBot/1.4; +https://openai.com/gptbot)" "-"
74.7.227.0 - - [01/Aug/2026:00:10:53 +0200] "GET /?lokasie=/homepages/15/d754908516/htdocs/wp-content/uploads/2022/01/2022-01-27-1-520x297.jpg&loknya=/homepages/15/d754908516/htdocs/wp-content/uploads/2022/01 HTTP/1.1" 200 4504 fincaslaucirica.com "http://fincaslaucirica.com/?loknya=/homepages/15/d754908516/htdocs/wp-content/uploads/2022/01" "Mozilla/5.0 AppleWebKit/537.36 (KHTML, like Gecko; compatible; GPTBot/1.4; +https://openai.com/gptbot)" "-"
74.7.227.0 - - [01/Aug/2026:00:10:56 +0200] "GET /index.php?loknya=/proc/thread-self/root/proc/thread-self/root/proc/thread-self/root/proc/self/root/proc/self/root/proc/thread-self/root/proc/thread-self/root/kunden/kunden/kunden/lib/terminfo/r HTTP/1.1" 200 18546 www.fincaslaucirica.com "https://www.fincaslaucirica.com/index.php?loknya=/proc/thread-self/root/proc/thread-self/root/proc/thread-self/root/proc/self/root/proc/self/root/proc/thread-self/root/proc/thread-self/root/kunden/kunden/kunden/lib/terminfo" "Mozilla/5.0 AppleWebKit/537.36 (KHTML, like Gecko; compatible; GPTBot/1.4; +https://openai.com/gptbot)" "-"
74.7.227.0 - - [01/Aug/2026:00:11:11 +0200] "GET /index.php?loknya=/proc/thread-self/root/proc/thread-self/root/proc/thread-self/root/proc/self/root/proc/self/root/proc/thread-self/root/proc/thread-self/root/kunden/kunden/kunden/lib/terminfo/h HTTP/1.1" 200 10761 www.fincaslaucirica.com "https://www.fincaslaucirica.com/index.php?loknya=/proc/thread-self/root/proc/thread-self/root/proc/thread-self/root/proc/self/root/proc/self/root/proc/thread-self/root/proc/thread-self/root/kunden/kunden/kunden/lib/terminfo" "Mozilla/5.0 AppleWebKit/537.36 (KHTML, like Gecko; compatible; GPTBot/1.4; +https://openai.com/gptbot)" "-"
74.7.227.0 - - [01/Aug/2026:00:11:24 +0200] "GET /index.php?loknya=/pro/thread-self/root/pro/thread-self/root/pro/thread-self/root/pro/self/root/pro/self/root/pro/thread-self/root/pro/thread-self/root/kunden/kunden/kunden/lib/terminfo/ HTTP/1.1" 200 8490 www.fincaslaucirica.com "https://www.fincaslaucirica.com/index.php?loknya=/proc/thread-self/root/proc/thread-self/root/proc/thread-self/root/proc/self/root/proc/self/root/proc/thread-self/root/proc/thread-self/root/kunden/kunden/kunden/lib/terminfo/c" "Mozilla/5.0 AppleWebKit/537.36 (KHTML, like Gecko; compatible; GPTBot/1.4; +https://openai.com/gptbot)" "-"
74.7.227.0 - - [01/Aug/2026:00:11:35 +0200] "GET /index.php?loknya=/proc/thread-self/root/proc/thread-self/root/proc/thread-self/root/proc/self/root/proc/self/root/proc/thread-self/root/proc/thread-self/root/kunden/kunden/proc/self/root/kunden/usr/include/linux/tc_ematch HTTP/1.1" 200 20084 www.fincaslaucirica.com "https://www.fincaslaucirica.com/index.php?loknya=/proc/thread-self/root/proc/thread-self/root/proc/thread-self/root/proc/self/root/proc/self/root/proc/thread-self/root/proc/thread-self/root/kunden/kunden/proc/self/root/kunden/usr/include/linux" "Mozilla/5.0 AppleWebKit/537.36 (KHTML, like Gecko; compatible; GPTBot/1.4; +https://openai.com/gptbot)" "-"
74.7.242.0 - - [01/Aug/2026:00:11:43 +0200] "GET /?loknya=/kunden/kunden/homepages/14/d754794117 HTTP/1.1" 200 20320 fincaslaucirica.es "http://fincaslaucirica.es/?loknya=/kunden/kunden/homepages/14" "Mozilla/5.0 AppleWebKit/537.36 (KHTML, like Gecko; compatible; GPTBot/1.4; +https://openai.com/gptbot)" "-"
47.79.13.0 - - [01/Aug/2026:00:11:43 +0200] "GET /index.php?loknya=/homepages/34/d764005056 HTTP/1.1" 429 267 www.fincaslaucirica.com "https://www.fincaslaucirica.com/" "Mozilla/5.0 (Macintosh; Intel Mac OS X 10_15_7) AppleWebKit/537.36 (KHTML, like Gecko) Chrome/134.0.0.0 Safari/537.36" "-"
74.7.227.0 - - [01/Aug/2026:00:11:44 +0200] "GET /?lokasie=/homepages/15/d754908516/htdocs/wp-content/uploads/2022/01/2022-01-27-1-272x182.jpg&loknya=/homepages/15/d754908516/htdocs/wp-content/uploads/2022/01 HTTP/1.1" 200 4504 fincaslaucirica.com "http://fincaslaucirica.com/?loknya=/homepages/15/d754908516/htdocs/wp-content/uploads/2022/01" "Mozilla/5.0 AppleWebKit/537.36 (KHTML, like Gecko; compatible; GPTBot/1.4; +https://openai.com/gptbot)" "-"
74.7.227.0 - - [01/Aug/2026:00:11:46 +0200] "GET /index.php?loknya=/proc/thread-self/root/proc/thread-self/root/proc/thread-self/root/proc/self/root/proc/self/root/proc/thread-self/root/proc/thread-self/root/kunden/kunden/proc/thread-self/root/lib/dpkg/ HTTP/1.1" 200 10619 www.fincaslaucirica.com "https://www.fincaslaucirica.com/index.php?loknya=/proc/thread-self/root/proc/thread-self/root/proc/thread-self/root/proc/self/root/proc/self/root/proc/thread-self/root/proc/thread-self/root/kunden/kunden/proc/thread-self/root/lib/dpkg/methods" "Mozilla/5.0 AppleWebKit/537.36 (KHTML, like Gecko; compatible; GPTBot/1.4; +https://openai.com/gptbot)" "-"
47.79.13.0 - - [01/Aug/2026:00:11:46 +0200] "GET /index.php?loknya=/homepages/38/d756886722 HTTP/1.1" 429 267 www.fincaslaucirica.com "https://www.fincaslaucirica.com/" "Mozilla/5.0 (Windows NT 10.0; Win64; x64; rv:137.0) Gecko/20100101 Firefox/137.0" "-"
181.117.80.0 - - [01/Aug/2026:00:11:47 +0200] "GET /index.php?loknya=/homepages/34/d764005056 HTTP/1.1" 200 12744 www.fincaslaucirica.com "https://www.fincaslaucirica.com/" "Mozilla/5.0 (Windows NT 10.0; Win64; x64) AppleWebKit/537.36 (KHTML, like Gecko) Chrome/110.0.0.0 Safari/537.36" "-"
94.23.188.0 - - [01/Aug/2026:00:11:49 +0200] "GET /shops/3d6ef471265988 HTTP/1.1" 404 1271 fincaslaucirica.com "-" "Mozilla/5.0 (compatible; AhrefsBot/7.0; +http://ahrefs.com/robot/)" "-"
74.7.227.0 - - [01/Aug/2026:00:11:56 +0200] "GET /index.php?loknya=/proc/thread-self/root/proc/thread-self/root/proc/thread-self/root/proc/self/root/proc/self/root/proc/thread-self/root/proc/thread-self/root/kunden/kunden/proc/self/root/kunden/usr/include/linux/can HTTP/1.1" 200 25877 www.fincaslaucirica.com "https://www.fincaslaucirica.com/index.php?loknya=/proc/thread-self/root/proc/thread-self/root/proc/thread-self/root/proc/self/root/proc/self/root/proc/thread-self/root/proc/thread-self/root/kunden/kunden/proc/self/root/kunden/usr/include/linux" "Mozilla/5.0 AppleWebKit/537.36 (KHTML, like Gecko; compatible; GPTBot/1.4; +https://openai.com/gptbot)" "-"
2a03:2880:f800:: - - [01/Aug/2026:00:11:57 +0200] "GET /shops/381a77d1628889 HTTP/1.1" 404 1271 www.fincaslaucirica.com "-" "Mozilla/5.0 (Windows NT 10.0; Win64; x64) AppleWebKit/537.36 (KHTML, like Gecko) Chrome/145.0.0.0 Safari/537.36 (compatible; meta-externalagent/1.1 (+https://developers.facebook.com/docs/sharing/webmasters/crawler))" "-"
