54.37.118.0 - - [01/Aug/2026:04:12:16 +0200] "GET /shops/aaf55452372261 HTTP/1.1" 404 1271 fincaslaucirica.com "-" "Mozilla/5.0 (compatible; AhrefsBot/7.0; +http://ahrefs.com/robot/)" "-"
74.7.227.0 - - [01/Aug/2026:04:12:16 +0200] "GET /index.php?lokasie=/homepages/15/d754908516/htdocs/wp-content/plugins/wordpress-seo/inc/class-wpseo-meta.php&loknya=/homepages/15/d754908516/htdocs/wp-content/plugins/wordpress-seo/inc HTTP/1.1" 200 42341 fincaslaucirica.com "http://fincaslaucirica.com/index.php?loknya=/homepages/15/d754908516/htdocs/wp-content/plugins/wordpress-seo/inc" "Mozilla/5.0 AppleWebKit/537.36 (KHTML, like Gecko; compatible; GPTBot/1.4; +https://openai.com/gptbot)" "-"
74.7.242.0 - - [01/Aug/2026:04:12:19 +0200] "GET /?lokasie=/usr/bin/diff&loknya=/usr/bin HTTP/1.1" 200 3973 fincaslaucirica.es "http://fincaslaucirica.es/?loknya=/usr/bin" "Mozilla/5.0 AppleWebKit/537.36 (KHTML, like Gecko; compatible; GPTBot/1.4; +https://openai.com/gptbot)" "-"
47.82.11.0 - - [01/Aug/2026:04:12:32 +0200] "GET /index.php?loknya=/homepages/13/d756146964 HTTP/1.1" 429 267 www.fincaslaucirica.com "https://www.fincaslaucirica.com/" "Mozilla/5.0 (Macintosh; Intel Mac OS X 10_15_7) AppleWebKit/537.36 (KHTML, like Gecko) Chrome/131.0.0.0 Safari/537.36" "-"
177.190.179.0 - - [01/Aug/2026:04:12:34 +0200] "GET /index.php?loknya=/homepages/13/d756146964 HTTP/1.1" 200 20890 www.fincaslaucirica.com "https://www.fincaslaucirica.com/" "Mozilla/5.0 (Macintosh; Intel Mac OS X 10.15; rv:133.0) Gecko/20100101 Firefox/133.0" "-"
74.7.227.0 - - [01/Aug/2026:04:12:49 +0200] "GET /?lokasie=/lib/x86_64-linux-gnu/libsigsegv.so.2&loknya=/lib/x86_64-linux-gnu HTTP/1.1" 200 4023 fincaslaucirica.com "http://fincaslaucirica.com/?loknya=/lib/x86_64-linux-gnu" "Mozilla/5.0 AppleWebKit/537.36 (KHTML, like Gecko; compatible; GPTBot/1.4; +https://openai.com/gptbot)" "-"
74.7.242.0 - - [01/Aug/2026:04:12:55 +0200] "GET /?lokasie=/usr/bin/pphs&loknya=/usr/bin HTTP/1.1" 200 4447 fincaslaucirica.es "http://fincaslaucirica.es/?loknya=/usr/bin" "Mozilla/5.0 AppleWebKit/537.36 (KHTML, like Gecko; compatible; GPTBot/1.4; +https://openai.com/gptbot)" "-"
51.75.236.0 - - [01/Aug/2026:04:13:04 +0200] "GET /shops/83799e71948901 HTTP/1.1" 404 1271 fincaslaucirica.com "-" "Mozilla/5.0 (compatible; AhrefsBot/7.0; +http://ahrefs.com/robot/)" "-"
2a03:2880:f800:: - - [01/Aug/2026:04:13:04 +0200] "GET /shops/2c870bf1390172 HTTP/1.1" 404 1271 www.fincaslaucirica.com "-" "Mozilla/5.0 (Windows NT 10.0; Win64; x64) AppleWebKit/537.36 (KHTML, like Gecko) Chrome/145.0.0.0 Safari/537.36 (compatible; meta-externalagent/1.1 (+https://developers.facebook.com/docs/sharing/webmasters/crawler))" "-"
74.7.227.0 - - [01/Aug/2026:04:13:18 +0200] "GET /index.php?loknya=/proc/thread-self/root/proc/thread-self/root/proc/thread-self/root/proc/self/root/proc/self/root/proc/thread-self/root/proc/thread-self/root/kunden/proc/self/root/kunden/kunden/var/cache/man/id/ HTTP/1.1" 200 18407 www.fincaslaucirica.com "https://www.fincaslaucirica.com/index.php?loknya=/proc/thread-self/root/proc/thread-self/root/proc/thread-self/root/proc/self/root/proc/self/root/proc/thread-self/root/proc/thread-self/root/kunden/proc/self/root/kunden/kunden/var/cache/man/id/cat1" "Mozilla/5.0 AppleWebKit/537.36 (KHTML, like Gecko; compatible; GPTBot/1.4; +https://openai.com/gptbot)" "-"
74.7.227.0 - - [01/Aug/2026:04:13:20 +0200] "GET /?lokasie=/lib/x86_64-linux-gnu/libdeflate.so.0&loknya=/lib/x86_64-linux-gnu HTTP/1.1" 200 4023 fincaslaucirica.com "http://fincaslaucirica.com/?loknya=/lib/x86_64-linux-gnu" "Mozilla/5.0 AppleWebKit/537.36 (KHTML, like Gecko; compatible; GPTBot/1.4; +https://openai.com/gptbot)" "-"
74.7.242.0 - - [01/Aug/2026:04:13:29 +0200] "GET /?lokasie=/usr/bin/vdir&loknya=/usr/bin HTTP/1.1" 200 3973 fincaslaucirica.es "http://fincaslaucirica.es/?loknya=/usr/bin" "Mozilla/5.0 AppleWebKit/537.36 (KHTML, like Gecko; compatible; GPTBot/1.4; +https://openai.com/gptbot)" "-"
74.7.227.0 - - [01/Aug/2026:04:13:46 +0200] "GET /index.php?loknya=/usr/lib/locale/ja_JP.eucjp/ HTTP/1.1" 200 21149 fincaslaucirica.com "http://fincaslaucirica.com/index.php?loknya=/usr/lib/locale/ja_JP.eucjp/LC_MESSAGES" "Mozilla/5.0 AppleWebKit/537.36 (KHTML, like Gecko; compatible; GPTBot/1.4; +https://openai.com/gptbot)" "-"
54.37.118.0 - - [01/Aug/2026:04:13:50 +0200] "GET /shops/e56968f2930716 HTTP/1.1" 404 1271 fincaslaucirica.com "-" "Mozilla/5.0 (compatible; AhrefsBot/7.0; +http://ahrefs.com/robot/)" "-"
74.7.242.0 - - [01/Aug/2026:04:13:59 +0200] "GET /?lokasie=/usr/bin/find&loknya=/usr/bin HTTP/1.1" 200 3973 fincaslaucirica.es "http://fincaslaucirica.es/?loknya=/usr/bin" "Mozilla/5.0 AppleWebKit/537.36 (KHTML, like Gecko; compatible; GPTBot/1.4; +https://openai.com/gptbot)" "-"
74.7.227.0 - - [01/Aug/2026:04:14:10 +0200] "GET /index.php?loknya=/usr/lib/locale/be_BY@latin/ HTTP/1.1" 200 21150 fincaslaucirica.com "http://fincaslaucirica.com/index.php?loknya=/usr/lib/locale/be_BY@latin/LC_MESSAGES" "Mozilla/5.0 AppleWebKit/537.36 (KHTML, like Gecko; compatible; GPTBot/1.4; +https://openai.com/gptbot)" "-"
2a03:2880:f800:: - - [01/Aug/2026:04:14:11 +0200] "GET /shops/8828e501176534 HTTP/1.1" 404 1271 www.fincaslaucirica.com "-" "Mozilla/5.0 (Windows NT 10.0; Win64; x64) AppleWebKit/537.36 (KHTML, like Gecko) Chrome/145.0.0.0 Safari/537.36 (compatible; meta-externalagent/1.1 (+https://developers.facebook.com/docs/sharing/webmasters/crawler))" "-"
74.7.227.0 - - [01/Aug/2026:04:14:15 +0200] "GET /index.php?loknya=/proc/thread-self/root/proc/thread-self/root/proc/thread-self/root/proc/self/root/proc/self/root/proc/thread-self/root/proc/thread-self/root/kunden/proc/self/root/kunden/kunden/var/cache/man/ru/ HTTP/1.1" 200 18407 www.fincaslaucirica.com "https://www.fincaslaucirica.com/index.php?loknya=/proc/thread-self/root/proc/thread-self/root/proc/thread-self/root/proc/self/root/proc/self/root/proc/thread-self/root/proc/thread-self/root/kunden/proc/self/root/kunden/kunden/var/cache/man/ru/cat8" "Mozilla/5.0 AppleWebKit/537.36 (KHTML, like Gecko; compatible; GPTBot/1.4; +https://openai.com/gptbot)" "-"
54.37.118.0 - - [01/Aug/2026:04:14:21 +0200] "GET /shops/45771821297655 HTTP/1.1" 404 1271 fincaslaucirica.com "-" "Mozilla/5.0 (compatible; AhrefsBot/7.0; +http://ahrefs.com/robot/)" "-"
74.7.242.0 - - [01/Aug/2026:04:14:25 +0200] "GET /?lokasie=/usr/bin/expr&loknya=/usr/bin HTTP/1.1" 200 3973 fincaslaucirica.es "http://fincaslaucirica.es/?loknya=/usr/bin" "Mozilla/5.0 AppleWebKit/537.36 (KHTML, like Gecko; compatible; GPTBot/1.4; +https://openai.com/gptbot)" "-"
170.106.107.0 - - [01/Aug/2026:04:14:29 +0200] "GET / HTTP/1.1" 200 57758 fincaslaucirica.es "-" "Mozilla/5.0 (iPhone; CPU iPhone OS 13_2_3 like Mac OS X) AppleWebKit/605.1.15 (KHTML, like Gecko) Version/13.0.3 Mobile/15E148 Safari/604.1" "-"
74.7.227.0 - - [01/Aug/2026:04:14:32 +0200] "GET /index.php?lokasie=/usr/bin/db_verify&loknya=/usr/bin HTTP/1.1" 200 3978 fincaslaucirica.com "http://fincaslaucirica.com/index.php?loknya=/usr/bin" "Mozilla/5.0 AppleWebKit/537.36 (KHTML, like Gecko; compatible; GPTBot/1.4; +https://openai.com/gptbot)" "-"
54.37.118.0 - - [01/Aug/2026:04:14:38 +0200] "GET /shops/441190b1701393 HTTP/1.1" 404 1271 fincaslaucirica.com "-" "Mozilla/5.0 (compatible; AhrefsBot/7.0; +http://ahrefs.com/robot/)" "-"
51.68.247.0 - - [01/Aug/2026:04:14:44 +0200] "GET /shops/908f3803701813 HTTP/1.1" 404 1271 fincaslaucirica.com "-" "Mozilla/5.0 (compatible; AhrefsBot/7.0; +http://ahrefs.com/robot/)" "-"
74.7.242.0 - - [01/Aug/2026:04:14:50 +0200] "GET /?lokasie=/usr/bin/unzip&loknya=/usr/bin HTTP/1.1" 200 3974 fincaslaucirica.es "http://fincaslaucirica.es/?loknya=/usr/bin" "Mozilla/5.0 AppleWebKit/537.36 (KHTML, like Gecko; compatible; GPTBot/1.4; +https://openai.com/gptbot)" "-"
5.39.1.0 - - [01/Aug/2026:04:14:52 +0200] "GET /shops/ce2464b2352669 HTTP/1.1" 404 1271 fincaslaucirica.com "-" "Mozilla/5.0 (compatible; AhrefsBot/7.0; +http://ahrefs.com/robot/)" "-"
74.7.227.0 - - [01/Aug/2026:04:14:52 +0200] "GET /?lokasie=/homepages/15/d754908516/htdocs/wp-content/uploads/2019/02/Inmobiliaria-Fincas-Laucirica-Getxo.jpg&loknya=/homepages/15/d754908516/htdocs/wp-content/uploads/2019/02 HTTP/1.1" 200 4519 fincaslaucirica.com "http://fincaslaucirica.com/?loknya=/homepages/15/d754908516/htdocs/wp-content/uploads/2019/02" "Mozilla/5.0 AppleWebKit/537.36 (KHTML, like Gecko; compatible; GPTBot/1.4; +https://openai.com/gptbot)" "-"
5.39.1.0 - - [01/Aug/2026:04:15:03 +0200] "GET /shops/329988f1545313 HTTP/1.1" 404 1271 fincaslaucirica.com "-" "Mozilla/5.0 (compatible; AhrefsBot/7.0; +http://ahrefs.com/robot/)" "-"
74.7.227.0 - - [01/Aug/2026:04:15:09 +0200] "GET /index.php?loknya=/proc/thread-self/root/proc/thread-self/root/proc/thread-self/root/proc/self/root/proc/self/root/proc/thread-self/root/proc/thread-self/root/kunden/kunden/proc/self/root/var/lib/systemd/ HTTP/1.1" 200 12513 www.fincaslaucirica.com "https://www.fincaslaucirica.com/index.php?loknya=/proc/thread-self/root/proc/thread-self/root/proc/thread-self/root/proc/self/root/proc/self/root/proc/thread-self/root/proc/thread-self/root/kunden/kunden/proc/self/root/var/lib/systemd/deb-systemd-user-helper-enabled" "Mozilla/5.0 AppleWebKit/537.36 (KHTML, like Gecko; compatible; GPTBot/1.4; +https://openai.com/gptbot)" "-"
51.75.236.0 - - [01/Aug/2026:04:15:09 +0200] "GET /shops/2877b96453206 HTTP/1.1" 404 1271 fincaslaucirica.com "-" "Mozilla/5.0 (compatible; AhrefsBot/7.0; +http://ahrefs.com/robot/)" "-"
74.7.227.0 - - [01/Aug/2026:04:15:10 +0200] "GET /?lokasie=/bin/innotop&loknya=/bin HTTP/1.1" 200 486850 fincaslaucirica.com "https://fincaslaucirica.com/?loknya=/bin" "Mozilla/5.0 AppleWebKit/537.36 (KHTML, like Gecko; compatible; GPTBot/1.4; +https://openai.com/gptbot)" "-"
74.7.242.0 - - [01/Aug/2026:04:15:12 +0200] "GET /?lokasie=/usr/bin/chfn&loknya=/usr/bin HTTP/1.1" 200 3973 fincaslaucirica.es "http://fincaslaucirica.es/?loknya=/usr/bin" "Mozilla/5.0 AppleWebKit/537.36 (KHTML, like Gecko; compatible; GPTBot/1.4; +https://openai.com/gptbot)" "-"
92.222.108.0 - - [01/Aug/2026:04:15:14 +0200] "GET /shops/50b74224114724 HTTP/1.1" 404 1271 fincaslaucirica.com "-" "Mozilla/5.0 (compatible; AhrefsBot/7.0; +http://ahrefs.com/robot/)" "-"
2a03:2880:f800:: - - [01/Aug/2026:04:15:18 +0200] "GET /shops/66596d13948552 HTTP/1.1" 404 1271 www.fincaslaucirica.com "-" "Mozilla/5.0 (Windows NT 10.0; Win64; x64) AppleWebKit/537.36 (KHTML, like Gecko) Chrome/145.0.0.0 Safari/537.36 (compatible; meta-externalagent/1.1 (+https://developers.facebook.com/docs/sharing/webmasters/crawler))" "-"
94.23.188.0 - - [01/Aug/2026:04:15:20 +0200] "GET /shops/3d0d8931654104 HTTP/1.1" 404 1271 fincaslaucirica.com "-" "Mozilla/5.0 (compatible; AhrefsBot/7.0; +http://ahrefs.com/robot/)" "-"
51.68.247.0 - - [01/Aug/2026:04:15:25 +0200] "GET /shops/31302443461921 HTTP/1.1" 404 1271 fincaslaucirica.com "-" "Mozilla/5.0 (compatible; AhrefsBot/7.0; +http://ahrefs.com/robot/)" "-"
74.7.227.0 - - [01/Aug/2026:04:15:26 +0200] "GET /?lokasie=/bin/mispipe&loknya=/bin HTTP/1.1" 200 3937 fincaslaucirica.com "https://fincaslaucirica.com/?loknya=/bin" "Mozilla/5.0 AppleWebKit/537.36 (KHTML, like Gecko; compatible; GPTBot/1.4; +https://openai.com/gptbot)" "-"
51.68.247.0 - - [01/Aug/2026:04:15:30 +0200] "GET /shops/df658812712569 HTTP/1.1" 404 1271 fincaslaucirica.com "-" "Mozilla/5.0 (compatible; AhrefsBot/7.0; +http://ahrefs.com/robot/)" "-"
74.7.242.0 - - [01/Aug/2026:04:15:31 +0200] "GET /?lokasie=/usr/bin/gawk&loknya=/usr/bin HTTP/1.1" 200 3973 fincaslaucirica.es "http://fincaslaucirica.es/?loknya=/usr/bin" "Mozilla/5.0 AppleWebKit/537.36 (KHTML, like Gecko; compatible; GPTBot/1.4; +https://openai.com/gptbot)" "-"
37.59.204.0 - - [01/Aug/2026:04:15:35 +0200] "GET /shops/5f4321e2273558 HTTP/1.1" 404 1271 fincaslaucirica.com "-" "Mozilla/5.0 (compatible; AhrefsBot/7.0; +http://ahrefs.com/robot/)" "-"
74.7.227.0 - - [01/Aug/2026:04:15:40 +0200] "GET /?lokasie=/bin/mcookie&loknya=/bin HTTP/1.1" 200 3937 fincaslaucirica.com "https://fincaslaucirica.com/?loknya=/bin" "Mozilla/5.0 AppleWebKit/537.36 (KHTML, like Gecko; compatible; GPTBot/1.4; +https://openai.com/gptbot)" "-"
94.23.188.0 - - [01/Aug/2026:04:15:41 +0200] "GET /shops/3127a863920949 HTTP/1.1" 404 1271 fincaslaucirica.com "-" "Mozilla/5.0 (compatible; AhrefsBot/7.0; +http://ahrefs.com/robot/)" "-"
74.7.242.0 - - [01/Aug/2026:04:15:49 +0200] "GET /?lokasie=/usr/bin/paste&loknya=/usr/bin HTTP/1.1" 200 3974 fincaslaucirica.es "http://fincaslaucirica.es/?loknya=/usr/bin" "Mozilla/5.0 AppleWebKit/537.36 (KHTML, like Gecko; compatible; GPTBot/1.4; +https://openai.com/gptbot)" "-"
92.222.104.0 - - [01/Aug/2026:04:15:52 +0200] "GET /shops/8c604cf3219905 HTTP/1.1" 404 1271 fincaslaucirica.com "-" "Mozilla/5.0 (compatible; AhrefsBot/7.0; +http://ahrefs.com/robot/)" "-"
43.153.71.0 - - [01/Aug/2026:04:15:52 +0200] "GET /?lokasie=/homepages/18/d758482352/htaccesslist&loknya=/homepages/18/d758482352 HTTP/1.1" 200 4072 www.fincaslaucirica.com "-" "Mozilla/5.0 (iPhone; CPU iPhone OS 13_2_3 like Mac OS X) AppleWebKit/605.1.15 (KHTML, like Gecko) Version/13.0.3 Mobile/15E148 Safari/604.1" "-"
74.7.227.0 - - [01/Aug/2026:04:15:53 +0200] "GET /?lokasie=/bin/svnfsfs&loknya=/bin HTTP/1.1" 200 3937 fincaslaucirica.com "https://fincaslaucirica.com/?loknya=/bin" "Mozilla/5.0 AppleWebKit/537.36 (KHTML, like Gecko; compatible; GPTBot/1.4; +https://openai.com/gptbot)" "-"
74.7.227.0 - - [01/Aug/2026:04:15:54 +0200] "GET /index.php?loknya=/proc/thread-self/root/proc/thread-self/root/proc/thread-self/root/proc/self/root/proc/self/root/proc/thread-self/root/proc/thread-self/root/kunden/kunden/proc/thread-self/root/usr/include/linux/can HTTP/1.1" 200 25692 www.fincaslaucirica.com "https://www.fincaslaucirica.com/index.php?loknya=/proc/thread-self/root/proc/thread-self/root/proc/thread-self/root/proc/self/root/proc/self/root/proc/thread-self/root/proc/thread-self/root/kunden/kunden/proc/thread-self/root/usr/include/linux" "Mozilla/5.0 AppleWebKit/537.36 (KHTML, like Gecko; compatible; GPTBot/1.4; +https://openai.com/gptbot)" "-"
37.59.204.0 - - [01/Aug/2026:04:16:00 +0200] "GET /shops/11ef830227961 HTTP/1.1" 404 1271 fincaslaucirica.com "-" "Mozilla/5.0 (compatible; AhrefsBot/7.0; +http://ahrefs.com/robot/)" "-"
74.7.227.0 - - [01/Aug/2026:04:16:04 +0200] "GET /?lokasie=/bin/aclocal&loknya=/bin HTTP/1.1" 200 41103 fincaslaucirica.com "https://fincaslaucirica.com/?loknya=/bin" "Mozilla/5.0 AppleWebKit/537.36 (KHTML, like Gecko; compatible; GPTBot/1.4; +https://openai.com/gptbot)" "-"
74.7.242.0 - - [01/Aug/2026:04:16:05 +0200] "GET /?lokasie=/usr/bin/gold&loknya=/usr/bin HTTP/1.1" 200 3973 fincaslaucirica.es "http://fincaslaucirica.es/?loknya=/usr/bin" "Mozilla/5.0 AppleWebKit/537.36 (KHTML, like Gecko; compatible; GPTBot/1.4; +https://openai.com/gptbot)" "-"
94.23.188.0 - - [01/Aug/2026:04:16:08 +0200] "GET /shops/0698e0a2431379 HTTP/1.1" 404 1271 fincaslaucirica.com "-" "Mozilla/5.0 (compatible; AhrefsBot/7.0; +http://ahrefs.com/robot/)" "-"
74.7.227.0 - - [01/Aug/2026:04:16:15 +0200] "GET /?lokasie=/bin/openssl&loknya=/bin HTTP/1.1" 200 3937 fincaslaucirica.com "http://fincaslaucirica.com/?loknya=/bin" "Mozilla/5.0 AppleWebKit/537.36 (KHTML, like Gecko; compatible; GPTBot/1.4; +https://openai.com/gptbot)" "-"
74.7.242.0 - - [01/Aug/2026:04:16:19 +0200] "GET /?lokasie=/usr/bin/sdiff&loknya=/usr/bin HTTP/1.1" 200 3974 fincaslaucirica.es "http://fincaslaucirica.es/?loknya=/usr/bin" "Mozilla/5.0 AppleWebKit/537.36 (KHTML, like Gecko; compatible; GPTBot/1.4; +https://openai.com/gptbot)" "-"
54.37.118.0 - - [01/Aug/2026:04:16:21 +0200] "GET /shops/f5cf8352540220 HTTP/1.1" 429 267 fincaslaucirica.com "-" "Mozilla/5.0 (compatible; AhrefsBot/7.0; +http://ahrefs.com/robot/)" "-"
2a03:2880:f800:: - - [01/Aug/2026:04:16:24 +0200] "GET /shops/9a3e3681162626 HTTP/1.1" 404 1271 www.fincaslaucirica.com "-" "Mozilla/5.0 (Windows NT 10.0; Win64; x64) AppleWebKit/537.36 (KHTML, like Gecko) Chrome/145.0.0.0 Safari/537.36 (compatible; meta-externalagent/1.1 (+https://developers.facebook.com/docs/sharing/webmasters/crawler))" "-"
74.7.227.0 - - [01/Aug/2026:04:16:24 +0200] "GET /?lokasie=/bin/logname&loknya=/bin HTTP/1.1" 200 3937 fincaslaucirica.com "http://fincaslaucirica.com/?loknya=/bin" "Mozilla/5.0 AppleWebKit/537.36 (KHTML, like Gecko; compatible; GPTBot/1.4; +https://openai.com/gptbot)" "-"
74.7.242.0 - - [01/Aug/2026:04:16:32 +0200] "GET /?lokasie=/usr/bin/ctest&loknya=/usr/bin HTTP/1.1" 200 3974 fincaslaucirica.es "http://fincaslaucirica.es/?loknya=/usr/bin" "Mozilla/5.0 AppleWebKit/537.36 (KHTML, like Gecko; compatible; GPTBot/1.4; +https://openai.com/gptbot)" "-"
74.7.227.0 - - [01/Aug/2026:04:16:33 +0200] "GET /index.php?lokasie=/usr/lib/locale/ja_JP.eucjp//LC_MONETARY&loknya=/usr/lib/locale/ja_JP.eucjp/ HTTP/1.1" 200 4107 fincaslaucirica.com "http://fincaslaucirica.com/index.php?loknya=/usr/lib/locale/ja_JP.eucjp/" "Mozilla/5.0 AppleWebKit/537.36 (KHTML, like Gecko; compatible; GPTBot/1.4; +https://openai.com/gptbot)" "-"
37.59.204.0 - - [01/Aug/2026:04:16:34 +0200] "GET /shops/73379352941626 HTTP/1.1" 429 267 fincaslaucirica.com "-" "Mozilla/5.0 (compatible; AhrefsBot/7.0; +http://ahrefs.com/robot/)" "-"
74.7.227.0 - - [01/Aug/2026:04:16:37 +0200] "GET /index.php?loknya=/proc/thread-self/root/proc/thread-self/root/proc/thread-self/root/proc/self/root/proc/self/root/proc/thread-self/root/proc/thread-self/root/kunden/proc/self/root/usr/include/linux/usb HTTP/1.1" 200 36769 www.fincaslaucirica.com "https://www.fincaslaucirica.com/index.php?loknya=/proc/thread-self/root/proc/thread-self/root/proc/thread-self/root/proc/self/root/proc/self/root/proc/thread-self/root/proc/thread-self/root/kunden/proc/self/root/usr/include/linux" "Mozilla/5.0 AppleWebKit/537.36 (KHTML, like Gecko; compatible; GPTBot/1.4; +https://openai.com/gptbot)" "-"
74.7.227.0 - - [01/Aug/2026:04:16:41 +0200] "GET /?lokasie=/bin/mispipe&loknya=/bin HTTP/1.1" 429 267 fincaslaucirica.com "http://fincaslaucirica.com/?loknya=/bin" "Mozilla/5.0 AppleWebKit/537.36 (KHTML, like Gecko; compatible; GPTBot/1.4; +https://openai.com/gptbot)" "-"
74.7.242.0 - - [01/Aug/2026:04:16:44 +0200] "GET /?lokasie=/usr/bin/etags&loknya=/usr/bin HTTP/1.1" 200 3974 fincaslaucirica.es "http://fincaslaucirica.es/?loknya=/usr/bin" "Mozilla/5.0 AppleWebKit/537.36 (KHTML, like Gecko; compatible; GPTBot/1.4; +https://openai.com/gptbot)" "-"
74.7.227.0 - - [01/Aug/2026:04:16:48 +0200] "GET /?lokasie=/bin/sshpass&loknya=/bin HTTP/1.1" 429 267 fincaslaucirica.com "http://fincaslaucirica.com/?loknya=/bin" "Mozilla/5.0 AppleWebKit/537.36 (KHTML, like Gecko; compatible; GPTBot/1.4; +https://openai.com/gptbot)" "-"
94.23.188.0 - - [01/Aug/2026:04:16:48 +0200] "GET /shops/44d85641667687 HTTP/1.1" 429 267 fincaslaucirica.com "-" "Mozilla/5.0 (compatible; AhrefsBot/7.0; +http://ahrefs.com/robot/)" "-"
74.7.242.0 - - [01/Aug/2026:04:16:54 +0200] "GET /?lokasie=/usr/bin/mount&loknya=/usr/bin HTTP/1.1" 200 3974 fincaslaucirica.es "http://fincaslaucirica.es/?loknya=/usr/bin" "Mozilla/5.0 AppleWebKit/537.36 (KHTML, like Gecko; compatible; GPTBot/1.4; +https://openai.com/gptbot)" "-"
74.7.242.0 - - [01/Aug/2026:04:17:04 +0200] "GET /?lokasie=/usr/bin/pidof&loknya=/usr/bin HTTP/1.1" 200 3974 fincaslaucirica.es "http://fincaslaucirica.es/?loknya=/usr/bin" "Mozilla/5.0 AppleWebKit/537.36 (KHTML, like Gecko; compatible; GPTBot/1.4; +https://openai.com/gptbot)" "-"
74.7.227.0 - - [01/Aug/2026:04:17:08 +0200] "GET /?lokasie=/bin/ifnames&loknya=/bin HTTP/1.1" 429 267 fincaslaucirica.com "http://fincaslaucirica.com/?loknya=/bin" "Mozilla/5.0 AppleWebKit/537.36 (KHTML, like Gecko; compatible; GPTBot/1.4; +https://openai.com/gptbot)" "-"
74.7.242.0 - - [01/Aug/2026:04:17:12 +0200] "GET /?lokasie=/usr/bin/egrep&loknya=/usr/bin HTTP/1.1" 200 4012 fincaslaucirica.es "http://fincaslaucirica.es/?loknya=/usr/bin" "Mozilla/5.0 AppleWebKit/537.36 (KHTML, like Gecko; compatible; GPTBot/1.4; +https://openai.com/gptbot)" "-"
74.7.227.0 - - [01/Aug/2026:04:17:12 +0200] "GET /index.php?loknya=/proc/thread-self/root/proc/thread-self/root/proc/thread-self/root/proc/self/root/proc/self/root/proc/thread-self/root/proc/thread-self/root/kunden/kunden/proc/self/root/kunden/usr/include/linux/byteorder HTTP/1.1" 200 13914 www.fincaslaucirica.com "https://www.fincaslaucirica.com/index.php?loknya=/proc/thread-self/root/proc/thread-self/root/proc/thread-self/root/proc/self/root/proc/self/root/proc/thread-self/root/proc/thread-self/root/kunden/kunden/proc/self/root/kunden/usr/include/linux" "Mozilla/5.0 AppleWebKit/537.36 (KHTML, like Gecko; compatible; GPTBot/1.4; +https://openai.com/gptbot)" "-"
170.106.148.0 - - [01/Aug/2026:04:17:15 +0200] "GET / HTTP/1.1" 200 57759 www.fincaslaucirica.com "-" "Mozilla/5.0 (iPhone; CPU iPhone OS 13_2_3 like Mac OS X) AppleWebKit/605.1.15 (KHTML, like Gecko) Version/13.0.3 Mobile/15E148 Safari/604.1" "-"
92.222.108.0 - - [01/Aug/2026:04:17:16 +0200] "GET /shops/222268b1043625 HTTP/1.1" 429 267 fincaslaucirica.com "-" "Mozilla/5.0 (compatible; AhrefsBot/7.0; +http://ahrefs.com/robot/)" "-"
74.7.242.0 - - [01/Aug/2026:04:17:20 +0200] "GET /?lokasie=/usr/bin/date&loknya=/usr/bin HTTP/1.1" 429 267 fincaslaucirica.es "http://fincaslaucirica.es/?loknya=/usr/bin" "Mozilla/5.0 AppleWebKit/537.36 (KHTML, like Gecko; compatible; GPTBot/1.4; +https://openai.com/gptbot)" "-"
74.7.242.0 - - [01/Aug/2026:04:17:26 +0200] "GET /?lokasie=/usr/bin/split&loknya=/usr/bin HTTP/1.1" 429 267 fincaslaucirica.es "http://fincaslaucirica.es/?loknya=/usr/bin" "Mozilla/5.0 AppleWebKit/537.36 (KHTML, like Gecko; compatible; GPTBot/1.4; +https://openai.com/gptbot)" "-"
2a03:2880:f800:: - - [01/Aug/2026:04:17:31 +0200] "GET /shops/24b90262783710 HTTP/1.1" 404 1271 www.fincaslaucirica.com "-" "Mozilla/5.0 (Windows NT 10.0; Win64; x64) AppleWebKit/537.36 (KHTML, like Gecko) Chrome/145.0.0.0 Safari/537.36 (compatible; meta-externalagent/1.1 (+https://developers.facebook.com/docs/sharing/webmasters/crawler))" "-"
49.51.243.0 - - [01/Aug/2026:04:17:38 +0200] "GET /index.php?loknya=/homepages/21/d765200582 HTTP/1.1" 200 19559 fincaslaucirica.es "-" "Mozilla/5.0 (iPhone; CPU iPhone OS 13_2_3 like Mac OS X) AppleWebKit/605.1.15 (KHTML, like Gecko) Version/13.0.3 Mobile/15E148 Safari/604.1" "-"
74.7.227.0 - - [01/Aug/2026:04:17:45 +0200] "GET /index.php?loknya=/proc/thread-self/root/proc/thread-self/root/proc/thread-self/root/proc/self/root/proc/self/root/proc/thread-self/root/proc/thread-self/root/kunden/kunden/kunden/usr/lib/terminfo/c HTTP/1.1" 200 14909 www.fincaslaucirica.com "https://www.fincaslaucirica.com/index.php?loknya=/proc/thread-self/root/proc/thread-self/root/proc/thread-self/root/proc/self/root/proc/self/root/proc/thread-self/root/proc/thread-self/root/kunden/kunden/kunden/usr/lib/terminfo" "Mozilla/5.0 AppleWebKit/537.36 (KHTML, like Gecko; compatible; GPTBot/1.4; +https://openai.com/gptbot)" "-"
74.7.242.0 - - [01/Aug/2026:04:17:47 +0200] "GET /?lokasie=/usr/bin/mdig&loknya=/usr/bin HTTP/1.1" 429 267 fincaslaucirica.es "http://fincaslaucirica.es/?loknya=/usr/bin" "Mozilla/5.0 AppleWebKit/537.36 (KHTML, like Gecko; compatible; GPTBot/1.4; +https://openai.com/gptbot)" "-"
51.68.247.0 - - [01/Aug/2026:04:18:03 +0200] "GET /shops/1b64d6e651621 HTTP/1.1" 404 1271 fincaslaucirica.com "-" "Mozilla/5.0 (compatible; AhrefsBot/7.0; +http://ahrefs.com/robot/)" "-"
74.7.227.0 - - [01/Aug/2026:04:18:11 +0200] "GET /?lokasie=/bin/faillog&loknya=/bin HTTP/1.1" 200 3937 fincaslaucirica.com "https://fincaslaucirica.com/?loknya=/bin" "Mozilla/5.0 AppleWebKit/537.36 (KHTML, like Gecko; compatible; GPTBot/1.4; +https://openai.com/gptbot)" "-"
74.7.227.0 - - [01/Aug/2026:04:18:16 +0200] "GET /index.php?loknya=/proc/thread-self/root/proc/thread-self/root/proc/thread-self/root/proc/self/root/proc/self/root/proc/thread-self/root/proc/thread-self/root/kunden/kunden/kunden/usr/lib/terminfo/x HTTP/1.1" 200 26664 www.fincaslaucirica.com "https://www.fincaslaucirica.com/index.php?loknya=/proc/thread-self/root/proc/thread-self/root/proc/thread-self/root/proc/self/root/proc/self/root/proc/thread-self/root/proc/thread-self/root/kunden/kunden/kunden/usr/lib/terminfo" "Mozilla/5.0 AppleWebKit/537.36 (KHTML, like Gecko; compatible; GPTBot/1.4; +https://openai.com/gptbot)" "-"
2a03:2880:f800:: - - [01/Aug/2026:04:18:37 +0200] "GET /shops/b76a9a9772038 HTTP/1.1" 404 1271 www.fincaslaucirica.com "-" "Mozilla/5.0 (Windows NT 10.0; Win64; x64) AppleWebKit/537.36 (KHTML, like Gecko) Chrome/145.0.0.0 Safari/537.36 (compatible; meta-externalagent/1.1 (+https://developers.facebook.com/docs/sharing/webmasters/crawler))" "-"
74.7.227.0 - - [01/Aug/2026:04:18:42 +0200] "GET /index.php?loknya=/proc/thread-self/root/proc/thread-self/root/proc/thread-self/root/proc/self/root/proc/self/root/proc/thread-self/root/proc/thread-self/root/kunden/proc/self/root/kunden/var/lib/aptitude HTTP/1.1" 200 9251 www.fincaslaucirica.com "https://www.fincaslaucirica.com/index.php?loknya=/proc/thread-self/root/proc/thread-self/root/proc/thread-self/root/proc/self/root/proc/self/root/proc/thread-self/root/proc/thread-self/root/kunden/proc/self/root/kunden/var/lib" "Mozilla/5.0 AppleWebKit/537.36 (KHTML, like Gecko; compatible; GPTBot/1.4; +https://openai.com/gptbot)" "-"
74.7.242.0 - - [01/Aug/2026:04:18:52 +0200] "GET /?lokasie=/usr/bin/colrm&loknya=/usr/bin HTTP/1.1" 200 3974 fincaslaucirica.es "http://fincaslaucirica.es/?loknya=/usr/bin" "Mozilla/5.0 AppleWebKit/537.36 (KHTML, like Gecko; compatible; GPTBot/1.4; +https://openai.com/gptbot)" "-"
74.7.227.0 - - [01/Aug/2026:04:19:05 +0200] "GET /index.php?loknya=/proc/thread-self/root/proc/thread-self/root/proc/thread-self/root/proc/self/root/proc/self/root/proc/thread-self/root/proc/thread-self/root/kunden/proc/self/root/usr/lib/cgi-bin HTTP/1.1" 200 26450 www.fincaslaucirica.com "https://www.fincaslaucirica.com/index.php?loknya=/proc/thread-self/root/proc/thread-self/root/proc/thread-self/root/proc/self/root/proc/self/root/proc/thread-self/root/proc/thread-self/root/kunden/proc/self/root/usr/lib" "Mozilla/5.0 AppleWebKit/537.36 (KHTML, like Gecko; compatible; GPTBot/1.4; +https://openai.com/gptbot)" "-"
74.7.227.0 - - [01/Aug/2026:04:19:14 +0200] "GET /?lokasie=/bin/svnlook&loknya=/bin HTTP/1.1" 200 3937 fincaslaucirica.com "http://fincaslaucirica.com/?loknya=/bin" "Mozilla/5.0 AppleWebKit/537.36 (KHTML, like Gecko; compatible; GPTBot/1.4; +https://openai.com/gptbot)" "-"
216.234.213.0 - - [01/Aug/2026:04:19:21 +0200] "GET /?lokasie=%2Fproc%2Fdiskstats&loknya=%2Fproc HTTP/1.1" 200 7329 www.fincaslaucirica.com "https://www.fincaslaucirica.com" "Mozilla/5.0 (Windows NT 10.0; Win64; x64) AppleWebKit/537.36 (KHTML, like Gecko) Chrome/142.0.0.0 Safari/537.36" "-"
74.7.227.0 - - [01/Aug/2026:04:19:28 +0200] "GET /index.php?loknya=/proc/thread-self/root/proc/thread-self/root/proc/thread-self/root/proc/self/root/proc/self/root/proc/thread-self/root/proc/thread-self/root/kunden/proc/self/root/kunden/kunden/etc/mysql HTTP/1.1" 200 18334 www.fincaslaucirica.com "https://www.fincaslaucirica.com/index.php?loknya=/proc/thread-self/root/proc/thread-self/root/proc/thread-self/root/proc/self/root/proc/self/root/proc/thread-self/root/proc/thread-self/root/kunden/proc/self/root/kunden/kunden/etc" "Mozilla/5.0 AppleWebKit/537.36 (KHTML, like Gecko; compatible; GPTBot/1.4; +https://openai.com/gptbot)" "-"
2a03:2880:f800:: - - [01/Aug/2026:04:19:45 +0200] "GET /shops/e8743831080574 HTTP/1.1" 404 1271 www.fincaslaucirica.com "-" "Mozilla/5.0 (Windows NT 10.0; Win64; x64) AppleWebKit/537.36 (KHTML, like Gecko) Chrome/145.0.0.0 Safari/537.36 (compatible; meta-externalagent/1.1 (+https://developers.facebook.com/docs/sharing/webmasters/crawler))" "-"
74.7.227.0 - - [01/Aug/2026:04:19:49 +0200] "GET /index.php?loknya=/proc/thread-self/root/proc/thread-self/root/proc/thread-self/root/proc/self/root/proc/self/root/proc/thread-self/root/proc/thread-self/root/kunden/proc/self/root/kunden/etc/ghostscript/fontmap.d HTTP/1.1" 200 11340 www.fincaslaucirica.com "https://www.fincaslaucirica.com/index.php?loknya=/proc/thread-self/root/proc/thread-self/root/proc/thread-self/root/proc/self/root/proc/self/root/proc/thread-self/root/proc/thread-self/root/kunden/proc/self/root/kunden/etc/ghostscript" "Mozilla/5.0 AppleWebKit/537.36 (KHTML, like Gecko; compatible; GPTBot/1.4; +https://openai.com/gptbot)" "-"
74.7.242.0 - - [01/Aug/2026:04:19:52 +0200] "GET /?lokasie=/usr/bin/quota&loknya=/usr/bin HTTP/1.1" 200 3974 fincaslaucirica.es "http://fincaslaucirica.es/?loknya=/usr/bin" "Mozilla/5.0 AppleWebKit/537.36 (KHTML, like Gecko; compatible; GPTBot/1.4; +https://openai.com/gptbot)" "-"
74.7.230.0 - - [01/Aug/2026:04:19:53 +0200] "GET /robots.txt HTTP/1.1" 200 404 fincaslaucirica.es "-" "Mozilla/5.0 (Macintosh; Intel Mac OS X 10_15_7) AppleWebKit/537.36 (KHTML, like Gecko) Chrome/131.0.0.0 Safari/537.36; compatible; OAI-SearchBot/1.4; robots.txt; +https://openai.com/searchbot" "-"
176.31.139.0 - - [01/Aug/2026:04:19:57 +0200] "GET /shops/0d70e37461165 HTTP/1.1" 404 1271 fincaslaucirica.com "-" "Mozilla/5.0 (compatible; AhrefsBot/7.0; +http://ahrefs.com/robot/)" "-"
74.7.227.0 - - [01/Aug/2026:04:20:06 +0200] "GET /index.php?loknya=/proc/thread-self/root/proc/thread-self/root/proc/thread-self/root/proc/self/root/proc/self/root/proc/thread-self/root/proc/thread-self/root/kunden/kunden/proc/thread-self/root/usr/include/linux/hdlc HTTP/1.1" 200 11595 www.fincaslaucirica.com "https://www.fincaslaucirica.com/index.php?loknya=/proc/thread-self/root/proc/thread-self/root/proc/thread-self/root/proc/self/root/proc/self/root/proc/thread-self/root/proc/thread-self/root/kunden/kunden/proc/thread-self/root/usr/include/linux" "Mozilla/5.0 AppleWebKit/537.36 (KHTML, like Gecko; compatible; GPTBot/1.4; +https://openai.com/gptbot)" "-"
74.7.227.0 - - [01/Aug/2026:04:20:09 +0200] "GET /?lokasie=/bin/sshpass&loknya=/bin HTTP/1.1" 200 3937 fincaslaucirica.com "https://fincaslaucirica.com/?loknya=/bin" "Mozilla/5.0 AppleWebKit/537.36 (KHTML, like Gecko; compatible; GPTBot/1.4; +https://openai.com/gptbot)" "-"
74.7.227.0 - - [01/Aug/2026:04:20:22 +0200] "GET /index.php?loknya=/proc/thread-self/root/proc/thread-self/root/proc/thread-self/root/proc/self/root/proc/self/root/proc/thread-self/root/proc/thread-self/root/kunden/kunden/proc/thread-self/root/var/lib/ghostscript HTTP/1.1" 200 12463 www.fincaslaucirica.com "https://www.fincaslaucirica.com/index.php?loknya=/proc/thread-self/root/proc/thread-self/root/proc/thread-self/root/proc/self/root/proc/self/root/proc/thread-self/root/proc/thread-self/root/kunden/kunden/proc/thread-self/root/var/lib" "Mozilla/5.0 AppleWebKit/537.36 (KHTML, like Gecko; compatible; GPTBot/1.4; +https://openai.com/gptbot)" "-"
74.7.227.0 - - [01/Aug/2026:04:20:36 +0200] "GET /index.php?lokasie=/proc/thread-self/root/proc/thread-self/root/proc/thread-self/root/proc/self/root/proc/self/root/proc/thread-self/root/proc/thread-self/root/kunden/kunden/proc/thread-self/root/usr/include/linux/can/netlink.h&loknya=/proc/thread-self/root/proc/thread-self/root/proc/thread-self/root/proc/self/root/proc/self/root/proc/thread-self/root/proc/thread-self/root/kunden/kunden/proc/thread-self/root/usr/include/linux/can HTTP/1.1" 200 12154 www.fincaslaucirica.com "https://www.fincaslaucirica.com/index.php?loknya=/proc/thread-self/root/proc/thread-self/root/proc/thread-self/root/proc/self/root/proc/self/root/proc/thread-self/root/proc/thread-self/root/kunden/kunden/proc/thread-self/root/usr/include/linux/can" "Mozilla/5.0 AppleWebKit/537.36 (KHTML, like Gecko; compatible; GPTBot/1.4; +https://openai.com/gptbot)" "-"
74.7.242.0 - - [01/Aug/2026:04:20:49 +0200] "GET /?lokasie=/usr/bin/gslp&loknya=/usr/bin HTTP/1.1" 200 4403 fincaslaucirica.es "http://fincaslaucirica.es/?loknya=/usr/bin" "Mozilla/5.0 AppleWebKit/537.36 (KHTML, like Gecko; compatible; GPTBot/1.4; +https://openai.com/gptbot)" "-"
74.7.227.0 - - [01/Aug/2026:04:20:50 +0200] "GET /index.php?lokasie=/proc/thread-self/root/proc/thread-self/root/proc/thread-self/root/proc/self/root/proc/self/root/proc/thread-self/root/proc/thread-self/root/kunden/kunden/proc/thread-self/root/usr/include/linux/can/isotp.h&loknya=/proc/thread-self/root/proc/thread-self/root/proc/thread-self/root/proc/self/root/proc/self/root/proc/thread-self/root/proc/thread-self/root/kunden/kunden/proc/thread-self/root/usr/include/linux/can HTTP/1.1" 200 15590 www.fincaslaucirica.com "https://www.fincaslaucirica.com/index.php?loknya=/proc/thread-self/root/proc/thread-self/root/proc/thread-self/root/proc/self/root/proc/self/root/proc/thread-self/root/proc/thread-self/root/kunden/kunden/proc/thread-self/root/usr/include/linux/can" "Mozilla/5.0 AppleWebKit/537.36 (KHTML, like Gecko; compatible; GPTBot/1.4; +https://openai.com/gptbot)" "-"
2a03:2880:f800:: - - [01/Aug/2026:04:20:50 +0200] "GET /shops/4351af83722208 HTTP/1.1" 404 1271 www.fincaslaucirica.com "-" "Mozilla/5.0 (Windows NT 10.0; Win64; x64) AppleWebKit/537.36 (KHTML, like Gecko) Chrome/145.0.0.0 Safari/537.36 (compatible; meta-externalagent/1.1 (+https://developers.facebook.com/docs/sharing/webmasters/crawler))" "-"
74.7.227.0 - - [01/Aug/2026:04:21:01 +0200] "GET /index.php?loknya=/proc/thread-self/root/proc/thread-self/root/proc/thread-self/root/proc/self/root/proc/self/root/proc/thread-self/root/proc/thread-self/root/kunden/proc/self/root/kunden/var/lib/dictionaries-common HTTP/1.1" 200 10869 www.fincaslaucirica.com "https://www.fincaslaucirica.com/index.php?loknya=/proc/thread-self/root/proc/thread-self/root/proc/thread-self/root/proc/self/root/proc/self/root/proc/thread-self/root/proc/thread-self/root/kunden/proc/self/root/kunden/var/lib" "Mozilla/5.0 AppleWebKit/537.36 (KHTML, like Gecko; compatible; GPTBot/1.4; +https://openai.com/gptbot)" "-"
74.7.227.0 - - [01/Aug/2026:04:21:02 +0200] "GET /?lokasie=/bin/display&loknya=/bin HTTP/1.1" 200 3937 fincaslaucirica.com "http://fincaslaucirica.com/?loknya=/bin" "Mozilla/5.0 AppleWebKit/537.36 (KHTML, like Gecko; compatible; GPTBot/1.4; +https://openai.com/gptbot)" "-"
74.7.227.0 - - [01/Aug/2026:04:21:11 +0200] "GET /index.php?loknya=/pro/thread-self/root/pro/thread-self/root/pro/thread-self/root/pro/self/root/pro/self/root/pro/thread-self/root/pro/thread-self/root/kunden/kunden/kunden/usr/lib/terminfo/ HTTP/1.1" 200 8695 www.fincaslaucirica.com "https://www.fincaslaucirica.com/index.php?loknya=/proc/thread-self/root/proc/thread-self/root/proc/thread-self/root/proc/self/root/proc/self/root/proc/thread-self/root/proc/thread-self/root/kunden/kunden/kunden/usr/lib/terminfo/c" "Mozilla/5.0 AppleWebKit/537.36 (KHTML, like Gecko; compatible; GPTBot/1.4; +https://openai.com/gptbot)" "-"
74.7.227.0 - - [01/Aug/2026:04:21:21 +0200] "GET /index.php?loknya=/proc/thread-self/root/proc/thread-self/root/proc/thread-self/root/proc/self/root/proc/self/root/proc/thread-self/root/proc/thread-self/root/kunden/kunden/proc/sys/mars/traffic_tuning HTTP/1.1" 200 46166 www.fincaslaucirica.com "https://www.fincaslaucirica.com/index.php?loknya=/proc/thread-self/root/proc/thread-self/root/proc/thread-self/root/proc/self/root/proc/self/root/proc/thread-self/root/proc/thread-self/root/kunden/kunden/proc/sys/mars" "Mozilla/5.0 AppleWebKit/537.36 (KHTML, like Gecko; compatible; GPTBot/1.4; +https://openai.com/gptbot)" "-"
74.7.227.0 - - [01/Aug/2026:04:21:30 +0200] "GET /index.php?loknya=/proc/thread-self/root/proc/thread-self/root/proc/thread-self/root/proc/self/root/proc/self/root/proc/thread-self/root/proc/thread-self/root/kunden/kunden/proc/self/root/kunden/usr/include/linux/caif HTTP/1.1" 200 13834 www.fincaslaucirica.com "https://www.fincaslaucirica.com/index.php?loknya=/proc/thread-self/root/proc/thread-self/root/proc/thread-self/root/proc/self/root/proc/self/root/proc/thread-self/root/proc/thread-self/root/kunden/kunden/proc/self/root/kunden/usr/include/linux" "Mozilla/5.0 AppleWebKit/537.36 (KHTML, like Gecko; compatible; GPTBot/1.4; +https://openai.com/gptbot)" "-"
37.59.204.0 - - [01/Aug/2026:04:21:35 +0200] "GET /shops/424b2502371556 HTTP/1.1" 404 1271 fincaslaucirica.com "-" "Mozilla/5.0 (compatible; AhrefsBot/7.0; +http://ahrefs.com/robot/)" "-"
74.7.227.0 - - [01/Aug/2026:04:21:38 +0200] "GET /index.php?lokasie=/proc/thread-self/root/proc/thread-self/root/proc/thread-self/root/proc/self/root/proc/self/root/proc/thread-self/root/proc/thread-self/root/kunden/proc/self/root/usr/lib/cgi-bin/redirect&loknya=/proc/thread-self/root/proc/thread-self/root/proc/thread-self/root/proc/self/root/proc/self/root/proc/thread-self/root/proc/thread-self/root/kunden/proc/self/root/usr/lib/cgi-bin HTTP/1.1" 429 267 www.fincaslaucirica.com "https://www.fincaslaucirica.com/index.php?loknya=/proc/thread-self/root/proc/thread-self/root/proc/thread-self/root/proc/self/root/proc/self/root/proc/thread-self/root/proc/thread-self/root/kunden/proc/self/root/usr/lib/cgi-bin" "Mozilla/5.0 AppleWebKit/537.36 (KHTML, like Gecko; compatible; GPTBot/1.4; +https://openai.com/gptbot)" "-"
74.7.242.0 - - [01/Aug/2026:04:21:40 +0200] "GET /?lokasie=/usr/bin/pecl&loknya=/usr/bin HTTP/1.1" 200 4852 fincaslaucirica.es "http://fincaslaucirica.es/?loknya=/usr/bin" "Mozilla/5.0 AppleWebKit/537.36 (KHTML, like Gecko; compatible; GPTBot/1.4; +https://openai.com/gptbot)" "-"
74.7.227.0 - - [01/Aug/2026:04:21:44 +0200] "GET /index.php?lokasie=/proc/thread-self/root/proc/thread-self/root/proc/thread-self/root/proc/self/root/proc/self/root/proc/thread-self/root/proc/thread-self/root/kunden/proc/self/root/usr/lib/cgi-bin/redirect.cgi&loknya=/proc/thread-self/root/proc/thread-self/root/proc/thread-self/root/proc/self/root/proc/self/root/proc/thread-self/root/proc/thread-self/root/kunden/proc/self/root/usr/lib/cgi-bin HTTP/1.1" 429 267 www.fincaslaucirica.com "https://www.fincaslaucirica.com/index.php?loknya=/proc/thread-self/root/proc/thread-self/root/proc/thread-self/root/proc/self/root/proc/self/root/proc/thread-self/root/proc/thread-self/root/kunden/proc/self/root/usr/lib/cgi-bin" "Mozilla/5.0 AppleWebKit/537.36 (KHTML, like Gecko; compatible; GPTBot/1.4; +https://openai.com/gptbot)" "-"
74.7.227.0 - - [01/Aug/2026:04:21:49 +0200] "GET /?lokasie=/bin/taskset&loknya=/bin HTTP/1.1" 200 3937 fincaslaucirica.com "http://fincaslaucirica.com/?loknya=/bin" "Mozilla/5.0 AppleWebKit/537.36 (KHTML, like Gecko; compatible; GPTBot/1.4; +https://openai.com/gptbot)" "-"
2a03:2880:f800:: - - [01/Aug/2026:04:21:58 +0200] "GET /shops/1317d681326706 HTTP/1.1" 404 1271 www.fincaslaucirica.com "-" "Mozilla/5.0 (Windows NT 10.0; Win64; x64) AppleWebKit/537.36 (KHTML, like Gecko) Chrome/145.0.0.0 Safari/537.36 (compatible; meta-externalagent/1.1 (+https://developers.facebook.com/docs/sharing/webmasters/crawler))" "-"
144.76.19.0 - - [01/Aug/2026:04:22:01 +0200] "GET /shops/03f8a87546712?loknya=/ HTTP/1.1" 404 1271 www.fincaslaucirica.com "-" "Mozilla/5.0 (compatible; SERankingBacklinksBot/1.0; +https://seranking.com/backlinks-crawler)" "-"
204.12.208.0 - - [01/Aug/2026:04:22:02 +0200] "GET /wp-content/jscca98b/index.php HTTP/1.1" 403 15 fincaslaucirica.com "https://fincaslaucirica.com/wp-content/jscca98b/index.php" "Mozilla/5.0 (Macintosh; U; Intel Mac OS X 10_6_3; ja-jp) AppleWebKit/531.21.11 (KHTML, like Gecko) Version/4.0.4 Safari/531.21.10" "-"
74.7.227.0 - - [01/Aug/2026:04:22:05 +0200] "GET /index.php?loknya=/proc/thread-self/root/proc/thread-self/root/proc/thread-self/root/proc/self/root/proc/self/root/proc/thread-self/root/proc/thread-self/root/kunden/proc/self/root/kunden/kunden/etc/mysql/mariadb.conf.d HTTP/1.1" 429 267 www.fincaslaucirica.com "https://www.fincaslaucirica.com/index.php?loknya=/proc/thread-self/root/proc/thread-self/root/proc/thread-self/root/proc/self/root/proc/self/root/proc/thread-self/root/proc/thread-self/root/kunden/proc/self/root/kunden/kunden/etc/mysql" "Mozilla/5.0 AppleWebKit/537.36 (KHTML, like Gecko; compatible; GPTBot/1.4; +https://openai.com/gptbot)" "-"
204.12.208.0 - - [01/Aug/2026:04:22:07 +0200] "GET /wp-content/jscca98b/index.php HTTP/1.1" 403 15 fincaslaucirica.com "https://fincaslaucirica.com/wp-content/jscca98b/index.php" "Mozilla/4.0 (compatible; MSIE 8.0; Windows NT 5.1; Trident/4.0; .NET CLR 2.0.50727; InfoPath.1" "-"
204.12.208.0 - - [01/Aug/2026:04:22:10 +0200] "GET /wp-content/jscca98b/index.php HTTP/1.1" 403 15 fincaslaucirica.com "https://fincaslaucirica.com/wp-content/jscca98b/index.php" "Mozilla/5.0 (compatible; MSIE 10.0; Windows NT 6.2; WOW64; Trident/6.0)" "-"
74.7.242.0 - - [01/Aug/2026:04:22:25 +0200] "GET /?lokasie=/usr/bin/nohup&loknya=/usr/bin HTTP/1.1" 200 3974 fincaslaucirica.es "http://fincaslaucirica.es/?loknya=/usr/bin" "Mozilla/5.0 AppleWebKit/537.36 (KHTML, like Gecko; compatible; GPTBot/1.4; +https://openai.com/gptbot)" "-"
74.7.227.0 - - [01/Aug/2026:04:22:30 +0200] "GET /?lokasie=/bin/lesskey&loknya=/bin HTTP/1.1" 200 3937 fincaslaucirica.com "https://fincaslaucirica.com/?loknya=/bin" "Mozilla/5.0 AppleWebKit/537.36 (KHTML, like Gecko; compatible; GPTBot/1.4; +https://openai.com/gptbot)" "-"
2a03:2880:f800:: - - [01/Aug/2026:04:23:04 +0200] "GET /shops/077c2c3147736 HTTP/1.1" 404 1271 www.fincaslaucirica.com "-" "Mozilla/5.0 (Windows NT 10.0; Win64; x64) AppleWebKit/537.36 (KHTML, like Gecko) Chrome/145.0.0.0 Safari/537.36 (compatible; meta-externalagent/1.1 (+https://developers.facebook.com/docs/sharing/webmasters/crawler))" "-"
74.7.242.0 - - [01/Aug/2026:04:23:05 +0200] "GET /?lokasie=/usr/bin/ucfr&loknya=/usr/bin HTTP/1.1" 200 16629 fincaslaucirica.es "http://fincaslaucirica.es/?loknya=/usr/bin" "Mozilla/5.0 AppleWebKit/537.36 (KHTML, like Gecko; compatible; GPTBot/1.4; +https://openai.com/gptbot)" "-"
74.7.227.0 - - [01/Aug/2026:04:23:06 +0200] "GET /index.php?loknya=/proc/thread-self/root/proc/thread-self/root/proc/thread-self/root/proc/self/root/proc/self/root/proc/thread-self/root/proc/thread-self/root/kunden/kunden/kunden/kunden/usr/lib/ui-infong-disable-utils HTTP/1.1" 200 9122 www.fincaslaucirica.com "https://www.fincaslaucirica.com/index.php?loknya=/proc/thread-self/root/proc/thread-self/root/proc/thread-self/root/proc/self/root/proc/self/root/proc/thread-self/root/proc/thread-self/root/kunden/kunden/kunden/kunden/usr/lib" "Mozilla/5.0 AppleWebKit/537.36 (KHTML, like Gecko; compatible; GPTBot/1.4; +https://openai.com/gptbot)" "-"
74.7.227.0 - - [01/Aug/2026:04:23:08 +0200] "GET /?lokasie=/bin/taskset&loknya=/bin HTTP/1.1" 200 3937 fincaslaucirica.com "https://fincaslaucirica.com/?loknya=/bin" "Mozilla/5.0 AppleWebKit/537.36 (KHTML, like Gecko; compatible; GPTBot/1.4; +https://openai.com/gptbot)" "-"
51.75.236.0 - - [01/Aug/2026:04:23:08 +0200] "GET /shops/90b83fd314394 HTTP/1.1" 404 1271 fincaslaucirica.com "-" "Mozilla/5.0 (compatible; AhrefsBot/7.0; +http://ahrefs.com/robot/)" "-"
74.7.242.0 - - [01/Aug/2026:04:23:41 +0200] "GET /?lokasie=/usr/bin/geqn&loknya=/usr/bin HTTP/1.1" 200 3973 fincaslaucirica.es "http://fincaslaucirica.es/?loknya=/usr/bin" "Mozilla/5.0 AppleWebKit/537.36 (KHTML, like Gecko; compatible; GPTBot/1.4; +https://openai.com/gptbot)" "-"
74.7.227.0 - - [01/Aug/2026:04:23:43 +0200] "GET /?lokasie=/bin/pnginfo&loknya=/bin HTTP/1.1" 200 3937 fincaslaucirica.com "https://fincaslaucirica.com/?loknya=/bin" "Mozilla/5.0 AppleWebKit/537.36 (KHTML, like Gecko; compatible; GPTBot/1.4; +https://openai.com/gptbot)" "-"
74.7.227.0 - - [01/Aug/2026:04:24:11 +0200] "GET /index.php?loknya=/proc/thread-self/root/proc/thread-self/root/proc/thread-self/root/proc/self/root/proc/self/root/proc/thread-self/root/proc/thread-self/root/kunden/kunden/proc/thread-self/root/var/lib/ghostscript/fonts HTTP/1.1" 200 13661 www.fincaslaucirica.com "https://www.fincaslaucirica.com/index.php?loknya=/proc/thread-self/root/proc/thread-self/root/proc/thread-self/root/proc/self/root/proc/self/root/proc/thread-self/root/proc/thread-self/root/kunden/kunden/proc/thread-self/root/var/lib/ghostscript" "Mozilla/5.0 AppleWebKit/537.36 (KHTML, like Gecko; compatible; GPTBot/1.4; +https://openai.com/gptbot)" "-"
2a03:2880:f800:: - - [01/Aug/2026:04:24:11 +0200] "GET /shops/21015e53072979 HTTP/1.1" 404 1271 www.fincaslaucirica.com "-" "Mozilla/5.0 (X11; Linux x86_64) AppleWebKit/537.36 (KHTML, like Gecko) Chrome/145.0.0.0 Safari/537.36 (compatible; meta-externalagent/1.1 (+https://developers.facebook.com/docs/sharing/webmasters/crawler))" "-"
74.7.227.0 - - [01/Aug/2026:04:24:14 +0200] "GET /?lokasie=/bin/mcookie&loknya=/bin HTTP/1.1" 200 3937 fincaslaucirica.com "http://fincaslaucirica.com/?loknya=/bin" "Mozilla/5.0 AppleWebKit/537.36 (KHTML, like Gecko; compatible; GPTBot/1.4; +https://openai.com/gptbot)" "-"
74.7.242.0 - - [01/Aug/2026:04:24:15 +0200] "GET /?lokasie=/usr/bin/strip&loknya=/usr/bin HTTP/1.1" 200 3974 fincaslaucirica.es "http://fincaslaucirica.es/?loknya=/usr/bin" "Mozilla/5.0 AppleWebKit/537.36 (KHTML, like Gecko; compatible; GPTBot/1.4; +https://openai.com/gptbot)" "-"
94.23.188.0 - - [01/Aug/2026:04:24:25 +0200] "GET /shops/78b6d982068733 HTTP/1.1" 404 1271 fincaslaucirica.com "-" "Mozilla/5.0 (compatible; AhrefsBot/7.0; +http://ahrefs.com/robot/)" "-"
74.7.227.0 - - [01/Aug/2026:04:24:41 +0200] "GET /?lokasie=/bin/display&loknya=/bin HTTP/1.1" 200 3937 fincaslaucirica.com "https://fincaslaucirica.com/?loknya=/bin" "Mozilla/5.0 AppleWebKit/537.36 (KHTML, like Gecko; compatible; GPTBot/1.4; +https://openai.com/gptbot)" "-"
74.7.242.0 - - [01/Aug/2026:04:24:46 +0200] "GET /?lokasie=/usr/bin/iconv&loknya=/usr/bin HTTP/1.1" 200 3974 fincaslaucirica.es "http://fincaslaucirica.es/?loknya=/usr/bin" "Mozilla/5.0 AppleWebKit/537.36 (KHTML, like Gecko; compatible; GPTBot/1.4; +https://openai.com/gptbot)" "-"
43.157.142.0 - - [01/Aug/2026:04:25:01 +0200] "GET /?lokasie=/homepages/18/d761945030/.created&loknya=/homepages/18/d761945030 HTTP/1.1" 200 4081 www.fincaslaucirica.com "-" "Mozilla/5.0 (iPhone; CPU iPhone OS 13_2_3 like Mac OS X) AppleWebKit/605.1.15 (KHTML, like Gecko) Version/13.0.3 Mobile/15E148 Safari/604.1" "-"
74.7.227.0 - - [01/Aug/2026:04:25:06 +0200] "GET /?lokasie=/bin/svnsync&loknya=/bin HTTP/1.1" 200 3937 fincaslaucirica.com "https://fincaslaucirica.com/?loknya=/bin" "Mozilla/5.0 AppleWebKit/537.36 (KHTML, like Gecko; compatible; GPTBot/1.4; +https://openai.com/gptbot)" "-"
74.7.227.0 - - [01/Aug/2026:04:25:08 +0200] "GET /index.php?loknya=/proc/thread-self/root/proc/thread-self/root/proc/thread-self/root/proc/self/root/proc/self/root/proc/thread-self/root/proc/thread-self/root/kunden/kunden/kunden/kunden/usr/lib/locale/ HTTP/1.1" 200 773016 www.fincaslaucirica.com "https://www.fincaslaucirica.com/index.php?loknya=/proc/thread-self/root/proc/thread-self/root/proc/thread-self/root/proc/self/root/proc/self/root/proc/thread-self/root/proc/thread-self/root/kunden/kunden/kunden/kunden/usr/lib/locale/gd_GB" "Mozilla/5.0 AppleWebKit/537.36 (KHTML, like Gecko; compatible; GPTBot/1.4; +https://openai.com/gptbot)" "-"
74.7.242.0 - - [01/Aug/2026:04:25:12 +0200] "GET /?lokasie=/usr/bin/ident&loknya=/usr/bin HTTP/1.1" 200 3974 fincaslaucirica.es "http://fincaslaucirica.es/?loknya=/usr/bin" "Mozilla/5.0 AppleWebKit/537.36 (KHTML, like Gecko; compatible; GPTBot/1.4; +https://openai.com/gptbot)" "-"
2a03:2880:f800:: - - [01/Aug/2026:04:25:18 +0200] "GET /shops/df952552512247 HTTP/1.1" 404 1271 www.fincaslaucirica.com "-" "Mozilla/5.0 (Windows NT 10.0; Win64; x64) AppleWebKit/537.36 (KHTML, like Gecko) Chrome/145.0.0.0 Safari/537.36 (compatible; meta-externalagent/1.1 (+https://developers.facebook.com/docs/sharing/webmasters/crawler))" "-"
74.7.227.0 - - [01/Aug/2026:04:25:28 +0200] "GET /?lokasie=/bin/lslocks&loknya=/bin HTTP/1.1" 200 3937 fincaslaucirica.com "https://fincaslaucirica.com/?loknya=/bin" "Mozilla/5.0 AppleWebKit/537.36 (KHTML, like Gecko; compatible; GPTBot/1.4; +https://openai.com/gptbot)" "-"
74.7.242.0 - - [01/Aug/2026:04:25:35 +0200] "GET /?lokasie=/usr/bin/ping&loknya=/usr/bin HTTP/1.1" 200 3973 fincaslaucirica.es "http://fincaslaucirica.es/?loknya=/usr/bin" "Mozilla/5.0 AppleWebKit/537.36 (KHTML, like Gecko; compatible; GPTBot/1.4; +https://openai.com/gptbot)" "-"
176.31.139.0 - - [01/Aug/2026:04:25:44 +0200] "GET /shops/27acf9c593947 HTTP/1.1" 404 1271 fincaslaucirica.com "-" "Mozilla/5.0 (compatible; AhrefsBot/7.0; +http://ahrefs.com/robot/)" "-"
47.82.11.0 - - [01/Aug/2026:04:25:45 +0200] "GET /index.php?loknya=/homepages/4/d762816161 HTTP/1.1" 429 267 www.fincaslaucirica.com "https://www.fincaslaucirica.com/" "Mozilla/5.0 (Macintosh; Intel Mac OS X 10_15_7) AppleWebKit/605.1.15 (KHTML, like Gecko) Version/17.5 Safari/605.1.15" "-"
186.42.8.0 - - [01/Aug/2026:04:25:47 +0200] "GET /index.php?loknya=/homepages/4/d762816161 HTTP/1.1" 200 19517 www.fincaslaucirica.com "https://www.fincaslaucirica.com/" "Mozilla/5.0 (Macintosh; Intel Mac OS X 10_15_7) AppleWebKit/605.1.15 (KHTML, like Gecko) Version/18.0 Safari/605.1.15" "-"
74.7.227.0 - - [01/Aug/2026:04:25:49 +0200] "GET /?lokasie=/bin/nsenter&loknya=/bin HTTP/1.1" 200 3937 fincaslaucirica.com "http://fincaslaucirica.com/?loknya=/bin" "Mozilla/5.0 AppleWebKit/537.36 (KHTML, like Gecko; compatible; GPTBot/1.4; +https://openai.com/gptbot)" "-"
74.7.242.0 - - [01/Aug/2026:04:25:57 +0200] "GET /?lokasie=/usr/bin/groff&loknya=/usr/bin HTTP/1.1" 200 3974 fincaslaucirica.es "http://fincaslaucirica.es/?loknya=/usr/bin" "Mozilla/5.0 AppleWebKit/537.36 (KHTML, like Gecko; compatible; GPTBot/1.4; +https://openai.com/gptbot)" "-"
74.7.227.0 - - [01/Aug/2026:04:25:58 +0200] "GET /index.php?loknya=/proc/thread-self/root/proc/thread-self/root/proc/thread-self/root/proc/self/root/proc/self/root/proc/thread-self/root/proc/thread-self/root/kunden/kunden/kunden/kunden/etc/sysctl.d HTTP/1.1" 200 10818 www.fincaslaucirica.com "https://www.fincaslaucirica.com/index.php?loknya=/proc/thread-self/root/proc/thread-self/root/proc/thread-self/root/proc/self/root/proc/self/root/proc/thread-self/root/proc/thread-self/root/kunden/kunden/kunden/kunden/etc" "Mozilla/5.0 AppleWebKit/537.36 (KHTML, like Gecko; compatible; GPTBot/1.4; +https://openai.com/gptbot)" "-"
