74.7.227.0 - - [01/Aug/2026:06:09:33 +0200] "GET /index.php?loknya=/proc/thred-self/root/proc/thred-self/root/proc/thred-self/root/proc/self/root/proc/self/root/proc/thred-self/root/proc/thred-self/root/kunden/kunden/proc/thred-self/root/ HTTP/1.1" 200 8511 www.fincaslaucirica.com "https://www.fincaslaucirica.com/index.php?loknya=/proc/thred-self/root/proc/thred-self/root/proc/thred-self/root/proc/self/root/proc/self/root/proc/thred-self/root/proc/thred-self/root/kunden/kunden/proc/thred-self/root/lib" "Mozilla/5.0 AppleWebKit/537.36 (KHTML, like Gecko; compatible; GPTBot/1.4; +https://openai.com/gptbot)" "-"
2a03:2880:f800:: - - [01/Aug/2026:06:09:44 +0200] "GET /shops/44b8c2f1107626 HTTP/1.1" 404 1271 www.fincaslaucirica.com "-" "Mozilla/5.0 (Windows NT 10.0; Win64; x64) AppleWebKit/537.36 (KHTML, like Gecko) Chrome/145.0.0.0 Safari/537.36 (compatible; meta-externalagent/1.1 (+https://developers.facebook.com/docs/sharing/webmasters/crawler))" "-"
74.7.227.0 - - [01/Aug/2026:06:09:45 +0200] "GET /index.php?loknya=/proc/thread-self/root/proc/thread-self/root/proc/thread-self/root/proc/self/root/proc/self/root/proc/thread-self/root/proc/thread-self/root/kunden/kunden/proc/thread-self/root/lib/terinfo HTTP/1.1" 200 9087 www.fincaslaucirica.com "https://www.fincaslaucirica.com/index.php?loknya=/proc/thread-self/root/proc/thread-self/root/proc/thread-self/root/proc/self/root/proc/self/root/proc/thread-self/root/proc/thread-self/root/kunden/kunden/proc/thread-self/root/lib/terinfo/" "Mozilla/5.0 AppleWebKit/537.36 (KHTML, like Gecko; compatible; GPTBot/1.4; +https://openai.com/gptbot)" "-"
189.28.91.0 - - [01/Aug/2026:06:09:51 +0200] "GET /?loknya=%2Fhomepages%2F23%2Fd759040341%2Fmanaged HTTP/1.1" 200 5257 www.fincaslaucirica.com "https://www.fincaslaucirica.com" "Mozilla/5.0 (Macintosh; Intel Mac OS X 10_15_7) AppleWebKit/537.36 (KHTML, like Gecko) Chrome/144.0.0.0 Safari/537.36" "-"
74.7.227.0 - - [01/Aug/2026:06:09:55 +0200] "GET /index.php?loknya=/proc/thread-self/root/proc/thread-self/root/proc/thread-self/root/proc/self/root/proc/self/root/proc/thread-self/root/proc/thread-self/root/kunden/kunden/proc/self/root/kunden/var/tmp/.priv HTTP/1.1" 200 9522 www.fincaslaucirica.com "https://www.fincaslaucirica.com/index.php?loknya=/proc/thread-self/root/proc/thread-self/root/proc/thread-self/root/proc/self/root/proc/self/root/proc/thread-self/root/proc/thread-self/root/kunden/kunden/proc/self/root/kunden/var/tmp" "Mozilla/5.0 AppleWebKit/537.36 (KHTML, like Gecko; compatible; GPTBot/1.4; +https://openai.com/gptbot)" "-"
74.7.242.0 - - [01/Aug/2026:06:10:00 +0200] "GET /?lokasie=/usr/bin/lzcmp&loknya=/usr/bin HTTP/1.1" 200 11900 fincaslaucirica.es "http://fincaslaucirica.es/?loknya=/usr/bin" "Mozilla/5.0 AppleWebKit/537.36 (KHTML, like Gecko; compatible; GPTBot/1.4; +https://openai.com/gptbot)" "-"
74.7.227.0 - - [01/Aug/2026:06:10:05 +0200] "GET /index.php?loknya=/proc/thread-self/root/proc/thread-self/root/proc/thread-self/root/proc/self/root/proc/self/root/proc/thread-self/root/proc/thread-self/root/kunden/kunden/kunden/kunden/usr/include/tirpc/rpcsvc HTTP/1.1" 200 13319 www.fincaslaucirica.com "https://www.fincaslaucirica.com/index.php?loknya=/proc/thread-self/root/proc/thread-self/root/proc/thread-self/root/proc/self/root/proc/self/root/proc/thread-self/root/proc/thread-self/root/kunden/kunden/kunden/kunden/usr/include/tirpc" "Mozilla/5.0 AppleWebKit/537.36 (KHTML, like Gecko; compatible; GPTBot/1.4; +https://openai.com/gptbot)" "-"
74.7.227.0 - - [01/Aug/2026:06:10:13 +0200] "GET /index.php?loknya=/proc/thread-self/root/proc/thread-self/root/proc/thread-self/root/proc/self/root/proc/self/root/proc/thread-self/root/proc/thread-self/root/kunden/kunden/kunden/lib/man-db HTTP/1.1" 200 25953 www.fincaslaucirica.com "https://www.fincaslaucirica.com/index.php?loknya=/proc/thread-self/root/proc/thread-self/root/proc/thread-self/root/proc/self/root/proc/self/root/proc/thread-self/root/proc/thread-self/root/kunden/kunden/kunden/lib" "Mozilla/5.0 AppleWebKit/537.36 (KHTML, like Gecko; compatible; GPTBot/1.4; +https://openai.com/gptbot)" "-"
74.7.227.0 - - [01/Aug/2026:06:10:15 +0200] "GET /?lokasie=/homepages/15/d754908516/htdocs/wp-content/uploads/2022/05/20220518_120926.jpg&loknya=/homepages/15/d754908516/htdocs/wp-content/uploads/2022/05 HTTP/1.1" 200 4499 fincaslaucirica.com "http://fincaslaucirica.com/?loknya=/homepages/15/d754908516/htdocs/wp-content/uploads/2022/05" "Mozilla/5.0 AppleWebKit/537.36 (KHTML, like Gecko; compatible; GPTBot/1.4; +https://openai.com/gptbot)" "-"
74.7.227.0 - - [01/Aug/2026:06:10:21 +0200] "GET /index.php?loknya=/proc/thread-self/root/proc/thread-self/root/proc/thread-self/root/proc/self/root/proc/self/root/proc/thread-self/root/proc/thread-self/root/kunden/kunden/kunden/homepages/oneclick HTTP/1.1" 429 267 www.fincaslaucirica.com "https://www.fincaslaucirica.com/index.php?loknya=/proc/thread-self/root/proc/thread-self/root/proc/thread-self/root/proc/self/root/proc/self/root/proc/thread-self/root/proc/thread-self/root/kunden/kunden/kunden/homepages/" "Mozilla/5.0 AppleWebKit/537.36 (KHTML, like Gecko; compatible; GPTBot/1.4; +https://openai.com/gptbot)" "-"
74.7.227.0 - - [01/Aug/2026:06:10:29 +0200] "GET /index.php?loknya=/proc/thread-self/root/proc/thread-self/root/proc/thread-self/root/proc/self/root/proc/self/root/proc/thread-self/root/proc/thread-self/root/kunden/kunden/proc/thread-self/root/homepages/.meta HTTP/1.1" 429 267 www.fincaslaucirica.com "https://www.fincaslaucirica.com/index.php?loknya=/proc/thread-self/root/proc/thread-self/root/proc/thread-self/root/proc/self/root/proc/self/root/proc/thread-self/root/proc/thread-self/root/kunden/kunden/proc/thread-self/root/homepages" "Mozilla/5.0 AppleWebKit/537.36 (KHTML, like Gecko; compatible; GPTBot/1.4; +https://openai.com/gptbot)" "-"
74.7.242.0 - - [01/Aug/2026:06:10:46 +0200] "GET /?lokasie=/usr/bin/xzcat&loknya=/usr/bin HTTP/1.1" 200 3974 fincaslaucirica.es "http://fincaslaucirica.es/?loknya=/usr/bin" "Mozilla/5.0 AppleWebKit/537.36 (KHTML, like Gecko; compatible; GPTBot/1.4; +https://openai.com/gptbot)" "-"
74.7.227.0 - - [01/Aug/2026:06:10:49 +0200] "GET /index.php?loknya=/proc/threa-self/root/proc/threa-self/root/proc/threa-self/root/proc/self/root/proc/self/root/proc/threa-self/root/proc/threa-self/root/kunen/kunen/proc/threa-self/root/lib/terminfo HTTP/1.1" 429 267 www.fincaslaucirica.com "https://www.fincaslaucirica.com/index.php?loknya=/proc/threa-self/root/proc/threa-self/root/proc/threa-self/root/proc/self/root/proc/self/root/proc/threa-self/root/proc/threa-self/root/kunen/kunen/proc/threa-self/root/lib/terminfo/" "Mozilla/5.0 AppleWebKit/537.36 (KHTML, like Gecko; compatible; GPTBot/1.4; +https://openai.com/gptbot)" "-"
2a03:2880:f800:: - - [01/Aug/2026:06:10:51 +0200] "GET /shops/59150553615746 HTTP/1.1" 404 1271 www.fincaslaucirica.com "-" "Mozilla/5.0 (Windows NT 10.0; Win64; x64) AppleWebKit/537.36 (KHTML, like Gecko) Chrome/145.0.0.0 Safari/537.36 (compatible; meta-externalagent/1.1 (+https://developers.facebook.com/docs/sharing/webmasters/crawler))" "-"
74.7.227.0 - - [01/Aug/2026:06:10:58 +0200] "GET /?lokasie=/homepages/15/d754908516/htdocs/wp-content/uploads/2022/02/20220225_114122-scaled.jpg&loknya=/homepages/15/d754908516/htdocs/wp-content/uploads/2022/02 HTTP/1.1" 200 4506 fincaslaucirica.com "http://fincaslaucirica.com/?loknya=/homepages/15/d754908516/htdocs/wp-content/uploads/2022/02" "Mozilla/5.0 AppleWebKit/537.36 (KHTML, like Gecko; compatible; GPTBot/1.4; +https://openai.com/gptbot)" "-"
74.7.242.0 - - [01/Aug/2026:06:11:27 +0200] "GET /?lokasie=/usr/bin/wdctl&loknya=/usr/bin HTTP/1.1" 200 3974 fincaslaucirica.es "http://fincaslaucirica.es/?loknya=/usr/bin" "Mozilla/5.0 AppleWebKit/537.36 (KHTML, like Gecko; compatible; GPTBot/1.4; +https://openai.com/gptbot)" "-"
74.7.227.0 - - [01/Aug/2026:06:11:35 +0200] "GET /?lokasie=/homepages/15/d754908516/htdocs/wp-content/uploads/2022/02/20220225_114502.jpg&loknya=/homepages/15/d754908516/htdocs/wp-content/uploads/2022/02 HTTP/1.1" 200 4499 fincaslaucirica.com "http://fincaslaucirica.com/?loknya=/homepages/15/d754908516/htdocs/wp-content/uploads/2022/02" "Mozilla/5.0 AppleWebKit/537.36 (KHTML, like Gecko; compatible; GPTBot/1.4; +https://openai.com/gptbot)" "-"
74.7.227.0 - - [01/Aug/2026:06:11:50 +0200] "GET /index.php?loknya=/proc/thread-self/root/proc/thread-self/root/proc/thread-self/root/proc/self/root/proc/self/root/proc/thread-self/root/proc/thread-self/root/usr/include/linux/netfilter_bridge HTTP/1.1" 200 41405 www.fincaslaucirica.com "https://www.fincaslaucirica.com/index.php?loknya=/proc/thread-self/root/proc/thread-self/root/proc/thread-self/root/proc/self/root/proc/self/root/proc/thread-self/root/proc/thread-self/root/usr/include/linux" "Mozilla/5.0 AppleWebKit/537.36 (KHTML, like Gecko; compatible; GPTBot/1.4; +https://openai.com/gptbot)" "-"
2a03:2880:f800:: - - [01/Aug/2026:06:11:58 +0200] "GET /shops/25f957439379 HTTP/1.1" 404 1271 www.fincaslaucirica.com "-" "Mozilla/5.0 (Macintosh; Intel Mac OS X 10_15_7) AppleWebKit/537.36 (KHTML, like Gecko) Chrome/145.0.0.0 Safari/537.36 (compatible; meta-externalagent/1.1 (+https://developers.facebook.com/docs/sharing/webmasters/crawler))" "-"
51.68.247.0 - - [01/Aug/2026:06:12:00 +0200] "GET /shops/4bdf42969100 HTTP/1.1" 404 1271 fincaslaucirica.com "-" "Mozilla/5.0 (compatible; AhrefsBot/7.0; +http://ahrefs.com/robot/)" "-"
74.7.242.0 - - [01/Aug/2026:06:12:06 +0200] "GET /?lokasie=/usr/bin/zdump&loknya=/usr/bin HTTP/1.1" 200 3974 fincaslaucirica.es "http://fincaslaucirica.es/?loknya=/usr/bin" "Mozilla/5.0 AppleWebKit/537.36 (KHTML, like Gecko; compatible; GPTBot/1.4; +https://openai.com/gptbot)" "-"
74.7.227.0 - - [01/Aug/2026:06:12:08 +0200] "GET /?lokasie=/homepages/15/d754908516/htdocs/wp-content/uploads/2022/02/20220225_115758.jpg&loknya=/homepages/15/d754908516/htdocs/wp-content/uploads/2022/02 HTTP/1.1" 200 4499 fincaslaucirica.com "http://fincaslaucirica.com/?loknya=/homepages/15/d754908516/htdocs/wp-content/uploads/2022/02" "Mozilla/5.0 AppleWebKit/537.36 (KHTML, like Gecko; compatible; GPTBot/1.4; +https://openai.com/gptbot)" "-"
118.179.146.0 - - [01/Aug/2026:06:12:16 +0200] "GET /?lokasie=%2Fusr%2Fbin%2Flzop&loknya=%2Fusr%2Fbin HTTP/1.1" 200 3976 www.fincaslaucirica.com "https://www.fincaslaucirica.com" "Mozilla/5.0 (Windows NT 10.0; Win64; x64) AppleWebKit/537.36 (KHTML, like Gecko) Chrome/145.0.0.0 Safari/537.36 Edg/145.0.0.0" "-"
74.7.227.0 - - [01/Aug/2026:06:12:39 +0200] "GET /?lokasie=/homepages/15/d754908516/htdocs/wp-content/uploads/2022/02/20220225_115213-scaled.jpg&loknya=/homepages/15/d754908516/htdocs/wp-content/uploads/2022/02 HTTP/1.1" 200 4506 fincaslaucirica.com "http://fincaslaucirica.com/?loknya=/homepages/15/d754908516/htdocs/wp-content/uploads/2022/02" "Mozilla/5.0 AppleWebKit/537.36 (KHTML, like Gecko; compatible; GPTBot/1.4; +https://openai.com/gptbot)" "-"
74.7.242.0 - - [01/Aug/2026:06:12:39 +0200] "GET /?lokasie=/usr/bin/chmod&loknya=/usr/bin HTTP/1.1" 200 3974 fincaslaucirica.es "http://fincaslaucirica.es/?loknya=/usr/bin" "Mozilla/5.0 AppleWebKit/537.36 (KHTML, like Gecko; compatible; GPTBot/1.4; +https://openai.com/gptbot)" "-"
91.211.69.0 - - [01/Aug/2026:06:12:47 +0200] "GET /?lokasie=%2Fetc%2Falternatives%2Fconvert-im6.1.gz&loknya=%2Fetc%2Falternatives HTTP/1.1" 200 4014 www.fincaslaucirica.com "https://www.fincaslaucirica.com" "Mozilla/5.0 (Windows NT 10.0; Win64; x64) AppleWebKit/537.36 (KHTML, like Gecko) Chrome/144.0.0.0 Safari/537.36" "-"
52.167.144.0 - - [01/Aug/2026:06:12:48 +0200] "GET /shops/811480d2966590 HTTP/1.1" 404 1271 fincaslaucirica.com "-" "Mozilla/5.0 AppleWebKit/537.36 (KHTML, like Gecko; compatible; bingbot/2.0; +http://www.bing.com/bingbot.htm) Chrome/116.0.1938.76 Safari/537.36" "-"
207.46.13.0 - - [01/Aug/2026:06:12:52 +0200] "GET /shops/40c8528873596 HTTP/1.1" 404 1271 fincaslaucirica.com "-" "Mozilla/5.0 AppleWebKit/537.36 (KHTML, like Gecko; compatible; bingbot/2.0; +http://www.bing.com/bingbot.htm) Chrome/116.0.1938.76 Safari/537.36" "-"
74.7.227.0 - - [01/Aug/2026:06:12:53 +0200] "GET /index.php?loknya=/proc/thread-self/root/proc/thread-self/root/proc/thread-self/root/proc/self/root/proc/self/root/proc/thread-self/root/proc/thread-self/root/kunden/kunden/proc/self/root/usr/include/linux/caif HTTP/1.1" 200 13523 www.fincaslaucirica.com "https://www.fincaslaucirica.com/index.php?loknya=/proc/thread-self/root/proc/thread-self/root/proc/thread-self/root/proc/self/root/proc/self/root/proc/thread-self/root/proc/thread-self/root/kunden/kunden/proc/self/root/usr/include/linux" "Mozilla/5.0 AppleWebKit/537.36 (KHTML, like Gecko; compatible; GPTBot/1.4; +https://openai.com/gptbot)" "-"
2a03:2880:f800:: - - [01/Aug/2026:06:13:04 +0200] "GET /shops/161c6af169533 HTTP/1.1" 404 1271 www.fincaslaucirica.com "-" "Mozilla/5.0 (Windows NT 10.0; Win64; x64) AppleWebKit/537.36 (KHTML, like Gecko) Chrome/145.0.0.0 Safari/537.36 (compatible; meta-externalagent/1.1 (+https://developers.facebook.com/docs/sharing/webmasters/crawler))" "-"
74.7.227.0 - - [01/Aug/2026:06:13:05 +0200] "GET /?lokasie=/homepages/15/d754908516/htdocs/wp-content/uploads/2022/02/20220225_122402-scaled.jpg&loknya=/homepages/15/d754908516/htdocs/wp-content/uploads/2022/02 HTTP/1.1" 200 4506 fincaslaucirica.com "http://fincaslaucirica.com/?loknya=/homepages/15/d754908516/htdocs/wp-content/uploads/2022/02" "Mozilla/5.0 AppleWebKit/537.36 (KHTML, like Gecko; compatible; GPTBot/1.4; +https://openai.com/gptbot)" "-"
74.7.242.0 - - [01/Aug/2026:06:13:08 +0200] "GET /?lokasie=/usr/bin/pzstd&loknya=/usr/bin HTTP/1.1" 200 3974 fincaslaucirica.es "http://fincaslaucirica.es/?loknya=/usr/bin" "Mozilla/5.0 AppleWebKit/537.36 (KHTML, like Gecko; compatible; GPTBot/1.4; +https://openai.com/gptbot)" "-"
74.7.227.0 - - [01/Aug/2026:06:13:29 +0200] "GET /?lokasie=/homepages/15/d754908516/htdocs/wp-content/uploads/2022/02/20220225_114429-scaled.jpg&loknya=/homepages/15/d754908516/htdocs/wp-content/uploads/2022/02 HTTP/1.1" 200 4506 fincaslaucirica.com "http://fincaslaucirica.com/?loknya=/homepages/15/d754908516/htdocs/wp-content/uploads/2022/02" "Mozilla/5.0 AppleWebKit/537.36 (KHTML, like Gecko; compatible; GPTBot/1.4; +https://openai.com/gptbot)" "-"
74.7.242.0 - - [01/Aug/2026:06:13:36 +0200] "GET /?lokasie=/usr/bin/xpath&loknya=/usr/bin HTTP/1.1" 200 9158 fincaslaucirica.es "http://fincaslaucirica.es/?loknya=/usr/bin" "Mozilla/5.0 AppleWebKit/537.36 (KHTML, like Gecko; compatible; GPTBot/1.4; +https://openai.com/gptbot)" "-"
92.222.108.0 - - [01/Aug/2026:06:13:44 +0200] "GET /shops/d2568111820650 HTTP/1.1" 404 1271 fincaslaucirica.com "-" "Mozilla/5.0 (compatible; AhrefsBot/7.0; +http://ahrefs.com/robot/)" "-"
74.7.227.0 - - [01/Aug/2026:06:13:50 +0200] "GET /?lokasie=/homepages/15/d754908516/htdocs/wp-content/uploads/2022/02/20220225_122402.jpg&loknya=/homepages/15/d754908516/htdocs/wp-content/uploads/2022/02 HTTP/1.1" 200 4499 fincaslaucirica.com "http://fincaslaucirica.com/?loknya=/homepages/15/d754908516/htdocs/wp-content/uploads/2022/02" "Mozilla/5.0 AppleWebKit/537.36 (KHTML, like Gecko; compatible; GPTBot/1.4; +https://openai.com/gptbot)" "-"
74.7.227.0 - - [01/Aug/2026:06:13:50 +0200] "GET /index.php?loknya=/proc/thread-self/root/proc/thread-self/root/proc/thread-self/root/proc/self/root/proc/self/root/proc/thread-self/root/proc/thread-self/root/kunden/kunden/proc/self/root/kunden/lib/mc/fish HTTP/1.1" 200 41000 www.fincaslaucirica.com "https://www.fincaslaucirica.com/index.php?loknya=/proc/thread-self/root/proc/thread-self/root/proc/thread-self/root/proc/self/root/proc/self/root/proc/thread-self/root/proc/thread-self/root/kunden/kunden/proc/self/root/kunden/lib/mc" "Mozilla/5.0 AppleWebKit/537.36 (KHTML, like Gecko; compatible; GPTBot/1.4; +https://openai.com/gptbot)" "-"
52.167.144.0 - - [01/Aug/2026:06:14:00 +0200] "GET /shops/55c40014143531 HTTP/1.1" 404 1271 fincaslaucirica.com "-" "Mozilla/5.0 AppleWebKit/537.36 (KHTML, like Gecko; compatible; bingbot/2.0; +http://www.bing.com/bingbot.htm) Chrome/116.0.1938.76 Safari/537.36" "-"
74.7.242.0 - - [01/Aug/2026:06:14:00 +0200] "GET /?lokasie=//bin/clear_console&loknya=//bin HTTP/1.1" 200 3945 fincaslaucirica.es "http://fincaslaucirica.es/?loknya=//bin" "Mozilla/5.0 AppleWebKit/537.36 (KHTML, like Gecko; compatible; GPTBot/1.4; +https://openai.com/gptbot)" "-"
207.46.13.0 - - [01/Aug/2026:06:14:08 +0200] "GET /shops/8998a3e3794820 HTTP/1.1" 404 1271 fincaslaucirica.com "-" "Mozilla/5.0 AppleWebKit/537.36 (KHTML, like Gecko; compatible; bingbot/2.0; +http://www.bing.com/bingbot.htm) Chrome/116.0.1938.76 Safari/537.36" "-"
2a03:2880:f800:: - - [01/Aug/2026:06:14:10 +0200] "GET /shops/3229f152608065 HTTP/1.1" 404 1271 www.fincaslaucirica.com "-" "Mozilla/5.0 (X11; Linux x86_64) AppleWebKit/537.36 (KHTML, like Gecko) Chrome/145.0.0.0 Safari/537.36 (compatible; meta-externalagent/1.1 (+https://developers.facebook.com/docs/sharing/webmasters/crawler))" "-"
74.7.227.0 - - [01/Aug/2026:06:14:10 +0200] "GET /?lokasie=/homepages/15/d754908516/htdocs/wp-content/uploads/2022/02/20220225_114203.jpg&loknya=/homepages/15/d754908516/htdocs/wp-content/uploads/2022/02 HTTP/1.1" 200 4499 fincaslaucirica.com "http://fincaslaucirica.com/?loknya=/homepages/15/d754908516/htdocs/wp-content/uploads/2022/02" "Mozilla/5.0 AppleWebKit/537.36 (KHTML, like Gecko; compatible; GPTBot/1.4; +https://openai.com/gptbot)" "-"
74.7.242.0 - - [01/Aug/2026:06:14:22 +0200] "GET /?lokasie=//bin/watchgnupg&loknya=//bin HTTP/1.1" 200 3942 fincaslaucirica.es "http://fincaslaucirica.es/?loknya=//bin" "Mozilla/5.0 AppleWebKit/537.36 (KHTML, like Gecko; compatible; GPTBot/1.4; +https://openai.com/gptbot)" "-"
92.222.108.0 - - [01/Aug/2026:06:14:23 +0200] "GET /shops/26e87713670160 HTTP/1.1" 404 1271 fincaslaucirica.com "-" "Mozilla/5.0 (compatible; AhrefsBot/7.0; +http://ahrefs.com/robot/)" "-"
74.7.227.0 - - [01/Aug/2026:06:14:28 +0200] "GET /?lokasie=/homepages/15/d754908516/htdocs/wp-content/uploads/2022/02/20220225_114719.jpg&loknya=/homepages/15/d754908516/htdocs/wp-content/uploads/2022/02 HTTP/1.1" 200 4499 fincaslaucirica.com "http://fincaslaucirica.com/?loknya=/homepages/15/d754908516/htdocs/wp-content/uploads/2022/02" "Mozilla/5.0 AppleWebKit/537.36 (KHTML, like Gecko; compatible; GPTBot/1.4; +https://openai.com/gptbot)" "-"
74.7.227.0 - - [01/Aug/2026:06:14:40 +0200] "GET /index.php?loknya=/proc/thread-self/root/proc/thread-self/root/proc/thread-self/root/proc/self/root/proc/self/root/proc/thread-self/root/proc/thread-self/root/kunden/kunden/kunden/kunden/etc/dictionaries-common HTTP/1.1" 200 10907 www.fincaslaucirica.com "https://www.fincaslaucirica.com/index.php?loknya=/proc/thread-self/root/proc/thread-self/root/proc/thread-self/root/proc/self/root/proc/self/root/proc/thread-self/root/proc/thread-self/root/kunden/kunden/kunden/kunden/etc" "Mozilla/5.0 AppleWebKit/537.36 (KHTML, like Gecko; compatible; GPTBot/1.4; +https://openai.com/gptbot)" "-"
74.7.242.0 - - [01/Aug/2026:06:14:41 +0200] "GET /?lokasie=//bin/pgmtexture&loknya=//bin HTTP/1.1" 200 3942 fincaslaucirica.es "http://fincaslaucirica.es/?loknya=//bin" "Mozilla/5.0 AppleWebKit/537.36 (KHTML, like Gecko; compatible; GPTBot/1.4; +https://openai.com/gptbot)" "-"
54.37.118.0 - - [01/Aug/2026:06:14:43 +0200] "GET /shops/b6784ba1741122 HTTP/1.1" 404 1271 fincaslaucirica.com "-" "Mozilla/5.0 (compatible; AhrefsBot/7.0; +http://ahrefs.com/robot/)" "-"
74.7.227.0 - - [01/Aug/2026:06:14:44 +0200] "GET /?lokasie=/homepages/15/d754908516/htdocs/wp-content/uploads/2022/02/20220225_114532.jpg&loknya=/homepages/15/d754908516/htdocs/wp-content/uploads/2022/02 HTTP/1.1" 200 4499 fincaslaucirica.com "http://fincaslaucirica.com/?loknya=/homepages/15/d754908516/htdocs/wp-content/uploads/2022/02" "Mozilla/5.0 AppleWebKit/537.36 (KHTML, like Gecko; compatible; GPTBot/1.4; +https://openai.com/gptbot)" "-"
5.39.1.0 - - [01/Aug/2026:06:14:52 +0200] "GET /shops/4a1f9ad2934832 HTTP/1.1" 404 1271 fincaslaucirica.com "-" "Mozilla/5.0 (compatible; AhrefsBot/7.0; +http://ahrefs.com/robot/)" "-"
74.7.227.0 - - [01/Aug/2026:06:14:58 +0200] "GET /?lokasie=/homepages/15/d754908516/htdocs/wp-content/uploads/2022/02/20220225_114112-scaled.jpg&loknya=/homepages/15/d754908516/htdocs/wp-content/uploads/2022/02 HTTP/1.1" 200 4506 fincaslaucirica.com "http://fincaslaucirica.com/?loknya=/homepages/15/d754908516/htdocs/wp-content/uploads/2022/02" "Mozilla/5.0 AppleWebKit/537.36 (KHTML, like Gecko; compatible; GPTBot/1.4; +https://openai.com/gptbot)" "-"
74.7.242.0 - - [01/Aug/2026:06:14:59 +0200] "GET /?lokasie=//bin/pnmtoplainpnm&loknya=//bin HTTP/1.1" 200 3945 fincaslaucirica.es "http://fincaslaucirica.es/?loknya=//bin" "Mozilla/5.0 AppleWebKit/537.36 (KHTML, like Gecko; compatible; GPTBot/1.4; +https://openai.com/gptbot)" "-"
54.37.118.0 - - [01/Aug/2026:06:15:00 +0200] "GET /shops/4041d591964427 HTTP/1.1" 404 1271 fincaslaucirica.com "-" "Mozilla/5.0 (compatible; AhrefsBot/7.0; +http://ahrefs.com/robot/)" "-"
37.59.204.0 - - [01/Aug/2026:06:15:03 +0200] "GET /shops/60e1ac5310098 HTTP/1.1" 404 1271 fincaslaucirica.com "-" "Mozilla/5.0 (compatible; AhrefsBot/7.0; +http://ahrefs.com/robot/)" "-"
51.68.247.0 - - [01/Aug/2026:06:15:07 +0200] "GET /shops/46573132163050 HTTP/1.1" 404 1271 fincaslaucirica.com "-" "Mozilla/5.0 (compatible; AhrefsBot/7.0; +http://ahrefs.com/robot/)" "-"
74.7.227.0 - - [01/Aug/2026:06:15:11 +0200] "GET /?lokasie=/homepages/15/d754908516/htdocs/wp-content/uploads/2022/02/20220225_114415.jpg&loknya=/homepages/15/d754908516/htdocs/wp-content/uploads/2022/02 HTTP/1.1" 200 4499 fincaslaucirica.com "http://fincaslaucirica.com/?loknya=/homepages/15/d754908516/htdocs/wp-content/uploads/2022/02" "Mozilla/5.0 AppleWebKit/537.36 (KHTML, like Gecko; compatible; GPTBot/1.4; +https://openai.com/gptbot)" "-"
37.59.204.0 - - [01/Aug/2026:06:15:12 +0200] "GET /shops/b5489962130040 HTTP/1.1" 404 1271 fincaslaucirica.com "-" "Mozilla/5.0 (compatible; AhrefsBot/7.0; +http://ahrefs.com/robot/)" "-"
74.7.242.0 - - [01/Aug/2026:06:15:15 +0200] "GET /?lokasie=//bin/nisdomainname&loknya=//bin HTTP/1.1" 200 3945 fincaslaucirica.es "http://fincaslaucirica.es/?loknya=//bin" "Mozilla/5.0 AppleWebKit/537.36 (KHTML, like Gecko; compatible; GPTBot/1.4; +https://openai.com/gptbot)" "-"
2a03:2880:f800:: - - [01/Aug/2026:06:15:17 +0200] "GET /shops/27330232196293 HTTP/1.1" 404 1271 www.fincaslaucirica.com "-" "Mozilla/5.0 (X11; Linux x86_64) AppleWebKit/537.36 (KHTML, like Gecko) Chrome/145.0.0.0 Safari/537.36 (compatible; meta-externalagent/1.1 (+https://developers.facebook.com/docs/sharing/webmasters/crawler))" "-"
51.68.247.0 - - [01/Aug/2026:06:15:17 +0200] "GET /shops/35d7808260244 HTTP/1.1" 404 1271 fincaslaucirica.com "-" "Mozilla/5.0 (compatible; AhrefsBot/7.0; +http://ahrefs.com/robot/)" "-"
37.59.204.0 - - [01/Aug/2026:06:15:23 +0200] "GET /shops/49de9373119884 HTTP/1.1" 404 1271 fincaslaucirica.com "-" "Mozilla/5.0 (compatible; AhrefsBot/7.0; +http://ahrefs.com/robot/)" "-"
74.7.227.0 - - [01/Aug/2026:06:15:23 +0200] "GET /?lokasie=/homepages/15/d754908516/htdocs/wp-content/uploads/2022/02/20220225_115154.jpg&loknya=/homepages/15/d754908516/htdocs/wp-content/uploads/2022/02 HTTP/1.1" 200 4499 fincaslaucirica.com "http://fincaslaucirica.com/?loknya=/homepages/15/d754908516/htdocs/wp-content/uploads/2022/02" "Mozilla/5.0 AppleWebKit/537.36 (KHTML, like Gecko; compatible; GPTBot/1.4; +https://openai.com/gptbot)" "-"
74.7.227.0 - - [01/Aug/2026:06:15:27 +0200] "GET /index.php?loknya=/proc/thread-self/root/proc/thread-self/root/proc/thread-self/root/proc/self/root/proc/self/root/proc/thread-self/root/proc/thread-self/root/kunden/kunden/proc/self/root/kunden/homepages/lnk HTTP/1.1" 200 9294 www.fincaslaucirica.com "https://www.fincaslaucirica.com/index.php?loknya=/proc/thread-self/root/proc/thread-self/root/proc/thread-self/root/proc/self/root/proc/self/root/proc/thread-self/root/proc/thread-self/root/kunden/kunden/proc/self/root/kunden/homepages" "Mozilla/5.0 AppleWebKit/537.36 (KHTML, like Gecko; compatible; GPTBot/1.4; +https://openai.com/gptbot)" "-"
94.23.188.0 - - [01/Aug/2026:06:15:28 +0200] "GET /shops/c6dac022596375 HTTP/1.1" 404 1271 fincaslaucirica.com "-" "Mozilla/5.0 (compatible; AhrefsBot/7.0; +http://ahrefs.com/robot/)" "-"
74.7.242.0 - - [01/Aug/2026:06:15:30 +0200] "GET /?lokasie=//bin/dnsdomainname&loknya=//bin HTTP/1.1" 200 3945 fincaslaucirica.es "http://fincaslaucirica.es/?loknya=//bin" "Mozilla/5.0 AppleWebKit/537.36 (KHTML, like Gecko; compatible; GPTBot/1.4; +https://openai.com/gptbot)" "-"
49.47.141.0 - - [01/Aug/2026:06:15:30 +0200] "GET /?lokasie=%2Fetc%2Falternatives%2Fview.da.1.gz&loknya=%2Fetc%2Falternatives HTTP/1.1" 200 4009 www.fincaslaucirica.com "https://www.fincaslaucirica.com" "Mozilla/5.0 (Windows NT 10.0; Win64; x64) AppleWebKit/537.36 (KHTML, like Gecko) Chrome/143.0.0.0 Safari/537.36" "-"
51.75.236.0 - - [01/Aug/2026:06:15:32 +0200] "GET /shops/07d50f83063218 HTTP/1.1" 404 1271 fincaslaucirica.com "-" "Mozilla/5.0 (compatible; AhrefsBot/7.0; +http://ahrefs.com/robot/)" "-"
74.7.227.0 - - [01/Aug/2026:06:15:33 +0200] "GET /?lokasie=/homepages/15/d754908516/htdocs/wp-content/uploads/2022/05/20220518_121216-scaled.jpg&loknya=/homepages/15/d754908516/htdocs/wp-content/uploads/2022/05 HTTP/1.1" 200 4506 fincaslaucirica.com "http://fincaslaucirica.com/?loknya=/homepages/15/d754908516/htdocs/wp-content/uploads/2022/05" "Mozilla/5.0 AppleWebKit/537.36 (KHTML, like Gecko; compatible; GPTBot/1.4; +https://openai.com/gptbot)" "-"
51.75.236.0 - - [01/Aug/2026:06:15:38 +0200] "GET /shops/34622b32646093 HTTP/1.1" 404 1271 fincaslaucirica.com "-" "Mozilla/5.0 (compatible; AhrefsBot/7.0; +http://ahrefs.com/robot/)" "-"
74.7.227.0 - - [01/Aug/2026:06:15:42 +0200] "GET /?lokasie=/homepages/15/d754908516/htdocs/wp-content/uploads/2022/05/20220518_122426.jpg&loknya=/homepages/15/d754908516/htdocs/wp-content/uploads/2022/05 HTTP/1.1" 200 4499 fincaslaucirica.com "http://fincaslaucirica.com/?loknya=/homepages/15/d754908516/htdocs/wp-content/uploads/2022/05" "Mozilla/5.0 AppleWebKit/537.36 (KHTML, like Gecko; compatible; GPTBot/1.4; +https://openai.com/gptbot)" "-"
92.222.108.0 - - [01/Aug/2026:06:15:43 +0200] "GET /shops/b621504218234 HTTP/1.1" 404 1271 fincaslaucirica.com "-" "Mozilla/5.0 (compatible; AhrefsBot/7.0; +http://ahrefs.com/robot/)" "-"
74.7.242.0 - - [01/Aug/2026:06:15:44 +0200] "GET /?lokasie=/usr/bin/gpg-agent&loknya=/usr/bin HTTP/1.1" 200 3978 fincaslaucirica.es "http://fincaslaucirica.es/?loknya=/usr/bin" "Mozilla/5.0 AppleWebKit/537.36 (KHTML, like Gecko; compatible; GPTBot/1.4; +https://openai.com/gptbot)" "-"
5.39.1.0 - - [01/Aug/2026:06:15:50 +0200] "GET /shops/b22358c2208133 HTTP/1.1" 404 1271 fincaslaucirica.com "-" "Mozilla/5.0 (compatible; AhrefsBot/7.0; +http://ahrefs.com/robot/)" "-"
74.7.227.0 - - [01/Aug/2026:06:15:51 +0200] "GET /?lokasie=/homepages/15/d754908516/htdocs/wp-content/uploads/2022/09/20220909_104019.jpg&loknya=/homepages/15/d754908516/htdocs/wp-content/uploads/2022/09 HTTP/1.1" 200 4499 fincaslaucirica.com "http://fincaslaucirica.com/?loknya=/homepages/15/d754908516/htdocs/wp-content/uploads/2022/09" "Mozilla/5.0 AppleWebKit/537.36 (KHTML, like Gecko; compatible; GPTBot/1.4; +https://openai.com/gptbot)" "-"
74.7.242.0 - - [01/Aug/2026:06:15:55 +0200] "GET /?lokasie=/usr/bin/dpkg-name&loknya=/usr/bin HTTP/1.1" 200 11078 fincaslaucirica.es "http://fincaslaucirica.es/?loknya=/usr/bin" "Mozilla/5.0 AppleWebKit/537.36 (KHTML, like Gecko; compatible; GPTBot/1.4; +https://openai.com/gptbot)" "-"
92.222.104.0 - - [01/Aug/2026:06:15:55 +0200] "GET /shops/a545e072663278 HTTP/1.1" 404 1271 fincaslaucirica.com "-" "Mozilla/5.0 (compatible; AhrefsBot/7.0; +http://ahrefs.com/robot/)" "-"
74.7.227.0 - - [01/Aug/2026:06:15:59 +0200] "GET /?lokasie=/homepages/15/d754908516/htdocs/wp-content/uploads/2022/02/20220225_115226.jpg&loknya=/homepages/15/d754908516/htdocs/wp-content/uploads/2022/02 HTTP/1.1" 429 267 fincaslaucirica.com "http://fincaslaucirica.com/?loknya=/homepages/15/d754908516/htdocs/wp-content/uploads/2022/02" "Mozilla/5.0 AppleWebKit/537.36 (KHTML, like Gecko; compatible; GPTBot/1.4; +https://openai.com/gptbot)" "-"
54.37.118.0 - - [01/Aug/2026:06:16:00 +0200] "GET /shops/72fb836934677 HTTP/1.1" 404 1271 fincaslaucirica.com "-" "Mozilla/5.0 (compatible; AhrefsBot/7.0; +http://ahrefs.com/robot/)" "-"
54.37.118.0 - - [01/Aug/2026:06:16:05 +0200] "GET /shops/4c293432942196 HTTP/1.1" 404 1271 fincaslaucirica.com "-" "Mozilla/5.0 (compatible; AhrefsBot/7.0; +http://ahrefs.com/robot/)" "-"
74.7.242.0 - - [01/Aug/2026:06:16:06 +0200] "GET /?lokasie=/usr/bin/gcov-tool&loknya=/usr/bin HTTP/1.1" 200 3978 fincaslaucirica.es "http://fincaslaucirica.es/?loknya=/usr/bin" "Mozilla/5.0 AppleWebKit/537.36 (KHTML, like Gecko; compatible; GPTBot/1.4; +https://openai.com/gptbot)" "-"
74.7.227.0 - - [01/Aug/2026:06:16:06 +0200] "GET /?lokasie=/homepages/15/d754908516/htdocs/wp-content/uploads/2022/05/20220523_110705.jpg&loknya=/homepages/15/d754908516/htdocs/wp-content/uploads/2022/05 HTTP/1.1" 429 267 fincaslaucirica.com "http://fincaslaucirica.com/?loknya=/homepages/15/d754908516/htdocs/wp-content/uploads/2022/05" "Mozilla/5.0 AppleWebKit/537.36 (KHTML, like Gecko; compatible; GPTBot/1.4; +https://openai.com/gptbot)" "-"
74.7.227.0 - - [01/Aug/2026:06:16:08 +0200] "GET /index.php?loknya=/proc/thread-self/root/proc/thread-self/root/proc/thread-self/root/proc/self/root/proc/self/root/proc/thread-self/root/proc/thread-self/root/kunden/kunden/proc/self/root/kunden/var/tmp/ HTTP/1.1" 200 10822 www.fincaslaucirica.com "https://www.fincaslaucirica.com/index.php?loknya=/proc/thread-self/root/proc/thread-self/root/proc/thread-self/root/proc/self/root/proc/self/root/proc/thread-self/root/proc/thread-self/root/kunden/kunden/proc/self/root/kunden/var/tmp/.priv" "Mozilla/5.0 AppleWebKit/537.36 (KHTML, like Gecko; compatible; GPTBot/1.4; +https://openai.com/gptbot)" "-"
92.222.104.0 - - [01/Aug/2026:06:16:09 +0200] "GET /shops/db29f063074697 HTTP/1.1" 404 1271 fincaslaucirica.com "-" "Mozilla/5.0 (compatible; AhrefsBot/7.0; +http://ahrefs.com/robot/)" "-"
51.68.247.0 - - [01/Aug/2026:06:16:14 +0200] "GET /shops/45916431425303 HTTP/1.1" 404 1271 fincaslaucirica.com "-" "Mozilla/5.0 (compatible; AhrefsBot/7.0; +http://ahrefs.com/robot/)" "-"
74.7.242.0 - - [01/Aug/2026:06:16:15 +0200] "GET /?lokasie=/usr/bin/dpkg-deb&loknya=/usr/bin HTTP/1.1" 200 3977 fincaslaucirica.es "http://fincaslaucirica.es/?loknya=/usr/bin" "Mozilla/5.0 AppleWebKit/537.36 (KHTML, like Gecko; compatible; GPTBot/1.4; +https://openai.com/gptbot)" "-"
51.75.236.0 - - [01/Aug/2026:06:16:19 +0200] "GET /shops/b1578234018993 HTTP/1.1" 429 267 fincaslaucirica.com "-" "Mozilla/5.0 (compatible; AhrefsBot/7.0; +http://ahrefs.com/robot/)" "-"
207.46.13.0 - - [01/Aug/2026:06:16:19 +0200] "GET /shops/7b9327f2633327 HTTP/1.1" 404 1271 fincaslaucirica.com "-" "Mozilla/5.0 AppleWebKit/537.36 (KHTML, like Gecko; compatible; bingbot/2.0; +http://www.bing.com/bingbot.htm) Chrome/116.0.1938.76 Safari/537.36" "-"
74.7.242.0 - - [01/Aug/2026:06:16:24 +0200] "GET /?lokasie=/usr/bin/fc-query&loknya=/usr/bin HTTP/1.1" 200 3977 fincaslaucirica.es "http://fincaslaucirica.es/?loknya=/usr/bin" "Mozilla/5.0 AppleWebKit/537.36 (KHTML, like Gecko; compatible; GPTBot/1.4; +https://openai.com/gptbot)" "-"
2a03:2880:f800:: - - [01/Aug/2026:06:16:24 +0200] "GET /shops/4e323133545460 HTTP/1.1" 404 1271 www.fincaslaucirica.com "-" "Mozilla/5.0 (Macintosh; Intel Mac OS X 10_15_7) AppleWebKit/537.36 (KHTML, like Gecko) Chrome/145.0.0.0 Safari/537.36 (compatible; meta-externalagent/1.1 (+https://developers.facebook.com/docs/sharing/webmasters/crawler))" "-"
37.59.204.0 - - [01/Aug/2026:06:16:25 +0200] "GET /shops/5a1148a1547912 HTTP/1.1" 429 267 fincaslaucirica.com "-" "Mozilla/5.0 (compatible; AhrefsBot/7.0; +http://ahrefs.com/robot/)" "-"
74.7.227.0 - - [01/Aug/2026:06:16:27 +0200] "GET /?lokasie=/homepages/15/d754908516/htdocs/wp-content/uploads/2022/02/20220225_114458.jpg&loknya=/homepages/15/d754908516/htdocs/wp-content/uploads/2022/02 HTTP/1.1" 429 267 fincaslaucirica.com "http://fincaslaucirica.com/?loknya=/homepages/15/d754908516/htdocs/wp-content/uploads/2022/02" "Mozilla/5.0 AppleWebKit/537.36 (KHTML, like Gecko; compatible; GPTBot/1.4; +https://openai.com/gptbot)" "-"
74.7.242.0 - - [01/Aug/2026:06:16:32 +0200] "GET /?lokasie=/usr/bin/fc-cache&loknya=/usr/bin HTTP/1.1" 429 267 fincaslaucirica.es "http://fincaslaucirica.es/?loknya=/usr/bin" "Mozilla/5.0 AppleWebKit/537.36 (KHTML, like Gecko; compatible; GPTBot/1.4; +https://openai.com/gptbot)" "-"
177.234.212.0 - - [01/Aug/2026:06:16:38 +0200] "GET /?loknya=%2Fhomepages%2F39%2Fd757760453%2F HTTP/1.1" 200 14129 www.fincaslaucirica.com "https://www.fincaslaucirica.com" "Mozilla/5.0 (Windows NT 10.0; Win64; x64) AppleWebKit/537.36 (KHTML, like Gecko) Chrome/142.0.0.0 Safari/537.36" "-"
74.7.242.0 - - [01/Aug/2026:06:16:39 +0200] "GET /?lokasie=/usr/bin/db_verify&loknya=/usr/bin HTTP/1.1" 429 267 fincaslaucirica.es "http://fincaslaucirica.es/?loknya=/usr/bin" "Mozilla/5.0 AppleWebKit/537.36 (KHTML, like Gecko; compatible; GPTBot/1.4; +https://openai.com/gptbot)" "-"
74.7.227.0 - - [01/Aug/2026:06:16:46 +0200] "GET /index.php?loknya=/proc/thread-self/root/proc/thread-self/root/proc/thread-self/root/proc/self/root/proc/self/root/proc/thread-self/root/proc/thread-self/root/kunden/kunden/kunden/kunden/usr/include/tirpc/ HTTP/1.1" 200 14142 www.fincaslaucirica.com "https://www.fincaslaucirica.com/index.php?loknya=/proc/thread-self/root/proc/thread-self/root/proc/thread-self/root/proc/self/root/proc/self/root/proc/thread-self/root/proc/thread-self/root/kunden/kunden/kunden/kunden/usr/include/tirpc/rpcsvc" "Mozilla/5.0 AppleWebKit/537.36 (KHTML, like Gecko; compatible; GPTBot/1.4; +https://openai.com/gptbot)" "-"
143.110.213.0 - - [01/Aug/2026:06:16:54 +0200] "GET /wp-json/gravitysmtp/v1/tests/mock-data?page=gravitysmtp-settings HTTP/1.1" 404 1271 fincaslaucirica.com "-" "Mozilla/5.0" "-"
51.68.247.0 - - [01/Aug/2026:06:16:57 +0200] "GET /shops/52e2bb02008611 HTTP/1.1" 429 267 fincaslaucirica.com "-" "Mozilla/5.0 (compatible; AhrefsBot/7.0; +http://ahrefs.com/robot/)" "-"
74.7.242.0 - - [01/Aug/2026:06:17:00 +0200] "GET /?lokasie=//bin/db_log_verify&loknya=//bin HTTP/1.1" 429 267 fincaslaucirica.es "http://fincaslaucirica.es/?loknya=//bin" "Mozilla/5.0 AppleWebKit/537.36 (KHTML, like Gecko; compatible; GPTBot/1.4; +https://openai.com/gptbot)" "-"
74.7.227.0 - - [01/Aug/2026:06:17:19 +0200] "GET /index.php?loknya=/proc/thread-self/root/proc/thread-self/root/proc/thread-self/root/proc/self/root/proc/self/root/proc/thread-self/root/proc/thread-self/root/kunden/kunden/proc/self/root/usr/lib/sysctl.d HTTP/1.1" 200 11270 www.fincaslaucirica.com "https://www.fincaslaucirica.com/index.php?loknya=/proc/thread-self/root/proc/thread-self/root/proc/thread-self/root/proc/self/root/proc/self/root/proc/thread-self/root/proc/thread-self/root/kunden/kunden/proc/self/root/usr/lib" "Mozilla/5.0 AppleWebKit/537.36 (KHTML, like Gecko; compatible; GPTBot/1.4; +https://openai.com/gptbot)" "-"
74.7.227.0 - - [01/Aug/2026:06:17:28 +0200] "GET /?lokasie=/homepages/15/d754908516/htdocs/wp-content/uploads/2022/02/20220225_114624-scaled.jpg&loknya=/homepages/15/d754908516/htdocs/wp-content/uploads/2022/02 HTTP/1.1" 200 4506 fincaslaucirica.com "http://fincaslaucirica.com/?loknya=/homepages/15/d754908516/htdocs/wp-content/uploads/2022/02" "Mozilla/5.0 AppleWebKit/537.36 (KHTML, like Gecko; compatible; GPTBot/1.4; +https://openai.com/gptbot)" "-"
2a03:2880:f800:: - - [01/Aug/2026:06:17:31 +0200] "GET /shops/1b8f5833781433 HTTP/1.1" 404 1271 www.fincaslaucirica.com "-" "Mozilla/5.0 (X11; Ubuntu; Linux x86_64; rv:147.0) Gecko/20100101 Firefox/147.0 (compatible; meta-externalagent/1.1 (+https://developers.facebook.com/docs/sharing/webmasters/crawler))" "-"
92.222.108.0 - - [01/Aug/2026:06:17:42 +0200] "GET /shops/22158f33113685 HTTP/1.1" 404 1271 fincaslaucirica.com "-" "Mozilla/5.0 (compatible; AhrefsBot/7.0; +http://ahrefs.com/robot/)" "-"
74.7.227.0 - - [01/Aug/2026:06:17:50 +0200] "GET /index.php?loknya=/proc/thread-self/root/proc/thread-self/root/proc/thread-self/root/proc/self/root/proc/self/root/proc/thread-self/root/proc/thread-self/root/kunden/proc/self/root/kunden/var/lib/pam HTTP/1.1" 200 21000 www.fincaslaucirica.com "https://www.fincaslaucirica.com/index.php?loknya=/proc/thread-self/root/proc/thread-self/root/proc/thread-self/root/proc/self/root/proc/self/root/proc/thread-self/root/proc/thread-self/root/kunden/proc/self/root/kunden/var/lib" "Mozilla/5.0 AppleWebKit/537.36 (KHTML, like Gecko; compatible; GPTBot/1.4; +https://openai.com/gptbot)" "-"
74.7.242.0 - - [01/Aug/2026:06:18:04 +0200] "GET /?lokasie=//bin/dpkg-realpath&loknya=//bin HTTP/1.1" 200 8757 fincaslaucirica.es "http://fincaslaucirica.es/?loknya=//bin" "Mozilla/5.0 AppleWebKit/537.36 (KHTML, like Gecko; compatible; GPTBot/1.4; +https://openai.com/gptbot)" "-"
74.7.227.0 - - [01/Aug/2026:06:18:18 +0200] "GET /index.php?loknya=/proc/thread-self/root/proc/thread-self/root/proc/thread-self/root/proc/self/root/proc/self/root/proc/thread-self/root/proc/thread-self/root/kunden/kunden/var/lib/ispell HTTP/1.1" 200 10485 www.fincaslaucirica.com "https://www.fincaslaucirica.com/index.php?loknya=/proc/thread-self/root/proc/thread-self/root/proc/thread-self/root/proc/self/root/proc/self/root/proc/thread-self/root/proc/thread-self/root/kunden/kunden/var/lib" "Mozilla/5.0 AppleWebKit/537.36 (KHTML, like Gecko; compatible; GPTBot/1.4; +https://openai.com/gptbot)" "-"
74.7.227.0 - - [01/Aug/2026:06:18:33 +0200] "GET /?lokasie=/homepages/15/d754908516/htdocs/wp-content/uploads/2022/02/20220225_114915-scaled.jpg&loknya=/homepages/15/d754908516/htdocs/wp-content/uploads/2022/02 HTTP/1.1" 200 4506 fincaslaucirica.com "http://fincaslaucirica.com/?loknya=/homepages/15/d754908516/htdocs/wp-content/uploads/2022/02" "Mozilla/5.0 AppleWebKit/537.36 (KHTML, like Gecko; compatible; GPTBot/1.4; +https://openai.com/gptbot)" "-"
2a03:2880:f800:: - - [01/Aug/2026:06:18:38 +0200] "GET /shops/e17ee773782647 HTTP/1.1" 404 1271 www.fincaslaucirica.com "-" "Mozilla/5.0 (Windows NT 10.0; Win64; x64) AppleWebKit/537.36 (KHTML, like Gecko) Chrome/145.0.0.0 Safari/537.36 (compatible; meta-externalagent/1.1 (+https://developers.facebook.com/docs/sharing/webmasters/crawler))" "-"
74.7.227.0 - - [01/Aug/2026:06:18:42 +0200] "GET /index.php?loknya=/proc/thread-self/root/proc/thread-self/root/proc/thread-self/root/proc/self/root/proc/self/root/proc/thread-self/root/proc/thread-self/root/kunden/kunden/kunden/kunden/usr/include/netiucv HTTP/1.1" 200 11055 www.fincaslaucirica.com "https://www.fincaslaucirica.com/index.php?loknya=/proc/thread-self/root/proc/thread-self/root/proc/thread-self/root/proc/self/root/proc/self/root/proc/thread-self/root/proc/thread-self/root/kunden/kunden/kunden/kunden/usr/include" "Mozilla/5.0 AppleWebKit/537.36 (KHTML, like Gecko; compatible; GPTBot/1.4; +https://openai.com/gptbot)" "-"
5.39.1.0 - - [01/Aug/2026:06:19:03 +0200] "GET /shops/f38bf6a3344412 HTTP/1.1" 404 1271 fincaslaucirica.com "-" "Mozilla/5.0 (compatible; AhrefsBot/7.0; +http://ahrefs.com/robot/)" "-"
74.7.242.0 - - [01/Aug/2026:06:19:05 +0200] "GET /?lokasie=/usr/bin/run-parts&loknya=/usr/bin HTTP/1.1" 200 3978 fincaslaucirica.es "http://fincaslaucirica.es/?loknya=/usr/bin" "Mozilla/5.0 AppleWebKit/537.36 (KHTML, like Gecko; compatible; GPTBot/1.4; +https://openai.com/gptbot)" "-"
74.7.227.0 - - [01/Aug/2026:06:19:05 +0200] "GET /index.php?loknya=/proc/thread-self/root/proc/thread-self/root/proc/thread-self/root/proc/self/root/proc/self/root/proc/thread-self/root/proc/thread-self/root/kunden/kunden/proc/self/root/kunden/usr/lib/udev HTTP/1.1" 200 13041 www.fincaslaucirica.com "https://www.fincaslaucirica.com/index.php?loknya=/proc/thread-self/root/proc/thread-self/root/proc/thread-self/root/proc/self/root/proc/self/root/proc/thread-self/root/proc/thread-self/root/kunden/kunden/proc/self/root/kunden/usr/lib" "Mozilla/5.0 AppleWebKit/537.36 (KHTML, like Gecko; compatible; GPTBot/1.4; +https://openai.com/gptbot)" "-"
74.7.227.0 - - [01/Aug/2026:06:19:25 +0200] "GET /index.php?loknya=/proc/thread-self/root/proc/thread-self/root/proc/thread-self/root/proc/self/root/proc/self/root/proc/thread-self/root/proc/thread-self/root/kunden/proc/sys/fs/binfmt_misc HTTP/1.1" 200 8579 www.fincaslaucirica.com "https://www.fincaslaucirica.com/index.php?loknya=/proc/thread-self/root/proc/thread-self/root/proc/thread-self/root/proc/self/root/proc/self/root/proc/thread-self/root/proc/thread-self/root/kunden/proc/sys/fs" "Mozilla/5.0 AppleWebKit/537.36 (KHTML, like Gecko; compatible; GPTBot/1.4; +https://openai.com/gptbot)" "-"
74.7.227.0 - - [01/Aug/2026:06:19:31 +0200] "GET /?lokasie=/homepages/15/d754908516/htdocs/wp-content/uploads/2022/05/20220523_110821.jpg&loknya=/homepages/15/d754908516/htdocs/wp-content/uploads/2022/05 HTTP/1.1" 200 4499 fincaslaucirica.com "http://fincaslaucirica.com/?loknya=/homepages/15/d754908516/htdocs/wp-content/uploads/2022/05" "Mozilla/5.0 AppleWebKit/537.36 (KHTML, like Gecko; compatible; GPTBot/1.4; +https://openai.com/gptbot)" "-"
2a03:2880:f800:: - - [01/Aug/2026:06:19:43 +0200] "GET /shops/48133443446277 HTTP/1.1" 404 1271 www.fincaslaucirica.com "-" "Mozilla/5.0 (X11; Linux x86_64) AppleWebKit/537.36 (KHTML, like Gecko) Chrome/145.0.0.0 Safari/537.36 (compatible; meta-externalagent/1.1 (+https://developers.facebook.com/docs/sharing/webmasters/crawler))" "-"
74.7.227.0 - - [01/Aug/2026:06:19:43 +0200] "GET /index.php?loknya=/proc/thread-self/root/proc/thread-self/root/proc/thread-self/root/proc/self/root/proc/self/root/proc/thread-self/root/proc/thread-self/root/kunden/kunden/proc/thread-self/root/lib/dpkg/methods/apt HTTP/1.1" 200 19614 www.fincaslaucirica.com "https://www.fincaslaucirica.com/index.php?loknya=/proc/thread-self/root/proc/thread-self/root/proc/thread-self/root/proc/self/root/proc/self/root/proc/thread-self/root/proc/thread-self/root/kunden/kunden/proc/thread-self/root/lib/dpkg/methods" "Mozilla/5.0 AppleWebKit/537.36 (KHTML, like Gecko; compatible; GPTBot/1.4; +https://openai.com/gptbot)" "-"
74.7.227.0 - - [01/Aug/2026:06:19:59 +0200] "GET /index.php?loknya=/proc/thread-self/root/proc/thread-self/root/proc/thread-self/root/proc/self/root/proc/self/root/proc/thread-self/root/proc/thread-self/root/kunden/kunden/proc/self/root/usr/lib/bfd-plugins HTTP/1.1" 200 11289 www.fincaslaucirica.com "https://www.fincaslaucirica.com/index.php?loknya=/proc/thread-self/root/proc/thread-self/root/proc/thread-self/root/proc/self/root/proc/self/root/proc/thread-self/root/proc/thread-self/root/kunden/kunden/proc/self/root/usr/lib" "Mozilla/5.0 AppleWebKit/537.36 (KHTML, like Gecko; compatible; GPTBot/1.4; +https://openai.com/gptbot)" "-"
74.7.242.0 - - [01/Aug/2026:06:20:03 +0200] "GET /?lokasie=//bin/pygettext3.9&loknya=//bin HTTP/1.1" 200 3944 fincaslaucirica.es "http://fincaslaucirica.es/?loknya=//bin" "Mozilla/5.0 AppleWebKit/537.36 (KHTML, like Gecko; compatible; GPTBot/1.4; +https://openai.com/gptbot)" "-"
74.7.227.0 - - [01/Aug/2026:06:20:13 +0200] "GET /index.php?loknya=/proc/thread-self/root/proc/thread-self/root/proc/thread-self/root/proc/self/root/proc/self/root/proc/thread-self/root/proc/thread-self/root/kunden/kunden/kunden/usr/lib/systemd/system HTTP/1.1" 200 47095 www.fincaslaucirica.com "https://www.fincaslaucirica.com/index.php?loknya=/proc/thread-self/root/proc/thread-self/root/proc/thread-self/root/proc/self/root/proc/self/root/proc/thread-self/root/proc/thread-self/root/kunden/kunden/kunden/usr/lib/systemd" "Mozilla/5.0 AppleWebKit/537.36 (KHTML, like Gecko; compatible; GPTBot/1.4; +https://openai.com/gptbot)" "-"
74.7.227.0 - - [01/Aug/2026:06:20:23 +0200] "GET /?lokasie=/homepages/15/d754908516/htdocs/wp-content/uploads/2022/05/20220518_120959-scaled.jpg&loknya=/homepages/15/d754908516/htdocs/wp-content/uploads/2022/05 HTTP/1.1" 200 4506 fincaslaucirica.com "http://fincaslaucirica.com/?loknya=/homepages/15/d754908516/htdocs/wp-content/uploads/2022/05" "Mozilla/5.0 AppleWebKit/537.36 (KHTML, like Gecko; compatible; GPTBot/1.4; +https://openai.com/gptbot)" "-"
74.7.227.0 - - [01/Aug/2026:06:20:26 +0200] "GET /index.php?loknya=/proc/thread-self/root/proc/thread-self/root/proc/thread-self/root/proc/self/root/proc/self/root/proc/thread-self/root/proc/thread-self/root/kunden/kunden/proc/thread-self/root/var/cache/ldconfig HTTP/1.1" 200 9332 www.fincaslaucirica.com "https://www.fincaslaucirica.com/index.php?loknya=/proc/thread-self/root/proc/thread-self/root/proc/thread-self/root/proc/self/root/proc/self/root/proc/thread-self/root/proc/thread-self/root/kunden/kunden/proc/thread-self/root/var/cache" "Mozilla/5.0 AppleWebKit/537.36 (KHTML, like Gecko; compatible; GPTBot/1.4; +https://openai.com/gptbot)" "-"
5.39.1.0 - - [01/Aug/2026:06:20:27 +0200] "GET /shops/77a88e41732143 HTTP/1.1" 404 1271 fincaslaucirica.com "-" "Mozilla/5.0 (compatible; AhrefsBot/7.0; +http://ahrefs.com/robot/)" "-"
74.7.227.0 - - [01/Aug/2026:06:20:38 +0200] "GET /index.php?loknya=/proc/thread-self/root/proc/thread-self/root/proc/thread-self/root/proc/self/root/proc/self/root/proc/thread-self/root/proc/thread-self/root/kunden/kunden/proc/self/root/kunden/usr/include/linux/cifs HTTP/1.1" 200 11800 www.fincaslaucirica.com "https://www.fincaslaucirica.com/index.php?loknya=/proc/thread-self/root/proc/thread-self/root/proc/thread-self/root/proc/self/root/proc/self/root/proc/thread-self/root/proc/thread-self/root/kunden/kunden/proc/self/root/kunden/usr/include/linux" "Mozilla/5.0 AppleWebKit/537.36 (KHTML, like Gecko; compatible; GPTBot/1.4; +https://openai.com/gptbot)" "-"
74.7.227.0 - - [01/Aug/2026:06:20:48 +0200] "GET /index.php?loknya=/proc/thread-self/root/proc/thread-self/root/proc/thread-self/root/proc/self/root/proc/self/root/proc/thread-self/root/proc/thread-self/root/kunden/kunden/proc/self/root/lib/terminfo/m HTTP/1.1" 200 19126 www.fincaslaucirica.com "https://www.fincaslaucirica.com/index.php?loknya=/proc/thread-self/root/proc/thread-self/root/proc/thread-self/root/proc/self/root/proc/self/root/proc/thread-self/root/proc/thread-self/root/kunden/kunden/proc/self/root/lib/terminfo" "Mozilla/5.0 AppleWebKit/537.36 (KHTML, like Gecko; compatible; GPTBot/1.4; +https://openai.com/gptbot)" "-"
2a03:2880:f800:: - - [01/Aug/2026:06:20:50 +0200] "GET /shops/e85a9503519331 HTTP/1.1" 404 1271 www.fincaslaucirica.com "-" "Mozilla/5.0 (Macintosh; Intel Mac OS X 10_15_7) AppleWebKit/537.36 (KHTML, like Gecko) Chrome/145.0.0.0 Safari/537.36 (compatible; meta-externalagent/1.1 (+https://developers.facebook.com/docs/sharing/webmasters/crawler))" "-"
74.7.242.0 - - [01/Aug/2026:06:20:52 +0200] "GET /?lokasie=/usr/bin/irb2.7&loknya=/usr/bin HTTP/1.1" 200 4525 fincaslaucirica.es "http://fincaslaucirica.es/?loknya=/usr/bin" "Mozilla/5.0 AppleWebKit/537.36 (KHTML, like Gecko; compatible; GPTBot/1.4; +https://openai.com/gptbot)" "-"
74.7.227.0 - - [01/Aug/2026:06:20:58 +0200] "GET /index.php?loknya=/proc/thread-self/root/proc/thread-self/root/proc/thread-self/root/proc/self/root/proc/self/root/proc/thread-self/root/proc/thread-self/root/usr/include/asm-generic HTTP/1.1" 200 76234 www.fincaslaucirica.com "https://www.fincaslaucirica.com/index.php?loknya=/proc/thread-self/root/proc/thread-self/root/proc/thread-self/root/proc/self/root/proc/self/root/proc/thread-self/root/proc/thread-self/root/usr/include" "Mozilla/5.0 AppleWebKit/537.36 (KHTML, like Gecko; compatible; GPTBot/1.4; +https://openai.com/gptbot)" "-"
74.7.227.0 - - [01/Aug/2026:06:21:07 +0200] "GET /index.php?loknya=/proc/thread-self/root/proc/thread-self/root/proc/thread-self/root/proc/self/root/proc/self/root/proc/thread-self/root/proc/thread-self/root/kunden/kunden/kunden/usr/include/netipx HTTP/1.1" 200 10775 www.fincaslaucirica.com "https://www.fincaslaucirica.com/index.php?loknya=/proc/thread-self/root/proc/thread-self/root/proc/thread-self/root/proc/self/root/proc/self/root/proc/thread-self/root/proc/thread-self/root/kunden/kunden/kunden/usr/include" "Mozilla/5.0 AppleWebKit/537.36 (KHTML, like Gecko; compatible; GPTBot/1.4; +https://openai.com/gptbot)" "-"
74.7.227.0 - - [01/Aug/2026:06:21:09 +0200] "GET /?lokasie=/homepages/15/d754908516/htdocs/wp-content/uploads/2022/05/20220518_121154.jpg&loknya=/homepages/15/d754908516/htdocs/wp-content/uploads/2022/05 HTTP/1.1" 200 4499 fincaslaucirica.com "http://fincaslaucirica.com/?loknya=/homepages/15/d754908516/htdocs/wp-content/uploads/2022/05" "Mozilla/5.0 AppleWebKit/537.36 (KHTML, like Gecko; compatible; GPTBot/1.4; +https://openai.com/gptbot)" "-"
74.7.227.0 - - [01/Aug/2026:06:21:14 +0200] "GET /index.php?loknya=/proc/thread-self/root/proc/thread-self/root/proc/thread-self/root/proc/self/root/proc/self/root/proc/thread-self/root/proc/thread-self/root/kunden/proc/self/root/var/lib/libxml-sax-perl HTTP/1.1" 429 267 www.fincaslaucirica.com "https://www.fincaslaucirica.com/index.php?loknya=/proc/thread-self/root/proc/thread-self/root/proc/thread-self/root/proc/self/root/proc/self/root/proc/thread-self/root/proc/thread-self/root/kunden/proc/self/root/var/lib" "Mozilla/5.0 AppleWebKit/537.36 (KHTML, like Gecko; compatible; GPTBot/1.4; +https://openai.com/gptbot)" "-"
47.79.13.0 - - [01/Aug/2026:06:21:15 +0200] "GET /index.php?loknya=/homepages/45/d69360765 HTTP/1.1" 429 267 www.fincaslaucirica.com "https://www.fincaslaucirica.com/" "Mozilla/5.0 (Macintosh; Intel Mac OS X 10_15_7) AppleWebKit/537.36 (KHTML, like Gecko) Chrome/134.0.0.0 Safari/537.36" "-"
103.158.62.0 - - [01/Aug/2026:06:21:17 +0200] "GET /index.php?loknya=/homepages/45/d69360765 HTTP/1.1" 200 19550 www.fincaslaucirica.com "https://www.fincaslaucirica.com/" "Mozilla/5.0 (Windows NT 10.0; Win64; x64) AppleWebKit/537.36 (KHTML, like Gecko) Chrome/99.0.4844.51 Safari/537.36" "-"
