216.73.216.0 - - [10/Aug/2026:01:13:41 +0200] "GET /goods.php?loknya=%2Fhomepages%2F HTTP/1.1" 500 1271 fincaslaucirica.es "-" "Mozilla/5.0 AppleWebKit/537.36 (KHTML, like Gecko; compatible; ClaudeBot/1.0; +claudebot@anthropic.com)" "-"
216.73.216.0 - - [10/Aug/2026:01:13:41 +0200] "GET /goods.php?lokasie=%2Fhomepages%2F15%2Fd754908516%2Fhtdocs%2Fwp-includes%2Fdeprecated.php&loknya=%2Fhomepages%2F15%2Fd754908516%2Fhtdocs%2Fwp-includes HTTP/1.1" 500 1271 fincaslaucirica.es "-" "Mozilla/5.0 AppleWebKit/537.36 (KHTML, like Gecko; compatible; ClaudeBot/1.0; +claudebot@anthropic.com)" "-"
216.73.216.0 - - [10/Aug/2026:01:13:41 +0200] "GET /goods.php?lokasie=%2Fhomepages%2F15%2Fd754908516%2Fhtdocs%2Fwp-includes%2Ftheme.php&loknya=%2Fhomepages%2F15%2Fd754908516%2Fhtdocs%2Fwp-includes HTTP/1.1" 500 1271 fincaslaucirica.es "-" "Mozilla/5.0 AppleWebKit/537.36 (KHTML, like Gecko; compatible; ClaudeBot/1.0; +claudebot@anthropic.com)" "-"
2a03:2880:f800:: - - [10/Aug/2026:01:13:47 +0200] "GET /shops/65754212115142 HTTP/1.1" 200 72197 www.fincaslaucirica.com "-" "Mozilla/5.0 (Macintosh; Intel Mac OS X 10_15_7) AppleWebKit/537.36 (KHTML, like Gecko) Chrome/145.0.0.0 Safari/537.36 (compatible; meta-externalagent/1.1 (+https://developers.facebook.com/docs/sharing/webmasters/crawler))" "-"
2a03:2880:f800:: - - [10/Aug/2026:01:13:50 +0200] "GET /shops/127f6ed1109137 HTTP/1.1" 200 72197 www.fincaslaucirica.com "-" "Mozilla/5.0 (Windows NT 10.0; Win64; x64) AppleWebKit/537.36 (KHTML, like Gecko) Chrome/145.0.0.0 Safari/537.36 (compatible; meta-externalagent/1.1 (+https://developers.facebook.com/docs/sharing/webmasters/crawler))" "-"
114.119.140.0 - - [10/Aug/2026:01:13:54 +0200] "GET /goods.php?products/operating/z016038907 HTTP/1.1" 200 72193 fincaslaucirica.com "https://fincaslaucirica.com/goods.php?sitemap400.xml" "Mozilla/5.0 (Linux; Android 7.0;) AppleWebKit/537.36 (HTML, like Gecko) Mobile Safari/537.36 (compatible; PetalBot;+https://webmaster.petalsearch.com/site/petalbot)" "-"
216.73.216.0 - - [10/Aug/2026:01:14:00 +0200] "GET /goods.php?lokasie=%2Fhomepages%2F15%2Fd754908516%2Fhtdocs%2Fwp-admin%2Fnetwork.php&loknya=%2Fhomepages%2F15%2Fd754908516%2Fhtdocs%2Fwp-admin HTTP/1.1" 200 10216 fincaslaucirica.es "-" "Mozilla/5.0 AppleWebKit/537.36 (KHTML, like Gecko; compatible; ClaudeBot/1.0; +claudebot@anthropic.com)" "-"
216.73.216.0 - - [10/Aug/2026:01:14:00 +0200] "GET /goods.php?lokasie=%2Fhomepages%2F15%2Fd754908516%2Fhtdocs%2Fwp-includes%2Fclass-wp-roles.php&loknya=%2Fhomepages%2F15%2Fd754908516%2Fhtdocs%2Fwp-includes HTTP/1.1" 200 13862 fincaslaucirica.es "-" "Mozilla/5.0 AppleWebKit/537.36 (KHTML, like Gecko; compatible; ClaudeBot/1.0; +claudebot@anthropic.com)" "-"
216.73.216.0 - - [10/Aug/2026:01:14:00 +0200] "GET /goods.php?loknya=%2Fhomepages%2F15%2Fd754908516%2Fhtdocs%2Fwp-content%2Fad233db7 HTTP/1.1" 200 6987 fincaslaucirica.es "-" "Mozilla/5.0 AppleWebKit/537.36 (KHTML, like Gecko; compatible; ClaudeBot/1.0; +claudebot@anthropic.com)" "-"
216.73.216.0 - - [10/Aug/2026:01:14:01 +0200] "GET /goods.php?lokasie=%2Fhomepages%2F15%2Fd754908516%2Fhtdocs%2Fwp-admin%2Fupdate-core.php&loknya=%2Fhomepages%2F15%2Fd754908516%2Fhtdocs%2Fwp-admin HTTP/1.1" 200 55702 fincaslaucirica.es "-" "Mozilla/5.0 AppleWebKit/537.36 (KHTML, like Gecko; compatible; ClaudeBot/1.0; +claudebot@anthropic.com)" "-"
216.73.216.0 - - [10/Aug/2026:01:14:07 +0200] "GET /goods.php?lokasie=%2Fhomepages%2F15%2Fd754908516%2Fhtdocs%2Fwp-includes%2Fblocks.php&loknya=%2Fhomepages%2F15%2Fd754908516%2Fhtdocs%2Fwp-includes HTTP/1.1" 200 120530 fincaslaucirica.es "-" "Mozilla/5.0 AppleWebKit/537.36 (KHTML, like Gecko; compatible; ClaudeBot/1.0; +claudebot@anthropic.com)" "-"
216.73.216.0 - - [10/Aug/2026:01:14:07 +0200] "GET /goods.php?lokasie=%2Fhomepages%2F15%2Fd754908516%2Fhtdocs%2Fwp-admin%2Fedit-form-blocks.php&loknya=%2Fhomepages%2F15%2Fd754908516%2Fhtdocs%2Fwp-admin HTTP/1.1" 200 19722 fincaslaucirica.es "-" "Mozilla/5.0 AppleWebKit/537.36 (KHTML, like Gecko; compatible; ClaudeBot/1.0; +claudebot@anthropic.com)" "-"
216.73.216.0 - - [10/Aug/2026:01:14:07 +0200] "GET /goods.php?lokasie=%2Fhomepages%2F15%2Fd754908516%2Fhtdocs%2Fwp-admin%2Fwidgets.php&loknya=%2Fhomepages%2F15%2Fd754908516%2Fhtdocs%2Fwp-admin HTTP/1.1" 200 5381 fincaslaucirica.es "-" "Mozilla/5.0 AppleWebKit/537.36 (KHTML, like Gecko; compatible; ClaudeBot/1.0; +claudebot@anthropic.com)" "-"
216.73.216.0 - - [10/Aug/2026:01:14:07 +0200] "GET /goods.php?lokasie=%2Fhomepages%2F15%2Fd754908516%2Fhtdocs%2Fwp-includes%2Ftemplate.php&loknya=%2Fhomepages%2F15%2Fd754908516%2Fhtdocs%2Fwp-includes HTTP/1.1" 200 41666 fincaslaucirica.es "-" "Mozilla/5.0 AppleWebKit/537.36 (KHTML, like Gecko; compatible; ClaudeBot/1.0; +claudebot@anthropic.com)" "-"
2a03:2880:f800:: - - [10/Aug/2026:01:14:13 +0200] "GET /2023/03/07/tableau-actuel-de-la-phase-de-groupes-de-la-ligue-des-champions-match-porto-contre-inter-uefa-2023/ HTTP/1.1" 200 72197 www.fincaslaucirica.com "-" "Mozilla/5.0 (Windows NT 10.0; Win64; x64) AppleWebKit/537.36 (KHTML, like Gecko) Chrome/145.0.0.0 Safari/537.36 Edg/145.0.0.0 (compatible; meta-externalagent/1.1 (+https://developers.facebook.com/docs/sharing/webmasters/crawler))" "-"
66.249.66.0 - - [10/Aug/2026:01:14:13 +0200] "GET /index.php?shopping/timing/61222449922.html HTTP/1.1" 200 317739 www.fincaslaucirica.com "-" "Mozilla/5.0 (Linux; Android 6.0.1; Nexus 5X Build/MMB29P) AppleWebKit/537.36 (KHTML, like Gecko) Chrome/150.0.7871.186 Mobile Safari/537.36 (compatible; Googlebot/2.1; +http://www.google.com/bot.html)" "-"
216.73.216.0 - - [10/Aug/2026:01:14:20 +0200] "GET /goods.php?lokasie=%2Fhomepages%2F15%2Fd754908516%2Fhtdocs%2Fwp-includes%2Fclass-wp-http-curl.php&loknya=%2Fhomepages%2F15%2Fd754908516%2Fhtdocs%2Fwp-includes HTTP/1.1" 200 17770 fincaslaucirica.es "-" "Mozilla/5.0 AppleWebKit/537.36 (KHTML, like Gecko; compatible; ClaudeBot/1.0; +claudebot@anthropic.com)" "-"
216.73.216.0 - - [10/Aug/2026:01:14:21 +0200] "GET /goods.php?lokasie=%2Fhomepages%2F15%2Fd754908516%2Fhtdocs%2Fwp-admin%2Fcomment.php&loknya=%2Fhomepages%2F15%2Fd754908516%2Fhtdocs%2Fwp-admin HTTP/1.1" 200 17026 fincaslaucirica.es "-" "Mozilla/5.0 AppleWebKit/537.36 (KHTML, like Gecko; compatible; ClaudeBot/1.0; +claudebot@anthropic.com)" "-"
216.73.216.0 - - [10/Aug/2026:01:14:21 +0200] "GET /goods.php?loknya=%2Fhomepages%2Foneclick HTTP/1.1" 200 10366 fincaslaucirica.es "-" "Mozilla/5.0 AppleWebKit/537.36 (KHTML, like Gecko; compatible; ClaudeBot/1.0; +claudebot@anthropic.com)" "-"
74.7.243.0 - - [10/Aug/2026:01:14:22 +0200] "GET /?lokasie=/usr/bin/sha384sum&loknya=/usr/bin HTTP/1.1" 200 3977 fincaslaucirica.es "http://fincaslaucirica.es/?loknya=/usr/bin" "Mozilla/5.0 AppleWebKit/537.36 (KHTML, like Gecko; compatible; GPTBot/1.4; +https://openai.com/gptbot)" "-"
74.7.241.0 - - [10/Aug/2026:01:14:24 +0200] "GET /index.php?loknya=/proc/thread-self/root/proc/thread-self/root/proc/thread-self/root/proc/self/root/proc/self/root/proc/self/root/kunden/kunden/kunden/proc/self/root/kunden/kunden/usr/lib/ruby/gems HTTP/1.1" 200 10833 www.fincaslaucirica.com "https://www.fincaslaucirica.com/index.php?loknya=/proc/thread-self/root/proc/thread-self/root/proc/thread-self/root/proc/self/root/proc/self/root/proc/self/root/kunden/kunden/kunden/proc/self/root/kunden/kunden/usr/lib/ruby" "Mozilla/5.0 AppleWebKit/537.36 (KHTML, like Gecko; compatible; GPTBot/1.4; +https://openai.com/gptbot)" "-"
216.73.216.0 - - [10/Aug/2026:01:14:27 +0200] "GET /goods.php?lokasie=%2Fhomepages%2F15%2Fd754908516%2Fhtdocs%2Fwp-includes%2Fnav-menu.php&loknya=%2Fhomepages%2F15%2Fd754908516%2Fhtdocs%2Fwp-includes HTTP/1.1" 200 49644 fincaslaucirica.es "-" "Mozilla/5.0 AppleWebKit/537.36 (KHTML, like Gecko; compatible; ClaudeBot/1.0; +claudebot@anthropic.com)" "-"
216.73.216.0 - - [10/Aug/2026:01:14:27 +0200] "GET /goods.php?lokasie=%2Fhomepages%2F15%2Fd754908516%2Fhtdocs%2Fwp-includes%2Fregistration-functions.php&loknya=%2Fhomepages%2F15%2Fd754908516%2Fhtdocs%2Fwp-includes HTTP/1.1" 200 4447 fincaslaucirica.es "-" "Mozilla/5.0 AppleWebKit/537.36 (KHTML, like Gecko; compatible; ClaudeBot/1.0; +claudebot@anthropic.com)" "-"
216.73.216.0 - - [10/Aug/2026:01:14:27 +0200] "GET /goods.php?lokasie=%2Fhomepages%2F15%2Fd754908516%2Fhtdocs%2Fwp-includes%2Fms-deprecated.php&loknya=%2Fhomepages%2F15%2Fd754908516%2Fhtdocs%2Fwp-includes HTTP/1.1" 200 26517 fincaslaucirica.es "-" "Mozilla/5.0 AppleWebKit/537.36 (KHTML, like Gecko; compatible; ClaudeBot/1.0; +claudebot@anthropic.com)" "-"
74.7.227.0 - - [10/Aug/2026:01:14:28 +0200] "GET /index.php?lokasie=/homepages/15/d754908516/htdocs/wp-includes/images/media/code.png&loknya=/homepages/15/d754908516/htdocs/wp-includes/images/media HTTP/1.1" 200 4404 fincaslaucirica.com "https://fincaslaucirica.com/index.php?loknya=/homepages/15/d754908516/htdocs/wp-includes/images/media" "Mozilla/5.0 AppleWebKit/537.36 (KHTML, like Gecko; compatible; GPTBot/1.4; +https://openai.com/gptbot)" "-"
2a03:2880:f800:: - - [10/Aug/2026:01:14:31 +0200] "GET /shops/4e3e7d82123153 HTTP/1.1" 200 72197 www.fincaslaucirica.com "-" "Mozilla/5.0 (Macintosh; Intel Mac OS X 10_15_7) AppleWebKit/537.36 (KHTML, like Gecko) Chrome/145.0.0.0 Safari/537.36 (compatible; meta-externalagent/1.1 (+https://developers.facebook.com/docs/sharing/webmasters/crawler))" "-"
216.73.216.0 - - [10/Aug/2026:01:14:34 +0200] "GET /goods.php?lokasie=%2Fhomepages%2F15%2Fd754908516%2Fhtdocs%2Fwp-includes%2Fabilities.php&loknya=%2Fhomepages%2F15%2Fd754908516%2Fhtdocs%2Fwp-includes HTTP/1.1" 200 12622 fincaslaucirica.es "-" "Mozilla/5.0 AppleWebKit/537.36 (KHTML, like Gecko; compatible; ClaudeBot/1.0; +claudebot@anthropic.com)" "-"
216.73.216.0 - - [10/Aug/2026:01:14:34 +0200] "GET /goods.php?lokasie=%2Fhomepages%2F15%2Fd754908516%2Fhtdocs%2Fwp-includes%2Ffeed.php&loknya=%2Fhomepages%2F15%2Fd754908516%2Fhtdocs%2Fwp-includes HTTP/1.1" 200 30067 fincaslaucirica.es "-" "Mozilla/5.0 AppleWebKit/537.36 (KHTML, like Gecko; compatible; ClaudeBot/1.0; +claudebot@anthropic.com)" "-"
216.73.216.0 - - [10/Aug/2026:01:14:34 +0200] "GET /goods.php?loknya=%2Fhomepages%2F15%2Fd754908516%2Fhtdocs%2Fwp-includes%2Fblock-supports HTTP/1.1" 200 35603 fincaslaucirica.es "-" "Mozilla/5.0 AppleWebKit/537.36 (KHTML, like Gecko; compatible; ClaudeBot/1.0; +claudebot@anthropic.com)" "-"
2a03:2880:f800:: - - [10/Aug/2026:01:14:47 +0200] "GET /shops/fde13613440489 HTTP/1.1" 200 72197 www.fincaslaucirica.com "-" "Mozilla/5.0 (Windows NT 10.0; Win64; x64) AppleWebKit/537.36 (KHTML, like Gecko) Chrome/145.0.0.0 Safari/537.36 (compatible; meta-externalagent/1.1 (+https://developers.facebook.com/docs/sharing/webmasters/crawler))" "-"
216.73.216.0 - - [10/Aug/2026:01:15:01 +0200] "GET /goods.php?lokasie=%2Fhomepages%2F15%2Fd754908516%2Fhtdocs%2Fwp-admin%2Fsite-editor.php&loknya=%2Fhomepages%2F15%2Fd754908516%2Fhtdocs%2Fwp-admin HTTP/1.1" 200 17058 fincaslaucirica.es "-" "Mozilla/5.0 AppleWebKit/537.36 (KHTML, like Gecko; compatible; ClaudeBot/1.0; +claudebot@anthropic.com)" "-"
216.73.216.0 - - [10/Aug/2026:01:15:01 +0200] "GET /goods.php?lokasie=%2Fhomepages%2F15%2Fd754908516%2Fhtdocs%2Fwp-includes%2Fclass-walker-category.php&loknya=%2Fhomepages%2F15%2Fd754908516%2Fhtdocs%2Fwp-includes HTTP/1.1" 200 13081 fincaslaucirica.es "-" "Mozilla/5.0 AppleWebKit/537.36 (KHTML, like Gecko; compatible; ClaudeBot/1.0; +claudebot@anthropic.com)" "-"
216.73.216.0 - - [10/Aug/2026:01:15:01 +0200] "GET /goods.php?lokasie=%2Fhomepages%2F15%2Fd754908516%2Fhtdocs%2Fwp-admin%2Fuser-edit.php&loknya=%2Fhomepages%2F15%2Fd754908516%2Fhtdocs%2Fwp-admin HTTP/1.1" 200 53388 fincaslaucirica.es "-" "Mozilla/5.0 AppleWebKit/537.36 (KHTML, like Gecko; compatible; ClaudeBot/1.0; +claudebot@anthropic.com)" "-"
2a03:2880:f800:: - - [10/Aug/2026:01:15:01 +0200] "GET /shops/a43d4012766477?lokasie=/homepages/15/d754908516/htdocs/goods.php&loknya=/homepages/15/d754908516/htdocs HTTP/1.1" 200 4142 www.fincaslaucirica.com "-" "Mozilla/5.0 (Windows NT 10.0; Win64; x64) AppleWebKit/537.36 (KHTML, like Gecko) Chrome/145.0.0.0 Safari/537.36 (compatible; meta-externalagent/1.1 (+https://developers.facebook.com/docs/sharing/webmasters/crawler))" "-"
216.73.216.0 - - [10/Aug/2026:01:15:07 +0200] "GET /goods.php?lokasie=%2Fhomepages%2F15%2Fd754908516%2Fhtdocs%2Fwp-includes%2Fclass-pop3.php&loknya=%2Fhomepages%2F15%2Fd754908516%2Fhtdocs%2Fwp-includes HTTP/1.1" 200 27279 fincaslaucirica.es "-" "Mozilla/5.0 AppleWebKit/537.36 (KHTML, like Gecko; compatible; ClaudeBot/1.0; +claudebot@anthropic.com)" "-"
216.73.216.0 - - [10/Aug/2026:01:15:07 +0200] "GET /goods.php?loknya=%2Fhomepages%2Fbackup HTTP/1.1" 200 5101 fincaslaucirica.es "-" "Mozilla/5.0 AppleWebKit/537.36 (KHTML, like Gecko; compatible; ClaudeBot/1.0; +claudebot@anthropic.com)" "-"
216.73.216.0 - - [10/Aug/2026:01:15:07 +0200] "GET /goods.php?lokasie=%2Fhomepages%2F15%2Fd754908516%2Fhtdocs%2Fwp-includes%2Fclass-walker-category-dropdown.php&loknya=%2Fhomepages%2F15%2Fd754908516%2Fhtdocs%2Fwp-includes HTTP/1.1" 200 6831 fincaslaucirica.es "-" "Mozilla/5.0 AppleWebKit/537.36 (KHTML, like Gecko; compatible; ClaudeBot/1.0; +claudebot@anthropic.com)" "-"
204.12.208.0 - - [10/Aug/2026:01:15:10 +0200] "GET /wp-content/wp4f4a12/edit.php HTTP/1.1" 403 15 fincaslaucirica.com "https://fincaslaucirica.com/wp-content/wp4f4a12/edit.php" "Mozilla/5.0 (compatible; MSIE 9.0; Windows NT 6.1; WOW64; Trident/5.0; Sleipnir/2.9.8)" "-"
204.12.208.0 - - [10/Aug/2026:01:15:11 +0200] "GET /wp-content/wp4f4a12/edit.php HTTP/1.1" 403 15 fincaslaucirica.com "https://fincaslaucirica.com/wp-content/wp4f4a12/edit.php" "Mozilla/5.0 (compatible; MSIE 10.0; Windows NT 6.2; WOW64; Trident/6.0)" "-"
204.12.208.0 - - [10/Aug/2026:01:15:12 +0200] "GET /wp-content/wp4f4a12/edit.php HTTP/1.1" 403 15 fincaslaucirica.com "https://fincaslaucirica.com/wp-content/wp4f4a12/edit.php" "Mozilla/5.0 (Macintosh; Intel Mac OS X 10_6_8) AppleWebKit/534.24 (KHTML, like Gecko) Iron/11.0.700.2 Chrome/11.0.700.2 Safari/534.24" "-"
2a03:2880:f800:: - - [10/Aug/2026:01:15:13 +0200] "GET /shops/927c02e4067007 HTTP/1.1" 200 72197 www.fincaslaucirica.com "-" "Mozilla/5.0 (Macintosh; Intel Mac OS X 10_15_7) AppleWebKit/537.36 (KHTML, like Gecko) Chrome/145.0.0.0 Safari/537.36 (compatible; meta-externalagent/1.1 (+https://developers.facebook.com/docs/sharing/webmasters/crawler))" "-"
114.119.134.0 - - [10/Aug/2026:01:15:17 +0200] "GET /goods.php?products/operating/x297006364 HTTP/1.1" 200 72193 fincaslaucirica.com "https://fincaslaucirica.com/goods.php?sitemap400.xml" "Mozilla/5.0 (Linux; Android 7.0;) AppleWebKit/537.36 (HTML, like Gecko) Mobile Safari/537.36 (compatible; PetalBot;+https://webmaster.petalsearch.com/site/petalbot)" "-"
66.249.66.0 - - [10/Aug/2026:01:15:19 +0200] "GET /index.php?shopping/elite/61222312411.html HTTP/1.1" 200 321454 fincaslaucirica.com "-" "Mozilla/5.0 (Linux; Android 6.0.1; Nexus 5X Build/MMB29P) AppleWebKit/537.36 (KHTML, like Gecko) Chrome/150.0.7871.186 Mobile Safari/537.36 (compatible; Googlebot/2.1; +http://www.google.com/bot.html)" "-"
74.7.243.0 - - [10/Aug/2026:01:15:23 +0200] "GET /?lokasie=/usr/bin/sha512sum&loknya=/usr/bin HTTP/1.1" 200 3977 fincaslaucirica.es "http://fincaslaucirica.es/?loknya=/usr/bin" "Mozilla/5.0 AppleWebKit/537.36 (KHTML, like Gecko; compatible; GPTBot/1.4; +https://openai.com/gptbot)" "-"
2a03:2880:f800:: - - [10/Aug/2026:01:15:23 +0200] "GET /shops/a075b77264636 HTTP/1.1" 429 267 www.fincaslaucirica.com "-" "Mozilla/5.0 (Macintosh; Intel Mac OS X 10_15_7) AppleWebKit/537.36 (KHTML, like Gecko) Chrome/145.0.0.0 Safari/537.36 (compatible; meta-externalagent/1.1 (+https://developers.facebook.com/docs/sharing/webmasters/crawler))" "-"
216.73.216.0 - - [10/Aug/2026:01:15:24 +0200] "GET /index.php?lokasie=%2Fhomepages%2F15%2Fd754908516%2Fhtdocs%2Fwp-includes%2Fclass-wp-meta-query.php&loknya=%2Fhomepages%2F15%2Fd754908516%2Fhtdocs%2Fwp-includes HTTP/1.1" 200 35503 fincaslaucirica.es "-" "Mozilla/5.0 AppleWebKit/537.36 (KHTML, like Gecko; compatible; ClaudeBot/1.0; +claudebot@anthropic.com)" "-"
216.73.216.0 - - [10/Aug/2026:01:15:24 +0200] "GET /?loknya=%2Fhomepages%2F15%2Fd754908516%2Fhtdocs%2Fwp-admin%2Fjs%2Fwidgets HTTP/1.1" 200 26960 fincaslaucirica.es "-" "Mozilla/5.0 AppleWebKit/537.36 (KHTML, like Gecko; compatible; ClaudeBot/1.0; +claudebot@anthropic.com)" "-"
216.73.216.0 - - [10/Aug/2026:01:15:24 +0200] "GET /index.php?lokasie=%2Fhomepages%2F15%2Fd754908516%2Fhtdocs%2Fwp-includes%2Fclass-wp-block-editor-context.php&loknya=%2Fhomepages%2F15%2Fd754908516%2Fhtdocs%2Fwp-includes HTTP/1.1" 200 5610 fincaslaucirica.es "-" "Mozilla/5.0 AppleWebKit/537.36 (KHTML, like Gecko; compatible; ClaudeBot/1.0; +claudebot@anthropic.com)" "-"
74.7.241.0 - - [10/Aug/2026:01:15:28 +0200] "GET /index.php?loknya=/proc/thread-self/root/proc/thread-self/root/proc/thread-self/root/proc/self/root/proc/self/root/proc/self/root/kunden/kunden/kunden/proc/self/root/kunden/kunden/usr/lib/mc/ HTTP/1.1" 200 23229 www.fincaslaucirica.com "https://www.fincaslaucirica.com/index.php?loknya=/proc/thread-self/root/proc/thread-self/root/proc/thread-self/root/proc/self/root/proc/self/root/proc/self/root/kunden/kunden/kunden/proc/self/root/kunden/kunden/usr/lib/mc/ext.d" "Mozilla/5.0 AppleWebKit/537.36 (KHTML, like Gecko; compatible; GPTBot/1.4; +https://openai.com/gptbot)" "-"
74.7.227.0 - - [10/Aug/2026:01:15:31 +0200] "GET /?lokasie=/homepages/15/d754908516/htdocs/wp-admin/js/plugin-install.js&loknya=/homepages/15/d754908516/htdocs/wp-admin/js HTTP/1.1" 200 11473 fincaslaucirica.com "https://fincaslaucirica.com/?loknya=/homepages/15/d754908516/htdocs/wp-admin/js" "Mozilla/5.0 AppleWebKit/537.36 (KHTML, like Gecko; compatible; GPTBot/1.4; +https://openai.com/gptbot)" "-"
2a03:2880:f800:: - - [10/Aug/2026:01:15:33 +0200] "GET /shops/33f09df182364 HTTP/1.1" 429 267 www.fincaslaucirica.com "-" "Mozilla/5.0 (Windows NT 10.0; Win64; x64) AppleWebKit/537.36 (KHTML, like Gecko) Chrome/145.0.0.0 Safari/537.36 (compatible; meta-externalagent/1.1 (+https://developers.facebook.com/docs/sharing/webmasters/crawler))" "-"
2a03:2880:f800:: - - [10/Aug/2026:01:15:35 +0200] "GET /shops/179d4a92387194 HTTP/1.1" 429 267 www.fincaslaucirica.com "-" "Mozilla/5.0 (Macintosh; Intel Mac OS X 10_15_7) AppleWebKit/537.36 (KHTML, like Gecko) Chrome/145.0.0.0 Safari/537.36 (compatible; meta-externalagent/1.1 (+https://developers.facebook.com/docs/sharing/webmasters/crawler))" "-"
2a03:2880:f800:: - - [10/Aug/2026:01:15:46 +0200] "GET /shops/0a795381576144 HTTP/1.1" 429 267 www.fincaslaucirica.com "-" "Mozilla/5.0 (Windows NT 10.0; Win64; x64) AppleWebKit/537.36 (KHTML, like Gecko) Chrome/145.0.0.0 Safari/537.36 (compatible; meta-externalagent/1.1 (+https://developers.facebook.com/docs/sharing/webmasters/crawler))" "-"
2a03:2880:f800:: - - [10/Aug/2026:01:15:47 +0200] "GET /shops/5287c942140963 HTTP/1.1" 429 267 www.fincaslaucirica.com "-" "Mozilla/5.0 (Windows NT 10.0; Win64; x64) AppleWebKit/537.36 (KHTML, like Gecko) Chrome/145.0.0.0 Safari/537.36 (compatible; meta-externalagent/1.1 (+https://developers.facebook.com/docs/sharing/webmasters/crawler))" "-"
216.73.216.0 - - [10/Aug/2026:01:15:48 +0200] "GET /index.php?lokasie=%2Fhomepages%2F15%2Fd754908516%2Fhtdocs%2Fwp-includes%2Fclass-wp-walker.php&loknya=%2Fhomepages%2F15%2Fd754908516%2Fhtdocs%2Fwp-includes HTTP/1.1" 200 17796 fincaslaucirica.es "-" "Mozilla/5.0 AppleWebKit/537.36 (KHTML, like Gecko; compatible; ClaudeBot/1.0; +claudebot@anthropic.com)" "-"
216.73.216.0 - - [10/Aug/2026:01:15:48 +0200] "GET /?loknya=%2Fhomepages%2F15%2Fd754908516%2Fhtdocs%2Fwp-includes%2Fblocks%2Fpost-comments-count HTTP/1.1" 200 13478 fincaslaucirica.es "-" "Mozilla/5.0 AppleWebKit/537.36 (KHTML, like Gecko; compatible; ClaudeBot/1.0; +claudebot@anthropic.com)" "-"
216.73.216.0 - - [10/Aug/2026:01:15:48 +0200] "GET /index.php?lokasie=%2Fhomepages%2F15%2Fd754908516%2Fhtdocs%2Fwp-admin%2Fedit-comments.php&loknya=%2Fhomepages%2F15%2Fd754908516%2Fhtdocs%2Fwp-admin HTTP/1.1" 200 20282 fincaslaucirica.es "-" "Mozilla/5.0 AppleWebKit/537.36 (KHTML, like Gecko; compatible; ClaudeBot/1.0; +claudebot@anthropic.com)" "-"
2a03:2880:f800:: - - [10/Aug/2026:01:15:49 +0200] "GET /shops/76704782153020 HTTP/1.1" 429 267 www.fincaslaucirica.com "-" "Mozilla/5.0 (Windows NT 10.0; Win64; x64) AppleWebKit/537.36 (KHTML, like Gecko) Chrome/145.0.0.0 Safari/537.36 (compatible; meta-externalagent/1.1 (+https://developers.facebook.com/docs/sharing/webmasters/crawler))" "-"
2a03:2880:f800:: - - [10/Aug/2026:01:15:51 +0200] "GET /shops/a43d4012766477?loknya=/homepages/15/d754908516/htdocs/7825e HTTP/1.1" 429 267 www.fincaslaucirica.com "-" "Mozilla/5.0 (Windows NT 10.0; Win64; x64) AppleWebKit/537.36 (KHTML, like Gecko) Chrome/145.0.0.0 Safari/537.36 (compatible; meta-externalagent/1.1 (+https://developers.facebook.com/docs/sharing/webmasters/crawler))" "-"
66.249.66.0 - - [10/Aug/2026:01:16:05 +0200] "GET /index.php?shopping/captured/61222490666.html HTTP/1.1" 200 301617 fincaslaucirica.com "-" "Mozilla/5.0 (Linux; Android 6.0.1; Nexus 5X Build/MMB29P) AppleWebKit/537.36 (KHTML, like Gecko) Chrome/150.0.7871.186 Mobile Safari/537.36 (compatible; Googlebot/2.1; +http://www.google.com/bot.html)" "-"
2a03:2880:f800:: - - [10/Aug/2026:01:16:07 +0200] "GET /shops/f40855b987947 HTTP/1.1" 429 267 www.fincaslaucirica.com "-" "Mozilla/5.0 (Windows NT 10.0; Win64; x64) AppleWebKit/537.36 (KHTML, like Gecko) Chrome/145.0.0.0 Safari/537.36 (compatible; meta-externalagent/1.1 (+https://developers.facebook.com/docs/sharing/webmasters/crawler))" "-"
216.73.216.0 - - [10/Aug/2026:01:16:08 +0200] "GET /index.php?lokasie=%2Fhomepages%2F15%2Fd754908516%2Fhtdocs%2Fwp-includes%2Fclass-wp-block-patterns-registry.php&loknya=%2Fhomepages%2F15%2Fd754908516%2Fhtdocs%2Fwp-includes HTTP/1.1" 200 15642 fincaslaucirica.es "-" "Mozilla/5.0 AppleWebKit/537.36 (KHTML, like Gecko; compatible; ClaudeBot/1.0; +claudebot@anthropic.com)" "-"
216.73.216.0 - - [10/Aug/2026:01:16:08 +0200] "GET /index.php?lokasie=%2Fhomepages%2F15%2Fd754908516%2Fhtdocs%2Fwp-includes%2Fclass-wp-term.php&loknya=%2Fhomepages%2F15%2Fd754908516%2Fhtdocs%2Fwp-includes HTTP/1.1" 200 9608 fincaslaucirica.es "-" "Mozilla/5.0 AppleWebKit/537.36 (KHTML, like Gecko; compatible; ClaudeBot/1.0; +claudebot@anthropic.com)" "-"
216.73.216.0 - - [10/Aug/2026:01:16:08 +0200] "GET /index.php?lokasie=%2Fhomepages%2F15%2Fd754908516%2Fhtdocs%2Fwp-admin%2Fplugin-install.php&loknya=%2Fhomepages%2F15%2Fd754908516%2Fhtdocs%2Fwp-admin HTTP/1.1" 200 11933 fincaslaucirica.es "-" "Mozilla/5.0 AppleWebKit/537.36 (KHTML, like Gecko; compatible; ClaudeBot/1.0; +claudebot@anthropic.com)" "-"
2a03:2880:f800:: - - [10/Aug/2026:01:16:11 +0200] "GET /shops/a43d4012766477?lokasie=/homepages/15/d754908516/htdocs/wp-comments-post.php&loknya=/homepages/15/d754908516/htdocs HTTP/1.1" 429 267 www.fincaslaucirica.com "-" "Mozilla/5.0 (Macintosh; Intel Mac OS X 10_15_7) AppleWebKit/537.36 (KHTML, like Gecko) Chrome/145.0.0.0 Safari/537.36 (compatible; meta-externalagent/1.1 (+https://developers.facebook.com/docs/sharing/webmasters/crawler))" "-"
2a03:2880:f800:: - - [10/Aug/2026:01:16:13 +0200] "GET /es_tags-sitemap.xml?lokasie=/homepages/15/d754908516/htdocs/wp-links-opml.php&loknya=/homepages/15/d754908516/htdocs HTTP/1.1" 429 267 www.fincaslaucirica.com "-" "Mozilla/5.0 (Windows NT 10.0; Win64; x64) AppleWebKit/537.36 (KHTML, like Gecko) Chrome/145.0.0.0 Safari/537.36 (compatible; meta-externalagent/1.1 (+https://developers.facebook.com/docs/sharing/webmasters/crawler))" "-"
69.197.179.0 - - [10/Aug/2026:01:16:14 +0200] "GET /wp-content/plugins/nawhulq/404WHO/61-Joomla-demo-htdocs.txt404/23/index.php?id=886851 HTTP/1.1" 200 8 fincaslaucirica.com "http://fincaslaucirica.com/wp-content/plugins/nawhulq/404WHO/61-Joomla-demo-htdocs.txt404/23/index.php?id=886851" "Mozilla/5.0" "-"
69.197.179.0 - - [10/Aug/2026:01:16:14 +0200] "GET /wp-content/plugins/nawhulq/404WHO/61-Joomla-demo-htdocs.txt404/23/index.php?id=886851 HTTP/1.1" 404 - fincaslaucirica.com "http://fincaslaucirica.com/wp-content/plugins/nawhulq/404WHO/61-Joomla-demo-htdocs.txt404/23/index.php?id=886851" "Mozilla/5.0" "-"
2a03:2880:f800:: - - [10/Aug/2026:01:16:16 +0200] "GET /shops/32109a31610556 HTTP/1.1" 429 267 www.fincaslaucirica.com "-" "Mozilla/5.0 (Macintosh; Intel Mac OS X 10_15_7) AppleWebKit/537.36 (KHTML, like Gecko) Chrome/145.0.0.0 Safari/537.36 (compatible; meta-externalagent/1.1 (+https://developers.facebook.com/docs/sharing/webmasters/crawler))" "-"
2a03:2880:f800:: - - [10/Aug/2026:01:16:18 +0200] "GET /shops/a43d4012766477?lokasie=/homepages/15/d754908516/htdocs/ex.php&loknya=/homepages/15/d754908516/htdocs HTTP/1.1" 429 267 www.fincaslaucirica.com "-" "Mozilla/5.0 (Windows NT 10.0; Win64; x64) AppleWebKit/537.36 (KHTML, like Gecko) Chrome/145.0.0.0 Safari/537.36 (compatible; meta-externalagent/1.1 (+https://developers.facebook.com/docs/sharing/webmasters/crawler))" "-"
74.7.243.0 - - [10/Aug/2026:01:16:20 +0200] "GET /?lokasie=/usr/sbin/quotastats&loknya=/usr/sbin HTTP/1.1" 429 267 fincaslaucirica.es "http://fincaslaucirica.es/?loknya=/usr/sbin" "Mozilla/5.0 AppleWebKit/537.36 (KHTML, like Gecko; compatible; GPTBot/1.4; +https://openai.com/gptbot)" "-"
2a03:2880:f800:: - - [10/Aug/2026:01:16:22 +0200] "GET /shops/a43d4012766477?lokasie=/homepages/15/d754908516/htdocs/defaults.php&loknya=/homepages/15/d754908516/htdocs HTTP/1.1" 429 267 www.fincaslaucirica.com "-" "Mozilla/5.0 (Windows NT 10.0; Win64; x64) AppleWebKit/537.36 (KHTML, like Gecko) Chrome/145.0.0.0 Safari/537.36 (compatible; meta-externalagent/1.1 (+https://developers.facebook.com/docs/sharing/webmasters/crawler))" "-"
74.7.241.0 - - [10/Aug/2026:01:16:22 +0200] "GET /index.php?loknya=/proc/thread-self/root/proc/thread-self/root/proc/thread-self/root/proc/self/root/proc/self/root/proc/self/root/kunden/kunden/kunden/proc/self/root/kunden/usr/lib/cgi-bin HTTP/1.1" 500 1271 www.fincaslaucirica.com "https://www.fincaslaucirica.com/index.php?loknya=/proc/thread-self/root/proc/thread-self/root/proc/thread-self/root/proc/self/root/proc/self/root/proc/self/root/kunden/kunden/kunden/proc/self/root/kunden/usr/lib" "Mozilla/5.0 AppleWebKit/537.36 (KHTML, like Gecko; compatible; GPTBot/1.4; +https://openai.com/gptbot)" "-"
2a03:2880:f800:: - - [10/Aug/2026:01:16:25 +0200] "GET /shops/e2517213260550 HTTP/1.1" 500 1271 www.fincaslaucirica.com "-" "Mozilla/5.0 (Windows NT 10.0; Win64; x64) AppleWebKit/537.36 (KHTML, like Gecko) Chrome/145.0.0.0 Safari/537.36 (compatible; meta-externalagent/1.1 (+https://developers.facebook.com/docs/sharing/webmasters/crawler))" "-"
74.7.227.0 - - [10/Aug/2026:01:16:27 +0200] "GET /?lokasie=/homepages/15/d754908516/htdocs/wp-admin/js/plugin-install.js&loknya=/homepages/15/d754908516/htdocs/wp-admin/js HTTP/1.1" 500 1271 fincaslaucirica.com "http://fincaslaucirica.com/?loknya=/homepages/15/d754908516/htdocs/wp-admin/js" "Mozilla/5.0 AppleWebKit/537.36 (KHTML, like Gecko; compatible; GPTBot/1.4; +https://openai.com/gptbot)" "-"
2a03:2880:f800:: - - [10/Aug/2026:01:16:29 +0200] "GET /shops/a43d4012766477?lokasie=/homepages/15/d754908516/htdocs/wp-settings.php&loknya=/homepages/15/d754908516/htdocs HTTP/1.1" 500 1271 www.fincaslaucirica.com "-" "Mozilla/5.0 (Windows NT 10.0; Win64; x64) AppleWebKit/537.36 (KHTML, like Gecko) Chrome/145.0.0.0 Safari/537.36 Edg/145.0.0.0 (compatible; meta-externalagent/1.1 (+https://developers.facebook.com/docs/sharing/webmasters/crawler))" "-"
114.119.148.0 - - [10/Aug/2026:01:16:40 +0200] "GET /goods.php?products/operating/x293016908 HTTP/1.1" 500 1271 fincaslaucirica.com "https://fincaslaucirica.com/goods.php?sitemap400.xml" "Mozilla/5.0 (Linux; Android 7.0;) AppleWebKit/537.36 (HTML, like Gecko) Mobile Safari/537.36 (compatible; PetalBot;+https://webmaster.petalsearch.com/site/petalbot)" "-"
2a03:2880:f800:: - - [10/Aug/2026:01:17:06 +0200] "GET /shops/c9281cf3666145 HTTP/1.1" 500 1271 www.fincaslaucirica.com "-" "Mozilla/5.0 (Windows NT 10.0; Win64; x64) AppleWebKit/537.36 (KHTML, like Gecko) Chrome/145.0.0.0 Safari/537.36 (compatible; meta-externalagent/1.1 (+https://developers.facebook.com/docs/sharing/webmasters/crawler))" "-"
74.7.243.0 - - [10/Aug/2026:01:17:10 +0200] "GET /?lokasie=/usr/bin/fc-cat&loknya=/usr/bin HTTP/1.1" 429 267 fincaslaucirica.es "http://fincaslaucirica.es/?loknya=/usr/bin" "Mozilla/5.0 AppleWebKit/537.36 (KHTML, like Gecko; compatible; GPTBot/1.4; +https://openai.com/gptbot)" "-"
2a03:2880:f800:: - - [10/Aug/2026:01:17:15 +0200] "GET /shops/6e5af7e2635533 HTTP/1.1" 500 1271 www.fincaslaucirica.com "-" "Mozilla/5.0 (Windows NT 10.0; Win64; x64) AppleWebKit/537.36 (KHTML, like Gecko) Chrome/145.0.0.0 Safari/537.36 (compatible; meta-externalagent/1.1 (+https://developers.facebook.com/docs/sharing/webmasters/crawler))" "-"
74.7.241.0 - - [10/Aug/2026:01:17:16 +0200] "GET /index.php?loknya=/proc/thread-self/root/proc/thread-self/root/proc/thread-self/root/proc/self/root/proc/self/root/proc/self/root/kunden/kunden/kunden/proc/self/root/kunden/kunden/var/cache/ldconfig HTTP/1.1" 500 1271 www.fincaslaucirica.com "https://www.fincaslaucirica.com/index.php?loknya=/proc/thread-self/root/proc/thread-self/root/proc/thread-self/root/proc/self/root/proc/self/root/proc/self/root/kunden/kunden/kunden/proc/self/root/kunden/kunden/var/cache" "Mozilla/5.0 AppleWebKit/537.36 (KHTML, like Gecko; compatible; GPTBot/1.4; +https://openai.com/gptbot)" "-"
74.7.227.0 - - [10/Aug/2026:01:17:19 +0200] "GET /index.php?lokasie=/lib/gcc/x86_64-linux-gnu/10/crtprec32.o&loknya=/lib/gcc/x86_64-linux-gnu/10 HTTP/1.1" 500 1271 fincaslaucirica.com "http://fincaslaucirica.com/index.php?loknya=/lib/gcc/x86_64-linux-gnu/10" "Mozilla/5.0 AppleWebKit/537.36 (KHTML, like Gecko; compatible; GPTBot/1.4; +https://openai.com/gptbot)" "-"
2a03:2880:f800:: - - [10/Aug/2026:01:18:02 +0200] "GET /shops/86355911737986 HTTP/1.1" 200 72197 www.fincaslaucirica.com "-" "Mozilla/5.0 (Windows NT 10.0; Win64; x64) AppleWebKit/537.36 (KHTML, like Gecko) Chrome/145.0.0.0 Safari/537.36 (compatible; meta-externalagent/1.1 (+https://developers.facebook.com/docs/sharing/webmasters/crawler))" "-"
114.119.148.0 - - [10/Aug/2026:01:18:04 +0200] "GET /goods.php?products/operate/n110016429 HTTP/1.1" 200 72193 fincaslaucirica.com "https://fincaslaucirica.com/goods.php?sitemap400.xml" "Mozilla/5.0 (Linux; Android 7.0;) AppleWebKit/537.36 (HTML, like Gecko) Mobile Safari/537.36 (compatible; PetalBot;+https://webmaster.petalsearch.com/site/petalbot)" "-"
74.7.243.0 - - [10/Aug/2026:01:18:13 +0200] "GET /?loknya=/usr/lib/mc HTTP/1.1" 200 14543 fincaslaucirica.es "http://fincaslaucirica.es/?loknya=/usr/lib" "Mozilla/5.0 AppleWebKit/537.36 (KHTML, like Gecko; compatible; GPTBot/1.4; +https://openai.com/gptbot)" "-"
2a03:2880:f800:: - - [10/Aug/2026:01:18:13 +0200] "GET /shops/16e603f3353071 HTTP/1.1" 200 72196 www.fincaslaucirica.com "-" "Mozilla/5.0 (Macintosh; Intel Mac OS X 10_15_7) AppleWebKit/537.36 (KHTML, like Gecko) Chrome/145.0.0.0 Safari/537.36 (compatible; meta-externalagent/1.1 (+https://developers.facebook.com/docs/sharing/webmasters/crawler))" "-"
74.7.241.0 - - [10/Aug/2026:01:18:19 +0200] "GET /index.php?loknya=/proc/thread-self/root/proc/thread-self/root/proc/thread-self/root/proc/self/root/proc/self/root/proc/self/root/kunden/kunden/kunden/proc/self/root/usr/lib/ruby/gems HTTP/1.1" 200 10318 www.fincaslaucirica.com "https://www.fincaslaucirica.com/index.php?loknya=/proc/thread-self/root/proc/thread-self/root/proc/thread-self/root/proc/self/root/proc/self/root/proc/self/root/kunden/kunden/kunden/proc/self/root/usr/lib/ruby" "Mozilla/5.0 AppleWebKit/537.36 (KHTML, like Gecko; compatible; GPTBot/1.4; +https://openai.com/gptbot)" "-"
74.7.227.0 - - [10/Aug/2026:01:18:22 +0200] "GET /index.php?lokasie=/homepages/29/d758399972/htpasswd&loknya=/homepages/29/d758399972 HTTP/1.1" 200 4066 fincaslaucirica.com "http://fincaslaucirica.com/index.php?loknya=/homepages/29/d758399972" "Mozilla/5.0 AppleWebKit/537.36 (KHTML, like Gecko; compatible; GPTBot/1.4; +https://openai.com/gptbot)" "-"
2a03:2880:f800:: - - [10/Aug/2026:01:18:50 +0200] "GET /shops/1848176347898 HTTP/1.1" 200 72197 www.fincaslaucirica.com "-" "Mozilla/5.0 (Macintosh; Intel Mac OS X 10_15_7) AppleWebKit/537.36 (KHTML, like Gecko) Chrome/145.0.0.0 Safari/537.36 (compatible; meta-externalagent/1.1 (+https://developers.facebook.com/docs/sharing/webmasters/crawler))" "-"
74.7.243.0 - - [10/Aug/2026:01:19:14 +0200] "GET /?lokasie=/usr/bin/y2racc2.7&loknya=/usr/bin HTTP/1.1" 200 4620 fincaslaucirica.es "http://fincaslaucirica.es/?loknya=/usr/bin" "Mozilla/5.0 AppleWebKit/537.36 (KHTML, like Gecko; compatible; GPTBot/1.4; +https://openai.com/gptbot)" "-"
2a03:2880:f800:: - - [10/Aug/2026:01:19:17 +0200] "GET /shops/ccc35423270281 HTTP/1.1" 200 72197 www.fincaslaucirica.com "-" "Mozilla/5.0 (Macintosh; Intel Mac OS X 10_15_7) AppleWebKit/537.36 (KHTML, like Gecko) Chrome/145.0.0.0 Safari/537.36 (compatible; meta-externalagent/1.1 (+https://developers.facebook.com/docs/sharing/webmasters/crawler))" "-"
74.7.241.0 - - [10/Aug/2026:01:19:23 +0200] "GET /index.php?loknya=/proc/thread-self/root/proc/thread-self/root/proc/thread-self/root/proc/self/root/proc/self/root/proc/self/root/kunden/kunden/kunden/proc/self/root/proc/thread-self/root/kunden/var/lib/ucf/cache HTTP/1.1" 200 16071 www.fincaslaucirica.com "https://www.fincaslaucirica.com/index.php?loknya=/proc/thread-self/root/proc/thread-self/root/proc/thread-self/root/proc/self/root/proc/self/root/proc/self/root/kunden/kunden/kunden/proc/self/root/proc/thread-self/root/kunden/var/lib/ucf" "Mozilla/5.0 AppleWebKit/537.36 (KHTML, like Gecko; compatible; GPTBot/1.4; +https://openai.com/gptbot)" "-"
74.7.227.0 - - [10/Aug/2026:01:19:24 +0200] "GET /index.php?lokasie=/homepages/33/d758333612/htpasswd&loknya=/homepages/33/d758333612 HTTP/1.1" 200 4066 fincaslaucirica.com "http://fincaslaucirica.com/index.php?loknya=/homepages/33/d758333612" "Mozilla/5.0 AppleWebKit/537.36 (KHTML, like Gecko; compatible; GPTBot/1.4; +https://openai.com/gptbot)" "-"
114.119.140.0 - - [10/Aug/2026:01:19:27 +0200] "GET /goods.php?products/openly/i058022209 HTTP/1.1" 200 72193 fincaslaucirica.com "https://fincaslaucirica.com/goods.php?sitemap400.xml" "Mozilla/5.0 (Linux; Android 7.0;) AppleWebKit/537.36 (HTML, like Gecko) Mobile Safari/537.36 (compatible; PetalBot;+https://webmaster.petalsearch.com/site/petalbot)" "-"
2a03:2880:f800:: - - [10/Aug/2026:01:19:38 +0200] "GET /shops/b7f91381435470 HTTP/1.1" 200 72197 www.fincaslaucirica.com "-" "Mozilla/5.0 (X11; Linux x86_64) AppleWebKit/537.36 (KHTML, like Gecko) Chrome/145.0.0.0 Safari/537.36 (compatible; meta-externalagent/1.1 (+https://developers.facebook.com/docs/sharing/webmasters/crawler))" "-"
2a03:2880:f800:: - - [10/Aug/2026:01:19:55 +0200] "GET /shops/11191934077574 HTTP/1.1" 200 72196 www.fincaslaucirica.com "-" "Mozilla/5.0 (Windows NT 10.0; Win64; x64) AppleWebKit/537.36 (KHTML, like Gecko) Chrome/145.0.0.0 Safari/537.36 (compatible; meta-externalagent/1.1 (+https://developers.facebook.com/docs/sharing/webmasters/crawler))" "-"
216.73.216.0 - - [10/Aug/2026:01:20:03 +0200] "GET /goods.php?loknya=%2Fhomepages%2F18%2Fd764527962 HTTP/1.1" 200 16820 fincaslaucirica.es "-" "Mozilla/5.0 AppleWebKit/537.36 (KHTML, like Gecko; compatible; ClaudeBot/1.0; +claudebot@anthropic.com)" "-"
216.73.216.0 - - [10/Aug/2026:01:20:03 +0200] "GET /goods.php?lokasie=%2Fhomepages%2F15%2Fd754908516%2Fhtdocs%2Fwp-content%2Fbrb9a87e%2Findex.php&loknya=%2Fhomepages%2F15%2Fd754908516%2Fhtdocs%2Fwp-content%2Fbrb9a87e HTTP/1.1" 200 4318 fincaslaucirica.es "-" "Mozilla/5.0 AppleWebKit/537.36 (KHTML, like Gecko; compatible; ClaudeBot/1.0; +claudebot@anthropic.com)" "-"
216.73.216.0 - - [10/Aug/2026:01:20:03 +0200] "GET /goods.php?loknya=%2Fhomepages%2F2%2Fd759431971 HTTP/1.1" 200 16779 fincaslaucirica.es "-" "Mozilla/5.0 AppleWebKit/537.36 (KHTML, like Gecko; compatible; ClaudeBot/1.0; +claudebot@anthropic.com)" "-"
216.73.216.0 - - [10/Aug/2026:01:20:03 +0200] "GET /goods.php?loknya=%2Fhomepages%2F18%2Fd761523064 HTTP/1.1" 200 19560 fincaslaucirica.es "-" "Mozilla/5.0 AppleWebKit/537.36 (KHTML, like Gecko; compatible; ClaudeBot/1.0; +claudebot@anthropic.com)" "-"
216.73.216.0 - - [10/Aug/2026:01:20:03 +0200] "GET /goods.php?loknya=%2Fhomepages%2F2%2Fd759568224 HTTP/1.1" 200 19503 fincaslaucirica.es "-" "Mozilla/5.0 AppleWebKit/537.36 (KHTML, like Gecko; compatible; ClaudeBot/1.0; +claudebot@anthropic.com)" "-"
216.73.216.0 - - [10/Aug/2026:01:20:03 +0200] "GET /goods.php?loknya=%2Fhomepages%2F39%2Fd764701366 HTTP/1.1" 200 19554 fincaslaucirica.es "-" "Mozilla/5.0 AppleWebKit/537.36 (KHTML, like Gecko; compatible; ClaudeBot/1.0; +claudebot@anthropic.com)" "-"
216.73.216.0 - - [10/Aug/2026:01:20:03 +0200] "GET /goods.php?loknya=%2Fhomepages%2F2%2Fd757217660 HTTP/1.1" 200 14068 fincaslaucirica.es "-" "Mozilla/5.0 AppleWebKit/537.36 (KHTML, like Gecko; compatible; ClaudeBot/1.0; +claudebot@anthropic.com)" "-"
216.73.216.0 - - [10/Aug/2026:01:20:03 +0200] "GET /goods.php?loknya=%2Fhomepages%2F15%2Fd762995994%2F.config HTTP/1.1" 200 5258 fincaslaucirica.es "-" "Mozilla/5.0 AppleWebKit/537.36 (KHTML, like Gecko; compatible; ClaudeBot/1.0; +claudebot@anthropic.com)" "-"
216.73.216.0 - - [10/Aug/2026:01:20:03 +0200] "GET /goods.php?loknya=%2Fhomepages%2F18%2Fd760485116 HTTP/1.1" 200 14099 fincaslaucirica.es "-" "Mozilla/5.0 AppleWebKit/537.36 (KHTML, like Gecko; compatible; ClaudeBot/1.0; +claudebot@anthropic.com)" "-"
216.73.216.0 - - [10/Aug/2026:01:20:03 +0200] "GET /goods.php?loknya=%2Fhomepages%2F27%2Fd756868005 HTTP/1.1" 200 15459 fincaslaucirica.es "-" "Mozilla/5.0 AppleWebKit/537.36 (KHTML, like Gecko; compatible; ClaudeBot/1.0; +claudebot@anthropic.com)" "-"
216.73.216.0 - - [10/Aug/2026:01:20:03 +0200] "GET /goods.php?loknya=%2Fhomepages%2F2%2Fd763214484 HTTP/1.1" 200 16770 fincaslaucirica.es "-" "Mozilla/5.0 AppleWebKit/537.36 (KHTML, like Gecko; compatible; ClaudeBot/1.0; +claudebot@anthropic.com)" "-"
216.73.216.0 - - [10/Aug/2026:01:20:04 +0200] "GET /goods.php?loknya=%2Fhomepages%2F33%2Fd760327963 HTTP/1.1" 200 12747 fincaslaucirica.es "-" "Mozilla/5.0 AppleWebKit/537.36 (KHTML, like Gecko; compatible; ClaudeBot/1.0; +claudebot@anthropic.com)" "-"
216.73.216.0 - - [10/Aug/2026:01:20:04 +0200] "GET /goods.php?loknya=%2Fhomepages%2F39%2Fd763575434 HTTP/1.1" 200 14107 fincaslaucirica.es "-" "Mozilla/5.0 AppleWebKit/537.36 (KHTML, like Gecko; compatible; ClaudeBot/1.0; +claudebot@anthropic.com)" "-"
216.73.216.0 - - [10/Aug/2026:01:20:04 +0200] "GET /goods.php?loknya=%2Fhomepages%2F15%2Fd760300403%2Fmanaged HTTP/1.1" 200 5258 fincaslaucirica.es "-" "Mozilla/5.0 AppleWebKit/537.36 (KHTML, like Gecko; compatible; ClaudeBot/1.0; +claudebot@anthropic.com)" "-"
216.73.216.0 - - [10/Aug/2026:01:20:04 +0200] "GET /goods.php?loknya=%2Fhomepages%2F11%2Fd13487601 HTTP/1.1" 200 19533 fincaslaucirica.es "-" "Mozilla/5.0 AppleWebKit/537.36 (KHTML, like Gecko; compatible; ClaudeBot/1.0; +claudebot@anthropic.com)" "-"
216.73.216.0 - - [10/Aug/2026:01:20:04 +0200] "GET /goods.php?loknya=%2Fhomepages%2F26%2Fd760456971 HTTP/1.1" 200 16822 fincaslaucirica.es "-" "Mozilla/5.0 AppleWebKit/537.36 (KHTML, like Gecko; compatible; ClaudeBot/1.0; +claudebot@anthropic.com)" "-"
216.73.216.0 - - [10/Aug/2026:01:20:04 +0200] "GET /goods.php?loknya=%2Fhomepages%2F33%2Fd760578285 HTTP/1.1" 200 14090 fincaslaucirica.es "-" "Mozilla/5.0 AppleWebKit/537.36 (KHTML, like Gecko; compatible; ClaudeBot/1.0; +claudebot@anthropic.com)" "-"
216.73.216.0 - - [10/Aug/2026:01:20:04 +0200] "GET /goods.php?loknya=%2Fhomepages%2F13%2Fd760257631 HTTP/1.1" 200 19555 fincaslaucirica.es "-" "Mozilla/5.0 AppleWebKit/537.36 (KHTML, like Gecko; compatible; ClaudeBot/1.0; +claudebot@anthropic.com)" "-"
216.73.216.0 - - [10/Aug/2026:01:20:04 +0200] "GET /goods.php?loknya=%2Fhomepages%2F33%2Fd760936096 HTTP/1.1" 200 15462 fincaslaucirica.es "-" "Mozilla/5.0 AppleWebKit/537.36 (KHTML, like Gecko; compatible; ClaudeBot/1.0; +claudebot@anthropic.com)" "-"
216.73.216.0 - - [10/Aug/2026:01:20:04 +0200] "GET /goods.php?loknya=%2Fhomepages%2F12%2Fd756152274 HTTP/1.1" 200 14103 fincaslaucirica.es "-" "Mozilla/5.0 AppleWebKit/537.36 (KHTML, like Gecko; compatible; ClaudeBot/1.0; +claudebot@anthropic.com)" "-"
216.73.216.0 - - [10/Aug/2026:01:20:04 +0200] "GET /goods.php?loknya=%2Fhomepages%2F2%2Fd761936742 HTTP/1.1" 200 14075 fincaslaucirica.es "-" "Mozilla/5.0 AppleWebKit/537.36 (KHTML, like Gecko; compatible; ClaudeBot/1.0; +claudebot@anthropic.com)" "-"
216.73.216.0 - - [10/Aug/2026:01:20:05 +0200] "GET /goods.php?loknya=%2Fhomepages%2F2%2Fd760512783 HTTP/1.1" 200 15431 fincaslaucirica.es "-" "Mozilla/5.0 AppleWebKit/537.36 (KHTML, like Gecko; compatible; ClaudeBot/1.0; +claudebot@anthropic.com)" "-"
216.73.216.0 - - [10/Aug/2026:01:20:05 +0200] "GET /goods.php?loknya=%2Fhomepages%2F15%2Fd762995994%2Fmanaged HTTP/1.1" 200 5258 fincaslaucirica.es "-" "Mozilla/5.0 AppleWebKit/537.36 (KHTML, like Gecko; compatible; ClaudeBot/1.0; +claudebot@anthropic.com)" "-"
216.73.216.0 - - [10/Aug/2026:01:20:05 +0200] "GET /goods.php?loknya=%2Fhomepages%2F2%2Fd760552592 HTTP/1.1" 200 12713 fincaslaucirica.es "-" "Mozilla/5.0 AppleWebKit/537.36 (KHTML, like Gecko; compatible; ClaudeBot/1.0; +claudebot@anthropic.com)" "-"
216.73.216.0 - - [10/Aug/2026:01:20:05 +0200] "GET /goods.php?loknya=%2Fhomepages%2F30%2Fd759727300 HTTP/1.1" 200 14105 fincaslaucirica.es "-" "Mozilla/5.0 AppleWebKit/537.36 (KHTML, like Gecko; compatible; ClaudeBot/1.0; +claudebot@anthropic.com)" "-"
74.7.243.0 - - [10/Aug/2026:01:20:08 +0200] "GET /?lokasie=/usr/bin/racc2y2.7&loknya=/usr/bin HTTP/1.1" 200 4620 fincaslaucirica.es "http://fincaslaucirica.es/?loknya=/usr/bin" "Mozilla/5.0 AppleWebKit/537.36 (KHTML, like Gecko; compatible; GPTBot/1.4; +https://openai.com/gptbot)" "-"
2a03:2880:f800:: - - [10/Aug/2026:01:20:11 +0200] "GET /shops/247013a401034 HTTP/1.1" 200 72196 www.fincaslaucirica.com "-" "Mozilla/5.0 (Windows NT 10.0; Win64; x64) AppleWebKit/537.36 (KHTML, like Gecko) Chrome/145.0.0.0 Safari/537.36 (compatible; meta-externalagent/1.1 (+https://developers.facebook.com/docs/sharing/webmasters/crawler))" "-"
74.7.227.0 - - [10/Aug/2026:01:20:19 +0200] "GET /index.php?lokasie=/homepages/37/d761966622/htpasswd&loknya=/homepages/37/d761966622 HTTP/1.1" 200 4066 fincaslaucirica.com "http://fincaslaucirica.com/index.php?loknya=/homepages/37/d761966622" "Mozilla/5.0 AppleWebKit/537.36 (KHTML, like Gecko; compatible; GPTBot/1.4; +https://openai.com/gptbot)" "-"
216.73.216.0 - - [10/Aug/2026:01:20:21 +0200] "GET /goods.php?loknya=%2Fhomepages%2F22%2Fd762477450 HTTP/1.1" 200 19559 fincaslaucirica.es "-" "Mozilla/5.0 AppleWebKit/537.36 (KHTML, like Gecko; compatible; ClaudeBot/1.0; +claudebot@anthropic.com)" "-"
74.7.241.0 - - [10/Aug/2026:01:20:21 +0200] "GET /index.php?loknya=/proc/thread-self/root/proc/thread-self/root/proc/thread-self/root/proc/self/root/proc/self/root/proc/self/root/kunden/kunden/kunden/proc/self/root/proc/thread-self/root/homepages/oneclick/ HTTP/1.1" 200 16980 www.fincaslaucirica.com "https://www.fincaslaucirica.com/index.php?loknya=/proc/thread-self/root/proc/thread-self/root/proc/thread-self/root/proc/self/root/proc/self/root/proc/self/root/kunden/kunden/kunden/proc/self/root/proc/thread-self/root/homepages/oneclick/joomla" "Mozilla/5.0 AppleWebKit/537.36 (KHTML, like Gecko; compatible; GPTBot/1.4; +https://openai.com/gptbot)" "-"
216.73.216.0 - - [10/Aug/2026:01:20:22 +0200] "GET /goods.php?loknya=%2Fhomepages%2F15%2Fd763429663%2Fmanaged HTTP/1.1" 200 5258 fincaslaucirica.es "-" "Mozilla/5.0 AppleWebKit/537.36 (KHTML, like Gecko; compatible; ClaudeBot/1.0; +claudebot@anthropic.com)" "-"
216.73.216.0 - - [10/Aug/2026:01:20:22 +0200] "GET /goods.php?loknya=%2Fhomepages%2F30%2Fd761006781 HTTP/1.1" 200 19553 fincaslaucirica.es "-" "Mozilla/5.0 AppleWebKit/537.36 (KHTML, like Gecko; compatible; ClaudeBot/1.0; +claudebot@anthropic.com)" "-"
216.73.216.0 - - [10/Aug/2026:01:20:22 +0200] "GET /goods.php?loknya=%2Fhomepages%2F2%2Fd757491200 HTTP/1.1" 200 12710 fincaslaucirica.es "-" "Mozilla/5.0 AppleWebKit/537.36 (KHTML, like Gecko; compatible; ClaudeBot/1.0; +claudebot@anthropic.com)" "-"
216.73.216.0 - - [10/Aug/2026:01:20:22 +0200] "GET /goods.php?loknya=%2Fhomepages%2F11%2Fd757437629 HTTP/1.1" 200 12742 fincaslaucirica.es "-" "Mozilla/5.0 AppleWebKit/537.36 (KHTML, like Gecko; compatible; ClaudeBot/1.0; +claudebot@anthropic.com)" "-"
216.73.216.0 - - [10/Aug/2026:01:20:22 +0200] "GET /goods.php?loknya=%2Fhomepages%2F18%2Fd762068123 HTTP/1.1" 200 19554 fincaslaucirica.es "-" "Mozilla/5.0 AppleWebKit/537.36 (KHTML, like Gecko; compatible; ClaudeBot/1.0; +claudebot@anthropic.com)" "-"
216.73.216.0 - - [10/Aug/2026:01:20:22 +0200] "GET /goods.php?loknya=%2Fhomepages%2F17%2Fd759937236 HTTP/1.1" 200 16827 fincaslaucirica.es "-" "Mozilla/5.0 AppleWebKit/537.36 (KHTML, like Gecko; compatible; ClaudeBot/1.0; +claudebot@anthropic.com)" "-"
216.73.216.0 - - [10/Aug/2026:01:20:22 +0200] "GET /goods.php?loknya=%2Fhomepages%2F18%2Fd757601948 HTTP/1.1" 200 19551 fincaslaucirica.es "-" "Mozilla/5.0 AppleWebKit/537.36 (KHTML, like Gecko; compatible; ClaudeBot/1.0; +claudebot@anthropic.com)" "-"
216.73.216.0 - - [10/Aug/2026:01:20:22 +0200] "GET /goods.php?loknya=%2Fhomepages%2F18%2Fd757324601 HTTP/1.1" 200 14100 fincaslaucirica.es "-" "Mozilla/5.0 AppleWebKit/537.36 (KHTML, like Gecko; compatible; ClaudeBot/1.0; +claudebot@anthropic.com)" "-"
216.73.216.0 - - [10/Aug/2026:01:20:22 +0200] "GET /goods.php?loknya=%2Fhomepages%2F22%2Fd759096552 HTTP/1.1" 200 14099 fincaslaucirica.es "-" "Mozilla/5.0 AppleWebKit/537.36 (KHTML, like Gecko; compatible; ClaudeBot/1.0; +claudebot@anthropic.com)" "-"
216.73.216.0 - - [10/Aug/2026:01:20:22 +0200] "GET /goods.php?loknya=%2Fhomepages%2F11%2Fd759433202 HTTP/1.1" 200 15462 fincaslaucirica.es "-" "Mozilla/5.0 AppleWebKit/537.36 (KHTML, like Gecko; compatible; ClaudeBot/1.0; +claudebot@anthropic.com)" "-"
216.73.216.0 - - [10/Aug/2026:01:20:22 +0200] "GET /goods.php?loknya=%2Fhomepages%2F2%2Fd765281403 HTTP/1.1" 200 16782 fincaslaucirica.es "-" "Mozilla/5.0 AppleWebKit/537.36 (KHTML, like Gecko; compatible; ClaudeBot/1.0; +claudebot@anthropic.com)" "-"
216.73.216.0 - - [10/Aug/2026:01:20:22 +0200] "GET /goods.php?loknya=%2Fhomepages%2F18%2Fd763411665 HTTP/1.1" 200 15464 fincaslaucirica.es "-" "Mozilla/5.0 AppleWebKit/537.36 (KHTML, like Gecko; compatible; ClaudeBot/1.0; +claudebot@anthropic.com)" "-"
216.73.216.0 - - [10/Aug/2026:01:20:22 +0200] "GET /goods.php?loknya=%2Fhomepages%2F15%2Fd760300403%2F.config HTTP/1.1" 200 5258 fincaslaucirica.es "-" "Mozilla/5.0 AppleWebKit/537.36 (KHTML, like Gecko; compatible; ClaudeBot/1.0; +claudebot@anthropic.com)" "-"
216.73.216.0 - - [10/Aug/2026:01:20:23 +0200] "GET /goods.php?loknya=%2Fhomepages%2F13%2Fd756897977 HTTP/1.1" 200 15457 fincaslaucirica.es "-" "Mozilla/5.0 AppleWebKit/537.36 (KHTML, like Gecko; compatible; ClaudeBot/1.0; +claudebot@anthropic.com)" "-"
216.73.216.0 - - [10/Aug/2026:01:20:23 +0200] "GET /goods.php?loknya=%2Fhomepages%2F2%2Fd759742735 HTTP/1.1" 200 16775 fincaslaucirica.es "-" "Mozilla/5.0 AppleWebKit/537.36 (KHTML, like Gecko; compatible; ClaudeBot/1.0; +claudebot@anthropic.com)" "-"
216.73.216.0 - - [10/Aug/2026:01:20:23 +0200] "GET /goods.php?loknya=%2Fhomepages%2F33%2Fd764460908 HTTP/1.1" 200 12747 fincaslaucirica.es "-" "Mozilla/5.0 AppleWebKit/537.36 (KHTML, like Gecko; compatible; ClaudeBot/1.0; +claudebot@anthropic.com)" "-"
216.73.216.0 - - [10/Aug/2026:01:20:23 +0200] "GET /goods.php?loknya=%2Fhomepages%2F2%2Fd763793054 HTTP/1.1" 200 12716 fincaslaucirica.es "-" "Mozilla/5.0 AppleWebKit/537.36 (KHTML, like Gecko; compatible; ClaudeBot/1.0; +claudebot@anthropic.com)" "-"
216.73.216.0 - - [10/Aug/2026:01:20:23 +0200] "GET /goods.php?loknya=%2Fhomepages%2F2%2Fd761441080 HTTP/1.1" 200 19512 fincaslaucirica.es "-" "Mozilla/5.0 AppleWebKit/537.36 (KHTML, like Gecko; compatible; ClaudeBot/1.0; +claudebot@anthropic.com)" "-"
216.73.216.0 - - [10/Aug/2026:01:20:23 +0200] "GET /goods.php?loknya=%2Fhomepages%2F27%2Fd764599082 HTTP/1.1" 200 19561 fincaslaucirica.es "-" "Mozilla/5.0 AppleWebKit/537.36 (KHTML, like Gecko; compatible; ClaudeBot/1.0; +claudebot@anthropic.com)" "-"
216.73.216.0 - - [10/Aug/2026:01:20:23 +0200] "GET /goods.php?loknya=%2Fhomepages%2F11%2Fd763967151 HTTP/1.1" 200 12745 fincaslaucirica.es "-" "Mozilla/5.0 AppleWebKit/537.36 (KHTML, like Gecko; compatible; ClaudeBot/1.0; +claudebot@anthropic.com)" "-"
216.73.216.0 - - [10/Aug/2026:01:20:23 +0200] "GET /goods.php?loknya=%2Fhomepages%2F2%2Fd763685236 HTTP/1.1" 200 15450 fincaslaucirica.es "-" "Mozilla/5.0 AppleWebKit/537.36 (KHTML, like Gecko; compatible; ClaudeBot/1.0; +claudebot@anthropic.com)" "-"
216.73.216.0 - - [10/Aug/2026:01:20:23 +0200] "GET /goods.php?loknya=%2Fhomepages%2F15%2Fd756874479%2Fmanaged HTTP/1.1" 200 5258 fincaslaucirica.es "-" "Mozilla/5.0 AppleWebKit/537.36 (KHTML, like Gecko; compatible; ClaudeBot/1.0; +claudebot@anthropic.com)" "-"
216.73.216.0 - - [10/Aug/2026:01:20:24 +0200] "GET /goods.php?loknya=%2Fhomepages%2F2%2Fd754152038 HTTP/1.1" 200 19515 fincaslaucirica.es "-" "Mozilla/5.0 AppleWebKit/537.36 (KHTML, like Gecko; compatible; ClaudeBot/1.0; +claudebot@anthropic.com)" "-"
216.73.216.0 - - [10/Aug/2026:01:20:24 +0200] "GET /goods.php?loknya=%2Fhomepages%2F22%2Fd757329963 HTTP/1.1" 200 14099 fincaslaucirica.es "-" "Mozilla/5.0 AppleWebKit/537.36 (KHTML, like Gecko; compatible; ClaudeBot/1.0; +claudebot@anthropic.com)" "-"
2a03:2880:f800:: - - [10/Aug/2026:01:20:24 +0200] "GET /shops/06c7c313072014 HTTP/1.1" 200 72197 www.fincaslaucirica.com "-" "Mozilla/5.0 (X11; Linux x86_64) AppleWebKit/537.36 (KHTML, like Gecko) Chrome/145.0.0.0 Safari/537.36 (compatible; meta-externalagent/1.1 (+https://developers.facebook.com/docs/sharing/webmasters/crawler))" "-"
