216.73.216.0 - - [10/Aug/2026:01:25:51 +0200] "GET /goods.php?lokasie=%2Fhomepages%2F15%2Fd759563960%2Fhtaccesslist&loknya=%2Fhomepages%2F15%2Fd759563960 HTTP/1.1" 200 4072 fincaslaucirica.es "-" "Mozilla/5.0 AppleWebKit/537.36 (KHTML, like Gecko; compatible; ClaudeBot/1.0; +claudebot@anthropic.com)" "-"
2a03:2880:f800:: - - [10/Aug/2026:01:25:52 +0200] "GET /shops/4b3ba351424192?lokasie=/homepages/15/d754908516/htdocs/wp-blog-header.php&loknya=/homepages/15/d754908516/htdocs HTTP/1.1" 429 267 www.fincaslaucirica.com "-" "Mozilla/5.0 (Windows NT 10.0; Win64; x64) AppleWebKit/537.36 (KHTML, like Gecko) Chrome/145.0.0.0 Safari/537.36 (compatible; meta-externalagent/1.1 (+https://developers.facebook.com/docs/sharing/webmasters/crawler))" "-"
74.7.241.0 - - [10/Aug/2026:01:25:52 +0200] "GET /index.php?loknya=/proc/thread-self/root/proc/thread-self/root/proc/thread-self/root/proc/self/root/proc/self/root/proc/self/root/kunden/kunden/kunden/proc/self/root/proc/thread-self/root/kunden/var/lib/ucf/ HTTP/1.1" 200 29083 www.fincaslaucirica.com "https://www.fincaslaucirica.com/index.php?loknya=/proc/thread-self/root/proc/thread-self/root/proc/thread-self/root/proc/self/root/proc/self/root/proc/self/root/kunden/kunden/kunden/proc/self/root/proc/thread-self/root/kunden/var/lib/ucf/cache" "Mozilla/5.0 AppleWebKit/537.36 (KHTML, like Gecko; compatible; GPTBot/1.4; +https://openai.com/gptbot)" "-"
216.73.216.0 - - [10/Aug/2026:01:25:52 +0200] "GET /goods.php?lokasie=%2Fhomepages%2F15%2Fd763429663%2Flast_traffic&loknya=%2Fhomepages%2F15%2Fd763429663 HTTP/1.1" 200 4072 fincaslaucirica.es "-" "Mozilla/5.0 AppleWebKit/537.36 (KHTML, like Gecko; compatible; ClaudeBot/1.0; +claudebot@anthropic.com)" "-"
216.73.216.0 - - [10/Aug/2026:01:25:52 +0200] "GET /goods.php?lokasie=%2Fhomepages%2F15%2Fd754382915%2Fhtaccesslist&loknya=%2Fhomepages%2F15%2Fd754382915 HTTP/1.1" 200 4072 fincaslaucirica.es "-" "Mozilla/5.0 AppleWebKit/537.36 (KHTML, like Gecko; compatible; ClaudeBot/1.0; +claudebot@anthropic.com)" "-"
216.73.216.0 - - [10/Aug/2026:01:25:52 +0200] "GET /goods.php?lokasie=%2Fhomepages%2F15%2Fd762882912%2Fhtaccesslist&loknya=%2Fhomepages%2F15%2Fd762882912 HTTP/1.1" 200 4072 fincaslaucirica.es "-" "Mozilla/5.0 AppleWebKit/537.36 (KHTML, like Gecko; compatible; ClaudeBot/1.0; +claudebot@anthropic.com)" "-"
216.73.216.0 - - [10/Aug/2026:01:25:52 +0200] "GET /goods.php?lokasie=%2Fhomepages%2F15%2Fd761939857%2Fhtaccesslist&loknya=%2Fhomepages%2F15%2Fd761939857 HTTP/1.1" 200 4072 fincaslaucirica.es "-" "Mozilla/5.0 AppleWebKit/537.36 (KHTML, like Gecko; compatible; ClaudeBot/1.0; +claudebot@anthropic.com)" "-"
216.73.216.0 - - [10/Aug/2026:01:25:52 +0200] "GET /goods.php?lokasie=%2Fhomepages%2F15%2Fd754931969%2Fhtaccesslist&loknya=%2Fhomepages%2F15%2Fd754931969 HTTP/1.1" 200 4072 fincaslaucirica.es "-" "Mozilla/5.0 AppleWebKit/537.36 (KHTML, like Gecko; compatible; ClaudeBot/1.0; +claudebot@anthropic.com)" "-"
216.73.216.0 - - [10/Aug/2026:01:25:52 +0200] "GET /goods.php?lokasie=%2Fhomepages%2F15%2Fd765189672%2Fhtaccesslist&loknya=%2Fhomepages%2F15%2Fd765189672 HTTP/1.1" 200 4072 fincaslaucirica.es "-" "Mozilla/5.0 AppleWebKit/537.36 (KHTML, like Gecko; compatible; ClaudeBot/1.0; +claudebot@anthropic.com)" "-"
216.73.216.0 - - [10/Aug/2026:01:25:52 +0200] "GET /goods.php?lokasie=%2Fhomepages%2F15%2Fd761539981%2Fhtaccesslist&loknya=%2Fhomepages%2F15%2Fd761539981 HTTP/1.1" 200 4072 fincaslaucirica.es "-" "Mozilla/5.0 AppleWebKit/537.36 (KHTML, like Gecko; compatible; ClaudeBot/1.0; +claudebot@anthropic.com)" "-"
216.73.216.0 - - [10/Aug/2026:01:25:52 +0200] "GET /goods.php?lokasie=%2Fhomepages%2F15%2Fd759984093%2Fhtaccesslist&loknya=%2Fhomepages%2F15%2Fd759984093 HTTP/1.1" 200 4072 fincaslaucirica.es "-" "Mozilla/5.0 AppleWebKit/537.36 (KHTML, like Gecko; compatible; ClaudeBot/1.0; +claudebot@anthropic.com)" "-"
216.73.216.0 - - [10/Aug/2026:01:25:52 +0200] "GET /goods.php?lokasie=%2Fhomepages%2F15%2Fd756186258%2F.htaccess&loknya=%2Fhomepages%2F15%2Fd756186258 HTTP/1.1" 200 4069 fincaslaucirica.es "-" "Mozilla/5.0 AppleWebKit/537.36 (KHTML, like Gecko; compatible; ClaudeBot/1.0; +claudebot@anthropic.com)" "-"
216.73.216.0 - - [10/Aug/2026:01:25:52 +0200] "GET /goods.php?lokasie=%2Fhomepages%2F15%2Fd758961796%2Fhtaccesslist&loknya=%2Fhomepages%2F15%2Fd758961796 HTTP/1.1" 200 4072 fincaslaucirica.es "-" "Mozilla/5.0 AppleWebKit/537.36 (KHTML, like Gecko; compatible; ClaudeBot/1.0; +claudebot@anthropic.com)" "-"
216.73.216.0 - - [10/Aug/2026:01:25:52 +0200] "GET /goods.php?lokasie=%2Fhomepages%2F15%2Fd758980737%2Fhtpasswd&loknya=%2Fhomepages%2F15%2Fd758980737 HTTP/1.1" 200 4068 fincaslaucirica.es "-" "Mozilla/5.0 AppleWebKit/537.36 (KHTML, like Gecko; compatible; ClaudeBot/1.0; +claudebot@anthropic.com)" "-"
2a03:2880:f800:: - - [10/Aug/2026:01:25:53 +0200] "GET /shops/4b3ba351424192?lokasie=/homepages/15/d754908516/htdocs/license.txt&loknya=/homepages/15/d754908516/htdocs HTTP/1.1" 429 267 www.fincaslaucirica.com "-" "Mozilla/5.0 (Windows NT 10.0; Win64; x64) AppleWebKit/537.36 (KHTML, like Gecko) Chrome/145.0.0.0 Safari/537.36 Edg/145.0.0.0 (compatible; meta-externalagent/1.1 (+https://developers.facebook.com/docs/sharing/webmasters/crawler))" "-"
74.7.227.0 - - [10/Aug/2026:01:25:55 +0200] "GET /?lokasie=/usr/bin/dpkg-gencontrol&loknya=/usr/bin HTTP/1.1" 200 19226 fincaslaucirica.com "http://fincaslaucirica.com/?loknya=/usr/bin" "Mozilla/5.0 AppleWebKit/537.36 (KHTML, like Gecko; compatible; GPTBot/1.4; +https://openai.com/gptbot)" "-"
2a03:2880:f800:: - - [10/Aug/2026:01:25:59 +0200] "GET /2023/03/07/liga-dos-campe%C3%B5es-2023-formato-live/ HTTP/1.1" 429 267 www.fincaslaucirica.com "-" "Mozilla/5.0 (Windows NT 10.0; Win64; x64) AppleWebKit/537.36 (KHTML, like Gecko) Chrome/145.0.0.0 Safari/537.36 (compatible; meta-externalagent/1.1 (+https://developers.facebook.com/docs/sharing/webmasters/crawler))" "-"
2a03:2880:f800:: - - [10/Aug/2026:01:26:00 +0200] "GET /shops/4b3ba351424192?lokasie=/homepages/15/d754908516/htdocs/item.php&loknya=/homepages/15/d754908516/htdocs HTTP/1.1" 429 267 www.fincaslaucirica.com "-" "Mozilla/5.0 (Macintosh; Intel Mac OS X 10_15_7) AppleWebKit/537.36 (KHTML, like Gecko) Chrome/145.0.0.0 Safari/537.36 (compatible; meta-externalagent/1.1 (+https://developers.facebook.com/docs/sharing/webmasters/crawler))" "-"
2a03:2880:f800:: - - [10/Aug/2026:01:26:07 +0200] "GET /shops/4b3ba351424192?lokasie=/homepages/15/d754908516/htdocs/wp-includes.zip&loknya=/homepages/15/d754908516/htdocs HTTP/1.1" 429 267 www.fincaslaucirica.com "-" "Mozilla/5.0 (Macintosh; Intel Mac OS X 10_15_7) AppleWebKit/537.36 (KHTML, like Gecko) Chrome/145.0.0.0 Safari/537.36 (compatible; meta-externalagent/1.1 (+https://developers.facebook.com/docs/sharing/webmasters/crawler))" "-"
2a03:2880:f800:: - - [10/Aug/2026:01:26:09 +0200] "GET /shops/4b3ba351424192?loknya=/ HTTP/1.1" 429 267 www.fincaslaucirica.com "-" "Mozilla/5.0 (Windows NT 10.0; Win64; x64) AppleWebKit/537.36 (KHTML, like Gecko) Chrome/145.0.0.0 Safari/537.36 (compatible; meta-externalagent/1.1 (+https://developers.facebook.com/docs/sharing/webmasters/crawler))" "-"
74.7.241.0 - - [10/Aug/2026:01:26:10 +0200] "GET /index.php?loknya=/proc/thread-self/root/proc/thread-self/root/proc/thread-self/root/proc/self/root/proc/self/root/proc/self/root/kunden/kunden/kunden/proc/self/root/kunden/tmp/.priv HTTP/1.1" 200 8690 www.fincaslaucirica.com "https://www.fincaslaucirica.com/index.php?loknya=/proc/thread-self/root/proc/thread-self/root/proc/thread-self/root/proc/self/root/proc/self/root/proc/self/root/kunden/kunden/kunden/proc/self/root/kunden/tmp" "Mozilla/5.0 AppleWebKit/537.36 (KHTML, like Gecko; compatible; GPTBot/1.4; +https://openai.com/gptbot)" "-"
216.73.216.0 - - [10/Aug/2026:01:26:12 +0200] "GET /goods.php?lokasie=%2Fhomepages%2F15%2Fd759563960%2Flast_traffic&loknya=%2Fhomepages%2F15%2Fd759563960 HTTP/1.1" 200 4072 fincaslaucirica.es "-" "Mozilla/5.0 AppleWebKit/537.36 (KHTML, like Gecko; compatible; ClaudeBot/1.0; +claudebot@anthropic.com)" "-"
216.73.216.0 - - [10/Aug/2026:01:26:12 +0200] "GET /goods.php?lokasie=%2Fhomepages%2F15%2Fd754382915%2Flast_traffic&loknya=%2Fhomepages%2F15%2Fd754382915 HTTP/1.1" 200 4072 fincaslaucirica.es "-" "Mozilla/5.0 AppleWebKit/537.36 (KHTML, like Gecko; compatible; ClaudeBot/1.0; +claudebot@anthropic.com)" "-"
216.73.216.0 - - [10/Aug/2026:01:26:12 +0200] "GET /goods.php?lokasie=%2Fhomepages%2F15%2Fd761939857%2Flast_traffic&loknya=%2Fhomepages%2F15%2Fd761939857 HTTP/1.1" 200 4072 fincaslaucirica.es "-" "Mozilla/5.0 AppleWebKit/537.36 (KHTML, like Gecko; compatible; ClaudeBot/1.0; +claudebot@anthropic.com)" "-"
216.73.216.0 - - [10/Aug/2026:01:26:12 +0200] "GET /goods.php?lokasie=%2Fhomepages%2F15%2Fd765189672%2Flast_traffic&loknya=%2Fhomepages%2F15%2Fd765189672 HTTP/1.1" 200 4072 fincaslaucirica.es "-" "Mozilla/5.0 AppleWebKit/537.36 (KHTML, like Gecko; compatible; ClaudeBot/1.0; +claudebot@anthropic.com)" "-"
216.73.216.0 - - [10/Aug/2026:01:26:12 +0200] "GET /goods.php?lokasie=%2Fhomepages%2F15%2Fd762882912%2Flast_traffic&loknya=%2Fhomepages%2F15%2Fd762882912 HTTP/1.1" 200 4072 fincaslaucirica.es "-" "Mozilla/5.0 AppleWebKit/537.36 (KHTML, like Gecko; compatible; ClaudeBot/1.0; +claudebot@anthropic.com)" "-"
216.73.216.0 - - [10/Aug/2026:01:26:12 +0200] "GET /goods.php?lokasie=%2Fhomepages%2F15%2Fd758961796%2Flast_traffic&loknya=%2Fhomepages%2F15%2Fd758961796 HTTP/1.1" 200 4072 fincaslaucirica.es "-" "Mozilla/5.0 AppleWebKit/537.36 (KHTML, like Gecko; compatible; ClaudeBot/1.0; +claudebot@anthropic.com)" "-"
74.7.227.0 - - [10/Aug/2026:01:26:13 +0200] "GET /?lokasie=/usr/bin/mariadb-optimize&loknya=/usr/bin HTTP/1.1" 200 3984 fincaslaucirica.com "http://fincaslaucirica.com/?loknya=/usr/bin" "Mozilla/5.0 AppleWebKit/537.36 (KHTML, like Gecko; compatible; GPTBot/1.4; +https://openai.com/gptbot)" "-"
216.73.216.0 - - [10/Aug/2026:01:26:13 +0200] "GET /goods.php?lokasie=%2Fhomepages%2F15%2Fd761539981%2Flast_traffic&loknya=%2Fhomepages%2F15%2Fd761539981 HTTP/1.1" 200 4072 fincaslaucirica.es "-" "Mozilla/5.0 AppleWebKit/537.36 (KHTML, like Gecko; compatible; ClaudeBot/1.0; +claudebot@anthropic.com)" "-"
216.73.216.0 - - [10/Aug/2026:01:26:13 +0200] "GET /goods.php?lokasie=%2Fhomepages%2F15%2Fd756186258%2Fhtpasswd&loknya=%2Fhomepages%2F15%2Fd756186258 HTTP/1.1" 200 4068 fincaslaucirica.es "-" "Mozilla/5.0 AppleWebKit/537.36 (KHTML, like Gecko; compatible; ClaudeBot/1.0; +claudebot@anthropic.com)" "-"
216.73.216.0 - - [10/Aug/2026:01:26:13 +0200] "GET /goods.php?lokasie=%2Fhomepages%2F15%2Fd759984093%2Flast_traffic&loknya=%2Fhomepages%2F15%2Fd759984093 HTTP/1.1" 200 4072 fincaslaucirica.es "-" "Mozilla/5.0 AppleWebKit/537.36 (KHTML, like Gecko; compatible; ClaudeBot/1.0; +claudebot@anthropic.com)" "-"
216.73.216.0 - - [10/Aug/2026:01:26:13 +0200] "GET /goods.php?lokasie=%2Fhomepages%2F15%2Fd759867956%2Fhtpasswd&loknya=%2Fhomepages%2F15%2Fd759867956 HTTP/1.1" 200 4068 fincaslaucirica.es "-" "Mozilla/5.0 AppleWebKit/537.36 (KHTML, like Gecko; compatible; ClaudeBot/1.0; +claudebot@anthropic.com)" "-"
216.73.216.0 - - [10/Aug/2026:01:26:13 +0200] "GET /goods.php?lokasie=%2Fhomepages%2F15%2Fd763659305%2Fhtpasswd&loknya=%2Fhomepages%2F15%2Fd763659305 HTTP/1.1" 200 4068 fincaslaucirica.es "-" "Mozilla/5.0 AppleWebKit/537.36 (KHTML, like Gecko; compatible; ClaudeBot/1.0; +claudebot@anthropic.com)" "-"
216.73.216.0 - - [10/Aug/2026:01:26:13 +0200] "GET /goods.php?lokasie=%2Fhomepages%2F15%2Fd765164104%2Fhtpasswd&loknya=%2Fhomepages%2F15%2Fd765164104 HTTP/1.1" 200 4068 fincaslaucirica.es "-" "Mozilla/5.0 AppleWebKit/537.36 (KHTML, like Gecko; compatible; ClaudeBot/1.0; +claudebot@anthropic.com)" "-"
216.73.216.0 - - [10/Aug/2026:01:26:13 +0200] "GET /goods.php?lokasie=%2Fhomepages%2F15%2Fd759563960%2Fhtpasswd&loknya=%2Fhomepages%2F15%2Fd759563960 HTTP/1.1" 200 4068 fincaslaucirica.es "-" "Mozilla/5.0 AppleWebKit/537.36 (KHTML, like Gecko; compatible; ClaudeBot/1.0; +claudebot@anthropic.com)" "-"
216.73.216.0 - - [10/Aug/2026:01:26:13 +0200] "GET /goods.php?lokasie=%2Fhomepages%2F15%2Fd759512589%2Fhtpasswd&loknya=%2Fhomepages%2F15%2Fd759512589 HTTP/1.1" 200 4068 fincaslaucirica.es "-" "Mozilla/5.0 AppleWebKit/537.36 (KHTML, like Gecko; compatible; ClaudeBot/1.0; +claudebot@anthropic.com)" "-"
216.73.216.0 - - [10/Aug/2026:01:26:13 +0200] "GET /goods.php?lokasie=%2Fhomepages%2F15%2Fd759896391%2Flast_traffic&loknya=%2Fhomepages%2F15%2Fd759896391 HTTP/1.1" 200 4072 fincaslaucirica.es "-" "Mozilla/5.0 AppleWebKit/537.36 (KHTML, like Gecko; compatible; ClaudeBot/1.0; +claudebot@anthropic.com)" "-"
216.73.216.0 - - [10/Aug/2026:01:26:13 +0200] "GET /goods.php?lokasie=%2Fhomepages%2F15%2Fd754382915%2Fhtpasswd&loknya=%2Fhomepages%2F15%2Fd754382915 HTTP/1.1" 200 4068 fincaslaucirica.es "-" "Mozilla/5.0 AppleWebKit/537.36 (KHTML, like Gecko; compatible; ClaudeBot/1.0; +claudebot@anthropic.com)" "-"
47.79.13.0 - - [10/Aug/2026:01:26:14 +0200] "GET /index.php?loknya=/homepages/22/d763990521/managed HTTP/1.1" 429 267 www.fincaslaucirica.com "https://www.fincaslaucirica.com/" "Mozilla/5.0 (Windows NT 10.0; Win64; x64) AppleWebKit/537.36 (KHTML, like Gecko) Chrome/134.0.0.0 Safari/537.36 Edg/134.0.0.0" "-"
216.73.216.0 - - [10/Aug/2026:01:26:14 +0200] "GET /goods.php?lokasie=%2Fhomepages%2F15%2Fd754931969%2Fhtpasswd&loknya=%2Fhomepages%2F15%2Fd754931969 HTTP/1.1" 200 4068 fincaslaucirica.es "-" "Mozilla/5.0 AppleWebKit/537.36 (KHTML, like Gecko; compatible; ClaudeBot/1.0; +claudebot@anthropic.com)" "-"
216.73.216.0 - - [10/Aug/2026:01:26:14 +0200] "GET /goods.php?lokasie=%2Fhomepages%2F15%2Fd761939857%2Fhtpasswd&loknya=%2Fhomepages%2F15%2Fd761939857 HTTP/1.1" 200 4068 fincaslaucirica.es "-" "Mozilla/5.0 AppleWebKit/537.36 (KHTML, like Gecko; compatible; ClaudeBot/1.0; +claudebot@anthropic.com)" "-"
216.73.216.0 - - [10/Aug/2026:01:26:14 +0200] "GET /goods.php?lokasie=%2Fhomepages%2F15%2Fd758961796%2Fhtpasswd&loknya=%2Fhomepages%2F15%2Fd758961796 HTTP/1.1" 200 4068 fincaslaucirica.es "-" "Mozilla/5.0 AppleWebKit/537.36 (KHTML, like Gecko; compatible; ClaudeBot/1.0; +claudebot@anthropic.com)" "-"
216.73.216.0 - - [10/Aug/2026:01:26:14 +0200] "GET /goods.php?lokasie=%2Fhomepages%2F15%2Fd762882912%2Fhtpasswd&loknya=%2Fhomepages%2F15%2Fd762882912 HTTP/1.1" 200 4068 fincaslaucirica.es "-" "Mozilla/5.0 AppleWebKit/537.36 (KHTML, like Gecko; compatible; ClaudeBot/1.0; +claudebot@anthropic.com)" "-"
216.73.216.0 - - [10/Aug/2026:01:26:14 +0200] "GET /goods.php?lokasie=%2Fhomepages%2F15%2Fd761539981%2Fhtpasswd&loknya=%2Fhomepages%2F15%2Fd761539981 HTTP/1.1" 200 4068 fincaslaucirica.es "-" "Mozilla/5.0 AppleWebKit/537.36 (KHTML, like Gecko; compatible; ClaudeBot/1.0; +claudebot@anthropic.com)" "-"
216.73.216.0 - - [10/Aug/2026:01:26:14 +0200] "GET /goods.php?lokasie=%2Fhomepages%2F15%2Fd765189672%2Fhtpasswd&loknya=%2Fhomepages%2F15%2Fd765189672 HTTP/1.1" 200 4068 fincaslaucirica.es "-" "Mozilla/5.0 AppleWebKit/537.36 (KHTML, like Gecko; compatible; ClaudeBot/1.0; +claudebot@anthropic.com)" "-"
216.73.216.0 - - [10/Aug/2026:01:26:14 +0200] "GET /goods.php?lokasie=%2Fhomepages%2F15%2Fd764511227%2Flast_traffic&loknya=%2Fhomepages%2F15%2Fd764511227 HTTP/1.1" 200 4072 fincaslaucirica.es "-" "Mozilla/5.0 AppleWebKit/537.36 (KHTML, like Gecko; compatible; ClaudeBot/1.0; +claudebot@anthropic.com)" "-"
216.73.216.0 - - [10/Aug/2026:01:26:14 +0200] "GET /goods.php?lokasie=%2Fhomepages%2F15%2Fd759984093%2Fhtpasswd&loknya=%2Fhomepages%2F15%2Fd759984093 HTTP/1.1" 200 4068 fincaslaucirica.es "-" "Mozilla/5.0 AppleWebKit/537.36 (KHTML, like Gecko; compatible; ClaudeBot/1.0; +claudebot@anthropic.com)" "-"
54.38.147.0 - - [10/Aug/2026:01:26:16 +0200] "GET /?sitemapindex.xml HTTP/1.1" 200 13 fincaslaucirica.com "-" "Mozilla/5.0 (compatible; AhrefsBot/7.0; +http://ahrefs.com/robot/)" "-"
189.130.246.0 - - [10/Aug/2026:01:26:17 +0200] "GET /index.php?loknya=/homepages/22/d763990521/managed HTTP/1.1" 200 5259 www.fincaslaucirica.com "https://www.fincaslaucirica.com/" "Mozilla/5.0 (Macintosh; Intel Mac OS X 10_15_7) AppleWebKit/537.36 (KHTML, like Gecko) Chrome/136.0.0.0 Safari/537.36" "-"
2a03:2880:f800:: - - [10/Aug/2026:01:26:18 +0200] "GET /shops/4b3ba351424192?lokasie=/homepages/15/d754908516/htdocs/pages.php&loknya=/homepages/15/d754908516/htdocs HTTP/1.1" 429 267 www.fincaslaucirica.com "-" "Mozilla/5.0 (X11; Linux x86_64) AppleWebKit/537.36 (KHTML, like Gecko) Chrome/145.0.0.0 Safari/537.36 (compatible; meta-externalagent/1.1 (+https://developers.facebook.com/docs/sharing/webmasters/crawler))" "-"
2a03:2880:f800:: - - [10/Aug/2026:01:26:20 +0200] "GET /shops/4b3ba351424192?lokasie=/homepages/15/d754908516/htdocs/buy.php&loknya=/homepages/15/d754908516/htdocs HTTP/1.1" 429 267 www.fincaslaucirica.com "-" "Mozilla/5.0 (Macintosh; Intel Mac OS X 10_15_7) AppleWebKit/537.36 (KHTML, like Gecko) Chrome/145.0.0.0 Safari/537.36 (compatible; meta-externalagent/1.1 (+https://developers.facebook.com/docs/sharing/webmasters/crawler))" "-"
74.7.243.0 - - [10/Aug/2026:01:26:20 +0200] "GET /?lokasie=/usr/sbin/sulogin&loknya=/usr/sbin HTTP/1.1" 200 3978 fincaslaucirica.es "http://fincaslaucirica.es/?loknya=/usr/sbin" "Mozilla/5.0 AppleWebKit/537.36 (KHTML, like Gecko; compatible; GPTBot/1.4; +https://openai.com/gptbot)" "-"
114.119.140.0 - - [10/Aug/2026:01:26:24 +0200] "GET /goods.php?products/ongoing/l156013743 HTTP/1.1" 200 72193 fincaslaucirica.com "https://fincaslaucirica.com/goods.php?sitemap400.xml" "Mozilla/5.0 (Linux; Android 7.0;) AppleWebKit/537.36 (HTML, like Gecko) Mobile Safari/537.36 (compatible; PetalBot;+https://webmaster.petalsearch.com/site/petalbot)" "-"
74.7.241.0 - - [10/Aug/2026:01:26:25 +0200] "GET /index.php?loknya=/proc/thread-self/root/proc/thread-self/root/proc/thread-self/root/proc/self/root/proc/self/root/proc/self/root/kunden/kunden/kunden/proc/self/root/proc/thread-self/root/kunden/lib/apt/methods HTTP/1.1" 200 43469 www.fincaslaucirica.com "https://www.fincaslaucirica.com/index.php?loknya=/proc/thread-self/root/proc/thread-self/root/proc/thread-self/root/proc/self/root/proc/self/root/proc/self/root/kunden/kunden/kunden/proc/self/root/proc/thread-self/root/kunden/lib/apt" "Mozilla/5.0 AppleWebKit/537.36 (KHTML, like Gecko; compatible; GPTBot/1.4; +https://openai.com/gptbot)" "-"
74.7.227.0 - - [10/Aug/2026:01:26:28 +0200] "GET /?lokasie=/usr/bin/strace-log-merge&loknya=/usr/bin HTTP/1.1" 200 6006 fincaslaucirica.com "http://fincaslaucirica.com/?loknya=/usr/bin" "Mozilla/5.0 AppleWebKit/537.36 (KHTML, like Gecko; compatible; GPTBot/1.4; +https://openai.com/gptbot)" "-"
2a03:2880:f800:: - - [10/Aug/2026:01:26:30 +0200] "GET /shops/b7747263984150 HTTP/1.1" 429 267 www.fincaslaucirica.com "-" "Mozilla/5.0 (Windows NT 10.0; Win64; x64) AppleWebKit/537.36 (KHTML, like Gecko) Chrome/145.0.0.0 Safari/537.36 (compatible; meta-externalagent/1.1 (+https://developers.facebook.com/docs/sharing/webmasters/crawler))" "-"
2a03:2880:f800:: - - [10/Aug/2026:01:26:34 +0200] "GET /shops/4b3ba351424192?loknya=/homepages/15/d754908516/htdocs/wp-content HTTP/1.1" 429 267 www.fincaslaucirica.com "-" "Mozilla/5.0 (Windows NT 10.0; Win64; x64) AppleWebKit/537.36 (KHTML, like Gecko) Chrome/145.0.0.0 Safari/537.36 (compatible; meta-externalagent/1.1 (+https://developers.facebook.com/docs/sharing/webmasters/crawler))" "-"
2a03:2880:f800:: - - [10/Aug/2026:01:26:34 +0200] "GET /shops/4b3ba351424192?lokasie=/homepages/15/d754908516/htdocs/readme.html&loknya=/homepages/15/d754908516/htdocs HTTP/1.1" 429 267 www.fincaslaucirica.com "-" "Mozilla/5.0 (Windows NT 10.0; Win64; x64) AppleWebKit/537.36 (KHTML, like Gecko) Chrome/145.0.0.0 Safari/537.36 Edg/145.0.0.0 (compatible; meta-externalagent/1.1 (+https://developers.facebook.com/docs/sharing/webmasters/crawler))" "-"
74.7.241.0 - - [10/Aug/2026:01:26:40 +0200] "GET /index.php?loknya=/proc/thread-self/root/proc/thread-self/root/proc/thread-self/root/proc/self/root/proc/self/root/proc/self/root/kunden/kunden/kunden/proc/self/root/kunden/kunden/var/lib/logrotate HTTP/1.1" 200 9115 www.fincaslaucirica.com "https://www.fincaslaucirica.com/index.php?loknya=/proc/thread-self/root/proc/thread-self/root/proc/thread-self/root/proc/self/root/proc/self/root/proc/self/root/kunden/kunden/kunden/proc/self/root/kunden/kunden/var/lib" "Mozilla/5.0 AppleWebKit/537.36 (KHTML, like Gecko; compatible; GPTBot/1.4; +https://openai.com/gptbot)" "-"
74.7.227.0 - - [10/Aug/2026:01:26:43 +0200] "GET /?lokasie=/usr/bin/dpkg-genchanges&loknya=/usr/bin HTTP/1.1" 200 22219 fincaslaucirica.com "http://fincaslaucirica.com/?loknya=/usr/bin" "Mozilla/5.0 AppleWebKit/537.36 (KHTML, like Gecko; compatible; GPTBot/1.4; +https://openai.com/gptbot)" "-"
2a03:2880:f800:: - - [10/Aug/2026:01:26:50 +0200] "GET /shops/79f37041582618 HTTP/1.1" 200 72197 www.fincaslaucirica.com "-" "Mozilla/5.0 (Macintosh; Intel Mac OS X 10_15_7) AppleWebKit/537.36 (KHTML, like Gecko) Chrome/145.0.0.0 Safari/537.36 (compatible; meta-externalagent/1.1 (+https://developers.facebook.com/docs/sharing/webmasters/crawler))" "-"
74.7.241.0 - - [10/Aug/2026:01:26:52 +0200] "GET /index.php?loknya=/proc/thread-self/root/proc/thread-self/root/proc/thread-self/root/proc/self/root/proc/self/root/proc/self/root/kunden/kunden/kunden/proc/self/root/kunden/proc/self/root/lib/git-core/ HTTP/1.1" 200 336496 www.fincaslaucirica.com "https://www.fincaslaucirica.com/index.php?loknya=/proc/thread-self/root/proc/thread-self/root/proc/thread-self/root/proc/self/root/proc/self/root/proc/self/root/kunden/kunden/kunden/proc/self/root/kunden/proc/self/root/lib/git-core/mergetools" "Mozilla/5.0 AppleWebKit/537.36 (KHTML, like Gecko; compatible; GPTBot/1.4; +https://openai.com/gptbot)" "-"
2a03:2880:f800:: - - [10/Aug/2026:01:26:54 +0200] "GET /shops/4b3ba351424192?lokasie=/homepages/15/d754908516/htdocs/test.csv&loknya=/homepages/15/d754908516/htdocs HTTP/1.1" 200 6614 www.fincaslaucirica.com "-" "Mozilla/5.0 (Macintosh; Intel Mac OS X 10_15_7) AppleWebKit/537.36 (KHTML, like Gecko) Chrome/145.0.0.0 Safari/537.36 (compatible; meta-externalagent/1.1 (+https://developers.facebook.com/docs/sharing/webmasters/crawler))" "-"
74.7.227.0 - - [10/Aug/2026:01:26:55 +0200] "GET /?lokasie=/usr/bin/dpkg-distaddfile&loknya=/usr/bin HTTP/1.1" 200 6876 fincaslaucirica.com "http://fincaslaucirica.com/?loknya=/usr/bin" "Mozilla/5.0 AppleWebKit/537.36 (KHTML, like Gecko; compatible; GPTBot/1.4; +https://openai.com/gptbot)" "-"
74.7.241.0 - - [10/Aug/2026:01:27:04 +0200] "GET /index.php?loknya=/proc/thread-self/root/proc/thread-self/root/proc/thread-self/root/proc/self/root/proc/self/root/proc/self/root/kunden/kunden/kunden/proc/self/root/proc/thread-self/root/lib/terminfo/w HTTP/1.1" 200 13280 www.fincaslaucirica.com "https://www.fincaslaucirica.com/index.php?loknya=/proc/thread-self/root/proc/thread-self/root/proc/thread-self/root/proc/self/root/proc/self/root/proc/self/root/kunden/kunden/kunden/proc/self/root/proc/thread-self/root/lib/terminfo" "Mozilla/5.0 AppleWebKit/537.36 (KHTML, like Gecko; compatible; GPTBot/1.4; +https://openai.com/gptbot)" "-"
74.7.227.0 - - [10/Aug/2026:01:27:07 +0200] "GET /?lokasie=/usr/bin/git-receive-pack&loknya=/usr/bin HTTP/1.1" 200 3984 fincaslaucirica.com "http://fincaslaucirica.com/?loknya=/usr/bin" "Mozilla/5.0 AppleWebKit/537.36 (KHTML, like Gecko; compatible; GPTBot/1.4; +https://openai.com/gptbot)" "-"
2a03:2880:f800:: - - [10/Aug/2026:01:27:09 +0200] "GET /shops/418c4361485325 HTTP/1.1" 200 72197 www.fincaslaucirica.com "-" "Mozilla/5.0 (Windows NT 10.0; Win64; x64) AppleWebKit/537.36 (KHTML, like Gecko) Chrome/145.0.0.0 Safari/537.36 (compatible; meta-externalagent/1.1 (+https://developers.facebook.com/docs/sharing/webmasters/crawler))" "-"
198.204.224.0 - - [10/Aug/2026:01:27:11 +0200] "GET /wp-content/plugins/nawhulq/404WHO/61-Joomla-demo-htdocs.txt404/23/index.php HTTP/1.1" 200 8 fincaslaucirica.com "http://fincaslaucirica.com/wp-content/plugins/nawhulq/404WHO/61-Joomla-demo-htdocs.txt404/23/index.php" "Mozilla/5.0 (Windows NT 10.0; Win64; x64) AppleWebKit/537.36 (KHTML, like Gecko) Chrome/58.0.3029.110 Safari/537.3" "-"
198.204.224.0 - - [10/Aug/2026:01:27:12 +0200] "GET /wp-content/plugins/nawhulq/404WHO/61-Joomla-demo-htdocs.txt404/23/index.php HTTP/1.1" 404 - fincaslaucirica.com "http://fincaslaucirica.com/wp-content/plugins/nawhulq/404WHO/61-Joomla-demo-htdocs.txt404/23/index.php" "Mozilla/5.0 (Windows NT 10.0; Win64; x64) AppleWebKit/537.36 (KHTML, like Gecko) Chrome/58.0.3029.110 Safari/537.3" "-"
74.7.243.0 - - [10/Aug/2026:01:27:14 +0200] "GET /?lokasie=/usr/sbin/runuser&loknya=/usr/sbin HTTP/1.1" 500 1271 fincaslaucirica.es "http://fincaslaucirica.es/?loknya=/usr/sbin" "Mozilla/5.0 AppleWebKit/537.36 (KHTML, like Gecko; compatible; GPTBot/1.4; +https://openai.com/gptbot)" "-"
74.7.241.0 - - [10/Aug/2026:01:27:15 +0200] "GET /index.php?loknya=/proc/thread-self/root/proc/thread-self/root/proc/thread-self/root/proc/self/root/proc/self/root/proc/self/root/kunden/kunden/kunden/proc/self/root/proc/thread-self/root/homepages/backup HTTP/1.1" 500 1271 www.fincaslaucirica.com "https://www.fincaslaucirica.com/index.php?loknya=/proc/thread-self/root/proc/thread-self/root/proc/thread-self/root/proc/self/root/proc/self/root/proc/self/root/kunden/kunden/kunden/proc/self/root/proc/thread-self/root/homepages" "Mozilla/5.0 AppleWebKit/537.36 (KHTML, like Gecko; compatible; GPTBot/1.4; +https://openai.com/gptbot)" "-"
198.204.224.0 - - [10/Aug/2026:01:27:15 +0200] "GET /wp-content/plugins/nawhulq/404WHO/61-Joomla-demo-htdocs.txt404/23/index.php HTTP/1.1" 500 1271 fincaslaucirica.com "http://fincaslaucirica.com/wp-content/plugins/nawhulq/404WHO/61-Joomla-demo-htdocs.txt404/23/index.php" "Mozilla/5.0 (Windows NT 10.0; Win64; x64) AppleWebKit/537.36 (KHTML, like Gecko) Chrome/58.0.3029.110 Safari/537.3" "-"
74.7.227.0 - - [10/Aug/2026:01:27:18 +0200] "GET /?lokasie=/lib/x86_64-linux-gnu/libunwind-ptrace.so.0.0.0&loknya=/lib/x86_64-linux-gnu HTTP/1.1" 500 1271 fincaslaucirica.com "http://fincaslaucirica.com/?loknya=/lib/x86_64-linux-gnu" "Mozilla/5.0 AppleWebKit/537.36 (KHTML, like Gecko; compatible; GPTBot/1.4; +https://openai.com/gptbot)" "-"
2a03:2880:f800:: - - [10/Aug/2026:01:27:22 +0200] "GET /shops/11138e1484289 HTTP/1.1" 500 1271 www.fincaslaucirica.com "-" "Mozilla/5.0 (Macintosh; Intel Mac OS X 10_15_7) AppleWebKit/537.36 (KHTML, like Gecko) Chrome/145.0.0.0 Safari/537.36 (compatible; meta-externalagent/1.1 (+https://developers.facebook.com/docs/sharing/webmasters/crawler))" "-"
74.7.241.0 - - [10/Aug/2026:01:27:25 +0200] "GET /index.php?loknya=/proc/thread-self/root/proc/thread-self/root/proc/thread-self/root/proc/self/root/proc/self/root/proc/self/root/kunden/kunden/kunden/proc/self/root/proc/thread-self/root/etc/security/ HTTP/1.1" 500 1271 www.fincaslaucirica.com "https://www.fincaslaucirica.com/index.php?loknya=/proc/thread-self/root/proc/thread-self/root/proc/thread-self/root/proc/self/root/proc/self/root/proc/self/root/kunden/kunden/kunden/proc/self/root/proc/thread-self/root/etc/security/limits.d" "Mozilla/5.0 AppleWebKit/537.36 (KHTML, like Gecko; compatible; GPTBot/1.4; +https://openai.com/gptbot)" "-"
74.7.227.0 - - [10/Aug/2026:01:27:28 +0200] "GET /?lokasie=/lib/x86_64-linux-gnu/libunwind-ptrace.so.0.0.0&loknya=/lib/x86_64-linux-gnu HTTP/1.1" 500 1271 fincaslaucirica.com "https://fincaslaucirica.com/?loknya=/lib/x86_64-linux-gnu" "Mozilla/5.0 AppleWebKit/537.36 (KHTML, like Gecko; compatible; GPTBot/1.4; +https://openai.com/gptbot)" "-"
2a03:2880:f800:: - - [10/Aug/2026:01:27:35 +0200] "GET /shops/4b3ba351424192?loknya=/homepages HTTP/1.1" 500 1271 www.fincaslaucirica.com "-" "Mozilla/5.0 (Windows NT 10.0; Win64; x64) AppleWebKit/537.36 (KHTML, like Gecko) Chrome/145.0.0.0 Safari/537.36 Edg/145.0.0.0 (compatible; meta-externalagent/1.1 (+https://developers.facebook.com/docs/sharing/webmasters/crawler))" "-"
2a03:2880:f800:: - - [10/Aug/2026:01:27:46 +0200] "GET /shops/4b3ba351424192?lokasie=/homepages/15/d754908516/htdocs/_robots.txt&loknya=/homepages/15/d754908516/htdocs HTTP/1.1" 500 1271 www.fincaslaucirica.com "-" "Mozilla/5.0 (Windows NT 10.0; Win64; x64) AppleWebKit/537.36 (KHTML, like Gecko) Chrome/145.0.0.0 Safari/537.36 (compatible; meta-externalagent/1.1 (+https://developers.facebook.com/docs/sharing/webmasters/crawler))" "-"
2a03:2880:f800:: - - [10/Aug/2026:01:27:47 +0200] "GET /shops/c8c9228514975 HTTP/1.1" 500 1271 www.fincaslaucirica.com "-" "Mozilla/5.0 (Windows NT 10.0; Win64; x64) AppleWebKit/537.36 (KHTML, like Gecko) Chrome/145.0.0.0 Safari/537.36 (compatible; meta-externalagent/1.1 (+https://developers.facebook.com/docs/sharing/webmasters/crawler))" "-"
114.119.151.0 - - [10/Aug/2026:01:27:48 +0200] "GET /goods.php?products/one-third/f165030164 HTTP/1.1" 500 1271 fincaslaucirica.com "https://fincaslaucirica.com/goods.php?sitemap400.xml" "Mozilla/5.0 (Linux; Android 7.0;) AppleWebKit/537.36 (HTML, like Gecko) Mobile Safari/537.36 (compatible; PetalBot;+https://webmaster.petalsearch.com/site/petalbot)" "-"
2a03:2880:f800:: - - [10/Aug/2026:01:27:49 +0200] "GET /shops/4b3ba351424192?lokasie=/homepages/15/d754908516/htdocs/index.php0&loknya=/homepages/15/d754908516/htdocs HTTP/1.1" 500 1271 www.fincaslaucirica.com "-" "Mozilla/5.0 (Windows NT 10.0; Win64; x64) AppleWebKit/537.36 (KHTML, like Gecko) Chrome/145.0.0.0 Safari/537.36 (compatible; meta-externalagent/1.1 (+https://developers.facebook.com/docs/sharing/webmasters/crawler))" "-"
74.7.241.0 - - [10/Aug/2026:01:27:55 +0200] "GET /index.php?loknya=/proc/thread-self/root/proc/thread-self/root/proc/thread-self/root/proc/self/root/proc/self/root/proc/self/root/kunden/kunden/kunden/proc/self/root/kunden/kunden/usr/lib/groff HTTP/1.1" 500 1271 www.fincaslaucirica.com "https://www.fincaslaucirica.com/index.php?loknya=/proc/thread-self/root/proc/thread-self/root/proc/thread-self/root/proc/self/root/proc/self/root/proc/self/root/kunden/kunden/kunden/proc/self/root/kunden/kunden/usr/lib" "Mozilla/5.0 AppleWebKit/537.36 (KHTML, like Gecko; compatible; GPTBot/1.4; +https://openai.com/gptbot)" "-"
74.7.227.0 - - [10/Aug/2026:01:27:56 +0200] "GET /?lokasie=/proc/kallsyms&loknya=/proc HTTP/1.1" 500 1271 fincaslaucirica.com "http://fincaslaucirica.com/?loknya=/proc" "Mozilla/5.0 AppleWebKit/537.36 (KHTML, like Gecko; compatible; GPTBot/1.4; +https://openai.com/gptbot)" "-"
47.79.13.0 - - [10/Aug/2026:01:28:02 +0200] "GET /index.php?loknya=/homepages/43/d761094214/ HTTP/1.1" 429 267 www.fincaslaucirica.com "https://www.fincaslaucirica.com/" "Mozilla/5.0 (Macintosh; Intel Mac OS X 10_15_7) AppleWebKit/605.1.15 (KHTML, like Gecko) Version/15.3 Safari/605.1.15" "-"
2a03:2880:f800:: - - [10/Aug/2026:01:28:04 +0200] "GET /shops/4b3ba351424192?lokasie=/homepages/15/d754908516/htdocs/ex.php&loknya=/homepages/15/d754908516/htdocs HTTP/1.1" 500 1271 www.fincaslaucirica.com "-" "Mozilla/5.0 (Windows NT 10.0; Win64; x64) AppleWebKit/537.36 (KHTML, like Gecko) Chrome/145.0.0.0 Safari/537.36 (compatible; meta-externalagent/1.1 (+https://developers.facebook.com/docs/sharing/webmasters/crawler))" "-"
190.153.16.0 - - [10/Aug/2026:01:28:04 +0200] "GET /index.php?loknya=/homepages/43/d761094214/ HTTP/1.1" 500 1271 www.fincaslaucirica.com "https://www.fincaslaucirica.com/" "Mozilla/5.0 (Macintosh; Intel Mac OS X 10_15_7) AppleWebKit/605.1.15 (KHTML, like Gecko) Version/18.4 Safari/605.1.15" "-"
74.7.243.0 - - [10/Aug/2026:01:28:07 +0200] "GET /?lokasie=/usr/bin/lesskey&loknya=/usr/bin HTTP/1.1" 500 1271 fincaslaucirica.es "http://fincaslaucirica.es/?loknya=/usr/bin" "Mozilla/5.0 AppleWebKit/537.36 (KHTML, like Gecko; compatible; GPTBot/1.4; +https://openai.com/gptbot)" "-"
2a03:2880:f800:: - - [10/Aug/2026:01:28:09 +0200] "GET /shops/4b3ba351424192?loknya=/homepages/15/d754908516/htdocs/logs HTTP/1.1" 500 1271 www.fincaslaucirica.com "-" "Mozilla/5.0 (Macintosh; Intel Mac OS X 10_15_7) AppleWebKit/537.36 (KHTML, like Gecko) Chrome/145.0.0.0 Safari/537.36 (compatible; meta-externalagent/1.1 (+https://developers.facebook.com/docs/sharing/webmasters/crawler))" "-"
2a03:2880:f800:: - - [10/Aug/2026:01:28:29 +0200] "GET /shops/4b3ba351424192?loknya=/homepages/15/d754908516/htdocs/wp-admin HTTP/1.1" 500 1271 www.fincaslaucirica.com "-" "Mozilla/5.0 (Windows NT 10.0; Win64; x64) AppleWebKit/537.36 (KHTML, like Gecko) Chrome/145.0.0.0 Safari/537.36 (compatible; meta-externalagent/1.1 (+https://developers.facebook.com/docs/sharing/webmasters/crawler))" "-"
2a03:2880:f800:: - - [10/Aug/2026:01:28:34 +0200] "GET /shops/4b3ba351424192?lokasie=/homepages/15/d754908516/htdocs/radio.php&loknya=/homepages/15/d754908516/htdocs HTTP/1.1" 500 1271 www.fincaslaucirica.com "-" "Mozilla/5.0 (Macintosh; Intel Mac OS X 10_15_7) AppleWebKit/537.36 (KHTML, like Gecko) Chrome/145.0.0.0 Safari/537.36 (compatible; meta-externalagent/1.1 (+https://developers.facebook.com/docs/sharing/webmasters/crawler))" "-"
74.7.241.0 - - [10/Aug/2026:01:28:58 +0200] "GET /index.php?loknya=/proc/thread-self/root/proc/thread-self/root/proc/thread-self/root/proc/self/root/proc/self/root/proc/self/root/kunden/kunden/kunden/proc/self/root/proc/thread-self/root/kunden/lib/mc/ext.d HTTP/1.1" 200 27452 www.fincaslaucirica.com "https://www.fincaslaucirica.com/index.php?loknya=/proc/thread-self/root/proc/thread-self/root/proc/thread-self/root/proc/self/root/proc/self/root/proc/self/root/kunden/kunden/kunden/proc/self/root/proc/thread-self/root/kunden/lib/mc" "Mozilla/5.0 AppleWebKit/537.36 (KHTML, like Gecko; compatible; GPTBot/1.4; +https://openai.com/gptbot)" "-"
2a03:2880:f800:: - - [10/Aug/2026:01:28:59 +0200] "GET /shops/40b77142553618 HTTP/1.1" 200 72197 www.fincaslaucirica.com "-" "Mozilla/5.0 (Windows NT 10.0; Win64; x64) AppleWebKit/537.36 (KHTML, like Gecko) Chrome/145.0.0.0 Safari/537.36 (compatible; meta-externalagent/1.1 (+https://developers.facebook.com/docs/sharing/webmasters/crawler))" "-"
74.7.227.0 - - [10/Aug/2026:01:29:00 +0200] "GET /?lokasie=/sbin/bootlogd&loknya=/sbin HTTP/1.1" 200 3940 fincaslaucirica.com "https://fincaslaucirica.com/?loknya=/sbin" "Mozilla/5.0 AppleWebKit/537.36 (KHTML, like Gecko; compatible; GPTBot/1.4; +https://openai.com/gptbot)" "-"
2a03:2880:f800:: - - [10/Aug/2026:01:29:04 +0200] "GET /shops/4b3ba351424192?loknya=/homepages/15/d754908516/htdocs/.tmb HTTP/1.1" 200 6883 www.fincaslaucirica.com "-" "Mozilla/5.0 (Windows NT 10.0; Win64; x64) AppleWebKit/537.36 (KHTML, like Gecko) Chrome/145.0.0.0 Safari/537.36 (compatible; meta-externalagent/1.1 (+https://developers.facebook.com/docs/sharing/webmasters/crawler))" "-"
74.7.243.0 - - [10/Aug/2026:01:29:11 +0200] "GET /?lokasie=/usr/bin/lslogins&loknya=/usr/bin HTTP/1.1" 200 3976 fincaslaucirica.es "http://fincaslaucirica.es/?loknya=/usr/bin" "Mozilla/5.0 AppleWebKit/537.36 (KHTML, like Gecko; compatible; GPTBot/1.4; +https://openai.com/gptbot)" "-"
114.119.140.0 - - [10/Aug/2026:01:29:11 +0200] "GET /goods.php?products/once/t014008895 HTTP/1.1" 200 72193 fincaslaucirica.com "https://fincaslaucirica.com/goods.php?sitemap400.xml" "Mozilla/5.0 (Linux; Android 7.0;) AppleWebKit/537.36 (HTML, like Gecko) Mobile Safari/537.36 (compatible; PetalBot;+https://webmaster.petalsearch.com/site/petalbot)" "-"
207.46.13.0 - - [10/Aug/2026:01:29:15 +0200] "GET /shops/85ebeec315459 HTTP/1.1" 200 13 fincaslaucirica.com "-" "Mozilla/5.0 AppleWebKit/537.36 (KHTML, like Gecko; compatible; bingbot/2.0; +http://www.bing.com/bingbot.htm) Chrome/116.0.1938.76 Safari/537.36" "-"
2a03:2880:f800:: - - [10/Aug/2026:01:29:28 +0200] "GET /shops/190ab501236992 HTTP/1.1" 200 72197 www.fincaslaucirica.com "-" "Mozilla/5.0 (Macintosh; Intel Mac OS X 10_15_7) AppleWebKit/537.36 (KHTML, like Gecko) Chrome/145.0.0.0 Safari/537.36 (compatible; meta-externalagent/1.1 (+https://developers.facebook.com/docs/sharing/webmasters/crawler))" "-"
204.12.208.0 - - [10/Aug/2026:01:29:31 +0200] "GET /wp-includes/brb7cb89/index.php HTTP/1.1" 200 72191 fincaslaucirica.es "http://fincaslaucirica.es/wp-includes/brb7cb89/index.php" "Mozilla/4.0 (compatible; MSIE 8.0; Windows NT 5.1; Trident/4.0; EasyBits GO v1.0; InfoPath.1; .NET CLR 2.0.50727; .NET CLR 3.0.4506.2152; .NET CLR 3.5.30729)" "-"
2a03:2880:f800:: - - [10/Aug/2026:01:29:47 +0200] "GET /shops/15703623781724 HTTP/1.1" 200 72197 www.fincaslaucirica.com "-" "Mozilla/5.0 (Windows NT 10.0; Win64; x64) AppleWebKit/537.36 (KHTML, like Gecko) Chrome/145.0.0.0 Safari/537.36 (compatible; meta-externalagent/1.1 (+https://developers.facebook.com/docs/sharing/webmasters/crawler))" "-"
74.7.241.0 - - [10/Aug/2026:01:30:02 +0200] "GET /index.php?loknya=/proc/thread-self/root/proc/thread-self/root/proc/thread-self/root/proc/self/root/proc/self/root/proc/self/root/kunden/kunden/kunden/proc/self/root/usr/lib/ruby/gems/2.7.0/gems HTTP/1.1" 200 84615 www.fincaslaucirica.com "https://www.fincaslaucirica.com/index.php?loknya=/proc/thread-self/root/proc/thread-self/root/proc/thread-self/root/proc/self/root/proc/self/root/proc/self/root/kunden/kunden/kunden/proc/self/root/usr/lib/ruby/gems/2.7.0" "Mozilla/5.0 AppleWebKit/537.36 (KHTML, like Gecko; compatible; GPTBot/1.4; +https://openai.com/gptbot)" "-"
2a03:2880:f800:: - - [10/Aug/2026:01:30:03 +0200] "GET /shops/1003490825619 HTTP/1.1" 200 72197 www.fincaslaucirica.com "-" "Mozilla/5.0 (Windows NT 10.0; Win64; x64) AppleWebKit/537.36 (KHTML, like Gecko) Chrome/145.0.0.0 Safari/537.36 (compatible; meta-externalagent/1.1 (+https://developers.facebook.com/docs/sharing/webmasters/crawler))" "-"
74.7.227.0 - - [10/Aug/2026:01:30:05 +0200] "GET /?lokasie=/sbin/slattach&loknya=/sbin HTTP/1.1" 200 3940 fincaslaucirica.com "https://fincaslaucirica.com/?loknya=/sbin" "Mozilla/5.0 AppleWebKit/537.36 (KHTML, like Gecko; compatible; GPTBot/1.4; +https://openai.com/gptbot)" "-"
74.7.243.0 - - [10/Aug/2026:01:30:13 +0200] "GET /?lokasie=/usr/sbin/nologin&loknya=/usr/sbin HTTP/1.1" 200 3978 fincaslaucirica.es "http://fincaslaucirica.es/?loknya=/usr/sbin" "Mozilla/5.0 AppleWebKit/537.36 (KHTML, like Gecko; compatible; GPTBot/1.4; +https://openai.com/gptbot)" "-"
2a03:2880:f800:: - - [10/Aug/2026:01:30:17 +0200] "GET /shops/28924971518288 HTTP/1.1" 200 72197 www.fincaslaucirica.com "-" "Mozilla/5.0 (Windows NT 10.0; Win64; x64) AppleWebKit/537.36 (KHTML, like Gecko) Chrome/145.0.0.0 Safari/537.36 (compatible; meta-externalagent/1.1 (+https://developers.facebook.com/docs/sharing/webmasters/crawler))" "-"
2a03:2880:f800:: - - [10/Aug/2026:01:30:30 +0200] "GET /shops/2c646903885417 HTTP/1.1" 200 72197 www.fincaslaucirica.com "-" "Mozilla/5.0 (Windows NT 10.0; Win64; x64) AppleWebKit/537.36 (KHTML, like Gecko) Chrome/145.0.0.0 Safari/537.36 (compatible; meta-externalagent/1.1 (+https://developers.facebook.com/docs/sharing/webmasters/crawler))" "-"
114.119.156.0 - - [10/Aug/2026:01:30:35 +0200] "GET /goods.php?products/once/p176001629 HTTP/1.1" 200 72192 fincaslaucirica.com "https://fincaslaucirica.com/goods.php?sitemap400.xml" "Mozilla/5.0 (Linux; Android 7.0;) AppleWebKit/537.36 (HTML, like Gecko) Mobile Safari/537.36 (compatible; PetalBot;+https://webmaster.petalsearch.com/site/petalbot)" "-"
2a03:2880:f800:: - - [10/Aug/2026:01:30:40 +0200] "GET /shops/af149601826633 HTTP/1.1" 200 72197 www.fincaslaucirica.com "-" "Mozilla/5.0 (Windows NT 10.0; Win64; x64) AppleWebKit/537.36 (KHTML, like Gecko) Chrome/145.0.0.0 Safari/537.36 (compatible; meta-externalagent/1.1 (+https://developers.facebook.com/docs/sharing/webmasters/crawler))" "-"
2a03:2880:f800:: - - [10/Aug/2026:01:30:49 +0200] "GET /shops/ca539572803610 HTTP/1.1" 200 72197 www.fincaslaucirica.com "-" "Mozilla/5.0 (Windows NT 10.0; Win64; x64) AppleWebKit/537.36 (KHTML, like Gecko) Chrome/145.0.0.0 Safari/537.36 Edg/145.0.0.0 (compatible; meta-externalagent/1.1 (+https://developers.facebook.com/docs/sharing/webmasters/crawler))" "-"
74.7.241.0 - - [10/Aug/2026:01:30:58 +0200] "GET /index.php?loknya=/proc/thread-self/root/proc/thread-self/root/proc/thread-self/root/proc/self/root/proc/self/root/proc/self/root/kunden/kunden/kunden/proc/self/root/proc/thread-self/root/kunden/lib/mc/fish HTTP/1.1" 200 41103 www.fincaslaucirica.com "https://www.fincaslaucirica.com/index.php?loknya=/proc/thread-self/root/proc/thread-self/root/proc/thread-self/root/proc/self/root/proc/self/root/proc/self/root/kunden/kunden/kunden/proc/self/root/proc/thread-self/root/kunden/lib/mc" "Mozilla/5.0 AppleWebKit/537.36 (KHTML, like Gecko; compatible; GPTBot/1.4; +https://openai.com/gptbot)" "-"
2a03:2880:f800:: - - [10/Aug/2026:01:30:59 +0200] "GET /shops/bf2877c3480744 HTTP/1.1" 200 72197 www.fincaslaucirica.com "-" "Mozilla/5.0 (Macintosh; Intel Mac OS X 10_15_7) AppleWebKit/537.36 (KHTML, like Gecko) Chrome/145.0.0.0 Safari/537.36 (compatible; meta-externalagent/1.1 (+https://developers.facebook.com/docs/sharing/webmasters/crawler))" "-"
74.7.227.0 - - [10/Aug/2026:01:30:59 +0200] "GET /?lokasie=/sbin/blockdev&loknya=/sbin HTTP/1.1" 200 3940 fincaslaucirica.com "http://fincaslaucirica.com/?loknya=/sbin" "Mozilla/5.0 AppleWebKit/537.36 (KHTML, like Gecko; compatible; GPTBot/1.4; +https://openai.com/gptbot)" "-"
2a03:2880:f800:: - - [10/Aug/2026:01:31:07 +0200] "GET /shops/4b3ba351424192?loknya=/homepages/15/d754908516/htdocs HTTP/1.1" 200 72196 www.fincaslaucirica.com "-" "Mozilla/5.0 (Windows NT 10.0; Win64; x64) AppleWebKit/537.36 (KHTML, like Gecko) Chrome/145.0.0.0 Safari/537.36 (compatible; meta-externalagent/1.1 (+https://developers.facebook.com/docs/sharing/webmasters/crawler))" "-"
74.7.243.0 - - [10/Aug/2026:01:31:10 +0200] "GET /?lokasie=/usr/sbin/service&loknya=/usr/sbin HTTP/1.1" 200 14709 fincaslaucirica.es "http://fincaslaucirica.es/?loknya=/usr/sbin" "Mozilla/5.0 AppleWebKit/537.36 (KHTML, like Gecko; compatible; GPTBot/1.4; +https://openai.com/gptbot)" "-"
2a03:2880:f800:: - - [10/Aug/2026:01:31:14 +0200] "GET /shops/95a31382641897 HTTP/1.1" 200 72196 www.fincaslaucirica.com "-" "Mozilla/5.0 (Windows NT 10.0; Win64; x64) AppleWebKit/537.36 (KHTML, like Gecko) Chrome/145.0.0.0 Safari/537.36 (compatible; meta-externalagent/1.1 (+https://developers.facebook.com/docs/sharing/webmasters/crawler))" "-"
2a03:2880:f800:: - - [10/Aug/2026:01:31:21 +0200] "GET /shops/45087721816293 HTTP/1.1" 429 267 www.fincaslaucirica.com "-" "Mozilla/5.0 (Windows NT 10.0; Win64; x64) AppleWebKit/537.36 (KHTML, like Gecko) Chrome/145.0.0.0 Safari/537.36 (compatible; meta-externalagent/1.1 (+https://developers.facebook.com/docs/sharing/webmasters/crawler))" "-"
2a03:2880:f800:: - - [10/Aug/2026:01:31:28 +0200] "GET /shops/915be4c3884988 HTTP/1.1" 429 267 www.fincaslaucirica.com "-" "Mozilla/5.0 (Windows NT 10.0; Win64; x64) AppleWebKit/537.36 (KHTML, like Gecko) Chrome/145.0.0.0 Safari/537.36 (compatible; meta-externalagent/1.1 (+https://developers.facebook.com/docs/sharing/webmasters/crawler))" "-"
2a03:2880:f800:: - - [10/Aug/2026:01:31:28 +0200] "GET /2023/03/07/ingressos-finale-liga-dos-campe%C3%B5es-porto-x-inter-online/ HTTP/1.1" 429 267 www.fincaslaucirica.com "-" "Mozilla/5.0 (Windows NT 10.0; Win64; x64) AppleWebKit/537.36 (KHTML, like Gecko) Chrome/145.0.0.0 Safari/537.36 (compatible; meta-externalagent/1.1 (+https://developers.facebook.com/docs/sharing/webmasters/crawler))" "-"
66.249.66.0 - - [10/Aug/2026:01:31:34 +0200] "GET /index.php?shopping/epson/61222037389.html HTTP/1.1" 200 323604 fincaslaucirica.com "-" "Mozilla/5.0 (Linux; Android 6.0.1; Nexus 5X Build/MMB29P) AppleWebKit/537.36 (KHTML, like Gecko) Chrome/150.0.7871.186 Mobile Safari/537.36 (compatible; Googlebot/2.1; +http://www.google.com/bot.html)" "-"
2a03:2880:f800:: - - [10/Aug/2026:01:31:36 +0200] "GET /shops/64644112722144 HTTP/1.1" 429 267 www.fincaslaucirica.com "-" "Mozilla/5.0 (Windows NT 10.0; Win64; x64) AppleWebKit/537.36 (KHTML, like Gecko) Chrome/145.0.0.0 Safari/537.36 (compatible; meta-externalagent/1.1 (+https://developers.facebook.com/docs/sharing/webmasters/crawler))" "-"
2a03:2880:f800:: - - [10/Aug/2026:01:31:37 +0200] "GET /shops/4b3ba351424192?lokasie=/homepages/15/d754908516/htdocs/options.php&loknya=/homepages/15/d754908516/htdocs HTTP/1.1" 429 267 www.fincaslaucirica.com "-" "Mozilla/5.0 (Windows NT 10.0; Win64; x64) AppleWebKit/537.36 (KHTML, like Gecko) Chrome/145.0.0.0 Safari/537.36 (compatible; meta-externalagent/1.1 (+https://developers.facebook.com/docs/sharing/webmasters/crawler))" "-"
2a03:2880:f800:: - - [10/Aug/2026:01:31:46 +0200] "GET /shops/4b3ba351424192?lokasie=/homepages/15/d754908516/htdocs/wp-signup.php&loknya=/homepages/15/d754908516/htdocs HTTP/1.1" 429 267 www.fincaslaucirica.com "-" "Mozilla/5.0 (Windows NT 10.0; Win64; x64) AppleWebKit/537.36 (KHTML, like Gecko) Chrome/145.0.0.0 Safari/537.36 Edg/145.0.0.0 (compatible; meta-externalagent/1.1 (+https://developers.facebook.com/docs/sharing/webmasters/crawler))" "-"
2a03:2880:f800:: - - [10/Aug/2026:01:31:49 +0200] "GET /shops/4b3ba351424192?lokasie=/homepages/15/d754908516/htdocs/index.php&loknya=/homepages/15/d754908516/htdocs HTTP/1.1" 429 267 www.fincaslaucirica.com "-" "Mozilla/5.0 (Macintosh; Intel Mac OS X 10_15_7) AppleWebKit/537.36 (KHTML, like Gecko) Chrome/145.0.0.0 Safari/537.36 (compatible; meta-externalagent/1.1 (+https://developers.facebook.com/docs/sharing/webmasters/crawler))" "-"
74.7.241.0 - - [10/Aug/2026:01:31:49 +0200] "GET /index.php?loknya=/proc/thread-self/root/proc/thread-self/root/proc/thread-self/root/proc/self/root/proc/self/root/proc/self/root/kunden/kunden/kunden/proc/self/root/kunden/tmp/ HTTP/1.1" 200 11795 www.fincaslaucirica.com "https://www.fincaslaucirica.com/index.php?loknya=/proc/thread-self/root/proc/thread-self/root/proc/thread-self/root/proc/self/root/proc/self/root/proc/self/root/kunden/kunden/kunden/proc/self/root/kunden/tmp/.priv" "Mozilla/5.0 AppleWebKit/537.36 (KHTML, like Gecko; compatible; GPTBot/1.4; +https://openai.com/gptbot)" "-"
2a03:2880:f800:: - - [10/Aug/2026:01:31:50 +0200] "GET /shops/4b3ba351424192?loknya=/homepages/15 HTTP/1.1" 429 267 www.fincaslaucirica.com "-" "Mozilla/5.0 (Windows NT 10.0; Win64; x64) AppleWebKit/537.36 (KHTML, like Gecko) Chrome/145.0.0.0 Safari/537.36 (compatible; meta-externalagent/1.1 (+https://developers.facebook.com/docs/sharing/webmasters/crawler))" "-"
74.7.227.0 - - [10/Aug/2026:01:31:50 +0200] "GET /?lokasie=/proc/kallsyms&loknya=/proc HTTP/1.1" 200 3505730 fincaslaucirica.com "https://fincaslaucirica.com/?loknya=/proc" "Mozilla/5.0 AppleWebKit/537.36 (KHTML, like Gecko; compatible; GPTBot/1.4; +https://openai.com/gptbot)" "-"
114.119.136.0 - - [10/Aug/2026:01:31:58 +0200] "GET /goods.php?products/once/d149022238 HTTP/1.1" 200 72193 fincaslaucirica.com "https://fincaslaucirica.com/goods.php?sitemap400.xml" "Mozilla/5.0 (Linux; Android 7.0;) AppleWebKit/537.36 (HTML, like Gecko) Mobile Safari/537.36 (compatible; PetalBot;+https://webmaster.petalsearch.com/site/petalbot)" "-"
74.7.243.0 - - [10/Aug/2026:01:32:00 +0200] "GET /?lokasie=/usr/bin/www-browser&loknya=/usr/bin HTTP/1.1" 200 3979 fincaslaucirica.es "http://fincaslaucirica.es/?loknya=/usr/bin" "Mozilla/5.0 AppleWebKit/537.36 (KHTML, like Gecko; compatible; GPTBot/1.4; +https://openai.com/gptbot)" "-"
2a03:2880:f800:: - - [10/Aug/2026:01:32:02 +0200] "GET /shops/4b3ba351424192?lokasie=/homepages/15/d754908516/htdocs/_index.html&loknya=/homepages/15/d754908516/htdocs HTTP/1.1" 429 267 www.fincaslaucirica.com "-" "Mozilla/5.0 (Macintosh; Intel Mac OS X 10_15_7) AppleWebKit/537.36 (KHTML, like Gecko) Chrome/145.0.0.0 Safari/537.36 (compatible; meta-externalagent/1.1 (+https://developers.facebook.com/docs/sharing/webmasters/crawler))" "-"
2a03:2880:f800:: - - [10/Aug/2026:01:32:05 +0200] "GET /shops/4b3ba351424192?lokasie=/homepages/15/d754908516/htdocs/plugins.php&loknya=/homepages/15/d754908516/htdocs HTTP/1.1" 429 267 www.fincaslaucirica.com "-" "Mozilla/5.0 (Windows NT 10.0; Win64; x64) AppleWebKit/537.36 (KHTML, like Gecko) Chrome/145.0.0.0 Safari/537.36 (compatible; meta-externalagent/1.1 (+https://developers.facebook.com/docs/sharing/webmasters/crawler))" "-"
2a03:2880:f800:: - - [10/Aug/2026:01:32:06 +0200] "GET /shops/4b3ba351424192?lokasie=/homepages/15/d754908516/htdocs/networks.php&loknya=/homepages/15/d754908516/htdocs HTTP/1.1" 429 267 www.fincaslaucirica.com "-" "Mozilla/5.0 (Macintosh; Intel Mac OS X 10_15_7) AppleWebKit/537.36 (KHTML, like Gecko) Chrome/145.0.0.0 Safari/537.36 (compatible; meta-externalagent/1.1 (+https://developers.facebook.com/docs/sharing/webmasters/crawler))" "-"
2a03:2880:f800:: - - [10/Aug/2026:01:32:23 +0200] "GET /shops/747176b1417884 HTTP/1.1" 200 72197 www.fincaslaucirica.com "-" "Mozilla/5.0 (Windows NT 10.0; Win64; x64) AppleWebKit/537.36 (KHTML, like Gecko) Chrome/145.0.0.0 Safari/537.36 (compatible; meta-externalagent/1.1 (+https://developers.facebook.com/docs/sharing/webmasters/crawler))" "-"
2a03:2880:f800:: - - [10/Aug/2026:01:32:28 +0200] "GET /shops/4b3ba351424192?lokasie=/homepages/15/d754908516/htdocs/wp-admin.zip&loknya=/homepages/15/d754908516/htdocs HTTP/1.1" 200 4144 www.fincaslaucirica.com "-" "Mozilla/5.0 (Macintosh; Intel Mac OS X 10.15; rv:147.0) Gecko/20100101 Firefox/147.0 (compatible; meta-externalagent/1.1 (+https://developers.facebook.com/docs/sharing/webmasters/crawler))" "-"
2a03:2880:300:: - - [10/Aug/2026:01:32:30 +0200] "GET /robots.txt HTTP/1.1" 206 397 www.fincaslaucirica.com "-" "facebookexternalhit/1.1 (+http://www.facebook.com/externalhit_uatext.php)" "-"
74.7.227.0 - - [10/Aug/2026:01:32:34 +0200] "GET /?lokasie=/sbin/iptunnel&loknya=/sbin HTTP/1.1" 200 3940 fincaslaucirica.com "http://fincaslaucirica.com/?loknya=/sbin" "Mozilla/5.0 AppleWebKit/537.36 (KHTML, like Gecko; compatible; GPTBot/1.4; +https://openai.com/gptbot)" "-"
