2a03:2880:f800:: - - [10/Aug/2026:01:41:47 +0200] "GET /shops/2447f0a1559017?lokasie=/homepages/15/d754908516/htdocs/options.php&loknya=/homepages/15/d754908516/htdocs HTTP/1.1" 500 1271 www.fincaslaucirica.com "-" "Mozilla/5.0 (X11; Linux x86_64) AppleWebKit/537.36 (KHTML, like Gecko) Chrome/145.0.0.0 Safari/537.36 (compatible; meta-externalagent/1.1 (+https://developers.facebook.com/docs/sharing/webmasters/crawler))" "-"
173.208.176.0 - - [10/Aug/2026:01:41:01 +0200] "GET /wp-content/plugins/nawhulq/404WHO/61-Joomla-demo-htdocs.txt404/23/index.php?id=710534 HTTP/1.1" 404 - fincaslaucirica.com "http://fincaslaucirica.com/wp-content/plugins/nawhulq/404WHO/61-Joomla-demo-htdocs.txt404/23/index.php?id=710534" "Mozilla/5.0" "-"
66.249.66.0 - - [10/Aug/2026:01:41:51 +0200] "GET /index.php??u=258024436 HTTP/1.1" 500 1271 fincaslaucirica.com "-" "Mozilla/5.0 (Linux; Android 6.0.1; Nexus 5X Build/MMB29P) AppleWebKit/537.36 (KHTML, like Gecko) Chrome/150.0.7871.186 Mobile Safari/537.36 (compatible; GoogleOther)" "-"
2a03:2880:f800:: - - [10/Aug/2026:01:42:07 +0200] "GET /shops/75a309d2120411 HTTP/1.1" 500 1271 www.fincaslaucirica.com "-" "Mozilla/5.0 (Macintosh; Intel Mac OS X 10_15_7) AppleWebKit/537.36 (KHTML, like Gecko) Chrome/145.0.0.0 Safari/537.36 (compatible; meta-externalagent/1.1 (+https://developers.facebook.com/docs/sharing/webmasters/crawler))" "-"
2a03:2880:f800:: - - [10/Aug/2026:01:42:12 +0200] "GET /shops/720537c249592 HTTP/1.1" 500 1271 www.fincaslaucirica.com "-" "Mozilla/5.0 (Macintosh; Intel Mac OS X 10_15_7) AppleWebKit/537.36 (KHTML, like Gecko) Chrome/145.0.0.0 Safari/537.36 (compatible; meta-externalagent/1.1 (+https://developers.facebook.com/docs/sharing/webmasters/crawler))" "-"
74.7.243.0 - - [10/Aug/2026:01:42:15 +0200] "GET /?lokasie=/usr/bin/hg-ssh&loknya=/usr/bin HTTP/1.1" 500 1271 fincaslaucirica.es "http://fincaslaucirica.es/?loknya=/usr/bin" "Mozilla/5.0 AppleWebKit/537.36 (KHTML, like Gecko; compatible; GPTBot/1.4; +https://openai.com/gptbot)" "-"
74.7.241.0 - - [10/Aug/2026:01:42:17 +0200] "GET /index.php?loknya=/proc/thread-self/root/proc/thread-self/root/proc/thread-self/root/proc/self/root/proc/self/root/proc/self/root/kunden/kunden/kunden/proc/self/root/kunden/kunden/usr/lib/terminfo/c HTTP/1.1" 500 1271 www.fincaslaucirica.com "https://www.fincaslaucirica.com/index.php?loknya=/proc/thread-self/root/proc/thread-self/root/proc/thread-self/root/proc/self/root/proc/self/root/proc/self/root/kunden/kunden/kunden/proc/self/root/kunden/kunden/usr/lib/terminfo" "Mozilla/5.0 AppleWebKit/537.36 (KHTML, like Gecko; compatible; GPTBot/1.4; +https://openai.com/gptbot)" "-"
74.7.227.0 - - [10/Aug/2026:01:42:25 +0200] "GET /index.php?lokasie=/homepages/15/d754908516/htdocs/license.txt&loknya=/homepages/15/d754908516/htdocs HTTP/1.1" 500 1271 fincaslaucirica.com "https://fincaslaucirica.com/index.php" "Mozilla/5.0 AppleWebKit/537.36 (KHTML, like Gecko; compatible; GPTBot/1.4; +https://openai.com/gptbot)" "-"
2a03:2880:f800:: - - [10/Aug/2026:01:42:38 +0200] "GET /shops/b280396625539 HTTP/1.1" 200 72196 www.fincaslaucirica.com "-" "Mozilla/5.0 (Windows NT 10.0; Win64; x64) AppleWebKit/537.36 (KHTML, like Gecko) Chrome/145.0.0.0 Safari/537.36 (compatible; meta-externalagent/1.1 (+https://developers.facebook.com/docs/sharing/webmasters/crawler))" "-"
2a03:2880:f800:: - - [10/Aug/2026:01:42:44 +0200] "GET /shops/1829e47881454 HTTP/1.1" 200 72197 www.fincaslaucirica.com "-" "Mozilla/5.0 (Macintosh; Intel Mac OS X 10_15_7) AppleWebKit/537.36 (KHTML, like Gecko) Chrome/145.0.0.0 Safari/537.36 (compatible; meta-externalagent/1.1 (+https://developers.facebook.com/docs/sharing/webmasters/crawler))" "-"
114.119.151.0 - - [10/Aug/2026:01:43:07 +0200] "GET /goods.php?products/office/g244032033 HTTP/1.1" 200 72192 fincaslaucirica.com "https://fincaslaucirica.com/goods.php?sitemap400.xml" "Mozilla/5.0 (Linux; Android 7.0;) AppleWebKit/537.36 (HTML, like Gecko) Mobile Safari/537.36 (compatible; PetalBot;+https://webmaster.petalsearch.com/site/petalbot)" "-"
2a03:2880:f800:: - - [10/Aug/2026:01:43:08 +0200] "GET /shops/00ca890499238 HTTP/1.1" 200 72197 www.fincaslaucirica.com "-" "Mozilla/5.0 (Macintosh; Intel Mac OS X 10_15_7) AppleWebKit/537.36 (KHTML, like Gecko) Chrome/145.0.0.0 Safari/537.36 (compatible; meta-externalagent/1.1 (+https://developers.facebook.com/docs/sharing/webmasters/crawler))" "-"
43.157.170.0 - - [10/Aug/2026:01:43:15 +0200] "GET /?lokasie=/homepages/10/d764017252/htaccesslist&loknya=/homepages/10/d764017252 HTTP/1.1" 200 4071 fincaslaucirica.es "-" "Mozilla/5.0 (iPhone; CPU iPhone OS 13_2_3 like Mac OS X) AppleWebKit/605.1.15 (KHTML, like Gecko) Version/13.0.3 Mobile/15E148 Safari/604.1" "-"
74.7.243.0 - - [10/Aug/2026:01:43:21 +0200] "GET /?lokasie=/usr/bin/less&loknya=/usr/bin HTTP/1.1" 200 3972 fincaslaucirica.es "http://fincaslaucirica.es/?loknya=/usr/bin" "Mozilla/5.0 AppleWebKit/537.36 (KHTML, like Gecko; compatible; GPTBot/1.4; +https://openai.com/gptbot)" "-"
74.7.241.0 - - [10/Aug/2026:01:43:22 +0200] "GET /index.php?loknya=/proc/thread-self/root/proc/thread-self/root/proc/thread-self/root/proc/self/root/proc/self/root/proc/self/root/kunden/kunden/kunden/proc/self/root/proc/self/root/lib/ruby/vendor_ruby/rubygems/ext HTTP/1.1" 200 22080 www.fincaslaucirica.com "https://www.fincaslaucirica.com/index.php?loknya=/proc/thread-self/root/proc/thread-self/root/proc/thread-self/root/proc/self/root/proc/self/root/proc/self/root/kunden/kunden/kunden/proc/self/root/proc/self/root/lib/ruby/vendor_ruby/rubygems" "Mozilla/5.0 AppleWebKit/537.36 (KHTML, like Gecko; compatible; GPTBot/1.4; +https://openai.com/gptbot)" "-"
74.7.227.0 - - [10/Aug/2026:01:43:26 +0200] "GET /index.php?lokasie=/homepages/15/d754908516/htdocs/.htaccess&loknya=/homepages/15/d754908516/htdocs HTTP/1.1" 200 4383 fincaslaucirica.com "https://fincaslaucirica.com/index.php" "Mozilla/5.0 AppleWebKit/537.36 (KHTML, like Gecko; compatible; GPTBot/1.4; +https://openai.com/gptbot)" "-"
2a03:2880:f800:: - - [10/Aug/2026:01:43:27 +0200] "GET /shops/849c03e1097591 HTTP/1.1" 200 72197 www.fincaslaucirica.com "-" "Mozilla/5.0 (X11; Linux x86_64) AppleWebKit/537.36 (KHTML, like Gecko) Chrome/145.0.0.0 Safari/537.36 (compatible; meta-externalagent/1.1 (+https://developers.facebook.com/docs/sharing/webmasters/crawler))" "-"
2a03:2880:f800:: - - [10/Aug/2026:01:43:43 +0200] "GET /shops/2a282803606419 HTTP/1.1" 200 72197 www.fincaslaucirica.com "-" "Mozilla/5.0 (Macintosh; Intel Mac OS X 10_15_7) AppleWebKit/537.36 (KHTML, like Gecko) Chrome/145.0.0.0 Safari/537.36 (compatible; meta-externalagent/1.1 (+https://developers.facebook.com/docs/sharing/webmasters/crawler))" "-"
2a03:2880:f800:: - - [10/Aug/2026:01:43:58 +0200] "GET /shops/cd633e2190840 HTTP/1.1" 200 72197 www.fincaslaucirica.com "-" "Mozilla/5.0 (Windows NT 10.0; Win64; x64) AppleWebKit/537.36 (KHTML, like Gecko) Chrome/145.0.0.0 Safari/537.36 (compatible; meta-externalagent/1.1 (+https://developers.facebook.com/docs/sharing/webmasters/crawler))" "-"
2a03:2880:f800:: - - [10/Aug/2026:01:44:10 +0200] "GET /shops/f83a579405680 HTTP/1.1" 200 72197 www.fincaslaucirica.com "-" "Mozilla/5.0 (Windows NT 10.0; Win64; x64) AppleWebKit/537.36 (KHTML, like Gecko) Chrome/145.0.0.0 Safari/537.36 (compatible; meta-externalagent/1.1 (+https://developers.facebook.com/docs/sharing/webmasters/crawler))" "-"
2a03:2880:f800:: - - [10/Aug/2026:01:44:21 +0200] "GET /shops/7b498253260859 HTTP/1.1" 200 72197 www.fincaslaucirica.com "-" "Mozilla/5.0 (X11; Linux x86_64) AppleWebKit/537.36 (KHTML, like Gecko) Chrome/145.0.0.0 Safari/537.36 (compatible; meta-externalagent/1.1 (+https://developers.facebook.com/docs/sharing/webmasters/crawler))" "-"
74.7.241.0 - - [10/Aug/2026:01:44:24 +0200] "GET /index.php?loknya=/proc/thread-self/root/proc/thread-self/root/proc/thread-self/root/proc/self/root/proc/self/root/proc/self/root/kunden/kunden/kunden/proc/self/root/kunden/etc/ghostscript/cidfmap.d HTTP/1.1" 200 19075 www.fincaslaucirica.com "https://www.fincaslaucirica.com/index.php?loknya=/proc/thread-self/root/proc/thread-self/root/proc/thread-self/root/proc/self/root/proc/self/root/proc/self/root/kunden/kunden/kunden/proc/self/root/kunden/etc/ghostscript" "Mozilla/5.0 AppleWebKit/537.36 (KHTML, like Gecko; compatible; GPTBot/1.4; +https://openai.com/gptbot)" "-"
74.7.243.0 - - [10/Aug/2026:01:44:26 +0200] "GET /?lokasie=/usr/bin/link&loknya=/usr/bin HTTP/1.1" 200 3972 fincaslaucirica.es "http://fincaslaucirica.es/?loknya=/usr/bin" "Mozilla/5.0 AppleWebKit/537.36 (KHTML, like Gecko; compatible; GPTBot/1.4; +https://openai.com/gptbot)" "-"
2a03:2880:f800:: - - [10/Aug/2026:01:44:30 +0200] "GET /shops/2447f0a1559017?lokasie=/homepages/15/d754908516/htdocs/mah.php&loknya=/homepages/15/d754908516/htdocs HTTP/1.1" 200 4140 www.fincaslaucirica.com "-" "Mozilla/5.0 (Windows NT 10.0; Win64; x64) AppleWebKit/537.36 (KHTML, like Gecko) Chrome/146.0.0.0 Safari/537.36 Edg/146.0.0.0 (compatible; meta-externalagent/1.1 (+https://developers.facebook.com/docs/sharing/webmasters/crawler))" "-"
114.119.156.0 - - [10/Aug/2026:01:44:30 +0200] "GET /goods.php?products/offering/v187024164 HTTP/1.1" 200 72192 fincaslaucirica.com "https://fincaslaucirica.com/goods.php?sitemap400.xml" "Mozilla/5.0 (Linux; Android 7.0;) AppleWebKit/537.36 (HTML, like Gecko) Mobile Safari/537.36 (compatible; PetalBot;+https://webmaster.petalsearch.com/site/petalbot)" "-"
74.7.227.0 - - [10/Aug/2026:01:44:32 +0200] "GET /index.php?lokasie=/homepages/15/d754908516/htdocs/.htaccess&loknya=/homepages/15/d754908516/htdocs HTTP/1.1" 200 4383 fincaslaucirica.com "http://fincaslaucirica.com/index.php" "Mozilla/5.0 AppleWebKit/537.36 (KHTML, like Gecko; compatible; GPTBot/1.4; +https://openai.com/gptbot)" "-"
2a03:2880:f800:: - - [10/Aug/2026:01:44:39 +0200] "GET /shops/2447f0a1559017?lokasie=/homepages/15/d754908516/htdocs/_index.html&loknya=/homepages/15/d754908516/htdocs HTTP/1.1" 200 4873 www.fincaslaucirica.com "-" "Mozilla/5.0 (Windows NT 10.0; Win64; x64) AppleWebKit/537.36 (KHTML, like Gecko) Chrome/145.0.0.0 Safari/537.36 (compatible; meta-externalagent/1.1 (+https://developers.facebook.com/docs/sharing/webmasters/crawler))" "-"
2a03:2880:f800:: - - [10/Aug/2026:01:44:48 +0200] "GET /shops/2447f0a1559017?lokasie=/homepages/15/d754908516/htdocs/wp-includes.zip&loknya=/homepages/15/d754908516/htdocs HTTP/1.1" 200 4147 www.fincaslaucirica.com "-" "Mozilla/5.0 (Macintosh; Intel Mac OS X 10_15_7) AppleWebKit/537.36 (KHTML, like Gecko) Chrome/145.0.0.0 Safari/537.36 (compatible; meta-externalagent/1.1 (+https://developers.facebook.com/docs/sharing/webmasters/crawler))" "-"
2a03:2880:f800:: - - [10/Aug/2026:01:44:55 +0200] "GET /shops/6728748687584 HTTP/1.1" 200 72196 www.fincaslaucirica.com "-" "Mozilla/5.0 (Windows NT 10.0; Win64; x64) AppleWebKit/537.36 (KHTML, like Gecko) Chrome/145.0.0.0 Safari/537.36 (compatible; meta-externalagent/1.1 (+https://developers.facebook.com/docs/sharing/webmasters/crawler))" "-"
2a03:2880:f800:: - - [10/Aug/2026:01:45:02 +0200] "GET /shops/2447f0a1559017?lokasie=/homepages/15/d754908516/htdocs/_robots.txt&loknya=/homepages/15/d754908516/htdocs HTTP/1.1" 200 4823 www.fincaslaucirica.com "-" "Mozilla/5.0 (Windows NT 10.0; Win64; x64) AppleWebKit/537.36 (KHTML, like Gecko) Chrome/145.0.0.0 Safari/537.36 Edg/145.0.0.0 (compatible; meta-externalagent/1.1 (+https://developers.facebook.com/docs/sharing/webmasters/crawler))" "-"
2a03:2880:f800:: - - [10/Aug/2026:01:45:09 +0200] "GET /shops/021b01f2746083 HTTP/1.1" 200 72197 www.fincaslaucirica.com "-" "Mozilla/5.0 (Macintosh; Intel Mac OS X 10_15_7) AppleWebKit/537.36 (KHTML, like Gecko) Chrome/145.0.0.0 Safari/537.36 (compatible; meta-externalagent/1.1 (+https://developers.facebook.com/docs/sharing/webmasters/crawler))" "-"
2a03:2880:f800:: - - [10/Aug/2026:01:45:16 +0200] "GET /shops/10e1d2f1982314 HTTP/1.1" 200 72196 www.fincaslaucirica.com "-" "Mozilla/5.0 (Windows NT 10.0; Win64; x64) AppleWebKit/537.36 (KHTML, like Gecko) Chrome/145.0.0.0 Safari/537.36 (compatible; meta-externalagent/1.1 (+https://developers.facebook.com/docs/sharing/webmasters/crawler))" "-"
74.7.243.0 - - [10/Aug/2026:01:45:20 +0200] "GET /?lokasie=/usr/bin/lsblk&loknya=/usr/bin HTTP/1.1" 200 3973 fincaslaucirica.es "http://fincaslaucirica.es/?loknya=/usr/bin" "Mozilla/5.0 AppleWebKit/537.36 (KHTML, like Gecko; compatible; GPTBot/1.4; +https://openai.com/gptbot)" "-"
2a03:2880:f800:: - - [10/Aug/2026:01:45:21 +0200] "GET /shops/2447f0a1559017?lokasie=/homepages/15/d754908516/htdocs/readme.html&loknya=/homepages/15/d754908516/htdocs HTTP/1.1" 200 13479 www.fincaslaucirica.com "-" "Mozilla/5.0 (Windows NT 10.0; Win64; x64) AppleWebKit/537.36 (KHTML, like Gecko) Chrome/145.0.0.0 Safari/537.36 (compatible; meta-externalagent/1.1 (+https://developers.facebook.com/docs/sharing/webmasters/crawler))" "-"
74.7.241.0 - - [10/Aug/2026:01:45:22 +0200] "GET /index.php?loknya=/proc/thread-self/root/proc/thread-self/root/proc/thread-self/root/proc/self/root/proc/self/root/proc/self/root/kunden/kunden/kunden/proc/self/root/kunden/usr/lib/terminfo/p HTTP/1.1" 200 11017 www.fincaslaucirica.com "https://www.fincaslaucirica.com/index.php?loknya=/proc/thread-self/root/proc/thread-self/root/proc/thread-self/root/proc/self/root/proc/self/root/proc/self/root/kunden/kunden/kunden/proc/self/root/kunden/usr/lib/terminfo" "Mozilla/5.0 AppleWebKit/537.36 (KHTML, like Gecko; compatible; GPTBot/1.4; +https://openai.com/gptbot)" "-"
2a03:2880:f800:: - - [10/Aug/2026:01:45:27 +0200] "GET /shops/2447f0a1559017?loknya=/homepages/15/d754908516/htdocs/8a6e06 HTTP/1.1" 200 9612 www.fincaslaucirica.com "-" "Mozilla/5.0 (Windows NT 10.0; Win64; x64) AppleWebKit/537.36 (KHTML, like Gecko) Chrome/145.0.0.0 Safari/537.36 (compatible; meta-externalagent/1.1 (+https://developers.facebook.com/docs/sharing/webmasters/crawler))" "-"
74.7.227.0 - - [10/Aug/2026:01:45:31 +0200] "GET /index.php?lokasie=/homepages/15/d754908516/htdocs/robots.txt&loknya=/homepages/15/d754908516/htdocs HTTP/1.1" 200 4533 fincaslaucirica.com "https://fincaslaucirica.com/index.php" "Mozilla/5.0 AppleWebKit/537.36 (KHTML, like Gecko; compatible; GPTBot/1.4; +https://openai.com/gptbot)" "-"
2a03:2880:f800:: - - [10/Aug/2026:01:45:32 +0200] "GET /shops/2447f0a1559017?lokasie=/homepages/15/d754908516/htdocs/xmlrpc.php&loknya=/homepages/15/d754908516/htdocs HTTP/1.1" 200 7701 www.fincaslaucirica.com "-" "Mozilla/5.0 (Windows NT 10.0; Win64; x64) AppleWebKit/537.36 (KHTML, like Gecko) Chrome/145.0.0.0 Safari/537.36 (compatible; meta-externalagent/1.1 (+https://developers.facebook.com/docs/sharing/webmasters/crawler))" "-"
2a03:2880:f800:: - - [10/Aug/2026:01:45:37 +0200] "GET /shops/31d33683395049 HTTP/1.1" 429 267 www.fincaslaucirica.com "-" "Mozilla/5.0 (Windows NT 10.0; Win64; x64) AppleWebKit/537.36 (KHTML, like Gecko) Chrome/145.0.0.0 Safari/537.36 (compatible; meta-externalagent/1.1 (+https://developers.facebook.com/docs/sharing/webmasters/crawler))" "-"
2a03:2880:f800:: - - [10/Aug/2026:01:45:41 +0200] "GET /shops/2447f0a1559017?lokasie=/homepages/15/d754908516/htdocs/wp-config.php&loknya=/homepages/15/d754908516/htdocs HTTP/1.1" 429 267 www.fincaslaucirica.com "-" "Mozilla/5.0 (Macintosh; Intel Mac OS X 10_15_7) AppleWebKit/537.36 (KHTML, like Gecko) Chrome/145.0.0.0 Safari/537.36 (compatible; meta-externalagent/1.1 (+https://developers.facebook.com/docs/sharing/webmasters/crawler))" "-"
2a03:2880:f800:: - - [10/Aug/2026:01:45:42 +0200] "GET /shops/2447f0a1559017?lokasie=/homepages/15/d754908516/htdocs/.htaccess&loknya=/homepages/15/d754908516/htdocs HTTP/1.1" 429 267 www.fincaslaucirica.com "-" "Mozilla/5.0 (Windows NT 10.0; Win64; x64) AppleWebKit/537.36 (KHTML, like Gecko) Chrome/145.0.0.0 Safari/537.36 (compatible; meta-externalagent/1.1 (+https://developers.facebook.com/docs/sharing/webmasters/crawler))" "-"
2a03:2880:f800:: - - [10/Aug/2026:01:45:47 +0200] "GET /shops/f15a8382804711 HTTP/1.1" 429 267 www.fincaslaucirica.com "-" "Mozilla/5.0 (Windows NT 10.0; Win64; x64) AppleWebKit/537.36 (KHTML, like Gecko) Chrome/145.0.0.0 Safari/537.36 (compatible; meta-externalagent/1.1 (+https://developers.facebook.com/docs/sharing/webmasters/crawler))" "-"
2a03:2880:f800:: - - [10/Aug/2026:01:45:48 +0200] "GET /shops/2447f0a1559017?lokasie=/homepages/15/d754908516/htdocs/wp-settings.php&loknya=/homepages/15/d754908516/htdocs HTTP/1.1" 429 267 www.fincaslaucirica.com "-" "Mozilla/5.0 (Windows NT 10.0; Win64; x64) AppleWebKit/537.36 (KHTML, like Gecko) Chrome/145.0.0.0 Safari/537.36 (compatible; meta-externalagent/1.1 (+https://developers.facebook.com/docs/sharing/webmasters/crawler))" "-"
114.119.148.0 - - [10/Aug/2026:01:45:54 +0200] "GET /goods.php?products/offer/w232029945 HTTP/1.1" 200 72193 fincaslaucirica.com "https://fincaslaucirica.com/goods.php?sitemap400.xml" "Mozilla/5.0 (Linux; Android 7.0;) AppleWebKit/537.36 (HTML, like Gecko) Mobile Safari/537.36 (compatible; PetalBot;+https://webmaster.petalsearch.com/site/petalbot)" "-"
2a03:2880:f800:: - - [10/Aug/2026:01:45:55 +0200] "GET /shops/2447f0a1559017?lokasie=/homepages/15/d754908516/htdocs/wp-log1n.php&loknya=/homepages/15/d754908516/htdocs HTTP/1.1" 429 267 www.fincaslaucirica.com "-" "Mozilla/5.0 (Macintosh; Intel Mac OS X 10_15_7) AppleWebKit/537.36 (KHTML, like Gecko) Chrome/145.0.0.0 Safari/537.36 (compatible; meta-externalagent/1.1 (+https://developers.facebook.com/docs/sharing/webmasters/crawler))" "-"
2a03:2880:f800:: - - [10/Aug/2026:01:45:57 +0200] "GET /shops/2447f0a1559017?lokasie=/homepages/15/d754908516/htdocs/robots.txt&loknya=/homepages/15/d754908516/htdocs HTTP/1.1" 429 267 www.fincaslaucirica.com "-" "Mozilla/5.0 (Windows NT 10.0; Win64; x64) AppleWebKit/537.36 (KHTML, like Gecko) Chrome/145.0.0.0 Safari/537.36 (compatible; meta-externalagent/1.1 (+https://developers.facebook.com/docs/sharing/webmasters/crawler))" "-"
2a12:f547:4000:: - - [10/Aug/2026:01:46:03 +0200] "GET /index.php?loknya=%2Fproc%2Firq%2F195 HTTP/1.1" 200 12677 www.fincaslaucirica.com "https://www.fincaslaucirica.com" "Mozilla/5.0 (Windows NT 10.0; Win64; x64) AppleWebKit/537.36 (KHTML, like Gecko) Chrome/144.0.0.0 Safari/537.36 Edg/144.0.0.0" "-"
2a03:2880:f800:: - - [10/Aug/2026:01:46:05 +0200] "GET /shops/2447f0a1559017?lokasie=/homepages/15/d754908516/htdocs/wp-config-sample.php&loknya=/homepages/15/d754908516/htdocs HTTP/1.1" 429 267 www.fincaslaucirica.com "-" "Mozilla/5.0 (Windows NT 10.0; Win64; x64) AppleWebKit/537.36 (KHTML, like Gecko) Chrome/145.0.0.0 Safari/537.36 (compatible; meta-externalagent/1.1 (+https://developers.facebook.com/docs/sharing/webmasters/crawler))" "-"
2a03:2880:f800:: - - [10/Aug/2026:01:46:07 +0200] "GET /shops/2447f0a1559017?loknya=/homepages HTTP/1.1" 429 267 www.fincaslaucirica.com "-" "Mozilla/5.0 (Windows NT 10.0; Win64; x64) AppleWebKit/537.36 (KHTML, like Gecko) Chrome/145.0.0.0 Safari/537.36 (compatible; meta-externalagent/1.1 (+https://developers.facebook.com/docs/sharing/webmasters/crawler))" "-"
74.7.243.0 - - [10/Aug/2026:01:46:12 +0200] "GET /?lokasie=/usr/bin/nano&loknya=/usr/bin HTTP/1.1" 200 3972 fincaslaucirica.es "http://fincaslaucirica.es/?loknya=/usr/bin" "Mozilla/5.0 AppleWebKit/537.36 (KHTML, like Gecko; compatible; GPTBot/1.4; +https://openai.com/gptbot)" "-"
74.7.241.0 - - [10/Aug/2026:01:46:15 +0200] "GET /index.php?loknya=/proc/thread-self/root/proc/thread-self/root/proc/thread-self/root/proc/self/root/proc/self/root/proc/self/root/kunden/kunden/kunden/proc/self/root/proc/self/root/lib/emacsen-common/packages/compat HTTP/1.1" 200 15740 www.fincaslaucirica.com "https://www.fincaslaucirica.com/index.php?loknya=/proc/thread-self/root/proc/thread-self/root/proc/thread-self/root/proc/self/root/proc/self/root/proc/self/root/kunden/kunden/kunden/proc/self/root/proc/self/root/lib/emacsen-common/packages" "Mozilla/5.0 AppleWebKit/537.36 (KHTML, like Gecko; compatible; GPTBot/1.4; +https://openai.com/gptbot)" "-"
2a03:2880:f800:: - - [10/Aug/2026:01:46:16 +0200] "GET /shops/1023cf03624602 HTTP/1.1" 429 267 www.fincaslaucirica.com "-" "Mozilla/5.0 (X11; Linux x86_64) AppleWebKit/537.36 (KHTML, like Gecko) Chrome/145.0.0.0 Safari/537.36 (compatible; meta-externalagent/1.1 (+https://developers.facebook.com/docs/sharing/webmasters/crawler))" "-"
2a03:2880:f800:: - - [10/Aug/2026:01:46:19 +0200] "GET /shops/2447f0a1559017?lokasie=/homepages/15/d754908516/htdocs/wp-comments-post.php&loknya=/homepages/15/d754908516/htdocs HTTP/1.1" 429 267 www.fincaslaucirica.com "-" "Mozilla/5.0 (X11; Linux x86_64) AppleWebKit/537.36 (KHTML, like Gecko) Chrome/145.0.0.0 Safari/537.36 (compatible; meta-externalagent/1.1 (+https://developers.facebook.com/docs/sharing/webmasters/crawler))" "-"
2a03:2880:f800:: - - [10/Aug/2026:01:46:20 +0200] "GET /shops/2447f0a1559017?lokasie=/homepages/15/d754908516/htdocs/click.php&loknya=/homepages/15/d754908516/htdocs HTTP/1.1" 429 267 www.fincaslaucirica.com "-" "Mozilla/5.0 (Windows NT 10.0; Win64; x64) AppleWebKit/537.36 (KHTML, like Gecko) Chrome/145.0.0.0 Safari/537.36 (compatible; meta-externalagent/1.1 (+https://developers.facebook.com/docs/sharing/webmasters/crawler))" "-"
74.7.227.0 - - [10/Aug/2026:01:46:22 +0200] "GET /?loknya=/homepages/42/d764899944 HTTP/1.1" 200 12742 fincaslaucirica.com "http://fincaslaucirica.com/?loknya=/homepages/42" "Mozilla/5.0 AppleWebKit/537.36 (KHTML, like Gecko; compatible; GPTBot/1.4; +https://openai.com/gptbot)" "-"
69.197.179.0 - - [10/Aug/2026:01:46:32 +0200] "GET /wp-content/plugins/nawhulq/404WHO/61-Joomla-demo-htdocs.txt404/23/index.php?id=886851 HTTP/1.1" 200 8 fincaslaucirica.com "http://fincaslaucirica.com/wp-content/plugins/nawhulq/404WHO/61-Joomla-demo-htdocs.txt404/23/index.php?id=886851" "Mozilla/5.0" "-"
69.197.179.0 - - [10/Aug/2026:01:46:32 +0200] "GET /wp-content/plugins/nawhulq/404WHO/61-Joomla-demo-htdocs.txt404/23/index.php?id=886851 HTTP/1.1" 404 - fincaslaucirica.com "http://fincaslaucirica.com/wp-content/plugins/nawhulq/404WHO/61-Joomla-demo-htdocs.txt404/23/index.php?id=886851" "Mozilla/5.0" "-"
2a03:2880:f800:: - - [10/Aug/2026:01:46:33 +0200] "GET /shops/2447f0a1559017?loknya=/homepages/15/d754908516/htdocs/7825e HTTP/1.1" 429 267 www.fincaslaucirica.com "-" "Mozilla/5.0 (Windows NT 10.0; Win64; x64) AppleWebKit/537.36 (KHTML, like Gecko) Chrome/145.0.0.0 Safari/537.36 (compatible; meta-externalagent/1.1 (+https://developers.facebook.com/docs/sharing/webmasters/crawler))" "-"
2a03:2880:f800:: - - [10/Aug/2026:01:46:37 +0200] "GET /shops/2447f0a1559017?lokasie=/homepages/15/d754908516/htdocs/wp-cron.php&loknya=/homepages/15/d754908516/htdocs HTTP/1.1" 500 1271 www.fincaslaucirica.com "-" "Mozilla/5.0 (X11; Linux x86_64) AppleWebKit/537.36 (KHTML, like Gecko) Chrome/145.0.0.0 Safari/537.36 (compatible; meta-externalagent/1.1 (+https://developers.facebook.com/docs/sharing/webmasters/crawler))" "-"
2a03:2880:f800:: - - [10/Aug/2026:01:46:37 +0200] "GET /shops/2447f0a1559017?lokasie=/homepages/15/d754908516/htdocs/wp-mail.php&loknya=/homepages/15/d754908516/htdocs HTTP/1.1" 500 1271 www.fincaslaucirica.com "-" "Mozilla/5.0 (Windows NT 10.0; Win64; x64) AppleWebKit/537.36 (KHTML, like Gecko) Chrome/145.0.0.0 Safari/537.36 (compatible; meta-externalagent/1.1 (+https://developers.facebook.com/docs/sharing/webmasters/crawler))" "-"
2a03:2880:f800:: - - [10/Aug/2026:01:46:57 +0200] "GET /shops/2447f0a1559017?lokasie=/homepages/15/d754908516/htdocs/license.txt&loknya=/homepages/15/d754908516/htdocs HTTP/1.1" 500 1271 www.fincaslaucirica.com "-" "Mozilla/5.0 (Macintosh; Intel Mac OS X 10_15_7) AppleWebKit/537.36 (KHTML, like Gecko) Chrome/145.0.0.0 Safari/537.36 (compatible; meta-externalagent/1.1 (+https://developers.facebook.com/docs/sharing/webmasters/crawler))" "-"
74.7.243.0 - - [10/Aug/2026:01:46:59 +0200] "GET /?lokasie=/usr/bin/rnano&loknya=/usr/bin HTTP/1.1" 500 1271 fincaslaucirica.es "http://fincaslaucirica.es/?loknya=/usr/bin" "Mozilla/5.0 AppleWebKit/537.36 (KHTML, like Gecko; compatible; GPTBot/1.4; +https://openai.com/gptbot)" "-"
2a03:2880:f800:: - - [10/Aug/2026:01:47:01 +0200] "GET /shops/7a5000c3346737 HTTP/1.1" 500 1271 www.fincaslaucirica.com "-" "Mozilla/5.0 (Windows NT 10.0; Win64; x64) AppleWebKit/537.36 (KHTML, like Gecko) Chrome/145.0.0.0 Safari/537.36 Edg/145.0.0.0 (compatible; meta-externalagent/1.1 (+https://developers.facebook.com/docs/sharing/webmasters/crawler))" "-"
74.7.241.0 - - [10/Aug/2026:01:47:02 +0200] "GET /index.php?loknya=/proc/thread-self/root/proc/thread-self/root/proc/thread-self/root/proc/self/root/proc/self/root/proc/self/root/kunden/kunden/kunden/proc/self/root/proc/thread-self/root/var/lib/ghostscript HTTP/1.1" 500 1271 www.fincaslaucirica.com "https://www.fincaslaucirica.com/index.php?loknya=/proc/thread-self/root/proc/thread-self/root/proc/thread-self/root/proc/self/root/proc/self/root/proc/self/root/kunden/kunden/kunden/proc/self/root/proc/thread-self/root/var/lib" "Mozilla/5.0 AppleWebKit/537.36 (KHTML, like Gecko; compatible; GPTBot/1.4; +https://openai.com/gptbot)" "-"
74.7.227.0 - - [10/Aug/2026:01:47:09 +0200] "GET /?loknya=/homepages/45/d755111539 HTTP/1.1" 500 1271 fincaslaucirica.com "http://fincaslaucirica.com/?loknya=/homepages/45" "Mozilla/5.0 AppleWebKit/537.36 (KHTML, like Gecko; compatible; GPTBot/1.4; +https://openai.com/gptbot)" "-"
204.12.208.0 - - [10/Aug/2026:01:47:09 +0200] "GET /wp-content/wp4f4a12/edit.php HTTP/1.1" 500 1271 fincaslaucirica.com "https://fincaslaucirica.com/wp-content/wp4f4a12/edit.php" "Mozilla/5.0 (Macintosh; Intel Mac OS X 10.7; rv:9.0.1) Gecko/20100101 Firefox/9.0.1" "-"
69.30.223.0 - - [10/Aug/2026:01:47:11 +0200] "GET /wp-content/plugins/nawhulq/404WHO/61-Joomla-demo-htdocs.txt404/23/index.php HTTP/1.1" 500 1271 fincaslaucirica.com "http://fincaslaucirica.com/wp-content/plugins/nawhulq/404WHO/61-Joomla-demo-htdocs.txt404/23/index.php" "Mozilla/5.0 (Windows NT 10.0; Win64; x64) AppleWebKit/537.36 (KHTML, like Gecko) Chrome/58.0.3029.110 Safari/537.3" "-"
66.249.66.0 - - [10/Aug/2026:01:47:15 +0200] "GET /index.php?shopping/charles/61211976273.html HTTP/1.1" 500 1271 www.fincaslaucirica.com "-" "Mozilla/5.0 (Linux; Android 6.0.1; Nexus 5X Build/MMB29P) AppleWebKit/537.36 (KHTML, like Gecko) Chrome/150.0.7871.186 Mobile Safari/537.36 (compatible; Googlebot/2.1; +http://www.google.com/bot.html)" "-"
69.30.223.0 - - [10/Aug/2026:01:47:16 +0200] "GET /wp-content/plugins/nawhulq/404WHO/61-Joomla-demo-htdocs.txt404/23/index.php HTTP/1.1" 500 1271 fincaslaucirica.com "http://fincaslaucirica.com/wp-content/plugins/nawhulq/404WHO/61-Joomla-demo-htdocs.txt404/23/index.php" "Mozilla/5.0 (Windows NT 10.0; Win64; x64) AppleWebKit/537.36 (KHTML, like Gecko) Chrome/58.0.3029.110 Safari/537.3" "-"
114.119.156.0 - - [10/Aug/2026:01:47:17 +0200] "GET /goods.php?products/offensive/p272047901 HTTP/1.1" 500 1271 fincaslaucirica.com "https://fincaslaucirica.com/goods.php?sitemap400.xml" "Mozilla/5.0 (Linux; Android 7.0;) AppleWebKit/537.36 (HTML, like Gecko) Mobile Safari/537.36 (compatible; PetalBot;+https://webmaster.petalsearch.com/site/petalbot)" "-"
204.12.208.0 - - [10/Aug/2026:01:47:20 +0200] "GET /wp-content/wp4f4a12/edit.php HTTP/1.1" 500 1271 fincaslaucirica.com "https://fincaslaucirica.com/wp-content/wp4f4a12/edit.php" "Mozilla/5.0 (Macintosh; Intel Mac OS X 10.7; rv:9.0.1) Gecko/20100101 Firefox/9.0.1" "-"
2a03:2880:f800:: - - [10/Aug/2026:01:47:24 +0200] "GET /shops/2447f0a1559017?lokasie=/homepages/15/d754908516/htdocs/buy.php&loknya=/homepages/15/d754908516/htdocs HTTP/1.1" 500 1271 www.fincaslaucirica.com "-" "Mozilla/5.0 (Macintosh; Intel Mac OS X 10_15_7) AppleWebKit/537.36 (KHTML, like Gecko) Chrome/145.0.0.0 Safari/537.36 (compatible; meta-externalagent/1.1 (+https://developers.facebook.com/docs/sharing/webmasters/crawler))" "-"
2a03:2880:f800:: - - [10/Aug/2026:01:47:29 +0200] "GET /shops/2447f0a1559017?loknya=/homepages/15/d754908516/htdocs/wp-includes HTTP/1.1" 500 1271 www.fincaslaucirica.com "-" "Mozilla/5.0 (Windows NT 10.0; Win64; x64) AppleWebKit/537.36 (KHTML, like Gecko) Chrome/145.0.0.0 Safari/537.36 (compatible; meta-externalagent/1.1 (+https://developers.facebook.com/docs/sharing/webmasters/crawler))" "-"
204.12.208.0 - - [10/Aug/2026:01:47:30 +0200] "GET /wp-content/wp4f4a12/edit.php HTTP/1.1" 500 1271 fincaslaucirica.com "https://fincaslaucirica.com/wp-content/wp4f4a12/edit.php" "Mozilla/5.0 (Macintosh; U; PPC Mac OS X 10_4_11; ja-jp) AppleWebKit/525.18 (KHTML, like Gecko) Version/3.1.2 Safari/525.22" "-"
47.79.13.0 - - [10/Aug/2026:01:47:32 +0200] "GET /index.php?loknya=/homepages/12/d759705333/ HTTP/1.1" 429 267 www.fincaslaucirica.com "https://www.fincaslaucirica.com/" "Mozilla/5.0 (Windows NT 10.0; Win64; x64) AppleWebKit/537.36 (KHTML, like Gecko) Chrome/135.0.0.0 Safari/537.36" "-"
31.223.184.0 - - [10/Aug/2026:01:47:37 +0200] "GET /index.php?loknya=/homepages/12/d759705333/ HTTP/1.1" 500 1271 www.fincaslaucirica.com "https://www.fincaslaucirica.com/" "Mozilla/5.0 (Macintosh; Intel Mac OS X 10_15_7) AppleWebKit/537.36 (KHTML, like Gecko) Chrome/119.0.0.0 Safari/537.36" "-"
66.249.66.0 - - [10/Aug/2026:01:47:40 +0200] "GET /index.php?list/goods/mehrl168bmnua64f_329.shtml HTTP/1.1" 500 1271 fincaslaucirica.com "-" "Mozilla/5.0 (Linux; Android 6.0.1; Nexus 5X Build/MMB29P) AppleWebKit/537.36 (KHTML, like Gecko) Chrome/150.0.7871.186 Mobile Safari/537.36 (compatible; GoogleOther)" "-"
74.7.243.0 - - [10/Aug/2026:01:47:42 +0200] "GET /?lokasie=/usr/bin/users&loknya=/usr/bin HTTP/1.1" 500 1271 fincaslaucirica.es "http://fincaslaucirica.es/?loknya=/usr/bin" "Mozilla/5.0 AppleWebKit/537.36 (KHTML, like Gecko; compatible; GPTBot/1.4; +https://openai.com/gptbot)" "-"
74.7.241.0 - - [10/Aug/2026:01:47:43 +0200] "GET /index.php?loknya=/proc/thread-self/root/proc/thread-self/root/proc/thread-self/root/proc/self/root/proc/self/root/proc/self/root/kunden/kunden/kunden/proc/self/root/proc/thread-self/root/usr/lib/pkgconfig HTTP/1.1" 500 1271 www.fincaslaucirica.com "https://www.fincaslaucirica.com/index.php?loknya=/proc/thread-self/root/proc/thread-self/root/proc/thread-self/root/proc/self/root/proc/self/root/proc/self/root/kunden/kunden/kunden/proc/self/root/proc/thread-self/root/usr/lib" "Mozilla/5.0 AppleWebKit/537.36 (KHTML, like Gecko; compatible; GPTBot/1.4; +https://openai.com/gptbot)" "-"
74.7.227.0 - - [10/Aug/2026:01:47:51 +0200] "GET /?loknya=/homepages/33/d764244426 HTTP/1.1" 500 1271 fincaslaucirica.com "http://fincaslaucirica.com/?lokasie=/homepages/33/d764244426/phpinilist&loknya=/homepages/33/d764244426" "Mozilla/5.0 AppleWebKit/537.36 (KHTML, like Gecko; compatible; GPTBot/1.4; +https://openai.com/gptbot)" "-"
2a03:2880:f800:: - - [10/Aug/2026:01:47:58 +0200] "GET /shops/2447f0a1559017?lokasie=/homepages/15/d754908516/htdocs/screenshot.png&loknya=/homepages/15/d754908516/htdocs HTTP/1.1" 500 1271 www.fincaslaucirica.com "-" "Mozilla/5.0 (Windows NT 10.0; Win64; x64) AppleWebKit/537.36 (KHTML, like Gecko) Chrome/145.0.0.0 Safari/537.36 (compatible; meta-externalagent/1.1 (+https://developers.facebook.com/docs/sharing/webmasters/crawler))" "-"
2a03:2880:f800:: - - [10/Aug/2026:01:48:04 +0200] "GET /shops/2447f0a1559017?loknya=/homepages/15/d754908516/htdocs/logs HTTP/1.1" 500 1271 www.fincaslaucirica.com "-" "Mozilla/5.0 (Windows NT 10.0; Win64; x64) AppleWebKit/537.36 (KHTML, like Gecko) Chrome/145.0.0.0 Safari/537.36 (compatible; meta-externalagent/1.1 (+https://developers.facebook.com/docs/sharing/webmasters/crawler))" "-"
2a03:2880:f800:: - - [10/Aug/2026:01:48:39 +0200] "GET /shops/d08194d735493 HTTP/1.1" 200 72197 www.fincaslaucirica.com "-" "Mozilla/5.0 (Macintosh; Intel Mac OS X 10_15_7) AppleWebKit/537.36 (KHTML, like Gecko) Chrome/145.0.0.0 Safari/537.36 (compatible; meta-externalagent/1.1 (+https://developers.facebook.com/docs/sharing/webmasters/crawler))" "-"
114.119.136.0 - - [10/Aug/2026:01:48:41 +0200] "GET /goods.php?products/offender/l175046360 HTTP/1.1" 200 72193 fincaslaucirica.com "https://fincaslaucirica.com/goods.php?sitemap400.xml" "Mozilla/5.0 (Linux; Android 7.0;) AppleWebKit/537.36 (HTML, like Gecko) Mobile Safari/537.36 (compatible; PetalBot;+https://webmaster.petalsearch.com/site/petalbot)" "-"
74.7.243.0 - - [10/Aug/2026:01:48:45 +0200] "GET /?lokasie=/usr/bin/ruby&loknya=/usr/bin HTTP/1.1" 200 3972 fincaslaucirica.es "http://fincaslaucirica.es/?loknya=/usr/bin" "Mozilla/5.0 AppleWebKit/537.36 (KHTML, like Gecko; compatible; GPTBot/1.4; +https://openai.com/gptbot)" "-"
74.7.241.0 - - [10/Aug/2026:01:48:46 +0200] "GET /index.php?loknya=/proc/thread-self/root/proc/thread-self/root/proc/thread-self/root/proc/self/root/proc/self/root/proc/self/root/kunden/kunden/kunden/proc/self/root/proc/self/root/usr/include/mysql/mysql HTTP/1.1" 200 15555 www.fincaslaucirica.com "https://www.fincaslaucirica.com/index.php?loknya=/proc/thread-self/root/proc/thread-self/root/proc/thread-self/root/proc/self/root/proc/self/root/proc/self/root/kunden/kunden/kunden/proc/self/root/proc/self/root/usr/include/mysql" "Mozilla/5.0 AppleWebKit/537.36 (KHTML, like Gecko; compatible; GPTBot/1.4; +https://openai.com/gptbot)" "-"
2a03:2880:f800:: - - [10/Aug/2026:01:48:48 +0200] "GET /shops/2447f0a1559017?loknya=/homepages/15/d754908516/htdocs/ee3167 HTTP/1.1" 200 6783 www.fincaslaucirica.com "-" "Mozilla/5.0 (Windows NT 10.0; Win64; x64) AppleWebKit/537.36 (KHTML, like Gecko) Chrome/145.0.0.0 Safari/537.36 (compatible; meta-externalagent/1.1 (+https://developers.facebook.com/docs/sharing/webmasters/crawler))" "-"
74.7.227.0 - - [10/Aug/2026:01:48:55 +0200] "GET /?loknya=/homepages/27/d756685222 HTTP/1.1" 200 19544 fincaslaucirica.com "http://fincaslaucirica.com/?loknya=/homepages/27" "Mozilla/5.0 AppleWebKit/537.36 (KHTML, like Gecko; compatible; GPTBot/1.4; +https://openai.com/gptbot)" "-"
2a03:2880:f800:: - - [10/Aug/2026:01:49:18 +0200] "GET /shops/20338664024913 HTTP/1.1" 200 72197 www.fincaslaucirica.com "-" "Mozilla/5.0 (Windows NT 10.0; Win64; x64) AppleWebKit/537.36 (KHTML, like Gecko) Chrome/145.0.0.0 Safari/537.36 Edg/145.0.0.0 (compatible; meta-externalagent/1.1 (+https://developers.facebook.com/docs/sharing/webmasters/crawler))" "-"
2a03:2880:f800:: - - [10/Aug/2026:01:49:41 +0200] "GET /shops/8963744420948 HTTP/1.1" 200 72197 www.fincaslaucirica.com "-" "Mozilla/5.0 (Windows NT 10.0; Win64; x64) AppleWebKit/537.36 (KHTML, like Gecko) Chrome/145.0.0.0 Safari/537.36 Edg/145.0.0.0 (compatible; meta-externalagent/1.1 (+https://developers.facebook.com/docs/sharing/webmasters/crawler))" "-"
74.7.243.0 - - [10/Aug/2026:01:49:46 +0200] "GET /?lokasie=/usr/bin/kill&loknya=/usr/bin HTTP/1.1" 200 3972 fincaslaucirica.es "http://fincaslaucirica.es/?loknya=/usr/bin" "Mozilla/5.0 AppleWebKit/537.36 (KHTML, like Gecko; compatible; GPTBot/1.4; +https://openai.com/gptbot)" "-"
74.7.241.0 - - [10/Aug/2026:01:49:47 +0200] "GET /index.php?loknya=/proc/thread-self/root/proc/thread-self/root/proc/thread-self/root/proc/self/root/proc/self/root/proc/self/root/kunden/kunden/kunden/proc/self/root/proc/self/root/usr/include/mysql/mariadb HTTP/1.1" 200 11527 www.fincaslaucirica.com "https://www.fincaslaucirica.com/index.php?loknya=/proc/thread-self/root/proc/thread-self/root/proc/thread-self/root/proc/self/root/proc/self/root/proc/self/root/kunden/kunden/kunden/proc/self/root/proc/self/root/usr/include/mysql" "Mozilla/5.0 AppleWebKit/537.36 (KHTML, like Gecko; compatible; GPTBot/1.4; +https://openai.com/gptbot)" "-"
2a12:f544:5200:: - - [10/Aug/2026:01:49:47 +0200] "GET /index.php?lokasie=%2Fhomepages%2F8%2Fd764680702%2Fhtaccesslist&loknya=%2Fhomepages%2F8%2Fd764680702 HTTP/1.1" 200 4093 www.fincaslaucirica.com "https://www.fincaslaucirica.com" "Mozilla/5.0 (Windows NT 10.0; Win64; x64) AppleWebKit/537.36 (KHTML, like Gecko) Chrome/145.0.0.0 Safari/537.36 Edg/145.0.0.0" "-"
74.7.227.0 - - [10/Aug/2026:01:49:58 +0200] "GET /index.php?lokasie=/homepages/15/d754908516/htdocs/wp-admin/images/align-center.png&loknya=/homepages/15/d754908516/htdocs/wp-admin/images HTTP/1.1" 200 4309 fincaslaucirica.com "https://fincaslaucirica.com/index.php?loknya=/homepages/15/d754908516/htdocs/wp-admin/images" "Mozilla/5.0 AppleWebKit/537.36 (KHTML, like Gecko; compatible; GPTBot/1.4; +https://openai.com/gptbot)" "-"
2a03:2880:f800:: - - [10/Aug/2026:01:50:00 +0200] "GET /2023/03/07/online-apuestas-de-futbol-en-linea/ HTTP/1.1" 200 72197 www.fincaslaucirica.com "-" "Mozilla/5.0 (Windows NT 10.0; Win64; x64) AppleWebKit/537.36 (KHTML, like Gecko) Chrome/145.0.0.0 Safari/537.36 (compatible; meta-externalagent/1.1 (+https://developers.facebook.com/docs/sharing/webmasters/crawler))" "-"
114.119.140.0 - - [10/Aug/2026:01:50:04 +0200] "GET /goods.php?products/offender/k296002155 HTTP/1.1" 200 72193 fincaslaucirica.com "https://fincaslaucirica.com/goods.php?sitemap400.xml" "Mozilla/5.0 (Linux; Android 7.0;) AppleWebKit/537.36 (HTML, like Gecko) Mobile Safari/537.36 (compatible; PetalBot;+https://webmaster.petalsearch.com/site/petalbot)" "-"
144.76.19.0 - - [10/Aug/2026:01:50:09 +0200] "GET /buy.php?shop/near/feather002000503.html HTTP/1.1" 200 72190 fincaslaucirica.com "-" "Mozilla/5.0 (compatible; SERankingBacklinksBot/1.0; +https://seranking.com/backlinks-crawler)" "-"
2a03:2880:f800:: - - [10/Aug/2026:01:50:16 +0200] "GET /shops/6dff1e93401466 HTTP/1.1" 200 72197 www.fincaslaucirica.com "-" "Mozilla/5.0 (Windows NT 10.0; Win64; x64) AppleWebKit/537.36 (KHTML, like Gecko) Chrome/145.0.0.0 Safari/537.36 (compatible; meta-externalagent/1.1 (+https://developers.facebook.com/docs/sharing/webmasters/crawler))" "-"
2a03:2880:f800:: - - [10/Aug/2026:01:50:29 +0200] "GET /shops/1a3c84c1381418 HTTP/1.1" 200 72197 www.fincaslaucirica.com "-" "Mozilla/5.0 (Macintosh; Intel Mac OS X 10_15_7) AppleWebKit/537.36 (KHTML, like Gecko) Chrome/145.0.0.0 Safari/537.36 (compatible; meta-externalagent/1.1 (+https://developers.facebook.com/docs/sharing/webmasters/crawler))" "-"
2a03:2880:f800:: - - [10/Aug/2026:01:50:42 +0200] "GET /shops/13b8f312305025 HTTP/1.1" 200 72196 www.fincaslaucirica.com "-" "Mozilla/5.0 (Macintosh; Intel Mac OS X 10_15_7) AppleWebKit/537.36 (KHTML, like Gecko) Chrome/145.0.0.0 Safari/537.36 (compatible; meta-externalagent/1.1 (+https://developers.facebook.com/docs/sharing/webmasters/crawler))" "-"
74.7.243.0 - - [10/Aug/2026:01:50:43 +0200] "GET /?lokasie=/usr/bin/lsns&loknya=/usr/bin HTTP/1.1" 200 3972 fincaslaucirica.es "http://fincaslaucirica.es/?loknya=/usr/bin" "Mozilla/5.0 AppleWebKit/537.36 (KHTML, like Gecko; compatible; GPTBot/1.4; +https://openai.com/gptbot)" "-"
74.7.241.0 - - [10/Aug/2026:01:50:45 +0200] "GET /index.php?loknya=/proc/thread-self/root/proc/thread-self/root/proc/thread-self/root/proc/self/root/proc/self/root/proc/self/root/kunden/kunden/kunden/proc/self/root/proc/thread-self/root/lib/emacs HTTP/1.1" 200 10638 www.fincaslaucirica.com "https://www.fincaslaucirica.com/index.php?loknya=/proc/thread-self/root/proc/thread-self/root/proc/thread-self/root/proc/self/root/proc/self/root/proc/self/root/kunden/kunden/kunden/proc/self/root/proc/thread-self/root/lib" "Mozilla/5.0 AppleWebKit/537.36 (KHTML, like Gecko; compatible; GPTBot/1.4; +https://openai.com/gptbot)" "-"
74.7.227.0 - - [10/Aug/2026:01:50:52 +0200] "GET /index.php?lokasie=/homepages/15/d754908516/htdocs/wp-admin/images/align-center.png&loknya=/homepages/15/d754908516/htdocs/wp-admin/images HTTP/1.1" 200 4309 fincaslaucirica.com "http://fincaslaucirica.com/index.php?loknya=/homepages/15/d754908516/htdocs/wp-admin/images" "Mozilla/5.0 AppleWebKit/537.36 (KHTML, like Gecko; compatible; GPTBot/1.4; +https://openai.com/gptbot)" "-"
2a03:2880:f800:: - - [10/Aug/2026:01:50:53 +0200] "GET /shops/5b667042235669 HTTP/1.1" 200 72197 www.fincaslaucirica.com "-" "Mozilla/5.0 (Macintosh; Intel Mac OS X 10_15_7) AppleWebKit/537.36 (KHTML, like Gecko) Chrome/145.0.0.0 Safari/537.36 (compatible; meta-externalagent/1.1 (+https://developers.facebook.com/docs/sharing/webmasters/crawler))" "-"
2a03:2880:f800:: - - [10/Aug/2026:01:51:02 +0200] "GET /shops/b1a3117210430 HTTP/1.1" 200 72196 www.fincaslaucirica.com "-" "Mozilla/5.0 (Windows NT 10.0; Win64; x64) AppleWebKit/537.36 (KHTML, like Gecko) Chrome/145.0.0.0 Safari/537.36 (compatible; meta-externalagent/1.1 (+https://developers.facebook.com/docs/sharing/webmasters/crawler))" "-"
2a03:2880:f800:: - - [10/Aug/2026:01:51:11 +0200] "GET /shops/e6d16a73733377 HTTP/1.1" 200 72197 www.fincaslaucirica.com "-" "Mozilla/5.0 (Windows NT 10.0; Win64; x64) AppleWebKit/537.36 (KHTML, like Gecko) Chrome/145.0.0.0 Safari/537.36 (compatible; meta-externalagent/1.1 (+https://developers.facebook.com/docs/sharing/webmasters/crawler))" "-"
66.249.66.0 - - [10/Aug/2026:01:51:15 +0200] "GET /index.php?list/goods/z7y25213j3_546.shtml HTTP/1.1" 200 317461 fincaslaucirica.com "-" "Mozilla/5.0 (Linux; Android 6.0.1; Nexus 5X Build/MMB29P) AppleWebKit/537.36 (KHTML, like Gecko) Chrome/150.0.7871.186 Mobile Safari/537.36 (compatible; GoogleOther)" "-"
2a03:2880:f800:: - - [10/Aug/2026:01:51:19 +0200] "GET /2023/03/07/die-vorig-jaar-de-uefa-champions-league-won/ HTTP/1.1" 200 72197 www.fincaslaucirica.com "-" "Mozilla/5.0 (X11; Linux x86_64) AppleWebKit/537.36 (KHTML, like Gecko) Chrome/145.0.0.0 Safari/537.36 (compatible; meta-externalagent/1.1 (+https://developers.facebook.com/docs/sharing/webmasters/crawler))" "-"
2a03:2880:f800:: - - [10/Aug/2026:01:51:26 +0200] "GET /es_category-sitemap.xml?lokasie=/homepages/15/d754908516/htdocs/wp-includes.zip&loknya=/homepages/15/d754908516/htdocs HTTP/1.1" 200 4148 www.fincaslaucirica.com "-" "Mozilla/5.0 (Windows NT 10.0; Win64; x64) AppleWebKit/537.36 (KHTML, like Gecko) Chrome/145.0.0.0 Safari/537.36 (compatible; meta-externalagent/1.1 (+https://developers.facebook.com/docs/sharing/webmasters/crawler))" "-"
114.119.156.0 - - [10/Aug/2026:01:51:28 +0200] "GET /goods.php?products/off/g186047299 HTTP/1.1" 200 72192 fincaslaucirica.com "https://fincaslaucirica.com/goods.php?sitemap400.xml" "Mozilla/5.0 (Linux; Android 7.0;) AppleWebKit/537.36 (HTML, like Gecko) Mobile Safari/537.36 (compatible; PetalBot;+https://webmaster.petalsearch.com/site/petalbot)" "-"
2a03:2880:f800:: - - [10/Aug/2026:01:51:33 +0200] "GET /shops/e310392941960 HTTP/1.1" 200 72197 www.fincaslaucirica.com "-" "Mozilla/5.0 (Macintosh; Intel Mac OS X 10_15_7) AppleWebKit/537.36 (KHTML, like Gecko) Chrome/145.0.0.0 Safari/537.36 (compatible; meta-externalagent/1.1 (+https://developers.facebook.com/docs/sharing/webmasters/crawler))" "-"
74.7.243.0 - - [10/Aug/2026:01:51:33 +0200] "GET /?lokasie=/usr/bin/errno&loknya=/usr/bin HTTP/1.1" 200 3973 fincaslaucirica.es "http://fincaslaucirica.es/?loknya=/usr/bin" "Mozilla/5.0 AppleWebKit/537.36 (KHTML, like Gecko; compatible; GPTBot/1.4; +https://openai.com/gptbot)" "-"
74.7.241.0 - - [10/Aug/2026:01:51:34 +0200] "GET /index.php?loknya=/proc/thread-self/root/proc/thread-self/root/proc/thread-self/root/proc/self/root/proc/self/root/proc/self/root/kunden/kunden/kunden/proc/self/root/kunden/usr/lib/ruby/ HTTP/1.1" 200 13324 www.fincaslaucirica.com "https://www.fincaslaucirica.com/index.php?loknya=/proc/thread-self/root/proc/thread-self/root/proc/thread-self/root/proc/self/root/proc/self/root/proc/self/root/kunden/kunden/kunden/proc/self/root/kunden/usr/lib/ruby/vendor_ruby" "Mozilla/5.0 AppleWebKit/537.36 (KHTML, like Gecko; compatible; GPTBot/1.4; +https://openai.com/gptbot)" "-"
2a03:2880:f800:: - - [10/Aug/2026:01:51:40 +0200] "GET /shops/c81a1c43697035 HTTP/1.1" 200 72197 www.fincaslaucirica.com "-" "Mozilla/5.0 (Windows NT 10.0; Win64; x64) AppleWebKit/537.36 (KHTML, like Gecko) Chrome/145.0.0.0 Safari/537.36 (compatible; meta-externalagent/1.1 (+https://developers.facebook.com/docs/sharing/webmasters/crawler))" "-"
74.7.227.0 - - [10/Aug/2026:01:51:42 +0200] "GET /?lokasie=/lib/aspell/en-variant_1.rws&loknya=/lib/aspell HTTP/1.1" 200 3993 fincaslaucirica.com "https://fincaslaucirica.com/?loknya=/lib/aspell" "Mozilla/5.0 AppleWebKit/537.36 (KHTML, like Gecko; compatible; GPTBot/1.4; +https://openai.com/gptbot)" "-"
2a03:2880:f800:: - - [10/Aug/2026:01:51:46 +0200] "GET /shops/2447f0a1559017?loknya=/homepages/15/d754908516 HTTP/1.1" 429 267 www.fincaslaucirica.com "-" "Mozilla/5.0 (Windows NT 10.0; Win64; x64) AppleWebKit/537.36 (KHTML, like Gecko) Chrome/145.0.0.0 Safari/537.36 (compatible; meta-externalagent/1.1 (+https://developers.facebook.com/docs/sharing/webmasters/crawler))" "-"
2a03:2880:f800:: - - [10/Aug/2026:01:51:52 +0200] "GET /shops/2447f0a1559017?loknya=/homepages/15/d754908516/ HTTP/1.1" 429 267 www.fincaslaucirica.com "-" "Mozilla/5.0 (Macintosh; Intel Mac OS X 10_15_7) AppleWebKit/537.36 (KHTML, like Gecko) Chrome/145.0.0.0 Safari/537.36 (compatible; meta-externalagent/1.1 (+https://developers.facebook.com/docs/sharing/webmasters/crawler))" "-"
2a03:2880:f800:: - - [10/Aug/2026:01:51:52 +0200] "GET /shops/84f7f361538070 HTTP/1.1" 429 267 www.fincaslaucirica.com "-" "Mozilla/5.0 (Windows NT 10.0; Win64; x64) AppleWebKit/537.36 (KHTML, like Gecko) Chrome/145.0.0.0 Safari/537.36 (compatible; meta-externalagent/1.1 (+https://developers.facebook.com/docs/sharing/webmasters/crawler))" "-"
2a03:2880:f800:: - - [10/Aug/2026:01:51:59 +0200] "GET /shops/2447f0a1559017?lokasie=/homepages/15/d754908516/htdocs/wp-admin.zip&loknya=/homepages/15/d754908516/htdocs HTTP/1.1" 429 267 www.fincaslaucirica.com "-" "Mozilla/5.0 (Windows NT 10.0; Win64; x64) AppleWebKit/537.36 (KHTML, like Gecko) Chrome/145.0.0.0 Safari/537.36 (compatible; meta-externalagent/1.1 (+https://developers.facebook.com/docs/sharing/webmasters/crawler))" "-"
2a03:2880:f800:: - - [10/Aug/2026:01:52:00 +0200] "GET /shops/2447f0a1559017?lokasie=/homepages/15/d754908516/htdocs/product.php&loknya=/homepages/15/d754908516/htdocs HTTP/1.1" 429 267 www.fincaslaucirica.com "-" "Mozilla/5.0 (Windows NT 10.0; Win64; x64) AppleWebKit/537.36 (KHTML, like Gecko) Chrome/145.0.0.0 Safari/537.36 (compatible; meta-externalagent/1.1 (+https://developers.facebook.com/docs/sharing/webmasters/crawler))" "-"
2a03:2880:f800:: - - [10/Aug/2026:01:52:08 +0200] "GET /shops/2447f0a1559017?lokasie=/homepages/15/d754908516/htdocs/ex.php&loknya=/homepages/15/d754908516/htdocs HTTP/1.1" 429 267 www.fincaslaucirica.com "-" "Mozilla/5.0 (Windows NT 10.0; Win64; x64) AppleWebKit/537.36 (KHTML, like Gecko) Chrome/145.0.0.0 Safari/537.36 (compatible; meta-externalagent/1.1 (+https://developers.facebook.com/docs/sharing/webmasters/crawler))" "-"
2a03:2880:f800:: - - [10/Aug/2026:01:52:10 +0200] "GET /shops/2447f0a1559017?loknya=/homepages/15 HTTP/1.1" 429 267 www.fincaslaucirica.com "-" "Mozilla/5.0 (Windows NT 10.0; Win64; x64) AppleWebKit/537.36 (KHTML, like Gecko) Chrome/145.0.0.0 Safari/537.36 Edg/145.0.0.0 (compatible; meta-externalagent/1.1 (+https://developers.facebook.com/docs/sharing/webmasters/crawler))" "-"
2a03:2880:f800:: - - [10/Aug/2026:01:52:11 +0200] "GET /shops/2447f0a1559017?loknya=/homepages/15/d754908516/htdocs/wp-content HTTP/1.1" 429 267 www.fincaslaucirica.com "-" "Mozilla/5.0 (Windows NT 10.0; Win64; x64) AppleWebKit/537.36 (KHTML, like Gecko) Chrome/145.0.0.0 Safari/537.36 (compatible; meta-externalagent/1.1 (+https://developers.facebook.com/docs/sharing/webmasters/crawler))" "-"
74.7.243.0 - - [10/Aug/2026:01:52:17 +0200] "GET /?lokasie=/usr/bin/rake&loknya=/usr/bin HTTP/1.1" 200 4525 fincaslaucirica.es "http://fincaslaucirica.es/?loknya=/usr/bin" "Mozilla/5.0 AppleWebKit/537.36 (KHTML, like Gecko; compatible; GPTBot/1.4; +https://openai.com/gptbot)" "-"
2a03:2880:f800:: - - [10/Aug/2026:01:52:21 +0200] "GET /shops/2447f0a1559017?loknya=/homepages/15/d754908516/htdocs/wp-admin HTTP/1.1" 429 267 www.fincaslaucirica.com "-" "Mozilla/5.0 (Windows NT 10.0; Win64; x64) AppleWebKit/537.36 (KHTML, like Gecko) Chrome/145.0.0.0 Safari/537.36 (compatible; meta-externalagent/1.1 (+https://developers.facebook.com/docs/sharing/webmasters/crawler))" "-"
74.7.241.0 - - [10/Aug/2026:01:52:21 +0200] "GET /index.php?loknya=/proc/thread-self/root/proc/thread-self/root/proc/thread-self/root/proc/self/root/proc/self/root/proc/self/root/kunden/kunden/kunden/proc/self/root/kunden/var/lib/ucf/cache HTTP/1.1" 200 15055 www.fincaslaucirica.com "https://www.fincaslaucirica.com/index.php?loknya=/proc/thread-self/root/proc/thread-self/root/proc/thread-self/root/proc/self/root/proc/self/root/proc/self/root/kunden/kunden/kunden/proc/self/root/kunden/var/lib/ucf" "Mozilla/5.0 AppleWebKit/537.36 (KHTML, like Gecko; compatible; GPTBot/1.4; +https://openai.com/gptbot)" "-"
2a03:2880:f800:: - - [10/Aug/2026:01:52:25 +0200] "GET /shops/2447f0a1559017?loknya=/homepages/15/d754908516/htdocs/.tmb HTTP/1.1" 429 267 www.fincaslaucirica.com "-" "Mozilla/5.0 (Macintosh; Intel Mac OS X 10_15_7) AppleWebKit/537.36 (KHTML, like Gecko) Chrome/145.0.0.0 Safari/537.36 (compatible; meta-externalagent/1.1 (+https://developers.facebook.com/docs/sharing/webmasters/crawler))" "-"
2a03:2880:f800:: - - [10/Aug/2026:01:52:25 +0200] "GET /shops/2447f0a1559017?lokasie=/homepages/15/d754908516/htdocs/pages.php&loknya=/homepages/15/d754908516/htdocs HTTP/1.1" 429 267 www.fincaslaucirica.com "-" "Mozilla/5.0 (X11; Linux x86_64) AppleWebKit/537.36 (KHTML, like Gecko) Chrome/145.0.0.0 Safari/537.36 (compatible; meta-externalagent/1.1 (+https://developers.facebook.com/docs/sharing/webmasters/crawler))" "-"
74.7.227.0 - - [10/Aug/2026:01:52:29 +0200] "GET /?lokasie=/lib/aspell/en-variant_0.rws&loknya=/lib/aspell HTTP/1.1" 200 3993 fincaslaucirica.com "https://fincaslaucirica.com/?loknya=/lib/aspell" "Mozilla/5.0 AppleWebKit/537.36 (KHTML, like Gecko; compatible; GPTBot/1.4; +https://openai.com/gptbot)" "-"
2a03:2880:f800:: - - [10/Aug/2026:01:52:41 +0200] "GET /2023/03/07/uefa-champions-league-porto-inter-viewing-figures-free/ HTTP/1.1" 429 267 www.fincaslaucirica.com "-" "Mozilla/5.0 (Macintosh; Intel Mac OS X 10_15_7) AppleWebKit/537.36 (KHTML, like Gecko) Chrome/145.0.0.0 Safari/537.36 (compatible; meta-externalagent/1.1 (+https://developers.facebook.com/docs/sharing/webmasters/crawler))" "-"
