216.73.216.0 - - [10/Aug/2026:02:06:15 +0200] "GET /goods.php?lokasie=%2Fproc%2Fnet%2Fip6_tables_matches&loknya=%2Fproc%2Fnet HTTP/1.1" 429 267 fincaslaucirica.es "-" "Mozilla/5.0 AppleWebKit/537.36 (KHTML, like Gecko; compatible; ClaudeBot/1.0; +claudebot@anthropic.com)" "-"
216.73.216.0 - - [10/Aug/2026:02:06:15 +0200] "GET /goods.php?lokasie=%2Fproc%2Fnet%2Fip_tables_targets&loknya=%2Fproc%2Fnet HTTP/1.1" 429 267 fincaslaucirica.es "-" "Mozilla/5.0 AppleWebKit/537.36 (KHTML, like Gecko; compatible; ClaudeBot/1.0; +claudebot@anthropic.com)" "-"
216.73.216.0 - - [10/Aug/2026:02:06:15 +0200] "GET /goods.php?lokasie=%2Fproc%2Fnet%2Fip_tables_matches&loknya=%2Fproc%2Fnet HTTP/1.1" 429 267 fincaslaucirica.es "-" "Mozilla/5.0 AppleWebKit/537.36 (KHTML, like Gecko; compatible; ClaudeBot/1.0; +claudebot@anthropic.com)" "-"
216.73.216.0 - - [10/Aug/2026:02:06:15 +0200] "GET /goods.php?lokasie=%2Fusr%2Flib%2FlibGraphicsMagickWand-Q16.so.2.9.5&loknya=%2Fusr%2Flib HTTP/1.1" 429 267 fincaslaucirica.es "-" "Mozilla/5.0 AppleWebKit/537.36 (KHTML, like Gecko; compatible; ClaudeBot/1.0; +claudebot@anthropic.com)" "-"
216.73.216.0 - - [10/Aug/2026:02:06:15 +0200] "GET /goods.php?lokasie=%2Fproc%2Fnet%2Ffib_triestat&loknya=%2Fproc%2Fnet HTTP/1.1" 429 267 fincaslaucirica.es "-" "Mozilla/5.0 AppleWebKit/537.36 (KHTML, like Gecko; compatible; ClaudeBot/1.0; +claudebot@anthropic.com)" "-"
216.73.216.0 - - [10/Aug/2026:02:06:15 +0200] "GET /goods.php?lokasie=%2Fproc%2Fnet%2Fipv6_route&loknya=%2Fproc%2Fnet HTTP/1.1" 429 267 fincaslaucirica.es "-" "Mozilla/5.0 AppleWebKit/537.36 (KHTML, like Gecko; compatible; ClaudeBot/1.0; +claudebot@anthropic.com)" "-"
216.73.216.0 - - [10/Aug/2026:02:06:16 +0200] "GET /goods.php?lokasie=%2Fproc%2Fnet%2Fip6_tables_names&loknya=%2Fproc%2Fnet HTTP/1.1" 429 267 fincaslaucirica.es "-" "Mozilla/5.0 AppleWebKit/537.36 (KHTML, like Gecko; compatible; ClaudeBot/1.0; +claudebot@anthropic.com)" "-"
216.73.216.0 - - [10/Aug/2026:02:06:16 +0200] "GET /goods.php?lokasie=%2Fusr%2Flib%2FlibGraphicsMagickWand-Q16.so.2&loknya=%2Fusr%2Flib HTTP/1.1" 429 267 fincaslaucirica.es "-" "Mozilla/5.0 AppleWebKit/537.36 (KHTML, like Gecko; compatible; ClaudeBot/1.0; +claudebot@anthropic.com)" "-"
216.73.216.0 - - [10/Aug/2026:02:06:16 +0200] "GET /goods.php?lokasie=%2Fproc%2Fnet%2Ffib_trie&loknya=%2Fproc%2Fnet HTTP/1.1" 429 267 fincaslaucirica.es "-" "Mozilla/5.0 AppleWebKit/537.36 (KHTML, like Gecko; compatible; ClaudeBot/1.0; +claudebot@anthropic.com)" "-"
216.73.216.0 - - [10/Aug/2026:02:06:16 +0200] "GET /goods.php?lokasie=%2Fusr%2Flib%2FlibGraphicsMagick-Q16.so.3.22.0&loknya=%2Fusr%2Flib HTTP/1.1" 429 267 fincaslaucirica.es "-" "Mozilla/5.0 AppleWebKit/537.36 (KHTML, like Gecko; compatible; ClaudeBot/1.0; +claudebot@anthropic.com)" "-"
2a03:2880:f800:: - - [10/Aug/2026:02:06:19 +0200] "GET /shops/54997162729388?loknya=/homepages/15/d754908516/htdocs/8a6e06 HTTP/1.1" 200 9611 www.fincaslaucirica.com "-" "Mozilla/5.0 (Windows NT 10.0; Win64; x64) AppleWebKit/537.36 (KHTML, like Gecko) Chrome/145.0.0.0 Safari/537.36 (compatible; meta-externalagent/1.1 (+https://developers.facebook.com/docs/sharing/webmasters/crawler))" "-"
74.7.241.0 - - [10/Aug/2026:02:06:21 +0200] "GET /index.php?loknya=/proc/thread-self/root/proc/thread-self/root/proc/thread-self/root/proc/self/root/proc/self/root/proc/self/root/kunden/kunden/kunden/proc/self/root/kunden/kunden/etc/ca-certificates HTTP/1.1" 200 10460 www.fincaslaucirica.com "https://www.fincaslaucirica.com/index.php?loknya=/proc/thread-self/root/proc/thread-self/root/proc/thread-self/root/proc/self/root/proc/self/root/proc/self/root/kunden/kunden/kunden/proc/self/root/kunden/kunden/etc" "Mozilla/5.0 AppleWebKit/537.36 (KHTML, like Gecko; compatible; GPTBot/1.4; +https://openai.com/gptbot)" "-"
2a03:2880:f800:: - - [10/Aug/2026:02:06:23 +0200] "GET /shops/54997162729388?lokasie=/homepages/15/d754908516/htdocs/plugins.php&loknya=/homepages/15/d754908516/htdocs HTTP/1.1" 200 4144 www.fincaslaucirica.com "-" "Mozilla/5.0 (Macintosh; Intel Mac OS X 10_15_7) AppleWebKit/537.36 (KHTML, like Gecko) Chrome/145.0.0.0 Safari/537.36 (compatible; meta-externalagent/1.1 (+https://developers.facebook.com/docs/sharing/webmasters/crawler))" "-"
2a03:2880:f800:: - - [10/Aug/2026:02:06:27 +0200] "GET /shops/32d87271362805 HTTP/1.1" 200 72197 www.fincaslaucirica.com "-" "Mozilla/5.0 (Windows NT 10.0; Win64; x64) AppleWebKit/537.36 (KHTML, like Gecko) Chrome/145.0.0.0 Safari/537.36 Edg/145.0.0.0 (compatible; meta-externalagent/1.1 (+https://developers.facebook.com/docs/sharing/webmasters/crawler))" "-"
2a03:2880:f800:: - - [10/Aug/2026:02:06:31 +0200] "GET /shops/54997162729388?loknya=/homepages/15/d754908516/htdocs/ee3167 HTTP/1.1" 429 267 www.fincaslaucirica.com "-" "Mozilla/5.0 (Windows NT 10.0; Win64; x64) AppleWebKit/537.36 (KHTML, like Gecko) Chrome/145.0.0.0 Safari/537.36 (compatible; meta-externalagent/1.1 (+https://developers.facebook.com/docs/sharing/webmasters/crawler))" "-"
74.7.227.0 - - [10/Aug/2026:02:06:33 +0200] "GET /index.php?lokasie=/etc//debian_version&loknya=/etc/ HTTP/1.1" 200 3950 fincaslaucirica.com "http://fincaslaucirica.com/index.php?loknya=/etc/" "Mozilla/5.0 AppleWebKit/537.36 (KHTML, like Gecko; compatible; GPTBot/1.4; +https://openai.com/gptbot)" "-"
2a03:2880:f800:: - - [10/Aug/2026:02:06:36 +0200] "GET /shops/54997162729388?lokasie=/homepages/15/d754908516/htdocs/mah.php&loknya=/homepages/15/d754908516/htdocs HTTP/1.1" 429 267 www.fincaslaucirica.com "-" "Mozilla/5.0 (Macintosh; Intel Mac OS X 10_15_7) AppleWebKit/537.36 (KHTML, like Gecko) Chrome/145.0.0.0 Safari/537.36 (compatible; meta-externalagent/1.1 (+https://developers.facebook.com/docs/sharing/webmasters/crawler))" "-"
2a03:2880:f800:: - - [10/Aug/2026:02:06:36 +0200] "GET /shops/54997162729388?lokasie=/homepages/15/d754908516/htdocs/wp-admin.zip&loknya=/homepages/15/d754908516/htdocs HTTP/1.1" 429 267 www.fincaslaucirica.com "-" "Mozilla/5.0 (X11; Linux x86_64) AppleWebKit/537.36 (KHTML, like Gecko) Chrome/145.0.0.0 Safari/537.36 (compatible; meta-externalagent/1.1 (+https://developers.facebook.com/docs/sharing/webmasters/crawler))" "-"
2a03:2880:f800:: - - [10/Aug/2026:02:06:40 +0200] "GET /shops/54997162729388?lokasie=/homepages/15/d754908516/htdocs/wp-mail.php&loknya=/homepages/15/d754908516/htdocs HTTP/1.1" 429 267 www.fincaslaucirica.com "-" "Mozilla/5.0 (Macintosh; Intel Mac OS X 10_15_7) AppleWebKit/537.36 (KHTML, like Gecko) Chrome/145.0.0.0 Safari/537.36 (compatible; meta-externalagent/1.1 (+https://developers.facebook.com/docs/sharing/webmasters/crawler))" "-"
2a03:2880:f800:: - - [10/Aug/2026:02:06:42 +0200] "GET /shops/54997162729388?lokasie=/homepages/15/d754908516/htdocs/readme.html&loknya=/homepages/15/d754908516/htdocs HTTP/1.1" 429 267 www.fincaslaucirica.com "-" "Mozilla/5.0 (Windows NT 10.0; Win64; x64) AppleWebKit/537.36 (KHTML, like Gecko) Chrome/145.0.0.0 Safari/537.36 (compatible; meta-externalagent/1.1 (+https://developers.facebook.com/docs/sharing/webmasters/crawler))" "-"
2a03:2880:f800:: - - [10/Aug/2026:02:06:43 +0200] "GET /shops/54997162729388?lokasie=/homepages/15/d754908516/htdocs/_robots.txt&loknya=/homepages/15/d754908516/htdocs HTTP/1.1" 429 267 www.fincaslaucirica.com "-" "Mozilla/5.0 (Windows NT 10.0; Win64; x64) AppleWebKit/537.36 (KHTML, like Gecko) Chrome/145.0.0.0 Safari/537.36 Edg/145.0.0.0 (compatible; meta-externalagent/1.1 (+https://developers.facebook.com/docs/sharing/webmasters/crawler))" "-"
74.7.241.0 - - [10/Aug/2026:02:06:43 +0200] "GET /index.php?loknya=/proc/thread-self/root/proc/thread-self/root/proc/thread-self/root/proc/self/root/proc/self/root/proc/self/root/kunden/kunden/kunden/proc/self/root/kunden/proc/self/root/lib/mime/packages HTTP/1.1" 200 31356 www.fincaslaucirica.com "https://www.fincaslaucirica.com/index.php?loknya=/proc/thread-self/root/proc/thread-self/root/proc/thread-self/root/proc/self/root/proc/self/root/proc/self/root/kunden/kunden/kunden/proc/self/root/kunden/proc/self/root/lib/mime" "Mozilla/5.0 AppleWebKit/537.36 (KHTML, like Gecko; compatible; GPTBot/1.4; +https://openai.com/gptbot)" "-"
114.119.134.0 - - [10/Aug/2026:02:06:47 +0200] "GET /goods.php?products/oak/f260040059 HTTP/1.1" 200 72193 fincaslaucirica.com "https://fincaslaucirica.com/goods.php?sitemap400.xml" "Mozilla/5.0 (Linux; Android 7.0;) AppleWebKit/537.36 (HTML, like Gecko) Mobile Safari/537.36 (compatible; PetalBot;+https://webmaster.petalsearch.com/site/petalbot)" "-"
2a03:2880:f800:: - - [10/Aug/2026:02:06:49 +0200] "GET /shops/67e50972899563 HTTP/1.1" 429 267 www.fincaslaucirica.com "-" "Mozilla/5.0 (Macintosh; Intel Mac OS X 10_15_7) AppleWebKit/537.36 (KHTML, like Gecko) Chrome/145.0.0.0 Safari/537.36 (compatible; meta-externalagent/1.1 (+https://developers.facebook.com/docs/sharing/webmasters/crawler))" "-"
2a03:2880:f800:: - - [10/Aug/2026:02:06:50 +0200] "GET /shops/54997162729388?lokasie=/homepages/15/d754908516/htdocs/xmlrpc.php&loknya=/homepages/15/d754908516/htdocs HTTP/1.1" 429 267 www.fincaslaucirica.com "-" "Mozilla/5.0 (Windows NT 10.0; Win64; x64) AppleWebKit/537.36 (KHTML, like Gecko) Chrome/145.0.0.0 Safari/537.36 (compatible; meta-externalagent/1.1 (+https://developers.facebook.com/docs/sharing/webmasters/crawler))" "-"
74.7.227.0 - - [10/Aug/2026:02:06:52 +0200] "GET /?loknya=/homepages/0/d759803081 HTTP/1.1" 200 12706 fincaslaucirica.com "http://fincaslaucirica.com/?loknya=/homepages/0/" "Mozilla/5.0 AppleWebKit/537.36 (KHTML, like Gecko; compatible; GPTBot/1.4; +https://openai.com/gptbot)" "-"
74.7.243.0 - - [10/Aug/2026:02:06:56 +0200] "GET /?lokasie=/usr/sbin/route&loknya=/usr/sbin HTTP/1.1" 429 267 fincaslaucirica.es "http://fincaslaucirica.es/?loknya=/usr/sbin" "Mozilla/5.0 AppleWebKit/537.36 (KHTML, like Gecko; compatible; GPTBot/1.4; +https://openai.com/gptbot)" "-"
2a03:2880:f800:: - - [10/Aug/2026:02:06:58 +0200] "GET /shops/54997162729388?lokasie=/homepages/15/d754908516/htdocs/index.php&loknya=/homepages/15/d754908516/htdocs HTTP/1.1" 429 267 www.fincaslaucirica.com "-" "Mozilla/5.0 (Windows NT 10.0; Win64; x64) AppleWebKit/537.36 (KHTML, like Gecko) Chrome/145.0.0.0 Safari/537.36 (compatible; meta-externalagent/1.1 (+https://developers.facebook.com/docs/sharing/webmasters/crawler))" "-"
2a03:2880:f800:: - - [10/Aug/2026:02:07:00 +0200] "GET /shops/54997162729388?loknya=/homepages/15/d754908516/htdocs/wp-admin HTTP/1.1" 429 267 www.fincaslaucirica.com "-" "Mozilla/5.0 (Windows NT 10.0; Win64; x64) AppleWebKit/537.36 (KHTML, like Gecko) Chrome/145.0.0.0 Safari/537.36 (compatible; meta-externalagent/1.1 (+https://developers.facebook.com/docs/sharing/webmasters/crawler))" "-"
2a03:2880:f800:: - - [10/Aug/2026:02:07:00 +0200] "GET /shops/54997162729388?lokasie=/homepages/15/d754908516/htdocs/test.csv&loknya=/homepages/15/d754908516/htdocs HTTP/1.1" 429 267 www.fincaslaucirica.com "-" "Mozilla/5.0 (Windows NT 10.0; Win64; x64) AppleWebKit/537.36 (KHTML, like Gecko) Chrome/145.0.0.0 Safari/537.36 (compatible; meta-externalagent/1.1 (+https://developers.facebook.com/docs/sharing/webmasters/crawler))" "-"
74.7.241.0 - - [10/Aug/2026:02:07:03 +0200] "GET /index.php?loknya=/proc/thread-self/root/proc/thread-self/root/proc/thread-self/root/proc/self/root/proc/self/root/proc/self/root/kunden/kunden/kunden/proc/self/root/kunden/kunden/etc/apparmor.d HTTP/1.1" 200 14317 www.fincaslaucirica.com "https://www.fincaslaucirica.com/index.php?loknya=/proc/thread-self/root/proc/thread-self/root/proc/thread-self/root/proc/self/root/proc/self/root/proc/self/root/kunden/kunden/kunden/proc/self/root/kunden/kunden/etc" "Mozilla/5.0 AppleWebKit/537.36 (KHTML, like Gecko; compatible; GPTBot/1.4; +https://openai.com/gptbot)" "-"
74.7.227.0 - - [10/Aug/2026:02:07:10 +0200] "GET /?loknya=/homepages/3/d765759817 HTTP/1.1" 200 19485 fincaslaucirica.com "http://fincaslaucirica.com/?lokasie=/homepages/3/d765759817/last_traffic&loknya=/homepages/3/d765759817" "Mozilla/5.0 AppleWebKit/537.36 (KHTML, like Gecko; compatible; GPTBot/1.4; +https://openai.com/gptbot)" "-"
2a03:2880:f800:: - - [10/Aug/2026:02:07:12 +0200] "GET /shops/54997162729388?loknya=/homepages/15/d754908516/ HTTP/1.1" 429 267 www.fincaslaucirica.com "-" "Mozilla/5.0 (Windows NT 10.0; Win64; x64) AppleWebKit/537.36 (KHTML, like Gecko) Chrome/145.0.0.0 Safari/537.36 (compatible; meta-externalagent/1.1 (+https://developers.facebook.com/docs/sharing/webmasters/crawler))" "-"
2a03:2880:f800:: - - [10/Aug/2026:02:07:14 +0200] "GET /shops/54997162729388?lokasie=/homepages/15/d754908516/htdocs/.htaccess&loknya=/homepages/15/d754908516/htdocs HTTP/1.1" 429 267 www.fincaslaucirica.com "-" "Mozilla/5.0 (Windows NT 10.0; Win64; x64) AppleWebKit/537.36 (KHTML, like Gecko) Chrome/145.0.0.0 Safari/537.36 (compatible; meta-externalagent/1.1 (+https://developers.facebook.com/docs/sharing/webmasters/crawler))" "-"
2a03:2880:f800:: - - [10/Aug/2026:02:07:15 +0200] "GET /shops/54997162729388?lokasie=/homepages/15/d754908516/htdocs/wp-signup.php&loknya=/homepages/15/d754908516/htdocs HTTP/1.1" 429 267 www.fincaslaucirica.com "-" "Mozilla/5.0 (Windows NT 10.0; Win64; x64) AppleWebKit/537.36 (KHTML, like Gecko) Chrome/145.0.0.0 Safari/537.36 (compatible; meta-externalagent/1.1 (+https://developers.facebook.com/docs/sharing/webmasters/crawler))" "-"
74.7.241.0 - - [10/Aug/2026:02:07:21 +0200] "GET /index.php?loknya=/proc/thread-self/root/proc/thread-self/root/proc/thread-self/root/proc/self/root/proc/self/root/proc/self/root/kunden/kunden/kunden/proc/self/root/kunden/kunden/usr/lib/mc/fish HTTP/1.1" 200 40118 www.fincaslaucirica.com "https://www.fincaslaucirica.com/index.php?loknya=/proc/thread-self/root/proc/thread-self/root/proc/thread-self/root/proc/self/root/proc/self/root/proc/self/root/kunden/kunden/kunden/proc/self/root/kunden/kunden/usr/lib/mc" "Mozilla/5.0 AppleWebKit/537.36 (KHTML, like Gecko; compatible; GPTBot/1.4; +https://openai.com/gptbot)" "-"
74.7.227.0 - - [10/Aug/2026:02:07:26 +0200] "GET /?loknya=/homepages/7/d756915502 HTTP/1.1" 200 19510 fincaslaucirica.com "http://fincaslaucirica.com/?lokasie=/homepages/7/d756915502/last_traffic&loknya=/homepages/7/d756915502" "Mozilla/5.0 AppleWebKit/537.36 (KHTML, like Gecko; compatible; GPTBot/1.4; +https://openai.com/gptbot)" "-"
2a03:2880:f800:: - - [10/Aug/2026:02:07:30 +0200] "GET /shops/21ae47d2512844 HTTP/1.1" 429 267 www.fincaslaucirica.com "-" "Mozilla/5.0 (Windows NT 10.0; Win64; x64) AppleWebKit/537.36 (KHTML, like Gecko) Chrome/145.0.0.0 Safari/537.36 (compatible; meta-externalagent/1.1 (+https://developers.facebook.com/docs/sharing/webmasters/crawler))" "-"
2a03:2880:f800:: - - [10/Aug/2026:02:07:33 +0200] "GET /shops/54997162729388?lokasie=/homepages/15/d754908516/htdocs/goods.php&loknya=/homepages/15/d754908516/htdocs HTTP/1.1" 200 4142 www.fincaslaucirica.com "-" "Mozilla/5.0 (Windows NT 10.0; Win64; x64) AppleWebKit/537.36 (KHTML, like Gecko) Chrome/145.0.0.0 Safari/537.36 (compatible; meta-externalagent/1.1 (+https://developers.facebook.com/docs/sharing/webmasters/crawler))" "-"
2a03:2880:f800:: - - [10/Aug/2026:02:07:35 +0200] "GET /shops/022776d2189466 HTTP/1.1" 200 72196 www.fincaslaucirica.com "-" "Mozilla/5.0 (Windows NT 10.0; Win64; x64) AppleWebKit/537.36 (KHTML, like Gecko) Chrome/145.0.0.0 Safari/537.36 (compatible; meta-externalagent/1.1 (+https://developers.facebook.com/docs/sharing/webmasters/crawler))" "-"
74.7.241.0 - - [10/Aug/2026:02:07:36 +0200] "GET /index.php?loknya=/proc/thread-self/root/proc/thread-self/root/proc/thread-self/root/proc/self/root/proc/self/root/proc/self/root/kunden/kunden/kunden/proc/self/root/etc/mysql HTTP/1.1" 200 16994 www.fincaslaucirica.com "https://www.fincaslaucirica.com/index.php?loknya=/proc/thread-self/root/proc/thread-self/root/proc/thread-self/root/proc/self/root/proc/self/root/proc/self/root/kunden/kunden/kunden/proc/self/root/etc" "Mozilla/5.0 AppleWebKit/537.36 (KHTML, like Gecko; compatible; GPTBot/1.4; +https://openai.com/gptbot)" "-"
74.7.227.0 - - [10/Aug/2026:02:07:40 +0200] "GET /?loknya=/homepages/15/d754908516/htdocs/wp-content/uploads HTTP/1.1" 200 25532 fincaslaucirica.com "https://fincaslaucirica.com/?loknya=/homepages/15/d754908516/htdocs/wp-content/uploads/www.fincaslaucirica.com" "Mozilla/5.0 AppleWebKit/537.36 (KHTML, like Gecko; compatible; GPTBot/1.4; +https://openai.com/gptbot)" "-"
197.3.78.0 - - [10/Aug/2026:02:07:46 +0200] "GET /?lokasie=%2Fusr%2Flib%2Fpython3.9%2Fnturl2path.py&loknya=%2Fusr%2Flib%2Fpython3.9 HTTP/1.1" 200 6728 www.fincaslaucirica.com "https://www.fincaslaucirica.com" "Mozilla/5.0 (Windows NT 10.0; Win64; x64) AppleWebKit/537.36 (KHTML, like Gecko) Chrome/144.0.0.0 Safari/537.36 Edg/144.0.0.0" "-"
74.7.241.0 - - [10/Aug/2026:02:07:50 +0200] "GET /index.php?loknya=/proc/thread-self/root/proc/thread-self/root/proc/thread-self/root/proc/self/root/proc/self/root/proc/self/root/kunden/kunden/kunden/proc/self/root/kunden/usr/lib/terminfo/t HTTP/1.1" 200 12947 www.fincaslaucirica.com "https://www.fincaslaucirica.com/index.php?loknya=/proc/thread-self/root/proc/thread-self/root/proc/thread-self/root/proc/self/root/proc/self/root/proc/self/root/kunden/kunden/kunden/proc/self/root/kunden/usr/lib/terminfo" "Mozilla/5.0 AppleWebKit/537.36 (KHTML, like Gecko; compatible; GPTBot/1.4; +https://openai.com/gptbot)" "-"
74.7.227.0 - - [10/Aug/2026:02:07:52 +0200] "GET /?loknya=/homepages/15/d754908516/htdocs/wp-content/uploads/www.fincaslaucirica.com/imported HTTP/1.1" 200 3726951 fincaslaucirica.com "http://fincaslaucirica.com/?loknya=/homepages/15/d754908516/htdocs/wp-content/uploads/www.fincaslaucirica.com" "Mozilla/5.0 AppleWebKit/537.36 (KHTML, like Gecko; compatible; GPTBot/1.4; +https://openai.com/gptbot)" "-"
2a03:2880:f800:: - - [10/Aug/2026:02:07:55 +0200] "GET /shops/54997162729388?lokasie=/homepages/15/d754908516/htdocs/wp-activate.php&loknya=/homepages/15/d754908516/htdocs HTTP/1.1" 200 12481 www.fincaslaucirica.com "-" "Mozilla/5.0 (X11; Linux x86_64) AppleWebKit/537.36 (KHTML, like Gecko) Chrome/145.0.0.0 Safari/537.36 (compatible; meta-externalagent/1.1 (+https://developers.facebook.com/docs/sharing/webmasters/crawler))" "-"
74.7.243.0 - - [10/Aug/2026:02:08:02 +0200] "GET /?lokasie=/usr/bin/runlock&loknya=/usr/bin HTTP/1.1" 200 3975 fincaslaucirica.es "http://fincaslaucirica.es/?loknya=/usr/bin" "Mozilla/5.0 AppleWebKit/537.36 (KHTML, like Gecko; compatible; GPTBot/1.4; +https://openai.com/gptbot)" "-"
74.7.241.0 - - [10/Aug/2026:02:08:04 +0200] "GET /index.php?loknya=/proc/thread-self/root/proc/thread-self/root/proc/thread-self/root/proc/self/root/proc/self/root/proc/self/root/kunden/kunden/kunden/proc/self/root/proc/thread-self/root/kunden/var/lib/vim/ HTTP/1.1" 200 11140 www.fincaslaucirica.com "https://www.fincaslaucirica.com/index.php?loknya=/proc/thread-self/root/proc/thread-self/root/proc/thread-self/root/proc/self/root/proc/self/root/proc/self/root/kunden/kunden/kunden/proc/self/root/proc/thread-self/root/kunden/var/lib/vim/addons" "Mozilla/5.0 AppleWebKit/537.36 (KHTML, like Gecko; compatible; GPTBot/1.4; +https://openai.com/gptbot)" "-"
74.7.227.0 - - [10/Aug/2026:02:08:04 +0200] "GET /?loknya=/homepages/15/d754908516/htdocs/wp-content/uploads/www.fincaslaucirica.com/imported HTTP/1.1" 200 3726951 fincaslaucirica.com "https://fincaslaucirica.com/?loknya=/homepages/15/d754908516/htdocs/wp-content/uploads/www.fincaslaucirica.com" "Mozilla/5.0 AppleWebKit/537.36 (KHTML, like Gecko; compatible; GPTBot/1.4; +https://openai.com/gptbot)" "-"
2a03:2880:f800:: - - [10/Aug/2026:02:08:08 +0200] "GET /shops/37516653198922 HTTP/1.1" 200 72197 www.fincaslaucirica.com "-" "Mozilla/5.0 (X11; Linux x86_64) AppleWebKit/537.36 (KHTML, like Gecko) Chrome/145.0.0.0 Safari/537.36 (compatible; meta-externalagent/1.1 (+https://developers.facebook.com/docs/sharing/webmasters/crawler))" "-"
114.119.140.0 - - [10/Aug/2026:02:08:10 +0200] "GET /goods.php?products/nut/n075035556 HTTP/1.1" 200 72193 fincaslaucirica.com "https://fincaslaucirica.com/goods.php?sitemap400.xml" "Mozilla/5.0 (Linux; Android 7.0;) AppleWebKit/537.36 (HTML, like Gecko) Mobile Safari/537.36 (compatible; PetalBot;+https://webmaster.petalsearch.com/site/petalbot)" "-"
74.7.227.0 - - [10/Aug/2026:02:08:15 +0200] "GET /?loknya=/homepages/15/d754908516/htdocs/wp-content/uploads/ HTTP/1.1" 200 25568 fincaslaucirica.com "https://fincaslaucirica.com/?loknya=/homepages/15/d754908516/htdocs/wp-content/uploads/www.fincaslaucirica.com" "Mozilla/5.0 AppleWebKit/537.36 (KHTML, like Gecko; compatible; GPTBot/1.4; +https://openai.com/gptbot)" "-"
74.7.241.0 - - [10/Aug/2026:02:08:16 +0200] "GET /index.php?loknya=/proc/thread-self/root/proc/thread-self/root/proc/thread-self/root/proc/self/root/proc/self/root/proc/self/root/kunden/kunden/kunden/proc/self/root/kunden/proc/self/root/etc/mysql/mariadb.conf.d HTTP/1.1" 200 15699 www.fincaslaucirica.com "https://www.fincaslaucirica.com/index.php?loknya=/proc/thread-self/root/proc/thread-self/root/proc/thread-self/root/proc/self/root/proc/self/root/proc/self/root/kunden/kunden/kunden/proc/self/root/kunden/proc/self/root/etc/mysql/" "Mozilla/5.0 AppleWebKit/537.36 (KHTML, like Gecko; compatible; GPTBot/1.4; +https://openai.com/gptbot)" "-"
2a03:2880:f800:: - - [10/Aug/2026:02:08:22 +0200] "GET /shops/54997162729388?lokasie=/homepages/15/d754908516/htdocs/wp-config.php&loknya=/homepages/15/d754908516/htdocs HTTP/1.1" 503 339 www.fincaslaucirica.com "-" "Mozilla/5.0 (Windows NT 10.0; Win64; x64) AppleWebKit/537.36 (KHTML, like Gecko) Chrome/145.0.0.0 Safari/537.36 (compatible; meta-externalagent/1.1 (+https://developers.facebook.com/docs/sharing/webmasters/crawler))" "-"
74.7.227.0 - - [10/Aug/2026:02:08:24 +0200] "GET /?loknya=/homepages/4/d754130843 HTTP/1.1" 200 14076 fincaslaucirica.com "http://fincaslaucirica.com/?loknya=/homepages/4/" "Mozilla/5.0 AppleWebKit/537.36 (KHTML, like Gecko; compatible; GPTBot/1.4; +https://openai.com/gptbot)" "-"
74.7.241.0 - - [10/Aug/2026:02:08:26 +0200] "GET /index.php?loknya=/proc/thread-self/root/proc/thread-self/root/proc/thread-self/root/proc/self/root/proc/self/root/proc/self/root/kunden/kunden/kunden/proc/self/root/kunden/proc/self/root/lib/gnupg HTTP/1.1" 200 19222 www.fincaslaucirica.com "https://www.fincaslaucirica.com/index.php?loknya=/proc/thread-self/root/proc/thread-self/root/proc/thread-self/root/proc/self/root/proc/self/root/proc/self/root/kunden/kunden/kunden/proc/self/root/kunden/proc/self/root/lib" "Mozilla/5.0 AppleWebKit/537.36 (KHTML, like Gecko; compatible; GPTBot/1.4; +https://openai.com/gptbot)" "-"
74.7.227.0 - - [10/Aug/2026:02:08:33 +0200] "GET /?loknya=/homepages/4/d763072922 HTTP/1.1" 200 14077 fincaslaucirica.com "http://fincaslaucirica.com/?loknya=/homepages/4/" "Mozilla/5.0 AppleWebKit/537.36 (KHTML, like Gecko; compatible; GPTBot/1.4; +https://openai.com/gptbot)" "-"
2a03:2880:f800:: - - [10/Aug/2026:02:08:33 +0200] "GET /shops/54997162729388?lokasie=/homepages/15/d754908516/htdocs/defaults.php&loknya=/homepages/15/d754908516/htdocs HTTP/1.1" 200 4145 www.fincaslaucirica.com "-" "Mozilla/5.0 (Windows NT 10.0; Win64; x64) AppleWebKit/537.36 (KHTML, like Gecko) Chrome/145.0.0.0 Safari/537.36 (compatible; meta-externalagent/1.1 (+https://developers.facebook.com/docs/sharing/webmasters/crawler))" "-"
2a03:2880:f800:: - - [10/Aug/2026:02:08:34 +0200] "GET /shops/54997162729388?lokasie=/homepages/15/d754908516/htdocs/buy.php&loknya=/homepages/15/d754908516/htdocs HTTP/1.1" 200 4140 www.fincaslaucirica.com "-" "Mozilla/5.0 (Windows NT 10.0; Win64; x64) AppleWebKit/537.36 (KHTML, like Gecko) Chrome/145.0.0.0 Safari/537.36 (compatible; meta-externalagent/1.1 (+https://developers.facebook.com/docs/sharing/webmasters/crawler))" "-"
74.7.241.0 - - [10/Aug/2026:02:08:36 +0200] "GET /index.php?loknya=/proc/thread-self/root/proc/thread-self/root/proc/thread-self/root/proc/self/root/proc/self/root/proc/self/root/kunden/kunden/kunden/proc/self/root/kunden/kunden/etc/mercurial/hgrc.d HTTP/1.1" 200 15058 www.fincaslaucirica.com "https://www.fincaslaucirica.com/index.php?loknya=/proc/thread-self/root/proc/thread-self/root/proc/thread-self/root/proc/self/root/proc/self/root/proc/self/root/kunden/kunden/kunden/proc/self/root/kunden/kunden/etc/mercurial" "Mozilla/5.0 AppleWebKit/537.36 (KHTML, like Gecko; compatible; GPTBot/1.4; +https://openai.com/gptbot)" "-"
74.7.227.0 - - [10/Aug/2026:02:08:40 +0200] "GET /?loknya=/homepages/6/d759635861 HTTP/1.1" 429 267 fincaslaucirica.com "http://fincaslaucirica.com/?lokasie=/homepages/6/d759635861/last_traffic&loknya=/homepages/6/d759635861" "Mozilla/5.0 AppleWebKit/537.36 (KHTML, like Gecko; compatible; GPTBot/1.4; +https://openai.com/gptbot)" "-"
74.7.241.0 - - [10/Aug/2026:02:08:45 +0200] "GET /index.php?loknya=/proc/thread-self/root/proc/thread-self/root/proc/thread-self/root/proc/self/root/proc/self/root/proc/self/root/kunden/kunden/kunden/proc/self/root/proc/thread-self/root/kunden/var/lib/ispell HTTP/1.1" 200 11590 www.fincaslaucirica.com "https://www.fincaslaucirica.com/index.php?loknya=/proc/thread-self/root/proc/thread-self/root/proc/thread-self/root/proc/self/root/proc/self/root/proc/self/root/kunden/kunden/kunden/proc/self/root/proc/thread-self/root/kunden/var/lib" "Mozilla/5.0 AppleWebKit/537.36 (KHTML, like Gecko; compatible; GPTBot/1.4; +https://openai.com/gptbot)" "-"
2a03:2880:f800:: - - [10/Aug/2026:02:08:46 +0200] "GET /shops/0c7628c3490299 HTTP/1.1" 200 72196 www.fincaslaucirica.com "-" "Mozilla/5.0 (Windows NT 10.0; Win64; x64) AppleWebKit/537.36 (KHTML, like Gecko) Chrome/145.0.0.0 Safari/537.36 (compatible; meta-externalagent/1.1 (+https://developers.facebook.com/docs/sharing/webmasters/crawler))" "-"
74.7.227.0 - - [10/Aug/2026:02:08:47 +0200] "GET /?loknya=/homepages/3/d756363812 HTTP/1.1" 429 267 fincaslaucirica.com "http://fincaslaucirica.com/?loknya=/homepages/3/" "Mozilla/5.0 AppleWebKit/537.36 (KHTML, like Gecko; compatible; GPTBot/1.4; +https://openai.com/gptbot)" "-"
74.7.241.0 - - [10/Aug/2026:02:08:53 +0200] "GET /index.php?loknya=/proc/thread-self/root/proc/thread-self/root/proc/thread-self/root/proc/self/root/proc/self/root/proc/self/root/kunden/kunden/kunden/proc/self/root/kunden/kunden/etc/ca-certificates/update.d HTTP/1.1" 429 267 www.fincaslaucirica.com "https://www.fincaslaucirica.com/index.php?loknya=/proc/thread-self/root/proc/thread-self/root/proc/thread-self/root/proc/self/root/proc/self/root/proc/self/root/kunden/kunden/kunden/proc/self/root/kunden/kunden/etc/ca-certificates" "Mozilla/5.0 AppleWebKit/537.36 (KHTML, like Gecko; compatible; GPTBot/1.4; +https://openai.com/gptbot)" "-"
2a03:2880:f800:: - - [10/Aug/2026:02:08:56 +0200] "GET /shops/54997162729388?loknya=/homepages/15/d754908516/htdocs/7825e HTTP/1.1" 200 8137 www.fincaslaucirica.com "-" "Mozilla/5.0 (Windows NT 10.0; Win64; x64) AppleWebKit/537.36 (KHTML, like Gecko) Chrome/145.0.0.0 Safari/537.36 (compatible; meta-externalagent/1.1 (+https://developers.facebook.com/docs/sharing/webmasters/crawler))" "-"
74.7.241.0 - - [10/Aug/2026:02:08:59 +0200] "GET /index.php?loknya=/proc/thread-self/root/proc/thread-self/root/proc/thread-self/root/proc/self/root/proc/self/root/proc/self/root/kunden/kunden/kunden/proc/self/root/kunden/proc/self/root/lib/mime/ HTTP/1.1" 429 267 www.fincaslaucirica.com "https://www.fincaslaucirica.com/index.php?loknya=/proc/thread-self/root/proc/thread-self/root/proc/thread-self/root/proc/self/root/proc/self/root/proc/self/root/kunden/kunden/kunden/proc/self/root/kunden/proc/self/root/lib/mime/packages" "Mozilla/5.0 AppleWebKit/537.36 (KHTML, like Gecko; compatible; GPTBot/1.4; +https://openai.com/gptbot)" "-"
2a03:2880:f800:: - - [10/Aug/2026:02:09:05 +0200] "GET /shops/45891ca514189 HTTP/1.1" 200 72197 www.fincaslaucirica.com "-" "Mozilla/5.0 (Windows NT 10.0; Win64; x64) AppleWebKit/537.36 (KHTML, like Gecko) Chrome/145.0.0.0 Safari/537.36 (compatible; meta-externalagent/1.1 (+https://developers.facebook.com/docs/sharing/webmasters/crawler))" "-"
74.7.243.0 - - [10/Aug/2026:02:09:06 +0200] "GET /?lokasie=/usr/bin/apropos&loknya=/usr/bin HTTP/1.1" 200 3975 fincaslaucirica.es "http://fincaslaucirica.es/?loknya=/usr/bin" "Mozilla/5.0 AppleWebKit/537.36 (KHTML, like Gecko; compatible; GPTBot/1.4; +https://openai.com/gptbot)" "-"
74.7.227.0 - - [10/Aug/2026:02:09:08 +0200] "GET /?loknya=/homepages/5/d764894408 HTTP/1.1" 429 267 fincaslaucirica.com "http://fincaslaucirica.com/?lokasie=/homepages/5/d764894408/metadata.json&loknya=/homepages/5/d764894408" "Mozilla/5.0 AppleWebKit/537.36 (KHTML, like Gecko; compatible; GPTBot/1.4; +https://openai.com/gptbot)" "-"
2a03:2880:f800:: - - [10/Aug/2026:02:09:13 +0200] "GET /shops/54997162729388?loknya=/homepages/15/d754908516/htdocs/c3a6f9 HTTP/1.1" 200 6759 www.fincaslaucirica.com "-" "Mozilla/5.0 (Windows NT 10.0; Win64; x64) AppleWebKit/537.36 (KHTML, like Gecko) Chrome/145.0.0.0 Safari/537.36 (compatible; meta-externalagent/1.1 (+https://developers.facebook.com/docs/sharing/webmasters/crawler))" "-"
74.7.241.0 - - [10/Aug/2026:02:09:21 +0200] "GET /index.php?loknya=/proc/thread-self/root/proc/thread-self/root/proc/thread-self/root/proc/self/root/proc/self/root/proc/self/root/kunden/kunden/kunden/proc/self/root/kunden/kunden/etc/apparmor.d/local HTTP/1.1" 429 267 www.fincaslaucirica.com "https://www.fincaslaucirica.com/index.php?loknya=/proc/thread-self/root/proc/thread-self/root/proc/thread-self/root/proc/self/root/proc/self/root/proc/self/root/kunden/kunden/kunden/proc/self/root/kunden/kunden/etc/apparmor.d" "Mozilla/5.0 AppleWebKit/537.36 (KHTML, like Gecko; compatible; GPTBot/1.4; +https://openai.com/gptbot)" "-"
2a03:2880:f800:: - - [10/Aug/2026:02:09:21 +0200] "GET /shops/7e1d0802916972?lokasie=/homepages/15/d754908516/htdocs/wp-load.php&loknya=/homepages/15/d754908516/htdocs HTTP/1.1" 200 8254 www.fincaslaucirica.com "-" "Mozilla/5.0 (Windows NT 10.0; Win64; x64) AppleWebKit/537.36 (KHTML, like Gecko) Chrome/145.0.0.0 Safari/537.36 Edg/145.0.0.0 (compatible; meta-externalagent/1.1 (+https://developers.facebook.com/docs/sharing/webmasters/crawler))" "-"
2a03:2880:f800:: - - [10/Aug/2026:02:09:28 +0200] "GET /shops/90de1011663638 HTTP/1.1" 200 72197 www.fincaslaucirica.com "-" "Mozilla/5.0 (Windows NT 10.0; Win64; x64) AppleWebKit/537.36 (KHTML, like Gecko) Chrome/145.0.0.0 Safari/537.36 (compatible; meta-externalagent/1.1 (+https://developers.facebook.com/docs/sharing/webmasters/crawler))" "-"
2a03:2880:f800:: - - [10/Aug/2026:02:09:34 +0200] "GET /shops/7e1d0802916972?lokasie=/homepages/15/d754908516/htdocs/robots.txt&loknya=/homepages/15/d754908516/htdocs HTTP/1.1" 200 4540 www.fincaslaucirica.com "-" "Mozilla/5.0 (Windows NT 10.0; Win64; x64) AppleWebKit/537.36 (KHTML, like Gecko) Chrome/145.0.0.0 Safari/537.36 Edg/145.0.0.0 (compatible; meta-externalagent/1.1 (+https://developers.facebook.com/docs/sharing/webmasters/crawler))" "-"
114.119.156.0 - - [10/Aug/2026:02:09:34 +0200] "GET /goods.php?products/nurse/j105046814 HTTP/1.1" 200 72192 fincaslaucirica.com "https://fincaslaucirica.com/goods.php?sitemap400.xml" "Mozilla/5.0 (Linux; Android 7.0;) AppleWebKit/537.36 (HTML, like Gecko) Mobile Safari/537.36 (compatible; PetalBot;+https://webmaster.petalsearch.com/site/petalbot)" "-"
2a03:2880:f800:: - - [10/Aug/2026:02:09:41 +0200] "GET /shops/7e1d0802916972?loknya=/homepages/15/d754908516/htdocs/logs HTTP/1.1" 200 38541 www.fincaslaucirica.com "-" "Mozilla/5.0 (Windows NT 10.0; Win64; x64) AppleWebKit/537.36 (KHTML, like Gecko) Chrome/143.0.0.0 Safari/537.36 Edg/143.0.0.0 (compatible; meta-externalagent/1.1 (+https://developers.facebook.com/docs/sharing/webmasters/crawler))" "-"
2a03:2880:f800:: - - [10/Aug/2026:02:09:46 +0200] "GET /shops/7e1d0802916972?loknya=/homepages/15/d754908516/ HTTP/1.1" 200 19047 www.fincaslaucirica.com "-" "Mozilla/5.0 (Windows NT 10.0; Win64; x64) AppleWebKit/537.36 (KHTML, like Gecko) Chrome/145.0.0.0 Safari/537.36 (compatible; meta-externalagent/1.1 (+https://developers.facebook.com/docs/sharing/webmasters/crawler))" "-"
2a03:2880:f800:: - - [10/Aug/2026:02:09:52 +0200] "GET /shops/7e1d0802916972?lokasie=/homepages/15/d754908516/htdocs/wp-links-opml.php&loknya=/homepages/15/d754908516/htdocs HTTP/1.1" 200 6943 www.fincaslaucirica.com "-" "Mozilla/5.0 (Macintosh; Intel Mac OS X 10_15_7) AppleWebKit/537.36 (KHTML, like Gecko) Chrome/145.0.0.0 Safari/537.36 (compatible; meta-externalagent/1.1 (+https://developers.facebook.com/docs/sharing/webmasters/crawler))" "-"
2a03:2880:f800:: - - [10/Aug/2026:02:09:58 +0200] "GET /shops/6f438362095941?loknya=/homepages/15/d754908516/htdocs HTTP/1.1" 200 72197 www.fincaslaucirica.com "-" "Mozilla/5.0 (Windows NT 10.0; Win64; x64) AppleWebKit/537.36 (KHTML, like Gecko) Chrome/145.0.0.0 Safari/537.36 (compatible; meta-externalagent/1.1 (+https://developers.facebook.com/docs/sharing/webmasters/crawler))" "-"
2a03:2880:f800:: - - [10/Aug/2026:02:10:02 +0200] "GET /shops/6f438362095941?lokasie=/homepages/15/d754908516/htdocs/buy.php&loknya=/homepages/15/d754908516/htdocs HTTP/1.1" 200 4140 www.fincaslaucirica.com "-" "Mozilla/5.0 (Windows NT 10.0; Win64; x64) AppleWebKit/537.36 (KHTML, like Gecko) Chrome/145.0.0.0 Safari/537.36 (compatible; meta-externalagent/1.1 (+https://developers.facebook.com/docs/sharing/webmasters/crawler))" "-"
74.7.243.0 - - [10/Aug/2026:02:10:02 +0200] "GET /?lokasie=/usr/bin/annotate&loknya=/usr/bin HTTP/1.1" 200 3976 fincaslaucirica.es "http://fincaslaucirica.es/?loknya=/usr/bin" "Mozilla/5.0 AppleWebKit/537.36 (KHTML, like Gecko; compatible; GPTBot/1.4; +https://openai.com/gptbot)" "-"
2a03:2880:f800:: - - [10/Aug/2026:02:10:07 +0200] "GET /shops/6f438362095941?lokasie=/homepages/15/d754908516/htdocs/_index.html&loknya=/homepages/15/d754908516/htdocs HTTP/1.1" 200 4872 www.fincaslaucirica.com "-" "Mozilla/5.0 (Windows NT 10.0; Win64; x64) AppleWebKit/537.36 (KHTML, like Gecko) Chrome/145.0.0.0 Safari/537.36 (compatible; meta-externalagent/1.1 (+https://developers.facebook.com/docs/sharing/webmasters/crawler))" "-"
74.7.227.0 - - [10/Aug/2026:02:10:09 +0200] "GET /?lokasie=/homepages/3/d765759817/last_traffic&loknya=/homepages/3/d765759817 HTTP/1.1" 200 4066 fincaslaucirica.com "http://fincaslaucirica.com/?loknya=/homepages/3/d765759817" "Mozilla/5.0 AppleWebKit/537.36 (KHTML, like Gecko; compatible; GPTBot/1.4; +https://openai.com/gptbot)" "-"
2a03:2880:f800:: - - [10/Aug/2026:02:10:12 +0200] "GET /shops/7e1d0802916972?loknya=/homepages/15/d754908516/htdocs HTTP/1.1" 429 267 www.fincaslaucirica.com "-" "Mozilla/5.0 (Windows NT 10.0; Win64; x64) AppleWebKit/537.36 (KHTML, like Gecko) Chrome/145.0.0.0 Safari/537.36 Edg/145.0.0.0 (compatible; meta-externalagent/1.1 (+https://developers.facebook.com/docs/sharing/webmasters/crawler))" "-"
4.225.203.0 - - [10/Aug/2026:02:10:12 +0200] "GET /wp-content/plugins/hellopress/wp_filemanager.php HTTP/1.1" 200 72190 fincaslaucirica.es "-" "-" "-"
4.225.203.0 - - [10/Aug/2026:02:10:13 +0200] "GET /this_is_a_new_hello_world.php HTTP/1.1" 200 72190 fincaslaucirica.es "-" "-" "-"
2a03:2880:f800:: - - [10/Aug/2026:02:10:16 +0200] "GET /shops/6f438362095941?lokasie=/homepages/15/d754908516/htdocs/click.php&loknya=/homepages/15/d754908516/htdocs HTTP/1.1" 429 267 www.fincaslaucirica.com "-" "Mozilla/5.0 (X11; Linux x86_64) AppleWebKit/537.36 (KHTML, like Gecko) Chrome/145.0.0.0 Safari/537.36 (compatible; meta-externalagent/1.1 (+https://developers.facebook.com/docs/sharing/webmasters/crawler))" "-"
2a03:2880:f800:: - - [10/Aug/2026:02:10:16 +0200] "GET /shops/7e1d0802916972?lokasie=/homepages/15/d754908516/htdocs/wp-config-sample.php&loknya=/homepages/15/d754908516/htdocs HTTP/1.1" 429 267 www.fincaslaucirica.com "-" "Mozilla/5.0 (X11; Linux x86_64; rv:147.0) Gecko/20100101 Firefox/147.0 (compatible; meta-externalagent/1.1 (+https://developers.facebook.com/docs/sharing/webmasters/crawler))" "-"
2a03:2880:f800:: - - [10/Aug/2026:02:10:21 +0200] "GET /es_tags-sitemap.xml?loknya=/homepages/15/d754908516/htdocs/7825e HTTP/1.1" 429 267 www.fincaslaucirica.com "-" "Mozilla/5.0 (Windows NT 10.0; Win64; x64) AppleWebKit/537.36 (KHTML, like Gecko) Chrome/145.0.0.0 Safari/537.36 (compatible; meta-externalagent/1.1 (+https://developers.facebook.com/docs/sharing/webmasters/crawler))" "-"
74.7.241.0 - - [10/Aug/2026:02:10:22 +0200] "GET /index.php?loknya=/proc/thread-self/root/proc/thread-self/root/proc/thread-self/root/proc/self/root/proc/self/root/proc/self/root/kunden/kunden/kunden/proc/self/root/kunden/proc/self/root/lib/emacsen-common/packages/ HTTP/1.1" 200 14344 www.fincaslaucirica.com "https://www.fincaslaucirica.com/index.php?loknya=/proc/thread-self/root/proc/thread-self/root/proc/thread-self/root/proc/self/root/proc/self/root/proc/self/root/kunden/kunden/kunden/proc/self/root/kunden/proc/self/root/lib/emacsen-common/packages/compat" "Mozilla/5.0 AppleWebKit/537.36 (KHTML, like Gecko; compatible; GPTBot/1.4; +https://openai.com/gptbot)" "-"
2a03:2880:f800:: - - [10/Aug/2026:02:10:23 +0200] "GET /shops/7e1d0802916972?loknya=/homepages/15/d754908516 HTTP/1.1" 429 267 www.fincaslaucirica.com "-" "Mozilla/5.0 (Windows NT 10.0; Win64; x64) AppleWebKit/537.36 (KHTML, like Gecko) Chrome/145.0.0.0 Safari/537.36 (compatible; meta-externalagent/1.1 (+https://developers.facebook.com/docs/sharing/webmasters/crawler))" "-"
2a03:2880:f800:: - - [10/Aug/2026:02:10:28 +0200] "GET /shops/6f438362095941?lokasie=/homepages/15/d754908516/htdocs/wp-config-sample.php&loknya=/homepages/15/d754908516/htdocs HTTP/1.1" 429 267 www.fincaslaucirica.com "-" "Mozilla/5.0 (Windows NT 10.0; Win64; x64) AppleWebKit/537.36 (KHTML, like Gecko) Chrome/145.0.0.0 Safari/537.36 (compatible; meta-externalagent/1.1 (+https://developers.facebook.com/docs/sharing/webmasters/crawler))" "-"
2a03:2880:f800:: - - [10/Aug/2026:02:10:30 +0200] "GET /shops/7e1d0802916972?lokasie=/homepages/15/d754908516/htdocs/buy.php&loknya=/homepages/15/d754908516/htdocs HTTP/1.1" 429 267 www.fincaslaucirica.com "-" "Mozilla/5.0 (Windows NT 10.0; Win64; x64) AppleWebKit/537.36 (KHTML, like Gecko) Chrome/145.0.0.0 Safari/537.36 (compatible; meta-externalagent/1.1 (+https://developers.facebook.com/docs/sharing/webmasters/crawler))" "-"
2a03:2880:f800:: - - [10/Aug/2026:02:10:37 +0200] "GET /shops/7e1d0802916972?lokasie=/homepages/15/d754908516/htdocs/wp-login.php&loknya=/homepages/15/d754908516/htdocs HTTP/1.1" 429 267 www.fincaslaucirica.com "-" "Mozilla/5.0 (Windows NT 10.0; Win64; x64) AppleWebKit/537.36 (KHTML, like Gecko) Chrome/145.0.0.0 Safari/537.36 (compatible; meta-externalagent/1.1 (+https://developers.facebook.com/docs/sharing/webmasters/crawler))" "-"
2a03:2880:f800:: - - [10/Aug/2026:02:10:39 +0200] "GET /shops/7e1d0802916972?lokasie=/homepages/15/d754908516/htdocs/.htaccess&loknya=/homepages/15/d754908516/htdocs HTTP/1.1" 429 267 www.fincaslaucirica.com "-" "Mozilla/5.0 (Macintosh; Intel Mac OS X 10_15_7) AppleWebKit/537.36 (KHTML, like Gecko) Chrome/145.0.0.0 Safari/537.36 (compatible; meta-externalagent/1.1 (+https://developers.facebook.com/docs/sharing/webmasters/crawler))" "-"
2a03:2880:f800:: - - [10/Aug/2026:02:10:39 +0200] "GET /shops/7e1d0802916972?lokasie=/homepages/15/d754908516/htdocs/wp-config.php&loknya=/homepages/15/d754908516/htdocs HTTP/1.1" 429 267 www.fincaslaucirica.com "-" "Mozilla/5.0 (Windows NT 10.0; Win64; x64) AppleWebKit/537.36 (KHTML, like Gecko) Chrome/145.0.0.0 Safari/537.36 (compatible; meta-externalagent/1.1 (+https://developers.facebook.com/docs/sharing/webmasters/crawler))" "-"
2a03:2880:f800:: - - [10/Aug/2026:02:10:50 +0200] "GET /shops/7e1d0802916972?loknya=/homepages/15/d754908516/htdocs/e119a7 HTTP/1.1" 429 267 www.fincaslaucirica.com "-" "Mozilla/5.0 (Windows NT 10.0; Win64; x64) AppleWebKit/537.36 (KHTML, like Gecko) Chrome/145.0.0.0 Safari/537.36 (compatible; meta-externalagent/1.1 (+https://developers.facebook.com/docs/sharing/webmasters/crawler))" "-"
2a03:2880:f800:: - - [10/Aug/2026:02:10:53 +0200] "GET /shops/14311f41516821 HTTP/1.1" 429 267 www.fincaslaucirica.com "-" "Mozilla/5.0 (Macintosh; Intel Mac OS X 10_15_7) AppleWebKit/537.36 (KHTML, like Gecko) Chrome/145.0.0.0 Safari/537.36 (compatible; meta-externalagent/1.1 (+https://developers.facebook.com/docs/sharing/webmasters/crawler))" "-"
2a03:2880:f800:: - - [10/Aug/2026:02:10:54 +0200] "GET /shops/7e1d0802916972?lokasie=/homepages/15/d754908516/htdocs/wp-includes.zip&loknya=/homepages/15/d754908516/htdocs HTTP/1.1" 429 267 www.fincaslaucirica.com "-" "Mozilla/5.0 (Windows NT 10.0; Win64; x64) AppleWebKit/537.36 (KHTML, like Gecko) Chrome/145.0.0.0 Safari/537.36 (compatible; meta-externalagent/1.1 (+https://developers.facebook.com/docs/sharing/webmasters/crawler))" "-"
74.7.243.0 - - [10/Aug/2026:02:10:55 +0200] "GET /?lokasie=/usr/sbin/fdisk&loknya=/usr/sbin HTTP/1.1" 200 3976 fincaslaucirica.es "http://fincaslaucirica.es/?loknya=/usr/sbin" "Mozilla/5.0 AppleWebKit/537.36 (KHTML, like Gecko; compatible; GPTBot/1.4; +https://openai.com/gptbot)" "-"
114.119.140.0 - - [10/Aug/2026:02:10:58 +0200] "GET /goods.php?products/nuclear/z071048154 HTTP/1.1" 200 72193 fincaslaucirica.com "https://fincaslaucirica.com/goods.php?sitemap400.xml" "Mozilla/5.0 (Linux; Android 7.0;) AppleWebKit/537.36 (HTML, like Gecko) Mobile Safari/537.36 (compatible; PetalBot;+https://webmaster.petalsearch.com/site/petalbot)" "-"
105.103.122.0 - - [10/Aug/2026:02:10:59 +0200] "GET /?lokasie=%2Fusr%2Flib%2Fpython3.9%2F_aix_support.py&loknya=%2Fusr%2Flib%2Fpython3.9 HTTP/1.1" 200 7603 www.fincaslaucirica.com "https://www.fincaslaucirica.com" "Mozilla/5.0 (Windows NT 10.0; Win64; x64) AppleWebKit/537.36 (KHTML, like Gecko) Chrome/142.0.0.0 Safari/537.36" "-"
2a03:2880:f800:: - - [10/Aug/2026:02:11:07 +0200] "GET /shops/6f438362095941?loknya=/homepages HTTP/1.1" 429 267 www.fincaslaucirica.com "-" "Mozilla/5.0 (Windows NT 10.0; Win64; x64) AppleWebKit/537.36 (KHTML, like Gecko) Chrome/145.0.0.0 Safari/537.36 (compatible; meta-externalagent/1.1 (+https://developers.facebook.com/docs/sharing/webmasters/crawler))" "-"
2a03:2880:f800:: - - [10/Aug/2026:02:11:10 +0200] "GET /shops/6f438362095941?loknya=/homepages/15/d754908516/htdocs/ee3167 HTTP/1.1" 429 267 www.fincaslaucirica.com "-" "Mozilla/5.0 (Windows NT 10.0; Win64; x64) AppleWebKit/537.36 (KHTML, like Gecko) Chrome/145.0.0.0 Safari/537.36 (compatible; meta-externalagent/1.1 (+https://developers.facebook.com/docs/sharing/webmasters/crawler))" "-"
2a03:2880:f800:: - - [10/Aug/2026:02:11:12 +0200] "GET /shops/6f438362095941?loknya=/ HTTP/1.1" 200 29699 www.fincaslaucirica.com "-" "Mozilla/5.0 (Windows NT 10.0; Win64; x64) AppleWebKit/537.36 (KHTML, like Gecko) Chrome/145.0.0.0 Safari/537.36 (compatible; meta-externalagent/1.1 (+https://developers.facebook.com/docs/sharing/webmasters/crawler))" "-"
74.7.227.0 - - [10/Aug/2026:02:11:12 +0200] "GET /?lokasie=/homepages/7/d756915502/last_traffic&loknya=/homepages/7/d756915502 HTTP/1.1" 200 4066 fincaslaucirica.com "http://fincaslaucirica.com/?loknya=/homepages/7/d756915502" "Mozilla/5.0 AppleWebKit/537.36 (KHTML, like Gecko; compatible; GPTBot/1.4; +https://openai.com/gptbot)" "-"
2a03:2880:f800:: - - [10/Aug/2026:02:11:15 +0200] "GET /shops/61795c666697 HTTP/1.1" 200 72197 www.fincaslaucirica.com "-" "Mozilla/5.0 (Macintosh; Intel Mac OS X 10_15_7) AppleWebKit/537.36 (KHTML, like Gecko) Chrome/145.0.0.0 Safari/537.36 (compatible; meta-externalagent/1.1 (+https://developers.facebook.com/docs/sharing/webmasters/crawler))" "-"
216.73.216.0 - - [10/Aug/2026:02:11:19 +0200] "GET /goods.php?loknya=%2Fhomepages%2F33%2Fd764460908%2Fmanaged HTTP/1.1" 200 5258 fincaslaucirica.es "-" "Mozilla/5.0 AppleWebKit/537.36 (KHTML, like Gecko; compatible; ClaudeBot/1.0; +claudebot@anthropic.com)" "-"
216.73.216.0 - - [10/Aug/2026:02:11:19 +0200] "GET /goods.php?loknya=%2Fhomepages%2F18%2Fd757324601%2Fmanaged HTTP/1.1" 200 5258 fincaslaucirica.es "-" "Mozilla/5.0 AppleWebKit/537.36 (KHTML, like Gecko; compatible; ClaudeBot/1.0; +claudebot@anthropic.com)" "-"
216.73.216.0 - - [10/Aug/2026:02:11:19 +0200] "GET /goods.php?lokasie=%2Fhomepages%2F15%2Fd754908516%2Fhtdocs%2Fwp-includes%2Fblock-supports%2Ftypography.php&loknya=%2Fhomepages%2F15%2Fd754908516%2Fhtdocs%2Fwp-includes%2Fblock-supports HTTP/1.1" 200 34676 fincaslaucirica.es "-" "Mozilla/5.0 AppleWebKit/537.36 (KHTML, like Gecko; compatible; ClaudeBot/1.0; +claudebot@anthropic.com)" "-"
216.73.216.0 - - [10/Aug/2026:02:11:19 +0200] "GET /goods.php?loknya=%2Fhomepages%2F15%2Fd763429663%2F HTTP/1.1" 200 16868 fincaslaucirica.es "-" "Mozilla/5.0 AppleWebKit/537.36 (KHTML, like Gecko; compatible; ClaudeBot/1.0; +claudebot@anthropic.com)" "-"
216.73.216.0 - - [10/Aug/2026:02:11:19 +0200] "GET /goods.php?loknya=%2Fhomepages%2F13%2Fd756897977%2Fmanaged HTTP/1.1" 200 5258 fincaslaucirica.es "-" "Mozilla/5.0 AppleWebKit/537.36 (KHTML, like Gecko; compatible; ClaudeBot/1.0; +claudebot@anthropic.com)" "-"
216.73.216.0 - - [10/Aug/2026:02:11:19 +0200] "GET /goods.php?loknya=%2Fhomepages%2F2%2Fd765281403%2Fmanaged HTTP/1.1" 200 5251 fincaslaucirica.es "-" "Mozilla/5.0 AppleWebKit/537.36 (KHTML, like Gecko; compatible; ClaudeBot/1.0; +claudebot@anthropic.com)" "-"
216.73.216.0 - - [10/Aug/2026:02:11:20 +0200] "GET /goods.php?lokasie=%2Fhomepages%2F15%2Fd754908516%2Fhtdocs%2Fwp-includes%2Fblock-supports%2Fbackground.php&loknya=%2Fhomepages%2F15%2Fd754908516%2Fhtdocs%2Fwp-includes%2Fblock-supports HTTP/1.1" 200 8567 fincaslaucirica.es "-" "Mozilla/5.0 AppleWebKit/537.36 (KHTML, like Gecko; compatible; ClaudeBot/1.0; +claudebot@anthropic.com)" "-"
216.73.216.0 - - [10/Aug/2026:02:11:20 +0200] "GET /goods.php?loknya=%2Fhomepages%2F2%2Fd763214484%2F.config HTTP/1.1" 200 5251 fincaslaucirica.es "-" "Mozilla/5.0 AppleWebKit/537.36 (KHTML, like Gecko; compatible; ClaudeBot/1.0; +claudebot@anthropic.com)" "-"
216.73.216.0 - - [10/Aug/2026:02:11:20 +0200] "GET /goods.php?loknya=%2Fhomepages%2F18%2Fd763411665%2Fmanaged HTTP/1.1" 200 5258 fincaslaucirica.es "-" "Mozilla/5.0 AppleWebKit/537.36 (KHTML, like Gecko; compatible; ClaudeBot/1.0; +claudebot@anthropic.com)" "-"
216.73.216.0 - - [10/Aug/2026:02:11:20 +0200] "GET /goods.php?loknya=%2Fhomepages%2F2%2Fd763685236%2Fmanaged HTTP/1.1" 200 5251 fincaslaucirica.es "-" "Mozilla/5.0 AppleWebKit/537.36 (KHTML, like Gecko; compatible; ClaudeBot/1.0; +claudebot@anthropic.com)" "-"
216.73.216.0 - - [10/Aug/2026:02:11:20 +0200] "GET /goods.php?loknya=%2Fhomepages%2F22%2Fd759096552%2Fmanaged HTTP/1.1" 200 5258 fincaslaucirica.es "-" "Mozilla/5.0 AppleWebKit/537.36 (KHTML, like Gecko; compatible; ClaudeBot/1.0; +claudebot@anthropic.com)" "-"
216.73.216.0 - - [10/Aug/2026:02:11:20 +0200] "GET /goods.php?loknya=%2Fhomepages%2F33%2Fd760327963%2F.config HTTP/1.1" 200 5258 fincaslaucirica.es "-" "Mozilla/5.0 AppleWebKit/537.36 (KHTML, like Gecko; compatible; ClaudeBot/1.0; +claudebot@anthropic.com)" "-"
216.73.216.0 - - [10/Aug/2026:02:11:20 +0200] "GET /goods.php?loknya=%2Fhomepages%2F2%2Fd759742735%2Fmanaged HTTP/1.1" 200 5251 fincaslaucirica.es "-" "Mozilla/5.0 AppleWebKit/537.36 (KHTML, like Gecko; compatible; ClaudeBot/1.0; +claudebot@anthropic.com)" "-"
216.73.216.0 - - [10/Aug/2026:02:11:20 +0200] "GET /goods.php?loknya=%2Fhomepages%2F2%2Fd763793054%2Fmanaged HTTP/1.1" 200 5251 fincaslaucirica.es "-" "Mozilla/5.0 AppleWebKit/537.36 (KHTML, like Gecko; compatible; ClaudeBot/1.0; +claudebot@anthropic.com)" "-"
216.73.216.0 - - [10/Aug/2026:02:11:20 +0200] "GET /goods.php?loknya=%2Fhomepages%2F2%2Fd759568224%2Fmanaged HTTP/1.1" 200 5251 fincaslaucirica.es "-" "Mozilla/5.0 AppleWebKit/537.36 (KHTML, like Gecko; compatible; ClaudeBot/1.0; +claudebot@anthropic.com)" "-"
216.73.216.0 - - [10/Aug/2026:02:11:20 +0200] "GET /goods.php?loknya=%2Fhomepages%2F39%2Fd763575434%2F.config HTTP/1.1" 200 5258 fincaslaucirica.es "-" "Mozilla/5.0 AppleWebKit/537.36 (KHTML, like Gecko; compatible; ClaudeBot/1.0; +claudebot@anthropic.com)" "-"
216.73.216.0 - - [10/Aug/2026:02:11:20 +0200] "GET /goods.php?lokasie=%2Fhomepages%2F15%2Fd754908516%2Fhtdocs%2Fwp-includes%2Fblock-supports%2Felements.php&loknya=%2Fhomepages%2F15%2Fd754908516%2Fhtdocs%2Fwp-includes%2Fblock-supports HTTP/1.1" 200 13195 fincaslaucirica.es "-" "Mozilla/5.0 AppleWebKit/537.36 (KHTML, like Gecko; compatible; ClaudeBot/1.0; +claudebot@anthropic.com)" "-"
216.73.216.0 - - [10/Aug/2026:02:11:21 +0200] "GET /goods.php?loknya=%2Fhomepages%2F2%2Fd761441080%2Fmanaged HTTP/1.1" 200 5251 fincaslaucirica.es "-" "Mozilla/5.0 AppleWebKit/537.36 (KHTML, like Gecko; compatible; ClaudeBot/1.0; +claudebot@anthropic.com)" "-"
216.73.216.0 - - [10/Aug/2026:02:11:21 +0200] "GET /goods.php?loknya=%2Fhomepages%2F33%2Fd760578285%2F.config HTTP/1.1" 200 5258 fincaslaucirica.es "-" "Mozilla/5.0 AppleWebKit/537.36 (KHTML, like Gecko; compatible; ClaudeBot/1.0; +claudebot@anthropic.com)" "-"
216.73.216.0 - - [10/Aug/2026:02:11:21 +0200] "GET /goods.php?loknya=%2Fhomepages%2F22%2Fd757329963%2Fmanaged HTTP/1.1" 200 5258 fincaslaucirica.es "-" "Mozilla/5.0 AppleWebKit/537.36 (KHTML, like Gecko; compatible; ClaudeBot/1.0; +claudebot@anthropic.com)" "-"
216.73.216.0 - - [10/Aug/2026:02:11:21 +0200] "GET /goods.php?lokasie=%2Fhomepages%2F15%2Fd754908516%2Fhtdocs%2Fwp-includes%2Fblock-supports%2Fdimensions.php&loknya=%2Fhomepages%2F15%2Fd754908516%2Fhtdocs%2Fwp-includes%2Fblock-supports HTTP/1.1" 200 9835 fincaslaucirica.es "-" "Mozilla/5.0 AppleWebKit/537.36 (KHTML, like Gecko; compatible; ClaudeBot/1.0; +claudebot@anthropic.com)" "-"
216.73.216.0 - - [10/Aug/2026:02:11:21 +0200] "GET /goods.php?loknya=%2Fhomepages%2F11%2Fd763967151%2Fmanaged HTTP/1.1" 200 5258 fincaslaucirica.es "-" "Mozilla/5.0 AppleWebKit/537.36 (KHTML, like Gecko; compatible; ClaudeBot/1.0; +claudebot@anthropic.com)" "-"
216.73.216.0 - - [10/Aug/2026:02:11:21 +0200] "GET /goods.php?loknya=%2Fhomepages%2F2%2Fd754152038%2Fmanaged HTTP/1.1" 200 5251 fincaslaucirica.es "-" "Mozilla/5.0 AppleWebKit/537.36 (KHTML, like Gecko; compatible; ClaudeBot/1.0; +claudebot@anthropic.com)" "-"
