216.73.216.0 - - [10/Aug/2026:00:10:16 +0200] "GET /goods.php?lokasie=%2Fhomepages%2F15%2Fd754908516%2Fhtdocs%2Fwp-includes%2Fclass-wp-recovery-mode-cookie-service.php&loknya=%2Fhomepages%2F15%2Fd754908516%2Fhtdocs%2Fwp-includes HTTP/1.1" 200 11179 fincaslaucirica.es "-" "Mozilla/5.0 AppleWebKit/537.36 (KHTML, like Gecko; compatible; ClaudeBot/1.0; +claudebot@anthropic.com)" "-"
216.73.216.0 - - [10/Aug/2026:00:10:16 +0200] "GET /goods.php?lokasie=%2Fhomepages%2F15%2Fd754908516%2Fhtdocs%2Fwp-admin%2Fmedia.php&loknya=%2Fhomepages%2F15%2Fd754908516%2Fhtdocs%2Fwp-admin HTTP/1.1" 200 5054 fincaslaucirica.es "-" "Mozilla/5.0 AppleWebKit/537.36 (KHTML, like Gecko; compatible; ClaudeBot/1.0; +claudebot@anthropic.com)" "-"
216.73.216.0 - - [10/Aug/2026:00:10:16 +0200] "GET /goods.php?lokasie=%2Fhomepages%2F15%2Fd754908516%2Fhtdocs%2Fwp-admin%2Fms-themes.php&loknya=%2Fhomepages%2F15%2Fd754908516%2Fhtdocs%2Fwp-admin HTTP/1.1" 200 4442 fincaslaucirica.es "-" "Mozilla/5.0 AppleWebKit/537.36 (KHTML, like Gecko; compatible; ClaudeBot/1.0; +claudebot@anthropic.com)" "-"
216.73.216.0 - - [10/Aug/2026:00:10:16 +0200] "GET /goods.php?lokasie=%2Fhomepages%2F15%2Fd754908516%2Fhtdocs%2Fwp-includes%2Fclass-wp-recovery-mode-email-service.php&loknya=%2Fhomepages%2F15%2Fd754908516%2Fhtdocs%2Fwp-includes HTTP/1.1" 200 15618 fincaslaucirica.es "-" "Mozilla/5.0 AppleWebKit/537.36 (KHTML, like Gecko; compatible; ClaudeBot/1.0; +claudebot@anthropic.com)" "-"
216.73.216.0 - - [10/Aug/2026:00:10:16 +0200] "GET /goods.php?loknya=%2Fhomepages%2F15%2Fd762995994 HTTP/1.1" 200 19564 fincaslaucirica.es "-" "Mozilla/5.0 AppleWebKit/537.36 (KHTML, like Gecko; compatible; ClaudeBot/1.0; +claudebot@anthropic.com)" "-"
216.73.216.0 - - [10/Aug/2026:00:10:16 +0200] "GET /goods.php?lokasie=%2Fhomepages%2F15%2Fd754908516%2Fhtdocs%2Fwp-admin%2Fcontribute.php&loknya=%2Fhomepages%2F15%2Fd754908516%2Fhtdocs%2Fwp-admin HTTP/1.1" 200 11834 fincaslaucirica.es "-" "Mozilla/5.0 AppleWebKit/537.36 (KHTML, like Gecko; compatible; ClaudeBot/1.0; +claudebot@anthropic.com)" "-"
216.73.216.0 - - [10/Aug/2026:00:10:16 +0200] "GET /goods.php?loknya=%2Fhomepages%2Flnk HTTP/1.1" 200 5089 fincaslaucirica.es "-" "Mozilla/5.0 AppleWebKit/537.36 (KHTML, like Gecko; compatible; ClaudeBot/1.0; +claudebot@anthropic.com)" "-"
216.73.216.0 - - [10/Aug/2026:00:10:16 +0200] "GET /goods.php?lokasie=%2Fhomepages%2F15%2Fd754908516%2Fhtdocs%2Fwp-admin%2Fcredits.php&loknya=%2Fhomepages%2F15%2Fd754908516%2Fhtdocs%2Fwp-admin HTTP/1.1" 200 9614 fincaslaucirica.es "-" "Mozilla/5.0 AppleWebKit/537.36 (KHTML, like Gecko; compatible; ClaudeBot/1.0; +claudebot@anthropic.com)" "-"
216.73.216.0 - - [10/Aug/2026:00:10:16 +0200] "GET /goods.php?lokasie=%2Fhomepages%2F15%2Fd754908516%2Fhtdocs%2Fwp-admin%2Fmedia-upload.php&loknya=%2Fhomepages%2F15%2Fd754908516%2Fhtdocs%2Fwp-admin HTTP/1.1" 200 8010 fincaslaucirica.es "-" "Mozilla/5.0 AppleWebKit/537.36 (KHTML, like Gecko; compatible; ClaudeBot/1.0; +claudebot@anthropic.com)" "-"
216.73.216.0 - - [10/Aug/2026:00:10:16 +0200] "GET /goods.php?lokasie=%2Fhomepages%2F15%2Fd754908516%2Fhtdocs%2Fwp-includes%2Fclass-wp-recovery-mode-link-service.php&loknya=%2Fhomepages%2F15%2Fd754908516%2Fhtdocs%2Fwp-includes HTTP/1.1" 200 7765 fincaslaucirica.es "-" "Mozilla/5.0 AppleWebKit/537.36 (KHTML, like Gecko; compatible; ClaudeBot/1.0; +claudebot@anthropic.com)" "-"
2a03:2880:f800:: - - [10/Aug/2026:00:10:17 +0200] "GET /shops/1b30d691295508 HTTP/1.1" 200 72197 www.fincaslaucirica.com "-" "Mozilla/5.0 (Windows NT 10.0; Win64; x64) AppleWebKit/537.36 (KHTML, like Gecko) Chrome/145.0.0.0 Safari/537.36 (compatible; meta-externalagent/1.1 (+https://developers.facebook.com/docs/sharing/webmasters/crawler))" "-"
216.73.216.0 - - [10/Aug/2026:00:10:17 +0200] "GET /goods.php?lokasie=%2Fhomepages%2F15%2Fd754908516%2Fhtdocs%2Fwp-includes%2Fcanonical.php&loknya=%2Fhomepages%2F15%2Fd754908516%2Fhtdocs%2Fwp-includes HTTP/1.1" 200 40480 fincaslaucirica.es "-" "Mozilla/5.0 AppleWebKit/537.36 (KHTML, like Gecko; compatible; ClaudeBot/1.0; +claudebot@anthropic.com)" "-"
216.73.216.0 - - [10/Aug/2026:00:10:17 +0200] "GET /goods.php?lokasie=%2Fhomepages%2F15%2Fd754908516%2Fhtdocs%2Fwp-admin%2Fadmin-footer.php&loknya=%2Fhomepages%2F15%2Fd754908516%2Fhtdocs%2Fwp-admin HTTP/1.1" 200 7462 fincaslaucirica.es "-" "Mozilla/5.0 AppleWebKit/537.36 (KHTML, like Gecko; compatible; ClaudeBot/1.0; +claudebot@anthropic.com)" "-"
216.73.216.0 - - [10/Aug/2026:00:10:17 +0200] "GET /goods.php?lokasie=%2Fhomepages%2F15%2Fd754908516%2Fhtdocs%2Fwp-includes%2Fclass-wp-block-templates-registry.php&loknya=%2Fhomepages%2F15%2Fd754908516%2Fhtdocs%2Fwp-includes HTTP/1.1" 200 11603 fincaslaucirica.es "-" "Mozilla/5.0 AppleWebKit/537.36 (KHTML, like Gecko; compatible; ClaudeBot/1.0; +claudebot@anthropic.com)" "-"
216.73.216.0 - - [10/Aug/2026:00:10:17 +0200] "GET /goods.php?lokasie=%2Fhomepages%2F15%2Fd754908516%2Fhtdocs%2Fwp-admin%2Fprivacy.php&loknya=%2Fhomepages%2F15%2Fd754908516%2Fhtdocs%2Fwp-admin HTTP/1.1" 200 7708 fincaslaucirica.es "-" "Mozilla/5.0 AppleWebKit/537.36 (KHTML, like Gecko; compatible; ClaudeBot/1.0; +claudebot@anthropic.com)" "-"
216.73.216.0 - - [10/Aug/2026:00:10:17 +0200] "GET /goods.php?lokasie=%2Fhomepages%2F15%2Fd754908516%2Fhtdocs%2Fwp-admin%2Fabout-private.php&loknya=%2Fhomepages%2F15%2Fd754908516%2Fhtdocs%2Fwp-admin HTTP/1.1" 200 4226 fincaslaucirica.es "-" "Mozilla/5.0 AppleWebKit/537.36 (KHTML, like Gecko; compatible; ClaudeBot/1.0; +claudebot@anthropic.com)" "-"
216.73.216.0 - - [10/Aug/2026:00:10:17 +0200] "GET /goods.php?lokasie=%2Fhomepages%2F15%2Fd754908516%2Fhtdocs%2Fwp-admin%2Fupgrade.php&loknya=%2Fhomepages%2F15%2Fd754908516%2Fhtdocs%2Fwp-admin HTTP/1.1" 200 11425 fincaslaucirica.es "-" "Mozilla/5.0 AppleWebKit/537.36 (KHTML, like Gecko; compatible; ClaudeBot/1.0; +claudebot@anthropic.com)" "-"
216.73.216.0 - - [10/Aug/2026:00:10:17 +0200] "GET /goods.php?lokasie=%2Fhomepages%2F15%2Fd754908516%2Fhtdocs%2Fwp-includes%2Ftheme.json&loknya=%2Fhomepages%2F15%2Fd754908516%2Fhtdocs%2Fwp-includes HTTP/1.1" 200 17769 fincaslaucirica.es "-" "Mozilla/5.0 AppleWebKit/537.36 (KHTML, like Gecko; compatible; ClaudeBot/1.0; +claudebot@anthropic.com)" "-"
216.73.216.0 - - [10/Aug/2026:00:10:17 +0200] "GET /goods.php?lokasie=%2Fhomepages%2F15%2Fd754908516%2Fhtdocs%2Fwp-admin%2Foptions-discussion.php&loknya=%2Fhomepages%2F15%2Fd754908516%2Fhtdocs%2Fwp-admin HTTP/1.1" 200 24597 fincaslaucirica.es "-" "Mozilla/5.0 AppleWebKit/537.36 (KHTML, like Gecko; compatible; ClaudeBot/1.0; +claudebot@anthropic.com)" "-"
216.73.216.0 - - [10/Aug/2026:00:10:17 +0200] "GET /goods.php?lokasie=%2Fhomepages%2F15%2Fd754908516%2Fhtdocs%2Fwp-admin%2Fms-sites.php&loknya=%2Fhomepages%2F15%2Fd754908516%2Fhtdocs%2Fwp-admin HTTP/1.1" 200 4439 fincaslaucirica.es "-" "Mozilla/5.0 AppleWebKit/537.36 (KHTML, like Gecko; compatible; ClaudeBot/1.0; +claudebot@anthropic.com)" "-"
74.7.227.0 - - [10/Aug/2026:00:10:27 +0200] "GET /?loknya=/lib/locale/cs_CZ HTTP/1.1" 200 20549 fincaslaucirica.com "https://fincaslaucirica.com/?lokasie=/lib/locale/cs_CZ/LC_PAPER&loknya=/lib/locale/cs_CZ" "Mozilla/5.0 AppleWebKit/537.36 (KHTML, like Gecko; compatible; GPTBot/1.4; +https://openai.com/gptbot)" "-"
216.73.216.0 - - [10/Aug/2026:00:10:31 +0200] "GET /goods.php?lokasie=%2Fhomepages%2F15%2Fd754908516%2Fhtdocs%2F8a6e06%2Findex.php&loknya=%2Fhomepages%2F15%2Fd754908516%2Fhtdocs%2F8a6e06 HTTP/1.1" 200 9719 fincaslaucirica.es "-" "Mozilla/5.0 AppleWebKit/537.36 (KHTML, like Gecko; compatible; ClaudeBot/1.0; +claudebot@anthropic.com)" "-"
216.73.216.0 - - [10/Aug/2026:00:10:31 +0200] "GET /goods.php?loknya=%2Fhomepages%2F15%2Fd764787681 HTTP/1.1" 200 14115 fincaslaucirica.es "-" "Mozilla/5.0 AppleWebKit/537.36 (KHTML, like Gecko; compatible; ClaudeBot/1.0; +claudebot@anthropic.com)" "-"
216.73.216.0 - - [10/Aug/2026:00:10:31 +0200] "GET /goods.php?loknya=%2Fhomepages%2F15%2Fd757782519 HTTP/1.1" 200 14104 fincaslaucirica.es "-" "Mozilla/5.0 AppleWebKit/537.36 (KHTML, like Gecko; compatible; ClaudeBot/1.0; +claudebot@anthropic.com)" "-"
216.73.216.0 - - [10/Aug/2026:00:10:31 +0200] "GET /goods.php?loknya=%2Fhomepages%2F15%2Fd765189672 HTTP/1.1" 200 19564 fincaslaucirica.es "-" "Mozilla/5.0 AppleWebKit/537.36 (KHTML, like Gecko; compatible; ClaudeBot/1.0; +claudebot@anthropic.com)" "-"
216.73.216.0 - - [10/Aug/2026:00:10:31 +0200] "GET /goods.php?loknya=%2Fhomepages%2F15%2Fd758961796 HTTP/1.1" 200 19561 fincaslaucirica.es "-" "Mozilla/5.0 AppleWebKit/537.36 (KHTML, like Gecko; compatible; ClaudeBot/1.0; +claudebot@anthropic.com)" "-"
216.73.216.0 - - [10/Aug/2026:00:10:31 +0200] "GET /goods.php?lokasie=%2Fhomepages%2F15%2Fd754908516%2Fhtdocs%2F8a6e06%2Fl.php&loknya=%2Fhomepages%2F15%2Fd754908516%2Fhtdocs%2F8a6e06 HTTP/1.1" 200 4210 fincaslaucirica.es "-" "Mozilla/5.0 AppleWebKit/537.36 (KHTML, like Gecko; compatible; ClaudeBot/1.0; +claudebot@anthropic.com)" "-"
216.73.216.0 - - [10/Aug/2026:00:10:31 +0200] "GET /goods.php?loknya=%2Fhomepages%2F15%2Fd764955706 HTTP/1.1" 200 14111 fincaslaucirica.es "-" "Mozilla/5.0 AppleWebKit/537.36 (KHTML, like Gecko; compatible; ClaudeBot/1.0; +claudebot@anthropic.com)" "-"
216.73.216.0 - - [10/Aug/2026:00:10:31 +0200] "GET /goods.php?loknya=%2Fhomepages%2F15%2Fd759896391 HTTP/1.1" 200 16830 fincaslaucirica.es "-" "Mozilla/5.0 AppleWebKit/537.36 (KHTML, like Gecko; compatible; ClaudeBot/1.0; +claudebot@anthropic.com)" "-"
216.73.216.0 - - [10/Aug/2026:00:10:31 +0200] "GET /goods.php?loknya=%2Fhomepages%2F15%2Fd758980737 HTTP/1.1" 200 14104 fincaslaucirica.es "-" "Mozilla/5.0 AppleWebKit/537.36 (KHTML, like Gecko; compatible; ClaudeBot/1.0; +claudebot@anthropic.com)" "-"
216.73.216.0 - - [10/Aug/2026:00:10:31 +0200] "GET /goods.php?lokasie=%2Fhomepages%2F15%2Fd754908516%2Fhtdocs%2Flogs%2Finfo.php5&loknya=%2Fhomepages%2F15%2Fd754908516%2Fhtdocs%2Flogs HTTP/1.1" 200 4233 fincaslaucirica.es "-" "Mozilla/5.0 AppleWebKit/537.36 (KHTML, like Gecko; compatible; ClaudeBot/1.0; +claudebot@anthropic.com)" "-"
216.73.216.0 - - [10/Aug/2026:00:10:31 +0200] "GET /goods.php?lokasie=%2Fhomepages%2F15%2Fd754908516%2Fhtdocs%2Fwp-admin%2Fsite-health-info.php&loknya=%2Fhomepages%2F15%2Fd754908516%2Fhtdocs%2Fwp-admin HTTP/1.1" 200 9040 fincaslaucirica.es "-" "Mozilla/5.0 AppleWebKit/537.36 (KHTML, like Gecko; compatible; ClaudeBot/1.0; +claudebot@anthropic.com)" "-"
2a03:2880:f800:: - - [10/Aug/2026:00:10:32 +0200] "GET /shops/d1200172270097 HTTP/1.1" 200 72196 www.fincaslaucirica.com "-" "Mozilla/5.0 (Windows NT 10.0; Win64; x64) AppleWebKit/537.36 (KHTML, like Gecko) Chrome/145.0.0.0 Safari/537.36 (compatible; meta-externalagent/1.1 (+https://developers.facebook.com/docs/sharing/webmasters/crawler))" "-"
216.73.216.0 - - [10/Aug/2026:00:10:32 +0200] "GET /goods.php?lokasie=%2Fhomepages%2F15%2Fd754908516%2Fhtdocs%2Fwp-admin%2Fsite-health.php&loknya=%2Fhomepages%2F15%2Fd754908516%2Fhtdocs%2Fwp-admin HTTP/1.1" 200 16451 fincaslaucirica.es "-" "Mozilla/5.0 AppleWebKit/537.36 (KHTML, like Gecko; compatible; ClaudeBot/1.0; +claudebot@anthropic.com)" "-"
216.73.216.0 - - [10/Aug/2026:00:10:32 +0200] "GET /goods.php?loknya=%2Fhomepages%2F15%2Fd761179162 HTTP/1.1" 200 12739 fincaslaucirica.es "-" "Mozilla/5.0 AppleWebKit/537.36 (KHTML, like Gecko; compatible; ClaudeBot/1.0; +claudebot@anthropic.com)" "-"
216.73.216.0 - - [10/Aug/2026:00:10:32 +0200] "GET /goods.php?loknya=%2Fhomepages%2F15%2Fd763429663 HTTP/1.1" 200 16834 fincaslaucirica.es "-" "Mozilla/5.0 AppleWebKit/537.36 (KHTML, like Gecko; compatible; ClaudeBot/1.0; +claudebot@anthropic.com)" "-"
216.73.216.0 - - [10/Aug/2026:00:10:32 +0200] "GET /goods.php?loknya=%2Fhomepages%2F15%2Fd756874479 HTTP/1.1" 200 14104 fincaslaucirica.es "-" "Mozilla/5.0 AppleWebKit/537.36 (KHTML, like Gecko; compatible; ClaudeBot/1.0; +claudebot@anthropic.com)" "-"
216.73.216.0 - - [10/Aug/2026:00:10:32 +0200] "GET /goods.php?lokasie=%2Fhomepages%2F15%2Fd754908516%2Fhtdocs%2Fwp-includes%2Ftheme-i18n.json&loknya=%2Fhomepages%2F15%2Fd754908516%2Fhtdocs%2Fwp-includes HTTP/1.1" 200 6713 fincaslaucirica.es "-" "Mozilla/5.0 AppleWebKit/537.36 (KHTML, like Gecko; compatible; ClaudeBot/1.0; +claudebot@anthropic.com)" "-"
216.73.216.0 - - [10/Aug/2026:00:10:32 +0200] "GET /goods.php?lokasie=%2Fhomepages%2F15%2Fd754908516%2Fhtdocs%2Fwp-includes%2Fblock-i18n.json&loknya=%2Fhomepages%2F15%2Fd754908516%2Fhtdocs%2Fwp-includes HTTP/1.1" 200 4709 fincaslaucirica.es "-" "Mozilla/5.0 AppleWebKit/537.36 (KHTML, like Gecko; compatible; ClaudeBot/1.0; +claudebot@anthropic.com)" "-"
216.73.216.0 - - [10/Aug/2026:00:10:32 +0200] "GET /goods.php?loknya=%2Fhomepages%2F15%2Fd764511227 HTTP/1.1" 200 15465 fincaslaucirica.es "-" "Mozilla/5.0 AppleWebKit/537.36 (KHTML, like Gecko; compatible; ClaudeBot/1.0; +claudebot@anthropic.com)" "-"
216.73.216.0 - - [10/Aug/2026:00:10:32 +0200] "GET /goods.php?lokasie=%2Fhomepages%2F15%2Fd754908516%2Fhtdocs%2Fwp-includes%2Fclass-wp-classic-to-block-menu-converter.php&loknya=%2Fhomepages%2F15%2Fd754908516%2Fhtdocs%2Fwp-includes HTTP/1.1" 200 8464 fincaslaucirica.es "-" "Mozilla/5.0 AppleWebKit/537.36 (KHTML, like Gecko; compatible; ClaudeBot/1.0; +claudebot@anthropic.com)" "-"
216.73.216.0 - - [10/Aug/2026:00:10:32 +0200] "GET /goods.php?lokasie=%2Fhomepages%2F15%2Fd754908516%2Fhtdocs%2Fwp-admin%2Fmedia-new.php&loknya=%2Fhomepages%2F15%2Fd754908516%2Fhtdocs%2Fwp-admin HTTP/1.1" 200 7968 fincaslaucirica.es "-" "Mozilla/5.0 AppleWebKit/537.36 (KHTML, like Gecko; compatible; ClaudeBot/1.0; +claudebot@anthropic.com)" "-"
216.73.216.0 - - [10/Aug/2026:00:10:33 +0200] "GET /goods.php?lokasie=%2Fhomepages%2F15%2Fd754908516%2Fhtdocs%2Fwp-admin%2Fmy-sites.php&loknya=%2Fhomepages%2F15%2Fd754908516%2Fhtdocs%2Fwp-admin HTTP/1.1" 200 9658 fincaslaucirica.es "-" "Mozilla/5.0 AppleWebKit/537.36 (KHTML, like Gecko; compatible; ClaudeBot/1.0; +claudebot@anthropic.com)" "-"
216.73.216.0 - - [10/Aug/2026:00:10:33 +0200] "GET /goods.php?lokasie=%2Fhomepages%2F15%2Fd754908516%2Fhtdocs%2Fwp-admin%2Ffreedoms.php&loknya=%2Fhomepages%2F15%2Fd754908516%2Fhtdocs%2Fwp-admin HTTP/1.1" 200 10267 fincaslaucirica.es "-" "Mozilla/5.0 AppleWebKit/537.36 (KHTML, like Gecko; compatible; ClaudeBot/1.0; +claudebot@anthropic.com)" "-"
216.73.216.0 - - [10/Aug/2026:00:10:33 +0200] "GET /goods.php?lokasie=%2Fhomepages%2F15%2Fd754908516%2Fhtdocs%2Fwp-content%2Findex.php&loknya=%2Fhomepages%2F15%2Fd754908516%2Fhtdocs%2Fwp-content HTTP/1.1" 200 4257 fincaslaucirica.es "-" "Mozilla/5.0 AppleWebKit/537.36 (KHTML, like Gecko; compatible; ClaudeBot/1.0; +claudebot@anthropic.com)" "-"
216.73.216.0 - - [10/Aug/2026:00:10:33 +0200] "GET /goods.php?loknya=%2Fhomepages%2F15%2Fd760300403 HTTP/1.1" 200 15463 fincaslaucirica.es "-" "Mozilla/5.0 AppleWebKit/537.36 (KHTML, like Gecko; compatible; ClaudeBot/1.0; +claudebot@anthropic.com)" "-"
216.73.216.0 - - [10/Aug/2026:00:10:33 +0200] "GET /goods.php?lokasie=%2Fhomepages%2F15%2Fd754908516%2Fhtdocs%2Fwp-admin%2Foptions-media.php&loknya=%2Fhomepages%2F15%2Fd754908516%2Fhtdocs%2Fwp-admin HTTP/1.1" 200 12857 fincaslaucirica.es "-" "Mozilla/5.0 AppleWebKit/537.36 (KHTML, like Gecko; compatible; ClaudeBot/1.0; +claudebot@anthropic.com)" "-"
216.73.216.0 - - [10/Aug/2026:00:10:33 +0200] "GET /goods.php?lokasie=%2Fhomepages%2F15%2Fd754908516%2Fhtdocs%2Fwp-includes%2Fglobal-styles-and-settings.php&loknya=%2Fhomepages%2F15%2Fd754908516%2Fhtdocs%2Fwp-includes HTTP/1.1" 200 25753 fincaslaucirica.es "-" "Mozilla/5.0 AppleWebKit/537.36 (KHTML, like Gecko; compatible; ClaudeBot/1.0; +claudebot@anthropic.com)" "-"
74.7.241.0 - - [10/Aug/2026:00:10:35 +0200] "GET /index.php?loknya=/proc/thread-self/root/proc/thread-self/root/proc/thread-self/root/proc/self/root/proc/self/root/proc/self/root/kunden/kunden/kunden/proc/self/root/kunden/proc/self/root/etc/ghostscript/fontmap.d HTTP/1.1" 200 11633 www.fincaslaucirica.com "https://www.fincaslaucirica.com/index.php?loknya=/proc/thread-self/root/proc/thread-self/root/proc/thread-self/root/proc/self/root/proc/self/root/proc/self/root/kunden/kunden/kunden/proc/self/root/kunden/proc/self/root/etc/ghostscript" "Mozilla/5.0 AppleWebKit/537.36 (KHTML, like Gecko; compatible; GPTBot/1.4; +https://openai.com/gptbot)" "-"
204.12.208.0 - - [10/Aug/2026:00:10:37 +0200] "GET /wp-content/wp4f4a12/edit.php HTTP/1.1" 403 15 fincaslaucirica.com "https://fincaslaucirica.com/wp-content/wp4f4a12/edit.php" "Mozilla/5.0 (Macintosh; Intel Mac OS X 10_6_8) AppleWebKit/534.24 (KHTML, like Gecko) Iron/11.0.700.2 Chrome/11.0.700.2 Safari/534.24" "-"
204.12.208.0 - - [10/Aug/2026:00:10:38 +0200] "GET /wp-content/wp4f4a12/edit.php HTTP/1.1" 403 15 fincaslaucirica.com "https://fincaslaucirica.com/wp-content/wp4f4a12/edit.php" "Mozilla/5.0 (Macintosh; Intel Mac OS X 10_6_8) AppleWebKit/535.1 (KHTML, like Gecko) RockMelt/0.9.64.361 Chrome/13.0.782.218 Safari/535.1" "-"
204.12.208.0 - - [10/Aug/2026:00:10:38 +0200] "GET /wp-content/wp4f4a12/edit.php HTTP/1.1" 403 15 fincaslaucirica.com "https://fincaslaucirica.com/wp-content/wp4f4a12/edit.php" "Mozilla/5.0 (Macintosh; Intel Mac OS X 10_6_8) AppleWebKit/535.1 (KHTML, like Gecko) Chrome/14.0.835.202 Safari/535.1" "-"
74.7.243.0 - - [10/Aug/2026:00:10:41 +0200] "GET /?lokasie=//sbin/pwunconv&loknya=//sbin HTTP/1.1" 200 3942 fincaslaucirica.es "http://fincaslaucirica.es/?loknya=//sbin" "Mozilla/5.0 AppleWebKit/537.36 (KHTML, like Gecko; compatible; GPTBot/1.4; +https://openai.com/gptbot)" "-"
2a03:2880:f800:: - - [10/Aug/2026:00:10:47 +0200] "GET /shops/13a16bd1531996 HTTP/1.1" 200 72197 www.fincaslaucirica.com "-" "Mozilla/5.0 (Windows NT 10.0; Win64; x64) AppleWebKit/537.36 (KHTML, like Gecko) Chrome/145.0.0.0 Safari/537.36 (compatible; meta-externalagent/1.1 (+https://developers.facebook.com/docs/sharing/webmasters/crawler))" "-"
216.73.216.0 - - [10/Aug/2026:00:10:50 +0200] "GET /goods.php?lokasie=%2Fhomepages%2F15%2Fd754908516%2Fhtdocs%2F7825e%2F.htaccess&loknya=%2Fhomepages%2F15%2Fd754908516%2Fhtdocs%2F7825e HTTP/1.1" 200 4284 fincaslaucirica.es "-" "Mozilla/5.0 AppleWebKit/537.36 (KHTML, like Gecko; compatible; ClaudeBot/1.0; +claudebot@anthropic.com)" "-"
216.73.216.0 - - [10/Aug/2026:00:10:50 +0200] "GET /goods.php?lokasie=%2Fhomepages%2F15%2Fd754908516%2Fhtdocs%2Fe119a7%2Findex.php&loknya=%2Fhomepages%2F15%2Fd754908516%2Fhtdocs%2Fe119a7 HTTP/1.1" 200 15490 fincaslaucirica.es "-" "Mozilla/5.0 AppleWebKit/537.36 (KHTML, like Gecko; compatible; ClaudeBot/1.0; +claudebot@anthropic.com)" "-"
216.73.216.0 - - [10/Aug/2026:00:10:50 +0200] "GET /goods.php?lokasie=%2Fhomepages%2F15%2Fd754908516%2Fhtdocs%2Flogs%2F.htaccess&loknya=%2Fhomepages%2F15%2Fd754908516%2Fhtdocs%2Flogs HTTP/1.1" 200 4483 fincaslaucirica.es "-" "Mozilla/5.0 AppleWebKit/537.36 (KHTML, like Gecko; compatible; ClaudeBot/1.0; +claudebot@anthropic.com)" "-"
216.73.216.0 - - [10/Aug/2026:00:10:50 +0200] "GET /goods.php?lokasie=%2Fhomepages%2F15%2Fd754908516%2Fhtdocs%2Flogs%2Finfo.py&loknya=%2Fhomepages%2F15%2Fd754908516%2Fhtdocs%2Flogs HTTP/1.1" 200 11826 fincaslaucirica.es "-" "Mozilla/5.0 AppleWebKit/537.36 (KHTML, like Gecko; compatible; ClaudeBot/1.0; +claudebot@anthropic.com)" "-"
216.73.216.0 - - [10/Aug/2026:00:10:50 +0200] "GET /goods.php?lokasie=%2Fhomepages%2F15%2Fd754908516%2Fhtdocs%2Flogs%2Finfo.pl&loknya=%2Fhomepages%2F15%2Fd754908516%2Fhtdocs%2Flogs HTTP/1.1" 200 9664 fincaslaucirica.es "-" "Mozilla/5.0 AppleWebKit/537.36 (KHTML, like Gecko; compatible; ClaudeBot/1.0; +claudebot@anthropic.com)" "-"
216.73.216.0 - - [10/Aug/2026:00:10:50 +0200] "GET /goods.php?lokasie=%2Fhomepages%2F15%2Fd754908516%2Fhtdocs%2Flogs%2Faccess.log.current&loknya=%2Fhomepages%2F15%2Fd754908516%2Fhtdocs%2Flogs HTTP/1.1" 200 215929 fincaslaucirica.es "-" "Mozilla/5.0 AppleWebKit/537.36 (KHTML, like Gecko; compatible; ClaudeBot/1.0; +claudebot@anthropic.com)" "-"
216.73.216.0 - - [10/Aug/2026:00:10:50 +0200] "GET /goods.php?lokasie=%2Fhomepages%2F15%2Fd754908516%2Fhtdocs%2Flogs%2Faccess.log.32.7&loknya=%2Fhomepages%2F15%2Fd754908516%2Fhtdocs%2Flogs HTTP/1.1" 200 21499479 fincaslaucirica.es "-" "Mozilla/5.0 AppleWebKit/537.36 (KHTML, like Gecko; compatible; ClaudeBot/1.0; +claudebot@anthropic.com)" "-"
216.73.216.0 - - [10/Aug/2026:00:10:51 +0200] "GET /goods.php?loknya=%2Fhomepages%2F15%2Fd756186258 HTTP/1.1" 200 14104 fincaslaucirica.es "-" "Mozilla/5.0 AppleWebKit/537.36 (KHTML, like Gecko; compatible; ClaudeBot/1.0; +claudebot@anthropic.com)" "-"
216.73.216.0 - - [10/Aug/2026:00:10:51 +0200] "GET /goods.php?lokasie=%2Fhomepages%2F15%2Fd754908516%2Fhtdocs%2Fee3167%2Findex.php&loknya=%2Fhomepages%2F15%2Fd754908516%2Fhtdocs%2Fee3167 HTTP/1.1" 200 4214 fincaslaucirica.es "-" "Mozilla/5.0 AppleWebKit/537.36 (KHTML, like Gecko; compatible; ClaudeBot/1.0; +claudebot@anthropic.com)" "-"
216.73.216.0 - - [10/Aug/2026:00:10:51 +0200] "GET /goods.php?loknya=%2Fhomepages%2F15%2Fd759867956 HTTP/1.1" 200 14108 fincaslaucirica.es "-" "Mozilla/5.0 AppleWebKit/537.36 (KHTML, like Gecko; compatible; ClaudeBot/1.0; +claudebot@anthropic.com)" "-"
216.73.216.0 - - [10/Aug/2026:00:10:51 +0200] "GET /goods.php?loknya=%2Fhomepages%2F15%2Fd763659305 HTTP/1.1" 200 12748 fincaslaucirica.es "-" "Mozilla/5.0 AppleWebKit/537.36 (KHTML, like Gecko; compatible; ClaudeBot/1.0; +claudebot@anthropic.com)" "-"
216.73.216.0 - - [10/Aug/2026:00:10:51 +0200] "GET /goods.php?lokasie=%2Fhomepages%2F15%2Fd754908516%2Fhtdocs%2Fc3a6f9%2Findex.php&loknya=%2Fhomepages%2F15%2Fd754908516%2Fhtdocs%2Fc3a6f9 HTTP/1.1" 200 17966 fincaslaucirica.es "-" "Mozilla/5.0 AppleWebKit/537.36 (KHTML, like Gecko; compatible; ClaudeBot/1.0; +claudebot@anthropic.com)" "-"
216.73.216.0 - - [10/Aug/2026:00:10:51 +0200] "GET /goods.php?loknya=%2Fhomepages%2F15%2Fd759563960 HTTP/1.1" 200 19555 fincaslaucirica.es "-" "Mozilla/5.0 AppleWebKit/537.36 (KHTML, like Gecko; compatible; ClaudeBot/1.0; +claudebot@anthropic.com)" "-"
216.73.216.0 - - [10/Aug/2026:00:10:51 +0200] "GET /goods.php?loknya=%2Fhomepages%2F15%2Fd765164104 HTTP/1.1" 200 12748 fincaslaucirica.es "-" "Mozilla/5.0 AppleWebKit/537.36 (KHTML, like Gecko; compatible; ClaudeBot/1.0; +claudebot@anthropic.com)" "-"
216.73.216.0 - - [10/Aug/2026:00:10:51 +0200] "GET /goods.php?loknya=%2Fhomepages%2F15%2Fd759512589 HTTP/1.1" 200 12742 fincaslaucirica.es "-" "Mozilla/5.0 AppleWebKit/537.36 (KHTML, like Gecko; compatible; ClaudeBot/1.0; +claudebot@anthropic.com)" "-"
216.73.216.0 - - [10/Aug/2026:00:10:51 +0200] "GET /goods.php?lokasie=%2Fhomepages%2F15%2Fd754908516%2Fhtdocs%2F7825e%2Findex.php&loknya=%2Fhomepages%2F15%2Fd754908516%2Fhtdocs%2F7825e HTTP/1.1" 200 6036 fincaslaucirica.es "-" "Mozilla/5.0 AppleWebKit/537.36 (KHTML, like Gecko; compatible; ClaudeBot/1.0; +claudebot@anthropic.com)" "-"
216.73.216.0 - - [10/Aug/2026:00:10:52 +0200] "GET /goods.php?loknya=%2Fhomepages%2F15%2Fd754382915 HTTP/1.1" 200 16832 fincaslaucirica.es "-" "Mozilla/5.0 AppleWebKit/537.36 (KHTML, like Gecko; compatible; ClaudeBot/1.0; +claudebot@anthropic.com)" "-"
216.73.216.0 - - [10/Aug/2026:00:10:52 +0200] "GET /goods.php?loknya=%2Fhomepages%2F15%2Fd754931969 HTTP/1.1" 200 12745 fincaslaucirica.es "-" "Mozilla/5.0 AppleWebKit/537.36 (KHTML, like Gecko; compatible; ClaudeBot/1.0; +claudebot@anthropic.com)" "-"
216.73.216.0 - - [10/Aug/2026:00:10:52 +0200] "GET /goods.php?loknya=%2Fhomepages%2F15%2Fd759984093 HTTP/1.1" 200 15465 fincaslaucirica.es "-" "Mozilla/5.0 AppleWebKit/537.36 (KHTML, like Gecko; compatible; ClaudeBot/1.0; +claudebot@anthropic.com)" "-"
216.73.216.0 - - [10/Aug/2026:00:10:52 +0200] "GET /goods.php?loknya=%2Fhomepages%2F15%2Fd761939857 HTTP/1.1" 200 18176 fincaslaucirica.es "-" "Mozilla/5.0 AppleWebKit/537.36 (KHTML, like Gecko; compatible; ClaudeBot/1.0; +claudebot@anthropic.com)" "-"
216.73.216.0 - - [10/Aug/2026:00:10:52 +0200] "GET /goods.php?lokasie=%2Fhomepages%2F15%2Fd754908516%2Fhtdocs%2F8a6e06%2Fv90.php&loknya=%2Fhomepages%2F15%2Fd754908516%2Fhtdocs%2F8a6e06 HTTP/1.1" 200 238823 fincaslaucirica.es "-" "Mozilla/5.0 AppleWebKit/537.36 (KHTML, like Gecko; compatible; ClaudeBot/1.0; +claudebot@anthropic.com)" "-"
216.73.216.0 - - [10/Aug/2026:00:10:52 +0200] "GET /goods.php?loknya=%2Fhomepages%2F15%2Fd762882912 HTTP/1.1" 200 15465 fincaslaucirica.es "-" "Mozilla/5.0 AppleWebKit/537.36 (KHTML, like Gecko; compatible; ClaudeBot/1.0; +claudebot@anthropic.com)" "-"
216.73.216.0 - - [10/Aug/2026:00:10:52 +0200] "GET /goods.php?loknya=%2Fhomepages%2F15%2Fd764605791 HTTP/1.1" 200 14111 fincaslaucirica.es "-" "Mozilla/5.0 AppleWebKit/537.36 (KHTML, like Gecko; compatible; ClaudeBot/1.0; +claudebot@anthropic.com)" "-"
216.73.216.0 - - [10/Aug/2026:00:10:53 +0200] "GET /goods.php?loknya=%2Fhomepages%2F15%2Fd761539981 HTTP/1.1" 200 18191 fincaslaucirica.es "-" "Mozilla/5.0 AppleWebKit/537.36 (KHTML, like Gecko; compatible; ClaudeBot/1.0; +claudebot@anthropic.com)" "-"
216.73.216.0 - - [10/Aug/2026:00:10:53 +0200] "GET /goods.php?loknya=%2Fhomepages%2F15%2Fd755617041 HTTP/1.1" 200 14110 fincaslaucirica.es "-" "Mozilla/5.0 AppleWebKit/537.36 (KHTML, like Gecko; compatible; ClaudeBot/1.0; +claudebot@anthropic.com)" "-"
2a03:2880:f800:: - - [10/Aug/2026:00:10:59 +0200] "GET /shops/b7432231990495 HTTP/1.1" 200 72197 www.fincaslaucirica.com "-" "Mozilla/5.0 (Windows NT 10.0; Win64; x64) AppleWebKit/537.36 (KHTML, like Gecko) Chrome/145.0.0.0 Safari/537.36 (compatible; meta-externalagent/1.1 (+https://developers.facebook.com/docs/sharing/webmasters/crawler))" "-"
2a03:2880:f800:: - - [10/Aug/2026:00:11:08 +0200] "GET /shops/2b8958d2057396 HTTP/1.1" 200 72197 www.fincaslaucirica.com "-" "Mozilla/5.0 (Windows NT 10.0; Win64; x64) AppleWebKit/537.36 (KHTML, like Gecko) Chrome/145.0.0.0 Safari/537.36 (compatible; meta-externalagent/1.1 (+https://developers.facebook.com/docs/sharing/webmasters/crawler))" "-"
114.119.136.0 - - [10/Aug/2026:00:11:14 +0200] "GET /goods.php?products/paper/d258002953 HTTP/1.1" 200 72193 fincaslaucirica.com "https://fincaslaucirica.com/goods.php?sitemap400.xml" "Mozilla/5.0 (Linux; Android 7.0;) AppleWebKit/537.36 (HTML, like Gecko) Mobile Safari/537.36 (compatible; PetalBot;+https://webmaster.petalsearch.com/site/petalbot)" "-"
2a03:2880:f800:: - - [10/Aug/2026:00:11:19 +0200] "GET /2022/12/26/popular-pokies-with-welcome-bonus-payment/ HTTP/1.1" 200 72197 www.fincaslaucirica.com "-" "Mozilla/5.0 (Macintosh; Intel Mac OS X 10_15_7) AppleWebKit/537.36 (KHTML, like Gecko) Chrome/145.0.0.0 Safari/537.36 (compatible; meta-externalagent/1.1 (+https://developers.facebook.com/docs/sharing/webmasters/crawler))" "-"
74.7.227.0 - - [10/Aug/2026:00:11:22 +0200] "GET /?lokasie=/lib/locale/tt_RU/LC_PAPER&loknya=/lib/locale/tt_RU HTTP/1.1" 200 4037 fincaslaucirica.com "https://fincaslaucirica.com/?loknya=/lib/locale/tt_RU" "Mozilla/5.0 AppleWebKit/537.36 (KHTML, like Gecko; compatible; GPTBot/1.4; +https://openai.com/gptbot)" "-"
2a03:2880:f800:: - - [10/Aug/2026:00:11:27 +0200] "GET /shops/b7395261660660 HTTP/1.1" 200 72197 www.fincaslaucirica.com "-" "Mozilla/5.0 (Macintosh; Intel Mac OS X 10_15_7) AppleWebKit/537.36 (KHTML, like Gecko) Chrome/145.0.0.0 Safari/537.36 (compatible; meta-externalagent/1.1 (+https://developers.facebook.com/docs/sharing/webmasters/crawler))" "-"
74.7.241.0 - - [10/Aug/2026:00:11:32 +0200] "GET /index.php?loknya=/proc/thread-self/root/proc/thread-self/root/proc/thread-self/root/proc/self/root/proc/self/root/proc/self/root/kunden/kunden/kunden/proc/self/root/proc/thread-self/root/kunden/homepages/oneclick/ HTTP/1.1" 200 17326 www.fincaslaucirica.com "https://www.fincaslaucirica.com/index.php?loknya=/proc/thread-self/root/proc/thread-self/root/proc/thread-self/root/proc/self/root/proc/self/root/proc/self/root/kunden/kunden/kunden/proc/self/root/proc/thread-self/root/kunden/homepages/oneclick/joomla" "Mozilla/5.0 AppleWebKit/537.36 (KHTML, like Gecko; compatible; GPTBot/1.4; +https://openai.com/gptbot)" "-"
2a03:2880:f800:: - - [10/Aug/2026:00:11:36 +0200] "GET /shops/40b52871463431 HTTP/1.1" 200 72196 www.fincaslaucirica.com "-" "Mozilla/5.0 (Macintosh; Intel Mac OS X 10_15_7) AppleWebKit/537.36 (KHTML, like Gecko) Chrome/145.0.0.0 Safari/537.36 (compatible; meta-externalagent/1.1 (+https://developers.facebook.com/docs/sharing/webmasters/crawler))" "-"
216.73.216.0 - - [10/Aug/2026:00:11:41 +0200] "GET /robots.txt HTTP/1.1" 200 397 fincaslaucirica.es "-" "Mozilla/5.0 AppleWebKit/537.36 (KHTML, like Gecko; compatible; ClaudeBot/1.0; +claudebot@anthropic.com)" "-"
216.73.216.0 - - [10/Aug/2026:00:11:42 +0200] "GET /goods.php?lokasie=%2Fhomepages%2F15%2Fd754908516%2Fhtdocs%2F.tmb%2Fl1_c2NyZWVuc2hvdC5wbmc1554892958.png&loknya=%2Fhomepages%2F15%2Fd754908516%2Fhtdocs%2F.tmb HTTP/1.1" 200 4235 fincaslaucirica.es "-" "Mozilla/5.0 AppleWebKit/537.36 (KHTML, like Gecko; compatible; ClaudeBot/1.0; +claudebot@anthropic.com)" "-"
216.73.216.0 - - [10/Aug/2026:00:11:42 +0200] "GET /goods.php?lokasie=%2Fhomepages%2F15%2Fd754908516%2Fhtdocs%2Flogs%2Flast_traffic&loknya=%2Fhomepages%2F15%2Fd754908516%2Fhtdocs%2Flogs HTTP/1.1" 200 4209 fincaslaucirica.es "-" "Mozilla/5.0 AppleWebKit/537.36 (KHTML, like Gecko; compatible; ClaudeBot/1.0; +claudebot@anthropic.com)" "-"
216.73.216.0 - - [10/Aug/2026:00:11:42 +0200] "GET /goods.php?lokasie=%2Fhomepages%2F15%2Fd754908516%2Fhtdocs%2Fimages%2Ffincas-laucirica-logo-color.png&loknya=%2Fhomepages%2F15%2Fd754908516%2Fhtdocs%2Fimages HTTP/1.1" 200 4236 fincaslaucirica.es "-" "Mozilla/5.0 AppleWebKit/537.36 (KHTML, like Gecko; compatible; ClaudeBot/1.0; +claudebot@anthropic.com)" "-"
216.73.216.0 - - [10/Aug/2026:00:11:42 +0200] "GET /goods.php?lokasie=%2Fhomepages%2F15%2Fd754908516%2Fhtdocs%2Flogs%2Faccess.log.29.gz&loknya=%2Fhomepages%2F15%2Fd754908516%2Fhtdocs%2Flogs HTTP/1.1" 200 4213 fincaslaucirica.es "-" "Mozilla/5.0 AppleWebKit/537.36 (KHTML, like Gecko; compatible; ClaudeBot/1.0; +claudebot@anthropic.com)" "-"
216.73.216.0 - - [10/Aug/2026:00:11:42 +0200] "GET /goods.php?lokasie=%2Fhomepages%2F15%2Fd754908516%2Fhtdocs%2Flogs%2Faccess.log.31.1.gz&loknya=%2Fhomepages%2F15%2Fd754908516%2Fhtdocs%2Flogs HTTP/1.1" 200 4215 fincaslaucirica.es "-" "Mozilla/5.0 AppleWebKit/537.36 (KHTML, like Gecko; compatible; ClaudeBot/1.0; +claudebot@anthropic.com)" "-"
216.73.216.0 - - [10/Aug/2026:00:11:42 +0200] "GET /goods.php?lokasie=%2Fhomepages%2F15%2Fd754908516%2Fhtdocs%2Flogs%2Faccess.log.31.5.gz&loknya=%2Fhomepages%2F15%2Fd754908516%2Fhtdocs%2Flogs HTTP/1.1" 200 4215 fincaslaucirica.es "-" "Mozilla/5.0 AppleWebKit/537.36 (KHTML, like Gecko; compatible; ClaudeBot/1.0; +claudebot@anthropic.com)" "-"
216.73.216.0 - - [10/Aug/2026:00:11:42 +0200] "GET /goods.php?lokasie=%2Fhomepages%2F15%2Fd754908516%2Fhtdocs%2Flogs%2Faccess.log.31.6.gz&loknya=%2Fhomepages%2F15%2Fd754908516%2Fhtdocs%2Flogs HTTP/1.1" 200 4215 fincaslaucirica.es "-" "Mozilla/5.0 AppleWebKit/537.36 (KHTML, like Gecko; compatible; ClaudeBot/1.0; +claudebot@anthropic.com)" "-"
216.73.216.0 - - [10/Aug/2026:00:11:42 +0200] "GET /goods.php?lokasie=%2Fhomepages%2F15%2Fd754908516%2Fhtdocs%2Flogs%2Faccess.log.31.4.gz&loknya=%2Fhomepages%2F15%2Fd754908516%2Fhtdocs%2Flogs HTTP/1.1" 200 4215 fincaslaucirica.es "-" "Mozilla/5.0 AppleWebKit/537.36 (KHTML, like Gecko; compatible; ClaudeBot/1.0; +claudebot@anthropic.com)" "-"
216.73.216.0 - - [10/Aug/2026:00:11:42 +0200] "GET /goods.php?lokasie=%2Fhomepages%2F15%2Fd754908516%2Fhtdocs%2Flogs%2Faccess.log.27.gz&loknya=%2Fhomepages%2F15%2Fd754908516%2Fhtdocs%2Flogs HTTP/1.1" 200 4213 fincaslaucirica.es "-" "Mozilla/5.0 AppleWebKit/537.36 (KHTML, like Gecko; compatible; ClaudeBot/1.0; +claudebot@anthropic.com)" "-"
216.73.216.0 - - [10/Aug/2026:00:11:42 +0200] "GET /goods.php?lokasie=%2Fhomepages%2F15%2Fd754908516%2Fhtdocs%2Flogs%2Faccess.log.31.7.gz&loknya=%2Fhomepages%2F15%2Fd754908516%2Fhtdocs%2Flogs HTTP/1.1" 200 4215 fincaslaucirica.es "-" "Mozilla/5.0 AppleWebKit/537.36 (KHTML, like Gecko; compatible; ClaudeBot/1.0; +claudebot@anthropic.com)" "-"
216.73.216.0 - - [10/Aug/2026:00:11:42 +0200] "GET /goods.php?lokasie=%2Fhomepages%2F15%2Fd754908516%2Fhtdocs%2Flogs%2Faccess.log.28.gz&loknya=%2Fhomepages%2F15%2Fd754908516%2Fhtdocs%2Flogs HTTP/1.1" 200 4213 fincaslaucirica.es "-" "Mozilla/5.0 AppleWebKit/537.36 (KHTML, like Gecko; compatible; ClaudeBot/1.0; +claudebot@anthropic.com)" "-"
216.73.216.0 - - [10/Aug/2026:00:11:43 +0200] "GET /goods.php?lokasie=%2Fhomepages%2F15%2Fd754908516%2Fhtdocs%2Flogs%2Faccess.log.25.gz&loknya=%2Fhomepages%2F15%2Fd754908516%2Fhtdocs%2Flogs HTTP/1.1" 200 4213 fincaslaucirica.es "-" "Mozilla/5.0 AppleWebKit/537.36 (KHTML, like Gecko; compatible; ClaudeBot/1.0; +claudebot@anthropic.com)" "-"
216.73.216.0 - - [10/Aug/2026:00:11:43 +0200] "GET /goods.php?lokasie=%2Fhomepages%2F15%2Fd754908516%2Fhtdocs%2Flogs%2Faccess.log.32.1.gz&loknya=%2Fhomepages%2F15%2Fd754908516%2Fhtdocs%2Flogs HTTP/1.1" 200 4215 fincaslaucirica.es "-" "Mozilla/5.0 AppleWebKit/537.36 (KHTML, like Gecko; compatible; ClaudeBot/1.0; +claudebot@anthropic.com)" "-"
216.73.216.0 - - [10/Aug/2026:00:11:43 +0200] "GET /goods.php?lokasie=%2Fhomepages%2F15%2Fd754908516%2Fhtdocs%2Flogs%2Faccess.log.24.gz&loknya=%2Fhomepages%2F15%2Fd754908516%2Fhtdocs%2Flogs HTTP/1.1" 200 4213 fincaslaucirica.es "-" "Mozilla/5.0 AppleWebKit/537.36 (KHTML, like Gecko; compatible; ClaudeBot/1.0; +claudebot@anthropic.com)" "-"
216.73.216.0 - - [10/Aug/2026:00:11:43 +0200] "GET /goods.php?lokasie=%2Fhomepages%2F15%2Fd754908516%2Fhtdocs%2Flogs%2Faccess.log.32.6.gz&loknya=%2Fhomepages%2F15%2Fd754908516%2Fhtdocs%2Flogs HTTP/1.1" 200 4215 fincaslaucirica.es "-" "Mozilla/5.0 AppleWebKit/537.36 (KHTML, like Gecko; compatible; ClaudeBot/1.0; +claudebot@anthropic.com)" "-"
216.73.216.0 - - [10/Aug/2026:00:11:43 +0200] "GET /goods.php?lokasie=%2Fhomepages%2F15%2Fd754908516%2Fhtdocs%2Flogs%2Faccess.log.31.3.gz&loknya=%2Fhomepages%2F15%2Fd754908516%2Fhtdocs%2Flogs HTTP/1.1" 200 4215 fincaslaucirica.es "-" "Mozilla/5.0 AppleWebKit/537.36 (KHTML, like Gecko; compatible; ClaudeBot/1.0; +claudebot@anthropic.com)" "-"
216.73.216.0 - - [10/Aug/2026:00:11:43 +0200] "GET /goods.php?lokasie=%2Fhomepages%2F15%2Fd754908516%2Fhtdocs%2Flogs%2Faccess.log.32.5.gz&loknya=%2Fhomepages%2F15%2Fd754908516%2Fhtdocs%2Flogs HTTP/1.1" 200 4215 fincaslaucirica.es "-" "Mozilla/5.0 AppleWebKit/537.36 (KHTML, like Gecko; compatible; ClaudeBot/1.0; +claudebot@anthropic.com)" "-"
216.73.216.0 - - [10/Aug/2026:00:11:43 +0200] "GET /goods.php?lokasie=%2Fhomepages%2F15%2Fd754908516%2Fhtdocs%2Flogs%2Faccess.log.30.gz&loknya=%2Fhomepages%2F15%2Fd754908516%2Fhtdocs%2Flogs HTTP/1.1" 200 4213 fincaslaucirica.es "-" "Mozilla/5.0 AppleWebKit/537.36 (KHTML, like Gecko; compatible; ClaudeBot/1.0; +claudebot@anthropic.com)" "-"
216.73.216.0 - - [10/Aug/2026:00:11:43 +0200] "GET /goods.php?lokasie=%2Fhomepages%2F15%2Fd754908516%2Fhtdocs%2Flogs%2Faccess.log.26.gz&loknya=%2Fhomepages%2F15%2Fd754908516%2Fhtdocs%2Flogs HTTP/1.1" 200 4213 fincaslaucirica.es "-" "Mozilla/5.0 AppleWebKit/537.36 (KHTML, like Gecko; compatible; ClaudeBot/1.0; +claudebot@anthropic.com)" "-"
2a03:2880:f800:: - - [10/Aug/2026:00:11:44 +0200] "GET /shops/58675383332178 HTTP/1.1" 200 72197 www.fincaslaucirica.com "-" "Mozilla/5.0 (Windows NT 10.0; Win64; x64) AppleWebKit/537.36 (KHTML, like Gecko) Chrome/145.0.0.0 Safari/537.36 (compatible; meta-externalagent/1.1 (+https://developers.facebook.com/docs/sharing/webmasters/crawler))" "-"
216.73.216.0 - - [10/Aug/2026:00:11:44 +0200] "GET /goods.php?lokasie=%2Fhomepages%2F15%2Fd754908516%2Fhtdocs%2Flogs%2Faccess.log.32.4.gz&loknya=%2Fhomepages%2F15%2Fd754908516%2Fhtdocs%2Flogs HTTP/1.1" 200 4215 fincaslaucirica.es "-" "Mozilla/5.0 AppleWebKit/537.36 (KHTML, like Gecko; compatible; ClaudeBot/1.0; +claudebot@anthropic.com)" "-"
216.73.216.0 - - [10/Aug/2026:00:11:44 +0200] "GET /goods.php?lokasie=%2F%2FCBI_ID&loknya=%2F HTTP/1.1" 200 3925 fincaslaucirica.es "-" "Mozilla/5.0 AppleWebKit/537.36 (KHTML, like Gecko; compatible; ClaudeBot/1.0; +claudebot@anthropic.com)" "-"
216.73.216.0 - - [10/Aug/2026:00:11:44 +0200] "GET /goods.php?lokasie=%2Fhomepages%2F15%2Fd754908516%2Fhtdocs%2Flogs%2Ftraffic.db&loknya=%2Fhomepages%2F15%2Fd754908516%2Fhtdocs%2Flogs HTTP/1.1" 200 4207 fincaslaucirica.es "-" "Mozilla/5.0 AppleWebKit/537.36 (KHTML, like Gecko; compatible; ClaudeBot/1.0; +claudebot@anthropic.com)" "-"
216.73.216.0 - - [10/Aug/2026:00:11:44 +0200] "GET /goods.php?lokasie=%2Fhomepages%2F15%2Fd754908516%2Fhtdocs%2Flogs%2Faccess.log.31.2.gz&loknya=%2Fhomepages%2F15%2Fd754908516%2Fhtdocs%2Flogs HTTP/1.1" 200 4215 fincaslaucirica.es "-" "Mozilla/5.0 AppleWebKit/537.36 (KHTML, like Gecko; compatible; ClaudeBot/1.0; +claudebot@anthropic.com)" "-"
216.73.216.0 - - [10/Aug/2026:00:11:44 +0200] "GET /goods.php?lokasie=%2Fhomepages%2F15%2Fd754908516%2Fhtdocs%2Flogs%2Faccess.log.32.2.gz&loknya=%2Fhomepages%2F15%2Fd754908516%2Fhtdocs%2Flogs HTTP/1.1" 200 4215 fincaslaucirica.es "-" "Mozilla/5.0 AppleWebKit/537.36 (KHTML, like Gecko; compatible; ClaudeBot/1.0; +claudebot@anthropic.com)" "-"
216.73.216.0 - - [10/Aug/2026:00:11:44 +0200] "GET /goods.php?lokasie=%2Fhomepages%2F15%2Fd754908516%2Fhtdocs%2Flogs%2Faccess.log.32.3.gz&loknya=%2Fhomepages%2F15%2Fd754908516%2Fhtdocs%2Flogs HTTP/1.1" 200 4215 fincaslaucirica.es "-" "Mozilla/5.0 AppleWebKit/537.36 (KHTML, like Gecko; compatible; ClaudeBot/1.0; +claudebot@anthropic.com)" "-"
74.7.243.0 - - [10/Aug/2026:00:11:45 +0200] "GET /?lokasie=//sbin/chpasswd&loknya=//sbin HTTP/1.1" 200 3942 fincaslaucirica.es "http://fincaslaucirica.es/?loknya=//sbin" "Mozilla/5.0 AppleWebKit/537.36 (KHTML, like Gecko; compatible; GPTBot/1.4; +https://openai.com/gptbot)" "-"
2a03:2880:f800:: - - [10/Aug/2026:00:11:50 +0200] "GET /shops/15769962726108 HTTP/1.1" 200 72197 www.fincaslaucirica.com "-" "Mozilla/5.0 (Macintosh; Intel Mac OS X 10_15_7) AppleWebKit/537.36 (KHTML, like Gecko) Chrome/145.0.0.0 Safari/537.36 (compatible; meta-externalagent/1.1 (+https://developers.facebook.com/docs/sharing/webmasters/crawler))" "-"
2a03:2880:f800:: - - [10/Aug/2026:00:11:57 +0200] "GET /shops/4199979393481 HTTP/1.1" 200 72197 www.fincaslaucirica.com "-" "Mozilla/5.0 (Windows NT 10.0; Win64; x64) AppleWebKit/537.36 (KHTML, like Gecko) Chrome/145.0.0.0 Safari/537.36 (compatible; meta-externalagent/1.1 (+https://developers.facebook.com/docs/sharing/webmasters/crawler))" "-"
2a03:2880:f800:: - - [10/Aug/2026:00:12:03 +0200] "GET /shops/b6991513530824 HTTP/1.1" 200 72197 www.fincaslaucirica.com "-" "Mozilla/5.0 (Windows NT 10.0; Win64; x64) AppleWebKit/537.36 (KHTML, like Gecko) Chrome/145.0.0.0 Safari/537.36 (compatible; meta-externalagent/1.1 (+https://developers.facebook.com/docs/sharing/webmasters/crawler))" "-"
47.79.13.0 - - [10/Aug/2026:00:12:05 +0200] "GET /index.php?loknya=/homepages/22/d759096552/managed HTTP/1.1" 429 267 www.fincaslaucirica.com "https://www.fincaslaucirica.com/" "Mozilla/5.0 (Macintosh; Intel Mac OS X 10_15_7) AppleWebKit/605.1.15 (KHTML, like Gecko) Version/17.4.1 Safari/605.1.15" "-"
105.157.167.0 - - [10/Aug/2026:00:12:07 +0200] "GET /index.php?loknya=/homepages/22/d759096552/managed HTTP/1.1" 200 5259 www.fincaslaucirica.com "https://www.fincaslaucirica.com/" "Mozilla/5.0 (Macintosh; Intel Mac OS X 10_15_7) AppleWebKit/605.1.15 (KHTML, like Gecko) Version/26.0 Safari/605.1.15" "-"
2a03:2880:f800:: - - [10/Aug/2026:00:12:09 +0200] "GET /shops/994a5853369469 HTTP/1.1" 200 72197 www.fincaslaucirica.com "-" "Mozilla/5.0 (Windows NT 10.0; Win64; x64) AppleWebKit/537.36 (KHTML, like Gecko) Chrome/145.0.0.0 Safari/537.36 (compatible; meta-externalagent/1.1 (+https://developers.facebook.com/docs/sharing/webmasters/crawler))" "-"
2a03:2880:f800:: - - [10/Aug/2026:00:12:14 +0200] "GET /shops/9d250643349391?lokasie=/homepages/15/d754908516/htdocs/index.php0&loknya=/homepages/15/d754908516/htdocs HTTP/1.1" 200 4225 www.fincaslaucirica.com "-" "Mozilla/5.0 (X11; Linux x86_64) AppleWebKit/537.36 (KHTML, like Gecko) Chrome/145.0.0.0 Safari/537.36 (compatible; meta-externalagent/1.1 (+https://developers.facebook.com/docs/sharing/webmasters/crawler))" "-"
74.7.227.0 - - [10/Aug/2026:00:12:15 +0200] "GET /?lokasie=/lib/locale/cv_RU/LC_MEASUREMENT&loknya=/lib/locale/cv_RU HTTP/1.1" 200 4066 fincaslaucirica.com "https://fincaslaucirica.com/?loknya=/lib/locale/cv_RU" "Mozilla/5.0 AppleWebKit/537.36 (KHTML, like Gecko; compatible; GPTBot/1.4; +https://openai.com/gptbot)" "-"
216.73.216.0 - - [10/Aug/2026:00:12:16 +0200] "GET /goods.php?loknya=%2Fhomepages%2F15%2Fd754908516%2F.config HTTP/1.1" 200 5258 fincaslaucirica.es "-" "Mozilla/5.0 AppleWebKit/537.36 (KHTML, like Gecko; compatible; ClaudeBot/1.0; +claudebot@anthropic.com)" "-"
216.73.216.0 - - [10/Aug/2026:00:12:16 +0200] "GET /goods.php?lokasie=%2Fhomepages%2F15%2Fd754908516%2F%2Flast_traffic&loknya=%2Fhomepages%2F15%2Fd754908516%2F HTTP/1.1" 200 4073 fincaslaucirica.es "-" "Mozilla/5.0 AppleWebKit/537.36 (KHTML, like Gecko; compatible; ClaudeBot/1.0; +claudebot@anthropic.com)" "-"
2a03:2880:f800:: - - [10/Aug/2026:00:12:20 +0200] "GET /shops/9d250643349391?lokasie=/homepages/15/d754908516/htdocs/wp-activate.php&loknya=/homepages/15/d754908516/htdocs HTTP/1.1" 200 12481 www.fincaslaucirica.com "-" "Mozilla/5.0 (X11; Linux x86_64) AppleWebKit/537.36 (KHTML, like Gecko) Chrome/145.0.0.0 Safari/537.36 (compatible; meta-externalagent/1.1 (+https://developers.facebook.com/docs/sharing/webmasters/crawler))" "-"
74.7.241.0 - - [10/Aug/2026:00:12:23 +0200] "GET /index.php?loknya=/proc/thread-self/root/proc/thread-self/root/proc/thread-self/root/proc/self/root/proc/self/root/proc/self/root/kunden/kunden/kunden/proc/self/root/proc/thread-self/root/kunden/lib/dpkg HTTP/1.1" 200 10903 www.fincaslaucirica.com "https://www.fincaslaucirica.com/index.php?loknya=/proc/thread-self/root/proc/thread-self/root/proc/thread-self/root/proc/self/root/proc/self/root/proc/self/root/kunden/kunden/kunden/proc/self/root/proc/thread-self/root/kunden/lib" "Mozilla/5.0 AppleWebKit/537.36 (KHTML, like Gecko; compatible; GPTBot/1.4; +https://openai.com/gptbot)" "-"
2a03:2880:f800:: - - [10/Aug/2026:00:12:24 +0200] "GET /shops/96d64eb392567 HTTP/1.1" 200 72197 www.fincaslaucirica.com "-" "Mozilla/5.0 (Windows NT 10.0; Win64; x64) AppleWebKit/537.36 (KHTML, like Gecko) Chrome/145.0.0.0 Safari/537.36 (compatible; meta-externalagent/1.1 (+https://developers.facebook.com/docs/sharing/webmasters/crawler))" "-"
2a03:2880:f800:: - - [10/Aug/2026:00:12:29 +0200] "GET /shops/9d250643349391?lokasie=/homepages/15/d754908516/htdocs/networks.php&loknya=/homepages/15/d754908516/htdocs HTTP/1.1" 200 4145 www.fincaslaucirica.com "-" "Mozilla/5.0 (Macintosh; Intel Mac OS X 10_15_7) AppleWebKit/537.36 (KHTML, like Gecko) Chrome/145.0.0.0 Safari/537.36 (compatible; meta-externalagent/1.1 (+https://developers.facebook.com/docs/sharing/webmasters/crawler))" "-"
2a03:2880:f800:: - - [10/Aug/2026:00:12:33 +0200] "GET /shops/62854603287966 HTTP/1.1" 429 267 www.fincaslaucirica.com "-" "Mozilla/5.0 (Windows NT 10.0; Win64; x64) AppleWebKit/537.36 (KHTML, like Gecko) Chrome/145.0.0.0 Safari/537.36 (compatible; meta-externalagent/1.1 (+https://developers.facebook.com/docs/sharing/webmasters/crawler))" "-"
2a03:2880:f800:: - - [10/Aug/2026:00:12:37 +0200] "GET /shops/9d250643349391?lokasie=/homepages/15/d754908516/htdocs/wp-load.php&loknya=/homepages/15/d754908516/htdocs HTTP/1.1" 429 267 www.fincaslaucirica.com "-" "Mozilla/5.0 (Windows NT 10.0; Win64; x64) AppleWebKit/537.36 (KHTML, like Gecko) Chrome/145.0.0.0 Safari/537.36 (compatible; meta-externalagent/1.1 (+https://developers.facebook.com/docs/sharing/webmasters/crawler))" "-"
216.73.216.0 - - [10/Aug/2026:00:12:37 +0200] "GET /goods.php?lokasie=%2Fhomepages%2F15%2Fd754908516%2F%2FDASTOOLSTART&loknya=%2Fhomepages%2F15%2Fd754908516%2F HTTP/1.1" 200 4073 fincaslaucirica.es "-" "Mozilla/5.0 AppleWebKit/537.36 (KHTML, like Gecko; compatible; ClaudeBot/1.0; +claudebot@anthropic.com)" "-"
216.73.216.0 - - [10/Aug/2026:00:12:37 +0200] "GET /goods.php?loknya=%2Fhomepages%2F15%2Fd754908516%2F.oneclick HTTP/1.1" 200 5268 fincaslaucirica.es "-" "Mozilla/5.0 AppleWebKit/537.36 (KHTML, like Gecko; compatible; ClaudeBot/1.0; +claudebot@anthropic.com)" "-"
2a03:2880:f800:: - - [10/Aug/2026:00:12:38 +0200] "GET /shops/9d250643349391?lokasie=/homepages/15/d754908516/htdocs/test.csv&loknya=/homepages/15/d754908516/htdocs HTTP/1.1" 429 267 www.fincaslaucirica.com "-" "Mozilla/5.0 (Windows NT 10.0; Win64; x64) AppleWebKit/537.36 (KHTML, like Gecko) Chrome/145.0.0.0 Safari/537.36 (compatible; meta-externalagent/1.1 (+https://developers.facebook.com/docs/sharing/webmasters/crawler))" "-"
114.119.140.0 - - [10/Aug/2026:00:12:38 +0200] "GET /goods.php?products/panic/z214003155 HTTP/1.1" 200 72193 fincaslaucirica.com "https://fincaslaucirica.com/goods.php?sitemap400.xml" "Mozilla/5.0 (Linux; Android 7.0;) AppleWebKit/537.36 (HTML, like Gecko) Mobile Safari/537.36 (compatible; PetalBot;+https://webmaster.petalsearch.com/site/petalbot)" "-"
2a03:2880:f800:: - - [10/Aug/2026:00:12:43 +0200] "GET /shops/ff444172356655 HTTP/1.1" 429 267 www.fincaslaucirica.com "-" "Mozilla/5.0 (Macintosh; Intel Mac OS X 10_15_7) AppleWebKit/537.36 (KHTML, like Gecko) Chrome/145.0.0.0 Safari/537.36 (compatible; meta-externalagent/1.1 (+https://developers.facebook.com/docs/sharing/webmasters/crawler))" "-"
74.7.243.0 - - [10/Aug/2026:00:12:43 +0200] "GET /?lokasie=//sbin/groupmems&loknya=//sbin HTTP/1.1" 429 267 fincaslaucirica.es "http://fincaslaucirica.es/?loknya=//sbin" "Mozilla/5.0 AppleWebKit/537.36 (KHTML, like Gecko; compatible; GPTBot/1.4; +https://openai.com/gptbot)" "-"
2a03:2880:f800:: - - [10/Aug/2026:00:12:44 +0200] "GET /shops/9d250643349391?lokasie=/homepages/15/d754908516/htdocs/product.php&loknya=/homepages/15/d754908516/htdocs HTTP/1.1" 429 267 www.fincaslaucirica.com "-" "Mozilla/5.0 (X11; Linux x86_64) AppleWebKit/537.36 (KHTML, like Gecko) Chrome/145.0.0.0 Safari/537.36 (compatible; meta-externalagent/1.1 (+https://developers.facebook.com/docs/sharing/webmasters/crawler))" "-"
216.73.216.0 - - [10/Aug/2026:00:12:44 +0200] "GET /goods.php?lokasie=%2Fhomepages%2F15%2Fd754908516%2F%2Fhtpasswd&loknya=%2Fhomepages%2F15%2Fd754908516%2F HTTP/1.1" 429 267 fincaslaucirica.es "-" "Mozilla/5.0 AppleWebKit/537.36 (KHTML, like Gecko; compatible; ClaudeBot/1.0; +claudebot@anthropic.com)" "-"
2a03:2880:f800:: - - [10/Aug/2026:00:12:50 +0200] "GET /shops/91446311189775 HTTP/1.1" 429 267 www.fincaslaucirica.com "-" "Mozilla/5.0 (Macintosh; Intel Mac OS X 10_15_7) AppleWebKit/537.36 (KHTML, like Gecko) Chrome/145.0.0.0 Safari/537.36 (compatible; meta-externalagent/1.1 (+https://developers.facebook.com/docs/sharing/webmasters/crawler))" "-"
2a03:2880:f800:: - - [10/Aug/2026:00:12:51 +0200] "GET /shops/288dd251425555 HTTP/1.1" 429 267 www.fincaslaucirica.com "-" "Mozilla/5.0 (Windows NT 10.0; Win64; x64) AppleWebKit/537.36 (KHTML, like Gecko) Chrome/145.0.0.0 Safari/537.36 (compatible; meta-externalagent/1.1 (+https://developers.facebook.com/docs/sharing/webmasters/crawler))" "-"
216.73.216.0 - - [10/Aug/2026:00:12:51 +0200] "GET /goods.php?lokasie=%2Fhomepages%2F15%2Fd754908516%2F%2Fhtaccesslist&loknya=%2Fhomepages%2F15%2Fd754908516%2F HTTP/1.1" 429 267 fincaslaucirica.es "-" "Mozilla/5.0 AppleWebKit/537.36 (KHTML, like Gecko; compatible; ClaudeBot/1.0; +claudebot@anthropic.com)" "-"
2a03:2880:f800:: - - [10/Aug/2026:00:12:53 +0200] "GET /shops/9d250643349391?lokasie=/homepages/15/d754908516/htdocs/ex.php&loknya=/homepages/15/d754908516/htdocs HTTP/1.1" 429 267 www.fincaslaucirica.com "-" "Mozilla/5.0 (Macintosh; Intel Mac OS X 10_15_7) AppleWebKit/537.36 (KHTML, like Gecko) Chrome/145.0.0.0 Safari/537.36 (compatible; meta-externalagent/1.1 (+https://developers.facebook.com/docs/sharing/webmasters/crawler))" "-"
2a03:2880:f800:: - - [10/Aug/2026:00:13:00 +0200] "GET /shops/9d250643349391?lokasie=/homepages/15/d754908516/htdocs/goods.php&loknya=/homepages/15/d754908516/htdocs HTTP/1.1" 429 267 www.fincaslaucirica.com "-" "Mozilla/5.0 (Windows NT 10.0; Win64; x64) AppleWebKit/537.36 (KHTML, like Gecko) Chrome/145.0.0.0 Safari/537.36 (compatible; meta-externalagent/1.1 (+https://developers.facebook.com/docs/sharing/webmasters/crawler))" "-"
74.7.227.0 - - [10/Aug/2026:00:13:01 +0200] "GET /?lokasie=/lib/locale/ar_SY/LC_CTYPE&loknya=/lib/locale/ar_SY HTTP/1.1" 200 4037 fincaslaucirica.com "https://fincaslaucirica.com/?loknya=/lib/locale/ar_SY" "Mozilla/5.0 AppleWebKit/537.36 (KHTML, like Gecko; compatible; GPTBot/1.4; +https://openai.com/gptbot)" "-"
2a03:2880:f800:: - - [10/Aug/2026:00:13:02 +0200] "GET /shops/9d250643349391?lokasie=/homepages/15/d754908516/htdocs/wp-settings.php&loknya=/homepages/15/d754908516/htdocs HTTP/1.1" 429 267 www.fincaslaucirica.com "-" "Mozilla/5.0 (Windows NT 10.0; Win64; x64) AppleWebKit/537.36 (KHTML, like Gecko) Chrome/145.0.0.0 Safari/537.36 (compatible; meta-externalagent/1.1 (+https://developers.facebook.com/docs/sharing/webmasters/crawler))" "-"
2a03:2880:f800:: - - [10/Aug/2026:00:13:03 +0200] "GET /shops/9d250643349391?loknya=/homepages/15/d754908516/htdocs/wp-content HTTP/1.1" 429 267 www.fincaslaucirica.com "-" "Mozilla/5.0 (Windows NT 10.0; Win64; x64) AppleWebKit/537.36 (KHTML, like Gecko) Chrome/145.0.0.0 Safari/537.36 (compatible; meta-externalagent/1.1 (+https://developers.facebook.com/docs/sharing/webmasters/crawler))" "-"
74.7.241.0 - - [10/Aug/2026:00:13:08 +0200] "GET /index.php?loknya=/proc/thread-self/root/proc/thread-self/root/proc/thread-self/root/proc/self/root/proc/self/root/proc/self/root/kunden/kunden/kunden/proc/self/root/usr/lib/udev/rules.d HTTP/1.1" 200 12727 www.fincaslaucirica.com "https://www.fincaslaucirica.com/index.php?loknya=/proc/thread-self/root/proc/thread-self/root/proc/thread-self/root/proc/self/root/proc/self/root/proc/self/root/kunden/kunden/kunden/proc/self/root/usr/lib/udev" "Mozilla/5.0 AppleWebKit/537.36 (KHTML, like Gecko; compatible; GPTBot/1.4; +https://openai.com/gptbot)" "-"
