216.73.216.0 - - [10/Aug/2026:01:24:13 +0200] "GET /goods.php?lokasie=%2Fhomepages%2F15%2Fd758980737%2FDASTOOLSTART&loknya=%2Fhomepages%2F15%2Fd758980737 HTTP/1.1" 429 267 fincaslaucirica.es "-" "Mozilla/5.0 AppleWebKit/537.36 (KHTML, like Gecko; compatible; ClaudeBot/1.0; +claudebot@anthropic.com)" "-"
216.73.216.0 - - [10/Aug/2026:01:24:14 +0200] "GET /goods.php?lokasie=%2Fhomepages%2F15%2Fd762995994%2Fhtaccesslist&loknya=%2Fhomepages%2F15%2Fd762995994 HTTP/1.1" 429 267 fincaslaucirica.es "-" "Mozilla/5.0 AppleWebKit/537.36 (KHTML, like Gecko; compatible; ClaudeBot/1.0; +claudebot@anthropic.com)" "-"
216.73.216.0 - - [10/Aug/2026:01:24:14 +0200] "GET /goods.php?lokasie=%2Fhomepages%2F15%2Fd764511227%2FDASTOOLSTART&loknya=%2Fhomepages%2F15%2Fd764511227 HTTP/1.1" 429 267 fincaslaucirica.es "-" "Mozilla/5.0 AppleWebKit/537.36 (KHTML, like Gecko; compatible; ClaudeBot/1.0; +claudebot@anthropic.com)" "-"
216.73.216.0 - - [10/Aug/2026:01:24:14 +0200] "GET /goods.php?lokasie=%2Fhomepages%2F15%2Fd761179162%2FDASTOOLSTART&loknya=%2Fhomepages%2F15%2Fd761179162 HTTP/1.1" 429 267 fincaslaucirica.es "-" "Mozilla/5.0 AppleWebKit/537.36 (KHTML, like Gecko; compatible; ClaudeBot/1.0; +claudebot@anthropic.com)" "-"
216.73.216.0 - - [10/Aug/2026:01:24:14 +0200] "GET /goods.php?lokasie=%2Fhomepages%2F15%2Fd762995994%2Fmetadata.json&loknya=%2Fhomepages%2F15%2Fd762995994 HTTP/1.1" 429 267 fincaslaucirica.es "-" "Mozilla/5.0 AppleWebKit/537.36 (KHTML, like Gecko; compatible; ClaudeBot/1.0; +claudebot@anthropic.com)" "-"
216.73.216.0 - - [10/Aug/2026:01:24:14 +0200] "GET /goods.php?lokasie=%2Fhomepages%2F15%2Fd762995994%2Fdistributor.lock&loknya=%2Fhomepages%2F15%2Fd762995994 HTTP/1.1" 429 267 fincaslaucirica.es "-" "Mozilla/5.0 AppleWebKit/537.36 (KHTML, like Gecko; compatible; ClaudeBot/1.0; +claudebot@anthropic.com)" "-"
216.73.216.0 - - [10/Aug/2026:01:24:14 +0200] "GET /goods.php?lokasie=%2Fhomepages%2F15%2Fd762995994%2Fphpinilist&loknya=%2Fhomepages%2F15%2Fd762995994 HTTP/1.1" 429 267 fincaslaucirica.es "-" "Mozilla/5.0 AppleWebKit/537.36 (KHTML, like Gecko; compatible; ClaudeBot/1.0; +claudebot@anthropic.com)" "-"
216.73.216.0 - - [10/Aug/2026:01:24:14 +0200] "GET /goods.php?lokasie=%2Fhomepages%2F15%2Fd762995994%2F.created&loknya=%2Fhomepages%2F15%2Fd762995994 HTTP/1.1" 429 267 fincaslaucirica.es "-" "Mozilla/5.0 AppleWebKit/537.36 (KHTML, like Gecko; compatible; ClaudeBot/1.0; +claudebot@anthropic.com)" "-"
216.73.216.0 - - [10/Aug/2026:01:24:14 +0200] "GET /goods.php?lokasie=%2Fhomepages%2F15%2Fd762995994%2F.htaccess&loknya=%2Fhomepages%2F15%2Fd762995994 HTTP/1.1" 429 267 fincaslaucirica.es "-" "Mozilla/5.0 AppleWebKit/537.36 (KHTML, like Gecko; compatible; ClaudeBot/1.0; +claudebot@anthropic.com)" "-"
216.73.216.0 - - [10/Aug/2026:01:24:14 +0200] "GET /goods.php?lokasie=%2Fhomepages%2F15%2Fd763429663%2FDASTOOLSTART&loknya=%2Fhomepages%2F15%2Fd763429663 HTTP/1.1" 429 267 fincaslaucirica.es "-" "Mozilla/5.0 AppleWebKit/537.36 (KHTML, like Gecko; compatible; ClaudeBot/1.0; +claudebot@anthropic.com)" "-"
216.73.216.0 - - [10/Aug/2026:01:24:14 +0200] "GET /goods.php?lokasie=%2Fhomepages%2F15%2Fd756874479%2FDASTOOLSTART&loknya=%2Fhomepages%2F15%2Fd756874479 HTTP/1.1" 429 267 fincaslaucirica.es "-" "Mozilla/5.0 AppleWebKit/537.36 (KHTML, like Gecko; compatible; ClaudeBot/1.0; +claudebot@anthropic.com)" "-"
216.73.216.0 - - [10/Aug/2026:01:24:14 +0200] "GET /goods.php?lokasie=%2Fhomepages%2F15%2Fd760300403%2FDASTOOLSTART&loknya=%2Fhomepages%2F15%2Fd760300403 HTTP/1.1" 429 267 fincaslaucirica.es "-" "Mozilla/5.0 AppleWebKit/537.36 (KHTML, like Gecko; compatible; ClaudeBot/1.0; +claudebot@anthropic.com)" "-"
216.73.216.0 - - [10/Aug/2026:01:24:15 +0200] "GET /goods.php?lokasie=%2Fhomepages%2F15%2Fd762995994%2FDASTOOLSTART&loknya=%2Fhomepages%2F15%2Fd762995994 HTTP/1.1" 429 267 fincaslaucirica.es "-" "Mozilla/5.0 AppleWebKit/537.36 (KHTML, like Gecko; compatible; ClaudeBot/1.0; +claudebot@anthropic.com)" "-"
216.73.216.0 - - [10/Aug/2026:01:24:15 +0200] "GET /goods.php?loknya=%2Fhomepages%2F15%2Fd756186258%2F.config HTTP/1.1" 429 267 fincaslaucirica.es "-" "Mozilla/5.0 AppleWebKit/537.36 (KHTML, like Gecko; compatible; ClaudeBot/1.0; +claudebot@anthropic.com)" "-"
216.73.216.0 - - [10/Aug/2026:01:24:15 +0200] "GET /goods.php?loknya=%2Fhomepages%2F15%2Fd763659305%2F.config HTTP/1.1" 429 267 fincaslaucirica.es "-" "Mozilla/5.0 AppleWebKit/537.36 (KHTML, like Gecko; compatible; ClaudeBot/1.0; +claudebot@anthropic.com)" "-"
216.73.216.0 - - [10/Aug/2026:01:24:15 +0200] "GET /goods.php?loknya=%2Fhomepages%2F15%2Fd758961796%2F.config HTTP/1.1" 429 267 fincaslaucirica.es "-" "Mozilla/5.0 AppleWebKit/537.36 (KHTML, like Gecko; compatible; ClaudeBot/1.0; +claudebot@anthropic.com)" "-"
216.73.216.0 - - [10/Aug/2026:01:24:15 +0200] "GET /goods.php?loknya=%2Fhomepages%2F15%2Fd759867956%2F.config HTTP/1.1" 429 267 fincaslaucirica.es "-" "Mozilla/5.0 AppleWebKit/537.36 (KHTML, like Gecko; compatible; ClaudeBot/1.0; +claudebot@anthropic.com)" "-"
216.73.216.0 - - [10/Aug/2026:01:24:15 +0200] "GET /goods.php?loknya=%2Fhomepages%2F13%2Fd758271975 HTTP/1.1" 429 267 fincaslaucirica.es "-" "Mozilla/5.0 AppleWebKit/537.36 (KHTML, like Gecko; compatible; ClaudeBot/1.0; +claudebot@anthropic.com)" "-"
216.73.216.0 - - [10/Aug/2026:01:24:15 +0200] "GET /goods.php?loknya=%2Fhomepages%2F15%2Fd759512589%2F.config HTTP/1.1" 429 267 fincaslaucirica.es "-" "Mozilla/5.0 AppleWebKit/537.36 (KHTML, like Gecko; compatible; ClaudeBot/1.0; +claudebot@anthropic.com)" "-"
216.73.216.0 - - [10/Aug/2026:01:24:15 +0200] "GET /goods.php?loknya=%2Fhomepages%2F15%2Fd759563960%2F.config HTTP/1.1" 429 267 fincaslaucirica.es "-" "Mozilla/5.0 AppleWebKit/537.36 (KHTML, like Gecko; compatible; ClaudeBot/1.0; +claudebot@anthropic.com)" "-"
74.7.241.0 - - [10/Aug/2026:01:24:18 +0200] "GET /index.php?loknya=/proc/thread-self/root/proc/thread-self/root/proc/thread-self/root/proc/self/root/proc/self/root/proc/self/root/kunden/kunden/kunden/proc/self/root/proc/thread-self/root/etc/security/limits.d HTTP/1.1" 200 9393 www.fincaslaucirica.com "https://www.fincaslaucirica.com/index.php?loknya=/proc/thread-self/root/proc/thread-self/root/proc/thread-self/root/proc/self/root/proc/self/root/proc/self/root/kunden/kunden/kunden/proc/self/root/proc/thread-self/root/etc/security" "Mozilla/5.0 AppleWebKit/537.36 (KHTML, like Gecko; compatible; GPTBot/1.4; +https://openai.com/gptbot)" "-"
2a03:2880:f800:: - - [10/Aug/2026:01:24:20 +0200] "GET /shops/842f8a81925777 HTTP/1.1" 200 72197 www.fincaslaucirica.com "-" "Mozilla/5.0 (Windows NT 10.0; Win64; x64) AppleWebKit/537.36 (KHTML, like Gecko) Chrome/145.0.0.0 Safari/537.36 (compatible; meta-externalagent/1.1 (+https://developers.facebook.com/docs/sharing/webmasters/crawler))" "-"
74.7.227.0 - - [10/Aug/2026:01:24:21 +0200] "GET /?lokasie=/lib/x86_64-linux-gnu/security/pam_succeed_if.so&loknya=/lib/x86_64-linux-gnu/security HTTP/1.1" 200 4095 fincaslaucirica.com "https://fincaslaucirica.com/?loknya=/lib/x86_64-linux-gnu/security" "Mozilla/5.0 AppleWebKit/537.36 (KHTML, like Gecko; compatible; GPTBot/1.4; +https://openai.com/gptbot)" "-"
216.73.216.0 - - [10/Aug/2026:01:24:27 +0200] "GET /goods.php?lokasie=%2Fhomepages%2F15%2Fd758980737%2Fhtaccesslist&loknya=%2Fhomepages%2F15%2Fd758980737 HTTP/1.1" 429 267 fincaslaucirica.es "-" "Mozilla/5.0 AppleWebKit/537.36 (KHTML, like Gecko; compatible; ClaudeBot/1.0; +claudebot@anthropic.com)" "-"
216.73.216.0 - - [10/Aug/2026:01:24:27 +0200] "GET /goods.php?lokasie=%2Fhomepages%2F15%2Fd755617041%2F.htaccess&loknya=%2Fhomepages%2F15%2Fd755617041 HTTP/1.1" 429 267 fincaslaucirica.es "-" "Mozilla/5.0 AppleWebKit/537.36 (KHTML, like Gecko; compatible; ClaudeBot/1.0; +claudebot@anthropic.com)" "-"
216.73.216.0 - - [10/Aug/2026:01:24:27 +0200] "GET /goods.php?lokasie=%2Fhomepages%2F15%2Fd764605791%2F.htaccess&loknya=%2Fhomepages%2F15%2Fd764605791 HTTP/1.1" 429 267 fincaslaucirica.es "-" "Mozilla/5.0 AppleWebKit/537.36 (KHTML, like Gecko; compatible; ClaudeBot/1.0; +claudebot@anthropic.com)" "-"
216.73.216.0 - - [10/Aug/2026:01:24:27 +0200] "GET /goods.php?lokasie=%2Fhomepages%2F15%2Fd757782519%2F.created&loknya=%2Fhomepages%2F15%2Fd757782519 HTTP/1.1" 429 267 fincaslaucirica.es "-" "Mozilla/5.0 AppleWebKit/537.36 (KHTML, like Gecko; compatible; ClaudeBot/1.0; +claudebot@anthropic.com)" "-"
216.73.216.0 - - [10/Aug/2026:01:24:27 +0200] "GET /goods.php?lokasie=%2Fhomepages%2F15%2Fd764511227%2Fhtaccesslist&loknya=%2Fhomepages%2F15%2Fd764511227 HTTP/1.1" 429 267 fincaslaucirica.es "-" "Mozilla/5.0 AppleWebKit/537.36 (KHTML, like Gecko; compatible; ClaudeBot/1.0; +claudebot@anthropic.com)" "-"
216.73.216.0 - - [10/Aug/2026:01:24:27 +0200] "GET /goods.php?lokasie=%2Fhomepages%2F15%2Fd764955706%2F.created&loknya=%2Fhomepages%2F15%2Fd764955706 HTTP/1.1" 429 267 fincaslaucirica.es "-" "Mozilla/5.0 AppleWebKit/537.36 (KHTML, like Gecko; compatible; ClaudeBot/1.0; +claudebot@anthropic.com)" "-"
216.73.216.0 - - [10/Aug/2026:01:24:27 +0200] "GET /goods.php?lokasie=%2Fhomepages%2F15%2Fd757782519%2F.htaccess&loknya=%2Fhomepages%2F15%2Fd757782519 HTTP/1.1" 429 267 fincaslaucirica.es "-" "Mozilla/5.0 AppleWebKit/537.36 (KHTML, like Gecko; compatible; ClaudeBot/1.0; +claudebot@anthropic.com)" "-"
216.73.216.0 - - [10/Aug/2026:01:24:27 +0200] "GET /goods.php?lokasie=%2Fhomepages%2F15%2Fd764787681%2F.created&loknya=%2Fhomepages%2F15%2Fd764787681 HTTP/1.1" 429 267 fincaslaucirica.es "-" "Mozilla/5.0 AppleWebKit/537.36 (KHTML, like Gecko; compatible; ClaudeBot/1.0; +claudebot@anthropic.com)" "-"
216.73.216.0 - - [10/Aug/2026:01:24:27 +0200] "GET /goods.php?lokasie=%2Fhomepages%2F15%2Fd759896391%2Fdistributor.lock&loknya=%2Fhomepages%2F15%2Fd759896391 HTTP/1.1" 429 267 fincaslaucirica.es "-" "Mozilla/5.0 AppleWebKit/537.36 (KHTML, like Gecko; compatible; ClaudeBot/1.0; +claudebot@anthropic.com)" "-"
216.73.216.0 - - [10/Aug/2026:01:24:28 +0200] "GET /goods.php?lokasie=%2Fhomepages%2F15%2Fd764955706%2F.htaccess&loknya=%2Fhomepages%2F15%2Fd764955706 HTTP/1.1" 429 267 fincaslaucirica.es "-" "Mozilla/5.0 AppleWebKit/537.36 (KHTML, like Gecko; compatible; ClaudeBot/1.0; +claudebot@anthropic.com)" "-"
216.73.216.0 - - [10/Aug/2026:01:24:28 +0200] "GET /goods.php?lokasie=%2Fhomepages%2F15%2Fd764787681%2F.htaccess&loknya=%2Fhomepages%2F15%2Fd764787681 HTTP/1.1" 429 267 fincaslaucirica.es "-" "Mozilla/5.0 AppleWebKit/537.36 (KHTML, like Gecko; compatible; ClaudeBot/1.0; +claudebot@anthropic.com)" "-"
216.73.216.0 - - [10/Aug/2026:01:24:28 +0200] "GET /goods.php?lokasie=%2Fhomepages%2F15%2Fd759896391%2F.created&loknya=%2Fhomepages%2F15%2Fd759896391 HTTP/1.1" 429 267 fincaslaucirica.es "-" "Mozilla/5.0 AppleWebKit/537.36 (KHTML, like Gecko; compatible; ClaudeBot/1.0; +claudebot@anthropic.com)" "-"
216.73.216.0 - - [10/Aug/2026:01:24:28 +0200] "GET /goods.php?lokasie=%2Fhomepages%2F15%2Fd760300403%2Fhtpasswd&loknya=%2Fhomepages%2F15%2Fd760300403 HTTP/1.1" 429 267 fincaslaucirica.es "-" "Mozilla/5.0 AppleWebKit/537.36 (KHTML, like Gecko; compatible; ClaudeBot/1.0; +claudebot@anthropic.com)" "-"
216.73.216.0 - - [10/Aug/2026:01:24:28 +0200] "GET /goods.php?lokasie=%2Fhomepages%2F15%2Fd756874479%2Fhtpasswd&loknya=%2Fhomepages%2F15%2Fd756874479 HTTP/1.1" 429 267 fincaslaucirica.es "-" "Mozilla/5.0 AppleWebKit/537.36 (KHTML, like Gecko; compatible; ClaudeBot/1.0; +claudebot@anthropic.com)" "-"
216.73.216.0 - - [10/Aug/2026:01:24:28 +0200] "GET /goods.php?lokasie=%2Fhomepages%2F15%2Fd761179162%2Fhtaccesslist&loknya=%2Fhomepages%2F15%2Fd761179162 HTTP/1.1" 429 267 fincaslaucirica.es "-" "Mozilla/5.0 AppleWebKit/537.36 (KHTML, like Gecko; compatible; ClaudeBot/1.0; +claudebot@anthropic.com)" "-"
216.73.216.0 - - [10/Aug/2026:01:24:28 +0200] "GET /goods.php?lokasie=%2Fhomepages%2F15%2Fd759896391%2F.htaccess&loknya=%2Fhomepages%2F15%2Fd759896391 HTTP/1.1" 429 267 fincaslaucirica.es "-" "Mozilla/5.0 AppleWebKit/537.36 (KHTML, like Gecko; compatible; ClaudeBot/1.0; +claudebot@anthropic.com)" "-"
216.73.216.0 - - [10/Aug/2026:01:24:28 +0200] "GET /goods.php?lokasie=%2Fhomepages%2F15%2Fd758980737%2F.created&loknya=%2Fhomepages%2F15%2Fd758980737 HTTP/1.1" 429 267 fincaslaucirica.es "-" "Mozilla/5.0 AppleWebKit/537.36 (KHTML, like Gecko; compatible; ClaudeBot/1.0; +claudebot@anthropic.com)" "-"
74.7.243.0 - - [10/Aug/2026:01:24:28 +0200] "GET /?lokasie=/usr/sbin/insserv&loknya=/usr/sbin HTTP/1.1" 429 267 fincaslaucirica.es "http://fincaslaucirica.es/?loknya=/usr/sbin" "Mozilla/5.0 AppleWebKit/537.36 (KHTML, like Gecko; compatible; GPTBot/1.4; +https://openai.com/gptbot)" "-"
216.73.216.0 - - [10/Aug/2026:01:24:28 +0200] "GET /goods.php?lokasie=%2Fhomepages%2F15%2Fd764511227%2Fdistributor.lock&loknya=%2Fhomepages%2F15%2Fd764511227 HTTP/1.1" 429 267 fincaslaucirica.es "-" "Mozilla/5.0 AppleWebKit/537.36 (KHTML, like Gecko; compatible; ClaudeBot/1.0; +claudebot@anthropic.com)" "-"
216.73.216.0 - - [10/Aug/2026:01:24:28 +0200] "GET /goods.php?lokasie=%2Fhomepages%2F15%2Fd764511227%2F.created&loknya=%2Fhomepages%2F15%2Fd764511227 HTTP/1.1" 429 267 fincaslaucirica.es "-" "Mozilla/5.0 AppleWebKit/537.36 (KHTML, like Gecko; compatible; ClaudeBot/1.0; +claudebot@anthropic.com)" "-"
216.73.216.0 - - [10/Aug/2026:01:24:28 +0200] "GET /goods.php?lokasie=%2Fhomepages%2F15%2Fd758980737%2F.htaccess&loknya=%2Fhomepages%2F15%2Fd758980737 HTTP/1.1" 429 267 fincaslaucirica.es "-" "Mozilla/5.0 AppleWebKit/537.36 (KHTML, like Gecko; compatible; ClaudeBot/1.0; +claudebot@anthropic.com)" "-"
2a03:2880:f800:: - - [10/Aug/2026:01:24:29 +0200] "GET /shops/10415922569881 HTTP/1.1" 200 72196 www.fincaslaucirica.com "-" "Mozilla/5.0 (Windows NT 10.0; Win64; x64) AppleWebKit/537.36 (KHTML, like Gecko) Chrome/145.0.0.0 Safari/537.36 (compatible; meta-externalagent/1.1 (+https://developers.facebook.com/docs/sharing/webmasters/crawler))" "-"
216.73.216.0 - - [10/Aug/2026:01:24:29 +0200] "GET /goods.php?lokasie=%2Fhomepages%2F15%2Fd763429663%2Fhtaccesslist&loknya=%2Fhomepages%2F15%2Fd763429663 HTTP/1.1" 429 267 fincaslaucirica.es "-" "Mozilla/5.0 AppleWebKit/537.36 (KHTML, like Gecko; compatible; ClaudeBot/1.0; +claudebot@anthropic.com)" "-"
216.73.216.0 - - [10/Aug/2026:01:24:29 +0200] "GET /goods.php?lokasie=%2Fhomepages%2F15%2Fd761179162%2F.created&loknya=%2Fhomepages%2F15%2Fd761179162 HTTP/1.1" 429 267 fincaslaucirica.es "-" "Mozilla/5.0 AppleWebKit/537.36 (KHTML, like Gecko; compatible; ClaudeBot/1.0; +claudebot@anthropic.com)" "-"
216.73.216.0 - - [10/Aug/2026:01:24:29 +0200] "GET /goods.php?lokasie=%2Fhomepages%2F15%2Fd762995994%2Flast_traffic&loknya=%2Fhomepages%2F15%2Fd762995994 HTTP/1.1" 429 267 fincaslaucirica.es "-" "Mozilla/5.0 AppleWebKit/537.36 (KHTML, like Gecko; compatible; ClaudeBot/1.0; +claudebot@anthropic.com)" "-"
216.73.216.0 - - [10/Aug/2026:01:24:29 +0200] "GET /goods.php?lokasie=%2Fhomepages%2F15%2Fd756874479%2Fhtaccesslist&loknya=%2Fhomepages%2F15%2Fd756874479 HTTP/1.1" 429 267 fincaslaucirica.es "-" "Mozilla/5.0 AppleWebKit/537.36 (KHTML, like Gecko; compatible; ClaudeBot/1.0; +claudebot@anthropic.com)" "-"
2a03:2880:f800:: - - [10/Aug/2026:01:24:38 +0200] "GET /shops/38f7857221878 HTTP/1.1" 200 72197 www.fincaslaucirica.com "-" "Mozilla/5.0 (Windows NT 10.0; Win64; x64) AppleWebKit/537.36 (KHTML, like Gecko) Chrome/145.0.0.0 Safari/537.36 Edg/145.0.0.0 (compatible; meta-externalagent/1.1 (+https://developers.facebook.com/docs/sharing/webmasters/crawler))" "-"
74.7.241.0 - - [10/Aug/2026:01:24:46 +0200] "GET /index.php?loknya=/proc/thread-self/root/proc/thread-self/root/proc/thread-self/root/proc/self/root/proc/self/root/proc/self/root/kunden/kunden/kunden/proc/self/root/kunden/var/lib/pam HTTP/1.1" 200 20267 www.fincaslaucirica.com "https://www.fincaslaucirica.com/index.php?loknya=/proc/thread-self/root/proc/thread-self/root/proc/thread-self/root/proc/self/root/proc/self/root/proc/self/root/kunden/kunden/kunden/proc/self/root/kunden/var/lib" "Mozilla/5.0 AppleWebKit/537.36 (KHTML, like Gecko; compatible; GPTBot/1.4; +https://openai.com/gptbot)" "-"
2a03:2880:f800:: - - [10/Aug/2026:01:24:46 +0200] "GET /shops/e7089c42120597 HTTP/1.1" 200 72197 www.fincaslaucirica.com "-" "Mozilla/5.0 (Macintosh; Intel Mac OS X 10_15_7) AppleWebKit/537.36 (KHTML, like Gecko) Chrome/145.0.0.0 Safari/537.36 (compatible; meta-externalagent/1.1 (+https://developers.facebook.com/docs/sharing/webmasters/crawler))" "-"
74.7.227.0 - - [10/Aug/2026:01:24:49 +0200] "GET /?lokasie=/lib/x86_64-linux-gnu/security/pam_succeed_if.so&loknya=/lib/x86_64-linux-gnu/security HTTP/1.1" 200 4095 fincaslaucirica.com "http://fincaslaucirica.com/?loknya=/lib/x86_64-linux-gnu/security" "Mozilla/5.0 AppleWebKit/537.36 (KHTML, like Gecko; compatible; GPTBot/1.4; +https://openai.com/gptbot)" "-"
2a03:2880:f800:: - - [10/Aug/2026:01:24:53 +0200] "GET /shops/8c76d943115797 HTTP/1.1" 200 72197 www.fincaslaucirica.com "-" "Mozilla/5.0 (Windows NT 10.0; Win64; x64) AppleWebKit/537.36 (KHTML, like Gecko) Chrome/145.0.0.0 Safari/537.36 (compatible; meta-externalagent/1.1 (+https://developers.facebook.com/docs/sharing/webmasters/crawler))" "-"
216.73.216.0 - - [10/Aug/2026:01:24:58 +0200] "GET /goods.php?lokasie=%2Fhomepages%2F15%2Fd763429663%2Fdistributor.lock&loknya=%2Fhomepages%2F15%2Fd763429663 HTTP/1.1" 429 267 fincaslaucirica.es "-" "Mozilla/5.0 AppleWebKit/537.36 (KHTML, like Gecko; compatible; ClaudeBot/1.0; +claudebot@anthropic.com)" "-"
216.73.216.0 - - [10/Aug/2026:01:24:58 +0200] "GET /goods.php?lokasie=%2Fhomepages%2F15%2Fd760300403%2Fhtaccesslist&loknya=%2Fhomepages%2F15%2Fd760300403 HTTP/1.1" 429 267 fincaslaucirica.es "-" "Mozilla/5.0 AppleWebKit/537.36 (KHTML, like Gecko; compatible; ClaudeBot/1.0; +claudebot@anthropic.com)" "-"
216.73.216.0 - - [10/Aug/2026:01:24:58 +0200] "GET /goods.php?lokasie=%2Fhomepages%2F15%2Fd763429663%2F.created&loknya=%2Fhomepages%2F15%2Fd763429663 HTTP/1.1" 429 267 fincaslaucirica.es "-" "Mozilla/5.0 AppleWebKit/537.36 (KHTML, like Gecko; compatible; ClaudeBot/1.0; +claudebot@anthropic.com)" "-"
216.73.216.0 - - [10/Aug/2026:01:24:58 +0200] "GET /goods.php?lokasie=%2Fhomepages%2F15%2Fd756186258%2FDASTOOLSTART&loknya=%2Fhomepages%2F15%2Fd756186258 HTTP/1.1" 429 267 fincaslaucirica.es "-" "Mozilla/5.0 AppleWebKit/537.36 (KHTML, like Gecko; compatible; ClaudeBot/1.0; +claudebot@anthropic.com)" "-"
216.73.216.0 - - [10/Aug/2026:01:24:58 +0200] "GET /goods.php?lokasie=%2Fhomepages%2F15%2Fd763429663%2F.htaccess&loknya=%2Fhomepages%2F15%2Fd763429663 HTTP/1.1" 429 267 fincaslaucirica.es "-" "Mozilla/5.0 AppleWebKit/537.36 (KHTML, like Gecko; compatible; ClaudeBot/1.0; +claudebot@anthropic.com)" "-"
216.73.216.0 - - [10/Aug/2026:01:24:58 +0200] "GET /goods.php?lokasie=%2Fhomepages%2F15%2Fd763659305%2FDASTOOLSTART&loknya=%2Fhomepages%2F15%2Fd763659305 HTTP/1.1" 429 267 fincaslaucirica.es "-" "Mozilla/5.0 AppleWebKit/537.36 (KHTML, like Gecko; compatible; ClaudeBot/1.0; +claudebot@anthropic.com)" "-"
216.73.216.0 - - [10/Aug/2026:01:24:58 +0200] "GET /goods.php?lokasie=%2Fhomepages%2F15%2Fd759867956%2FDASTOOLSTART&loknya=%2Fhomepages%2F15%2Fd759867956 HTTP/1.1" 429 267 fincaslaucirica.es "-" "Mozilla/5.0 AppleWebKit/537.36 (KHTML, like Gecko; compatible; ClaudeBot/1.0; +claudebot@anthropic.com)" "-"
216.73.216.0 - - [10/Aug/2026:01:24:58 +0200] "GET /goods.php?lokasie=%2Fhomepages%2F15%2Fd759512589%2FDASTOOLSTART&loknya=%2Fhomepages%2F15%2Fd759512589 HTTP/1.1" 429 267 fincaslaucirica.es "-" "Mozilla/5.0 AppleWebKit/537.36 (KHTML, like Gecko; compatible; ClaudeBot/1.0; +claudebot@anthropic.com)" "-"
216.73.216.0 - - [10/Aug/2026:01:24:58 +0200] "GET /goods.php?lokasie=%2Fhomepages%2F15%2Fd765164104%2FDASTOOLSTART&loknya=%2Fhomepages%2F15%2Fd765164104 HTTP/1.1" 429 267 fincaslaucirica.es "-" "Mozilla/5.0 AppleWebKit/537.36 (KHTML, like Gecko; compatible; ClaudeBot/1.0; +claudebot@anthropic.com)" "-"
216.73.216.0 - - [10/Aug/2026:01:24:58 +0200] "GET /goods.php?lokasie=%2Fhomepages%2F15%2Fd760300403%2Fdistributor.lock&loknya=%2Fhomepages%2F15%2Fd760300403 HTTP/1.1" 429 267 fincaslaucirica.es "-" "Mozilla/5.0 AppleWebKit/537.36 (KHTML, like Gecko; compatible; ClaudeBot/1.0; +claudebot@anthropic.com)" "-"
216.73.216.0 - - [10/Aug/2026:01:24:58 +0200] "GET /goods.php?lokasie=%2Fhomepages%2F15%2Fd756874479%2F.created&loknya=%2Fhomepages%2F15%2Fd756874479 HTTP/1.1" 429 267 fincaslaucirica.es "-" "Mozilla/5.0 AppleWebKit/537.36 (KHTML, like Gecko; compatible; ClaudeBot/1.0; +claudebot@anthropic.com)" "-"
216.73.216.0 - - [10/Aug/2026:01:24:58 +0200] "GET /goods.php?lokasie=%2Fhomepages%2F15%2Fd760300403%2F.created&loknya=%2Fhomepages%2F15%2Fd760300403 HTTP/1.1" 429 267 fincaslaucirica.es "-" "Mozilla/5.0 AppleWebKit/537.36 (KHTML, like Gecko; compatible; ClaudeBot/1.0; +claudebot@anthropic.com)" "-"
216.73.216.0 - - [10/Aug/2026:01:24:59 +0200] "GET /goods.php?lokasie=%2Fhomepages%2F15%2Fd759563960%2FDASTOOLSTART&loknya=%2Fhomepages%2F15%2Fd759563960 HTTP/1.1" 429 267 fincaslaucirica.es "-" "Mozilla/5.0 AppleWebKit/537.36 (KHTML, like Gecko; compatible; ClaudeBot/1.0; +claudebot@anthropic.com)" "-"
216.73.216.0 - - [10/Aug/2026:01:24:59 +0200] "GET /goods.php?lokasie=%2Fhomepages%2F15%2Fd756874479%2F.htaccess&loknya=%2Fhomepages%2F15%2Fd756874479 HTTP/1.1" 429 267 fincaslaucirica.es "-" "Mozilla/5.0 AppleWebKit/537.36 (KHTML, like Gecko; compatible; ClaudeBot/1.0; +claudebot@anthropic.com)" "-"
216.73.216.0 - - [10/Aug/2026:01:24:59 +0200] "GET /goods.php?lokasie=%2Fhomepages%2F15%2Fd754382915%2FDASTOOLSTART&loknya=%2Fhomepages%2F15%2Fd754382915 HTTP/1.1" 429 267 fincaslaucirica.es "-" "Mozilla/5.0 AppleWebKit/537.36 (KHTML, like Gecko; compatible; ClaudeBot/1.0; +claudebot@anthropic.com)" "-"
216.73.216.0 - - [10/Aug/2026:01:24:59 +0200] "GET /goods.php?lokasie=%2Fhomepages%2F15%2Fd761939857%2FDASTOOLSTART&loknya=%2Fhomepages%2F15%2Fd761939857 HTTP/1.1" 429 267 fincaslaucirica.es "-" "Mozilla/5.0 AppleWebKit/537.36 (KHTML, like Gecko; compatible; ClaudeBot/1.0; +claudebot@anthropic.com)" "-"
216.73.216.0 - - [10/Aug/2026:01:24:59 +0200] "GET /goods.php?lokasie=%2Fhomepages%2F15%2Fd754931969%2FDASTOOLSTART&loknya=%2Fhomepages%2F15%2Fd754931969 HTTP/1.1" 429 267 fincaslaucirica.es "-" "Mozilla/5.0 AppleWebKit/537.36 (KHTML, like Gecko; compatible; ClaudeBot/1.0; +claudebot@anthropic.com)" "-"
216.73.216.0 - - [10/Aug/2026:01:24:59 +0200] "GET /goods.php?lokasie=%2Fhomepages%2F15%2Fd758961796%2FDASTOOLSTART&loknya=%2Fhomepages%2F15%2Fd758961796 HTTP/1.1" 429 267 fincaslaucirica.es "-" "Mozilla/5.0 AppleWebKit/537.36 (KHTML, like Gecko; compatible; ClaudeBot/1.0; +claudebot@anthropic.com)" "-"
216.73.216.0 - - [10/Aug/2026:01:24:59 +0200] "GET /goods.php?lokasie=%2Fhomepages%2F15%2Fd762882912%2FDASTOOLSTART&loknya=%2Fhomepages%2F15%2Fd762882912 HTTP/1.1" 429 267 fincaslaucirica.es "-" "Mozilla/5.0 AppleWebKit/537.36 (KHTML, like Gecko; compatible; ClaudeBot/1.0; +claudebot@anthropic.com)" "-"
216.73.216.0 - - [10/Aug/2026:01:24:59 +0200] "GET /goods.php?lokasie=%2Fhomepages%2F15%2Fd765189672%2FDASTOOLSTART&loknya=%2Fhomepages%2F15%2Fd765189672 HTTP/1.1" 429 267 fincaslaucirica.es "-" "Mozilla/5.0 AppleWebKit/537.36 (KHTML, like Gecko; compatible; ClaudeBot/1.0; +claudebot@anthropic.com)" "-"
216.73.216.0 - - [10/Aug/2026:01:24:59 +0200] "GET /goods.php?lokasie=%2Fhomepages%2F15%2Fd762995994%2Fhtpasswd&loknya=%2Fhomepages%2F15%2Fd762995994 HTTP/1.1" 429 267 fincaslaucirica.es "-" "Mozilla/5.0 AppleWebKit/537.36 (KHTML, like Gecko; compatible; ClaudeBot/1.0; +claudebot@anthropic.com)" "-"
216.73.216.0 - - [10/Aug/2026:01:24:59 +0200] "GET /goods.php?lokasie=%2Fhomepages%2F15%2Fd761539981%2FDASTOOLSTART&loknya=%2Fhomepages%2F15%2Fd761539981 HTTP/1.1" 429 267 fincaslaucirica.es "-" "Mozilla/5.0 AppleWebKit/537.36 (KHTML, like Gecko; compatible; ClaudeBot/1.0; +claudebot@anthropic.com)" "-"
216.73.216.0 - - [10/Aug/2026:01:24:59 +0200] "GET /goods.php?lokasie=%2Fhomepages%2F15%2Fd759984093%2FDASTOOLSTART&loknya=%2Fhomepages%2F15%2Fd759984093 HTTP/1.1" 429 267 fincaslaucirica.es "-" "Mozilla/5.0 AppleWebKit/537.36 (KHTML, like Gecko; compatible; ClaudeBot/1.0; +claudebot@anthropic.com)" "-"
2a03:2880:f800:: - - [10/Aug/2026:01:25:00 +0200] "GET /shops/62180a33144165 HTTP/1.1" 200 72196 www.fincaslaucirica.com "-" "Mozilla/5.0 (Windows NT 10.0; Win64; x64) AppleWebKit/537.36 (KHTML, like Gecko) Chrome/145.0.0.0 Safari/537.36 (compatible; meta-externalagent/1.1 (+https://developers.facebook.com/docs/sharing/webmasters/crawler))" "-"
216.73.216.0 - - [10/Aug/2026:01:25:00 +0200] "GET /goods.php?lokasie=%2Fhomepages%2F15%2Fd755617041%2FDASTOOLSTART&loknya=%2Fhomepages%2F15%2Fd755617041 HTTP/1.1" 429 267 fincaslaucirica.es "-" "Mozilla/5.0 AppleWebKit/537.36 (KHTML, like Gecko; compatible; ClaudeBot/1.0; +claudebot@anthropic.com)" "-"
114.119.156.0 - - [10/Aug/2026:01:25:01 +0200] "GET /goods.php?products/onion/j195048244 HTTP/1.1" 200 72192 fincaslaucirica.com "https://fincaslaucirica.com/goods.php?sitemap400.xml" "Mozilla/5.0 (Linux; Android 7.0;) AppleWebKit/537.36 (HTML, like Gecko) Mobile Safari/537.36 (compatible; PetalBot;+https://webmaster.petalsearch.com/site/petalbot)" "-"
216.73.216.0 - - [10/Aug/2026:01:25:03 +0200] "GET /goods.php?lokasie=%2Fhomepages%2F15%2Fd765189672%2Fdistributor.lock&loknya=%2Fhomepages%2F15%2Fd765189672 HTTP/1.1" 429 267 fincaslaucirica.es "-" "Mozilla/5.0 AppleWebKit/537.36 (KHTML, like Gecko; compatible; ClaudeBot/1.0; +claudebot@anthropic.com)" "-"
216.73.216.0 - - [10/Aug/2026:01:25:03 +0200] "GET /goods.php?lokasie=%2Fhomepages%2F15%2Fd759563960%2Fphpinilist&loknya=%2Fhomepages%2F15%2Fd759563960 HTTP/1.1" 429 267 fincaslaucirica.es "-" "Mozilla/5.0 AppleWebKit/537.36 (KHTML, like Gecko; compatible; ClaudeBot/1.0; +claudebot@anthropic.com)" "-"
216.73.216.0 - - [10/Aug/2026:01:25:04 +0200] "GET /goods.php?lokasie=%2Fhomepages%2F15%2Fd764787681%2Fhtaccesslist&loknya=%2Fhomepages%2F15%2Fd764787681 HTTP/1.1" 429 267 fincaslaucirica.es "-" "Mozilla/5.0 AppleWebKit/537.36 (KHTML, like Gecko; compatible; ClaudeBot/1.0; +claudebot@anthropic.com)" "-"
216.73.216.0 - - [10/Aug/2026:01:25:04 +0200] "GET /goods.php?lokasie=%2Fhomepages%2F15%2Fd762882912%2F.created&loknya=%2Fhomepages%2F15%2Fd762882912 HTTP/1.1" 429 267 fincaslaucirica.es "-" "Mozilla/5.0 AppleWebKit/537.36 (KHTML, like Gecko; compatible; ClaudeBot/1.0; +claudebot@anthropic.com)" "-"
216.73.216.0 - - [10/Aug/2026:01:25:04 +0200] "GET /goods.php?lokasie=%2Fhomepages%2F15%2Fd758961796%2Fdistributor.lock&loknya=%2Fhomepages%2F15%2Fd758961796 HTTP/1.1" 429 267 fincaslaucirica.es "-" "Mozilla/5.0 AppleWebKit/537.36 (KHTML, like Gecko; compatible; ClaudeBot/1.0; +claudebot@anthropic.com)" "-"
216.73.216.0 - - [10/Aug/2026:01:25:04 +0200] "GET /goods.php?lokasie=%2Fhomepages%2F15%2Fd765189672%2F.created&loknya=%2Fhomepages%2F15%2Fd765189672 HTTP/1.1" 429 267 fincaslaucirica.es "-" "Mozilla/5.0 AppleWebKit/537.36 (KHTML, like Gecko; compatible; ClaudeBot/1.0; +claudebot@anthropic.com)" "-"
216.73.216.0 - - [10/Aug/2026:01:25:04 +0200] "GET /goods.php?lokasie=%2Fhomepages%2F15%2Fd759563960%2F.htaccess&loknya=%2Fhomepages%2F15%2Fd759563960 HTTP/1.1" 429 267 fincaslaucirica.es "-" "Mozilla/5.0 AppleWebKit/537.36 (KHTML, like Gecko; compatible; ClaudeBot/1.0; +claudebot@anthropic.com)" "-"
216.73.216.0 - - [10/Aug/2026:01:25:04 +0200] "GET /goods.php?lokasie=%2Fhomepages%2F15%2Fd761939857%2Fphpinilist&loknya=%2Fhomepages%2F15%2Fd761939857 HTTP/1.1" 429 267 fincaslaucirica.es "-" "Mozilla/5.0 AppleWebKit/537.36 (KHTML, like Gecko; compatible; ClaudeBot/1.0; +claudebot@anthropic.com)" "-"
216.73.216.0 - - [10/Aug/2026:01:25:04 +0200] "GET /goods.php?lokasie=%2Fhomepages%2F15%2Fd761539981%2Fdistributor.lock&loknya=%2Fhomepages%2F15%2Fd761539981 HTTP/1.1" 429 267 fincaslaucirica.es "-" "Mozilla/5.0 AppleWebKit/537.36 (KHTML, like Gecko; compatible; ClaudeBot/1.0; +claudebot@anthropic.com)" "-"
216.73.216.0 - - [10/Aug/2026:01:25:04 +0200] "GET /goods.php?lokasie=%2Fhomepages%2F15%2Fd758961796%2F.created&loknya=%2Fhomepages%2F15%2Fd758961796 HTTP/1.1" 429 267 fincaslaucirica.es "-" "Mozilla/5.0 AppleWebKit/537.36 (KHTML, like Gecko; compatible; ClaudeBot/1.0; +claudebot@anthropic.com)" "-"
216.73.216.0 - - [10/Aug/2026:01:25:04 +0200] "GET /goods.php?lokasie=%2Fhomepages%2F15%2Fd754382915%2F.htaccess&loknya=%2Fhomepages%2F15%2Fd754382915 HTTP/1.1" 429 267 fincaslaucirica.es "-" "Mozilla/5.0 AppleWebKit/537.36 (KHTML, like Gecko; compatible; ClaudeBot/1.0; +claudebot@anthropic.com)" "-"
216.73.216.0 - - [10/Aug/2026:01:25:04 +0200] "GET /goods.php?lokasie=%2Fhomepages%2F15%2Fd759984093%2Fdistributor.lock&loknya=%2Fhomepages%2F15%2Fd759984093 HTTP/1.1" 429 267 fincaslaucirica.es "-" "Mozilla/5.0 AppleWebKit/537.36 (KHTML, like Gecko; compatible; ClaudeBot/1.0; +claudebot@anthropic.com)" "-"
216.73.216.0 - - [10/Aug/2026:01:25:05 +0200] "GET /goods.php?lokasie=%2Fhomepages%2F15%2Fd761539981%2F.created&loknya=%2Fhomepages%2F15%2Fd761539981 HTTP/1.1" 429 267 fincaslaucirica.es "-" "Mozilla/5.0 AppleWebKit/537.36 (KHTML, like Gecko; compatible; ClaudeBot/1.0; +claudebot@anthropic.com)" "-"
216.73.216.0 - - [10/Aug/2026:01:25:05 +0200] "GET /goods.php?lokasie=%2Fhomepages%2F15%2Fd765189672%2Fphpinilist&loknya=%2Fhomepages%2F15%2Fd765189672 HTTP/1.1" 429 267 fincaslaucirica.es "-" "Mozilla/5.0 AppleWebKit/537.36 (KHTML, like Gecko; compatible; ClaudeBot/1.0; +claudebot@anthropic.com)" "-"
216.73.216.0 - - [10/Aug/2026:01:25:05 +0200] "GET /goods.php?lokasie=%2Fhomepages%2F15%2Fd759984093%2F.created&loknya=%2Fhomepages%2F15%2Fd759984093 HTTP/1.1" 429 267 fincaslaucirica.es "-" "Mozilla/5.0 AppleWebKit/537.36 (KHTML, like Gecko; compatible; ClaudeBot/1.0; +claudebot@anthropic.com)" "-"
216.73.216.0 - - [10/Aug/2026:01:25:05 +0200] "GET /goods.php?lokasie=%2Fhomepages%2F15%2Fd758961796%2Fphpinilist&loknya=%2Fhomepages%2F15%2Fd758961796 HTTP/1.1" 429 267 fincaslaucirica.es "-" "Mozilla/5.0 AppleWebKit/537.36 (KHTML, like Gecko; compatible; ClaudeBot/1.0; +claudebot@anthropic.com)" "-"
216.73.216.0 - - [10/Aug/2026:01:25:05 +0200] "GET /goods.php?lokasie=%2Fhomepages%2F15%2Fd759896391%2Fhtaccesslist&loknya=%2Fhomepages%2F15%2Fd759896391 HTTP/1.1" 429 267 fincaslaucirica.es "-" "Mozilla/5.0 AppleWebKit/537.36 (KHTML, like Gecko; compatible; ClaudeBot/1.0; +claudebot@anthropic.com)" "-"
216.73.216.0 - - [10/Aug/2026:01:25:05 +0200] "GET /goods.php?lokasie=%2Fhomepages%2F15%2Fd755617041%2F.created&loknya=%2Fhomepages%2F15%2Fd755617041 HTTP/1.1" 429 267 fincaslaucirica.es "-" "Mozilla/5.0 AppleWebKit/537.36 (KHTML, like Gecko; compatible; ClaudeBot/1.0; +claudebot@anthropic.com)" "-"
216.73.216.0 - - [10/Aug/2026:01:25:05 +0200] "GET /goods.php?lokasie=%2Fhomepages%2F15%2Fd765189672%2F.htaccess&loknya=%2Fhomepages%2F15%2Fd765189672 HTTP/1.1" 429 267 fincaslaucirica.es "-" "Mozilla/5.0 AppleWebKit/537.36 (KHTML, like Gecko; compatible; ClaudeBot/1.0; +claudebot@anthropic.com)" "-"
216.73.216.0 - - [10/Aug/2026:01:25:05 +0200] "GET /goods.php?lokasie=%2Fhomepages%2F15%2Fd761539981%2Fphpinilist&loknya=%2Fhomepages%2F15%2Fd761539981 HTTP/1.1" 429 267 fincaslaucirica.es "-" "Mozilla/5.0 AppleWebKit/537.36 (KHTML, like Gecko; compatible; ClaudeBot/1.0; +claudebot@anthropic.com)" "-"
216.73.216.0 - - [10/Aug/2026:01:25:05 +0200] "GET /goods.php?lokasie=%2Fhomepages%2F15%2Fd758961796%2F.htaccess&loknya=%2Fhomepages%2F15%2Fd758961796 HTTP/1.1" 429 267 fincaslaucirica.es "-" "Mozilla/5.0 AppleWebKit/537.36 (KHTML, like Gecko; compatible; ClaudeBot/1.0; +claudebot@anthropic.com)" "-"
216.73.216.0 - - [10/Aug/2026:01:25:05 +0200] "GET /goods.php?lokasie=%2Fhomepages%2F15%2Fd761539981%2F.htaccess&loknya=%2Fhomepages%2F15%2Fd761539981 HTTP/1.1" 429 267 fincaslaucirica.es "-" "Mozilla/5.0 AppleWebKit/537.36 (KHTML, like Gecko; compatible; ClaudeBot/1.0; +claudebot@anthropic.com)" "-"
216.73.216.0 - - [10/Aug/2026:01:25:05 +0200] "GET /goods.php?lokasie=%2Fhomepages%2F15%2Fd764605791%2F.created&loknya=%2Fhomepages%2F15%2Fd764605791 HTTP/1.1" 429 267 fincaslaucirica.es "-" "Mozilla/5.0 AppleWebKit/537.36 (KHTML, like Gecko; compatible; ClaudeBot/1.0; +claudebot@anthropic.com)" "-"
216.73.216.0 - - [10/Aug/2026:01:25:06 +0200] "GET /goods.php?lokasie=%2Fhomepages%2F15%2Fd763429663%2Fhtpasswd&loknya=%2Fhomepages%2F15%2Fd763429663 HTTP/1.1" 429 267 fincaslaucirica.es "-" "Mozilla/5.0 AppleWebKit/537.36 (KHTML, like Gecko; compatible; ClaudeBot/1.0; +claudebot@anthropic.com)" "-"
2a03:2880:f800:: - - [10/Aug/2026:01:25:07 +0200] "GET /shops/a43d4012766477?lokasie=/homepages/15/d754908516/htdocs/radio.php&loknya=/homepages/15/d754908516/htdocs HTTP/1.1" 200 4142 www.fincaslaucirica.com "-" "Mozilla/5.0 (Macintosh; Intel Mac OS X 10_15_7) AppleWebKit/537.36 (KHTML, like Gecko) Chrome/145.0.0.0 Safari/537.36 (compatible; meta-externalagent/1.1 (+https://developers.facebook.com/docs/sharing/webmasters/crawler))" "-"
74.7.241.0 - - [10/Aug/2026:01:25:10 +0200] "GET /index.php?loknya=/proc/thread-self/root/proc/thread-self/root/proc/thread-self/root/proc/self/root/proc/self/root/proc/self/root/kunden/kunden/kunden/proc/self/root/proc/thread-self/root/kunden/lib/mc HTTP/1.1" 200 23790 www.fincaslaucirica.com "https://www.fincaslaucirica.com/index.php?loknya=/proc/thread-self/root/proc/thread-self/root/proc/thread-self/root/proc/self/root/proc/self/root/proc/self/root/kunden/kunden/kunden/proc/self/root/proc/thread-self/root/kunden/lib" "Mozilla/5.0 AppleWebKit/537.36 (KHTML, like Gecko; compatible; GPTBot/1.4; +https://openai.com/gptbot)" "-"
2a03:2880:f800:: - - [10/Aug/2026:01:25:13 +0200] "GET /shops/a43d4012766477?lokasie=/homepages/15/d754908516/htdocs/wp-login.php&loknya=/homepages/15/d754908516/htdocs HTTP/1.1" 200 4144 www.fincaslaucirica.com "-" "Mozilla/5.0 (Windows NT 10.0; Win64; x64) AppleWebKit/537.36 (KHTML, like Gecko) Chrome/145.0.0.0 Safari/537.36 (compatible; meta-externalagent/1.1 (+https://developers.facebook.com/docs/sharing/webmasters/crawler))" "-"
74.7.227.0 - - [10/Aug/2026:01:25:13 +0200] "GET /?lokasie=/usr/bin/update_rubygems&loknya=/usr/bin HTTP/1.1" 200 4602 fincaslaucirica.com "http://fincaslaucirica.com/?loknya=/usr/bin" "Mozilla/5.0 AppleWebKit/537.36 (KHTML, like Gecko; compatible; GPTBot/1.4; +https://openai.com/gptbot)" "-"
2a03:2880:f800:: - - [10/Aug/2026:01:25:18 +0200] "GET /shops/14a03db941121 HTTP/1.1" 200 72197 www.fincaslaucirica.com "-" "Mozilla/5.0 (Macintosh; Intel Mac OS X 10_15_7) AppleWebKit/537.36 (KHTML, like Gecko) Chrome/145.0.0.0 Safari/537.36 (compatible; meta-externalagent/1.1 (+https://developers.facebook.com/docs/sharing/webmasters/crawler))" "-"
74.7.243.0 - - [10/Aug/2026:01:25:18 +0200] "GET /?lokasie=/usr/sbin/isosize&loknya=/usr/sbin HTTP/1.1" 200 3978 fincaslaucirica.es "http://fincaslaucirica.es/?loknya=/usr/sbin" "Mozilla/5.0 AppleWebKit/537.36 (KHTML, like Gecko; compatible; GPTBot/1.4; +https://openai.com/gptbot)" "-"
2a03:2880:f800:: - - [10/Aug/2026:01:25:24 +0200] "GET /shops/a43d4012766477?lokasie=/homepages/15/d754908516/htdocs/robots.txt&loknya=/homepages/15/d754908516/htdocs HTTP/1.1" 200 4540 www.fincaslaucirica.com "-" "Mozilla/5.0 (Windows NT 10.0; Win64; x64; rv:147.0) Gecko/20100101 Firefox/147.0 (compatible; meta-externalagent/1.1 (+https://developers.facebook.com/docs/sharing/webmasters/crawler))" "-"
2a03:2880:f800:: - - [10/Aug/2026:01:25:29 +0200] "GET /shops/64930de97697 HTTP/1.1" 200 72197 www.fincaslaucirica.com "-" "Mozilla/5.0 (Windows NT 10.0; Win64; x64) AppleWebKit/537.36 (KHTML, like Gecko) Chrome/145.0.0.0 Safari/537.36 (compatible; meta-externalagent/1.1 (+https://developers.facebook.com/docs/sharing/webmasters/crawler))" "-"
170.106.11.0 - - [10/Aug/2026:01:25:30 +0200] "GET /?loknya=/homepages/19/d762060980 HTTP/1.1" 200 15462 fincaslaucirica.es "-" "Mozilla/5.0 (iPhone; CPU iPhone OS 13_2_3 like Mac OS X) AppleWebKit/605.1.15 (KHTML, like Gecko) Version/13.0.3 Mobile/15E148 Safari/604.1" "-"
74.7.241.0 - - [10/Aug/2026:01:25:33 +0200] "GET /index.php?loknya=/proc/thread-self/root/proc/thread-self/root/proc/thread-self/root/proc/self/root/proc/self/root/proc/self/root/kunden/kunden/kunden/proc/self/root/usr/lib/ruby/gems/2.7.0 HTTP/1.1" 200 18081 www.fincaslaucirica.com "https://www.fincaslaucirica.com/index.php?loknya=/proc/thread-self/root/proc/thread-self/root/proc/thread-self/root/proc/self/root/proc/self/root/proc/self/root/kunden/kunden/kunden/proc/self/root/usr/lib/ruby/gems" "Mozilla/5.0 AppleWebKit/537.36 (KHTML, like Gecko; compatible; GPTBot/1.4; +https://openai.com/gptbot)" "-"
2a03:2880:f800:: - - [10/Aug/2026:01:25:33 +0200] "GET /shops/a43d4012766477?lokasie=/homepages/15/d754908516/htdocs/wp-config-sample.php&loknya=/homepages/15/d754908516/htdocs HTTP/1.1" 200 7515 www.fincaslaucirica.com "-" "Mozilla/5.0 (Windows NT 10.0; Win64; x64) AppleWebKit/537.36 (KHTML, like Gecko) Chrome/145.0.0.0 Safari/537.36 (compatible; meta-externalagent/1.1 (+https://developers.facebook.com/docs/sharing/webmasters/crawler))" "-"
216.73.216.0 - - [10/Aug/2026:01:25:35 +0200] "GET /goods.php?lokasie=%2Fhomepages%2F15%2Fd764511227%2Fhtpasswd&loknya=%2Fhomepages%2F15%2Fd764511227 HTTP/1.1" 200 4068 fincaslaucirica.es "-" "Mozilla/5.0 AppleWebKit/537.36 (KHTML, like Gecko; compatible; ClaudeBot/1.0; +claudebot@anthropic.com)" "-"
74.7.227.0 - - [10/Aug/2026:01:25:36 +0200] "GET /?lokasie=/usr/bin/dul-receive-pack&loknya=/usr/bin HTTP/1.1" 200 5233 fincaslaucirica.com "http://fincaslaucirica.com/?loknya=/usr/bin" "Mozilla/5.0 AppleWebKit/537.36 (KHTML, like Gecko; compatible; GPTBot/1.4; +https://openai.com/gptbot)" "-"
216.73.216.0 - - [10/Aug/2026:01:25:36 +0200] "GET /goods.php?lokasie=%2Fhomepages%2F15%2Fd755617041%2Fhtaccesslist&loknya=%2Fhomepages%2F15%2Fd755617041 HTTP/1.1" 200 4072 fincaslaucirica.es "-" "Mozilla/5.0 AppleWebKit/537.36 (KHTML, like Gecko; compatible; ClaudeBot/1.0; +claudebot@anthropic.com)" "-"
216.73.216.0 - - [10/Aug/2026:01:25:36 +0200] "GET /goods.php?lokasie=%2Fhomepages%2F15%2Fd765164104%2F.created&loknya=%2Fhomepages%2F15%2Fd765164104 HTTP/1.1" 200 4079 fincaslaucirica.es "-" "Mozilla/5.0 AppleWebKit/537.36 (KHTML, like Gecko; compatible; ClaudeBot/1.0; +claudebot@anthropic.com)" "-"
216.73.216.0 - - [10/Aug/2026:01:25:36 +0200] "GET /goods.php?lokasie=%2Fhomepages%2F15%2Fd759867956%2F.created&loknya=%2Fhomepages%2F15%2Fd759867956 HTTP/1.1" 200 4079 fincaslaucirica.es "-" "Mozilla/5.0 AppleWebKit/537.36 (KHTML, like Gecko; compatible; ClaudeBot/1.0; +claudebot@anthropic.com)" "-"
216.73.216.0 - - [10/Aug/2026:01:25:36 +0200] "GET /goods.php?lokasie=%2Fhomepages%2F15%2Fd759563960%2Fmetadata.json&loknya=%2Fhomepages%2F15%2Fd759563960 HTTP/1.1" 200 4073 fincaslaucirica.es "-" "Mozilla/5.0 AppleWebKit/537.36 (KHTML, like Gecko; compatible; ClaudeBot/1.0; +claudebot@anthropic.com)" "-"
216.73.216.0 - - [10/Aug/2026:01:25:36 +0200] "GET /goods.php?lokasie=%2Fhomepages%2F15%2Fd763659305%2F.created&loknya=%2Fhomepages%2F15%2Fd763659305 HTTP/1.1" 200 4079 fincaslaucirica.es "-" "Mozilla/5.0 AppleWebKit/537.36 (KHTML, like Gecko; compatible; ClaudeBot/1.0; +claudebot@anthropic.com)" "-"
216.73.216.0 - - [10/Aug/2026:01:25:36 +0200] "GET /goods.php?lokasie=%2Fhomepages%2F15%2Fd761939857%2Fmetadata.json&loknya=%2Fhomepages%2F15%2Fd761939857 HTTP/1.1" 200 4073 fincaslaucirica.es "-" "Mozilla/5.0 AppleWebKit/537.36 (KHTML, like Gecko; compatible; ClaudeBot/1.0; +claudebot@anthropic.com)" "-"
216.73.216.0 - - [10/Aug/2026:01:25:36 +0200] "GET /goods.php?lokasie=%2Fhomepages%2F15%2Fd757782519%2Fhtaccesslist&loknya=%2Fhomepages%2F15%2Fd757782519 HTTP/1.1" 200 4072 fincaslaucirica.es "-" "Mozilla/5.0 AppleWebKit/537.36 (KHTML, like Gecko; compatible; ClaudeBot/1.0; +claudebot@anthropic.com)" "-"
216.73.216.0 - - [10/Aug/2026:01:25:36 +0200] "GET /goods.php?lokasie=%2Fhomepages%2F15%2Fd759512589%2F.created&loknya=%2Fhomepages%2F15%2Fd759512589 HTTP/1.1" 200 4079 fincaslaucirica.es "-" "Mozilla/5.0 AppleWebKit/537.36 (KHTML, like Gecko; compatible; ClaudeBot/1.0; +claudebot@anthropic.com)" "-"
216.73.216.0 - - [10/Aug/2026:01:25:36 +0200] "GET /goods.php?lokasie=%2Fhomepages%2F15%2Fd760300403%2Flast_traffic&loknya=%2Fhomepages%2F15%2Fd760300403 HTTP/1.1" 200 4072 fincaslaucirica.es "-" "Mozilla/5.0 AppleWebKit/537.36 (KHTML, like Gecko; compatible; ClaudeBot/1.0; +claudebot@anthropic.com)" "-"
216.73.216.0 - - [10/Aug/2026:01:25:36 +0200] "GET /goods.php?lokasie=%2Fhomepages%2F15%2Fd765189672%2Fmetadata.json&loknya=%2Fhomepages%2F15%2Fd765189672 HTTP/1.1" 200 4073 fincaslaucirica.es "-" "Mozilla/5.0 AppleWebKit/537.36 (KHTML, like Gecko; compatible; ClaudeBot/1.0; +claudebot@anthropic.com)" "-"
216.73.216.0 - - [10/Aug/2026:01:25:36 +0200] "GET /goods.php?lokasie=%2Fhomepages%2F15%2Fd759563960%2Fdistributor.lock&loknya=%2Fhomepages%2F15%2Fd759563960 HTTP/1.1" 200 4076 fincaslaucirica.es "-" "Mozilla/5.0 AppleWebKit/537.36 (KHTML, like Gecko; compatible; ClaudeBot/1.0; +claudebot@anthropic.com)" "-"
216.73.216.0 - - [10/Aug/2026:01:25:36 +0200] "GET /goods.php?lokasie=%2Fhomepages%2F15%2Fd759867956%2F.htaccess&loknya=%2Fhomepages%2F15%2Fd759867956 HTTP/1.1" 200 4069 fincaslaucirica.es "-" "Mozilla/5.0 AppleWebKit/537.36 (KHTML, like Gecko; compatible; ClaudeBot/1.0; +claudebot@anthropic.com)" "-"
216.73.216.0 - - [10/Aug/2026:01:25:36 +0200] "GET /goods.php?lokasie=%2Fhomepages%2F15%2Fd764605791%2Fhtaccesslist&loknya=%2Fhomepages%2F15%2Fd764605791 HTTP/1.1" 200 4072 fincaslaucirica.es "-" "Mozilla/5.0 AppleWebKit/537.36 (KHTML, like Gecko; compatible; ClaudeBot/1.0; +claudebot@anthropic.com)" "-"
216.73.216.0 - - [10/Aug/2026:01:25:36 +0200] "GET /goods.php?lokasie=%2Fhomepages%2F15%2Fd758961796%2Fmetadata.json&loknya=%2Fhomepages%2F15%2Fd758961796 HTTP/1.1" 200 4073 fincaslaucirica.es "-" "Mozilla/5.0 AppleWebKit/537.36 (KHTML, like Gecko; compatible; ClaudeBot/1.0; +claudebot@anthropic.com)" "-"
216.73.216.0 - - [10/Aug/2026:01:25:37 +0200] "GET /goods.php?lokasie=%2Fhomepages%2F15%2Fd759563960%2F.created&loknya=%2Fhomepages%2F15%2Fd759563960 HTTP/1.1" 200 4079 fincaslaucirica.es "-" "Mozilla/5.0 AppleWebKit/537.36 (KHTML, like Gecko; compatible; ClaudeBot/1.0; +claudebot@anthropic.com)" "-"
216.73.216.0 - - [10/Aug/2026:01:25:37 +0200] "GET /goods.php?lokasie=%2Fhomepages%2F15%2Fd761939857%2Fdistributor.lock&loknya=%2Fhomepages%2F15%2Fd761939857 HTTP/1.1" 200 4076 fincaslaucirica.es "-" "Mozilla/5.0 AppleWebKit/537.36 (KHTML, like Gecko; compatible; ClaudeBot/1.0; +claudebot@anthropic.com)" "-"
216.73.216.0 - - [10/Aug/2026:01:25:37 +0200] "GET /goods.php?lokasie=%2Fhomepages%2F15%2Fd754382915%2Fdistributor.lock&loknya=%2Fhomepages%2F15%2Fd754382915 HTTP/1.1" 200 4076 fincaslaucirica.es "-" "Mozilla/5.0 AppleWebKit/537.36 (KHTML, like Gecko; compatible; ClaudeBot/1.0; +claudebot@anthropic.com)" "-"
216.73.216.0 - - [10/Aug/2026:01:25:37 +0200] "GET /goods.php?lokasie=%2Fhomepages%2F15%2Fd764955706%2Fhtaccesslist&loknya=%2Fhomepages%2F15%2Fd764955706 HTTP/1.1" 200 4072 fincaslaucirica.es "-" "Mozilla/5.0 AppleWebKit/537.36 (KHTML, like Gecko; compatible; ClaudeBot/1.0; +claudebot@anthropic.com)" "-"
216.73.216.0 - - [10/Aug/2026:01:25:37 +0200] "GET /goods.php?lokasie=%2Fhomepages%2F15%2Fd761179162%2Fhtpasswd&loknya=%2Fhomepages%2F15%2Fd761179162 HTTP/1.1" 200 4068 fincaslaucirica.es "-" "Mozilla/5.0 AppleWebKit/537.36 (KHTML, like Gecko; compatible; ClaudeBot/1.0; +claudebot@anthropic.com)" "-"
216.73.216.0 - - [10/Aug/2026:01:25:37 +0200] "GET /goods.php?lokasie=%2Fhomepages%2F15%2Fd761939857%2F.created&loknya=%2Fhomepages%2F15%2Fd761939857 HTTP/1.1" 200 4079 fincaslaucirica.es "-" "Mozilla/5.0 AppleWebKit/537.36 (KHTML, like Gecko; compatible; ClaudeBot/1.0; +claudebot@anthropic.com)" "-"
216.73.216.0 - - [10/Aug/2026:01:25:37 +0200] "GET /goods.php?lokasie=%2Fhomepages%2F15%2Fd762882912%2Fdistributor.lock&loknya=%2Fhomepages%2F15%2Fd762882912 HTTP/1.1" 200 4076 fincaslaucirica.es "-" "Mozilla/5.0 AppleWebKit/537.36 (KHTML, like Gecko; compatible; ClaudeBot/1.0; +claudebot@anthropic.com)" "-"
216.73.216.0 - - [10/Aug/2026:01:25:37 +0200] "GET /goods.php?lokasie=%2Fhomepages%2F15%2Fd754382915%2F.created&loknya=%2Fhomepages%2F15%2Fd754382915 HTTP/1.1" 200 4079 fincaslaucirica.es "-" "Mozilla/5.0 AppleWebKit/537.36 (KHTML, like Gecko; compatible; ClaudeBot/1.0; +claudebot@anthropic.com)" "-"
216.73.216.0 - - [10/Aug/2026:01:25:37 +0200] "GET /goods.php?lokasie=%2Fhomepages%2F15%2Fd754931969%2F.created&loknya=%2Fhomepages%2F15%2Fd754931969 HTTP/1.1" 200 4079 fincaslaucirica.es "-" "Mozilla/5.0 AppleWebKit/537.36 (KHTML, like Gecko; compatible; ClaudeBot/1.0; +claudebot@anthropic.com)" "-"
2a03:2880:f800:: - - [10/Aug/2026:01:25:38 +0200] "GET /shops/a43d4012766477?lokasie=/homepages/15/d754908516/htdocs/inputs.php&loknya=/homepages/15/d754908516/htdocs HTTP/1.1" 200 4143 www.fincaslaucirica.com "-" "Mozilla/5.0 (X11; Linux x86_64) AppleWebKit/537.36 (KHTML, like Gecko) Chrome/145.0.0.0 Safari/537.36 (compatible; meta-externalagent/1.1 (+https://developers.facebook.com/docs/sharing/webmasters/crawler))" "-"
2a03:2880:f800:: - - [10/Aug/2026:01:25:42 +0200] "GET /shops/a43d4012766477?lokasie=/homepages/15/d754908516/htdocs/license.txt&loknya=/homepages/15/d754908516/htdocs HTTP/1.1" 429 267 www.fincaslaucirica.com "-" "Mozilla/5.0 (Macintosh; Intel Mac OS X 10_15_7) AppleWebKit/537.36 (KHTML, like Gecko) Chrome/145.0.0.0 Safari/537.36 (compatible; meta-externalagent/1.1 (+https://developers.facebook.com/docs/sharing/webmasters/crawler))" "-"
2a03:2880:f800:: - - [10/Aug/2026:01:25:47 +0200] "GET /shops/a43d4012766477?loknya=/ HTTP/1.1" 429 267 www.fincaslaucirica.com "-" "Mozilla/5.0 (Windows NT 10.0; Win64; x64) AppleWebKit/537.36 (KHTML, like Gecko) Chrome/145.0.0.0 Safari/537.36 (compatible; meta-externalagent/1.1 (+https://developers.facebook.com/docs/sharing/webmasters/crawler))" "-"
2a03:2880:f800:: - - [10/Aug/2026:01:25:47 +0200] "GET /shops/4b3ba351424192?lokasie=/homepages/15/d754908516/htdocs/.htaccess&loknya=/homepages/15/d754908516/htdocs HTTP/1.1" 429 267 www.fincaslaucirica.com "-" "Mozilla/5.0 (Windows NT 10.0; Win64; x64) AppleWebKit/537.36 (KHTML, like Gecko) Chrome/145.0.0.0 Safari/537.36 (compatible; meta-externalagent/1.1 (+https://developers.facebook.com/docs/sharing/webmasters/crawler))" "-"
216.73.216.0 - - [10/Aug/2026:01:25:50 +0200] "GET /goods.php?lokasie=%2Fhomepages%2F15%2Fd756186258%2Fhtaccesslist&loknya=%2Fhomepages%2F15%2Fd756186258 HTTP/1.1" 200 4072 fincaslaucirica.es "-" "Mozilla/5.0 AppleWebKit/537.36 (KHTML, like Gecko; compatible; ClaudeBot/1.0; +claudebot@anthropic.com)" "-"
216.73.216.0 - - [10/Aug/2026:01:25:51 +0200] "GET /goods.php?lokasie=%2Fhomepages%2F15%2Fd755617041%2Fhtpasswd&loknya=%2Fhomepages%2F15%2Fd755617041 HTTP/1.1" 200 4068 fincaslaucirica.es "-" "Mozilla/5.0 AppleWebKit/537.36 (KHTML, like Gecko; compatible; ClaudeBot/1.0; +claudebot@anthropic.com)" "-"
216.73.216.0 - - [10/Aug/2026:01:25:51 +0200] "GET /goods.php?lokasie=%2Fhomepages%2F15%2Fd764605791%2Fhtpasswd&loknya=%2Fhomepages%2F15%2Fd764605791 HTTP/1.1" 200 4068 fincaslaucirica.es "-" "Mozilla/5.0 AppleWebKit/537.36 (KHTML, like Gecko; compatible; ClaudeBot/1.0; +claudebot@anthropic.com)" "-"
216.73.216.0 - - [10/Aug/2026:01:25:51 +0200] "GET /goods.php?lokasie=%2Fhomepages%2F15%2Fd764955706%2Fhtpasswd&loknya=%2Fhomepages%2F15%2Fd764955706 HTTP/1.1" 200 4068 fincaslaucirica.es "-" "Mozilla/5.0 AppleWebKit/537.36 (KHTML, like Gecko; compatible; ClaudeBot/1.0; +claudebot@anthropic.com)" "-"
216.73.216.0 - - [10/Aug/2026:01:25:51 +0200] "GET /goods.php?lokasie=%2Fhomepages%2F15%2Fd757782519%2Fhtpasswd&loknya=%2Fhomepages%2F15%2Fd757782519 HTTP/1.1" 200 4068 fincaslaucirica.es "-" "Mozilla/5.0 AppleWebKit/537.36 (KHTML, like Gecko; compatible; ClaudeBot/1.0; +claudebot@anthropic.com)" "-"
216.73.216.0 - - [10/Aug/2026:01:25:51 +0200] "GET /goods.php?lokasie=%2Fhomepages%2F15%2Fd765164104%2Fhtaccesslist&loknya=%2Fhomepages%2F15%2Fd765164104 HTTP/1.1" 200 4072 fincaslaucirica.es "-" "Mozilla/5.0 AppleWebKit/537.36 (KHTML, like Gecko; compatible; ClaudeBot/1.0; +claudebot@anthropic.com)" "-"
216.73.216.0 - - [10/Aug/2026:01:25:51 +0200] "GET /goods.php?lokasie=%2Fhomepages%2F15%2Fd764787681%2Fhtpasswd&loknya=%2Fhomepages%2F15%2Fd764787681 HTTP/1.1" 200 4068 fincaslaucirica.es "-" "Mozilla/5.0 AppleWebKit/537.36 (KHTML, like Gecko; compatible; ClaudeBot/1.0; +claudebot@anthropic.com)" "-"
216.73.216.0 - - [10/Aug/2026:01:25:51 +0200] "GET /goods.php?lokasie=%2Fhomepages%2F15%2Fd759867956%2Fhtaccesslist&loknya=%2Fhomepages%2F15%2Fd759867956 HTTP/1.1" 200 4072 fincaslaucirica.es "-" "Mozilla/5.0 AppleWebKit/537.36 (KHTML, like Gecko; compatible; ClaudeBot/1.0; +claudebot@anthropic.com)" "-"
216.73.216.0 - - [10/Aug/2026:01:25:51 +0200] "GET /goods.php?lokasie=%2Fhomepages%2F15%2Fd759512589%2Fhtaccesslist&loknya=%2Fhomepages%2F15%2Fd759512589 HTTP/1.1" 200 4072 fincaslaucirica.es "-" "Mozilla/5.0 AppleWebKit/537.36 (KHTML, like Gecko; compatible; ClaudeBot/1.0; +claudebot@anthropic.com)" "-"
216.73.216.0 - - [10/Aug/2026:01:25:51 +0200] "GET /goods.php?lokasie=%2Fhomepages%2F15%2Fd763659305%2Fhtaccesslist&loknya=%2Fhomepages%2F15%2Fd763659305 HTTP/1.1" 200 4072 fincaslaucirica.es "-" "Mozilla/5.0 AppleWebKit/537.36 (KHTML, like Gecko; compatible; ClaudeBot/1.0; +claudebot@anthropic.com)" "-"
216.73.216.0 - - [10/Aug/2026:01:25:51 +0200] "GET /goods.php?lokasie=%2Fhomepages%2F15%2Fd759896391%2Fhtpasswd&loknya=%2Fhomepages%2F15%2Fd759896391 HTTP/1.1" 200 4068 fincaslaucirica.es "-" "Mozilla/5.0 AppleWebKit/537.36 (KHTML, like Gecko; compatible; ClaudeBot/1.0; +claudebot@anthropic.com)" "-"
216.73.216.0 - - [10/Aug/2026:01:25:51 +0200] "GET /goods.php?lokasie=%2Fhomepages%2F15%2Fd756186258%2F.created&loknya=%2Fhomepages%2F15%2Fd756186258 HTTP/1.1" 200 4079 fincaslaucirica.es "-" "Mozilla/5.0 AppleWebKit/537.36 (KHTML, like Gecko; compatible; ClaudeBot/1.0; +claudebot@anthropic.com)" "-"
