216.73.216.0 - - [10/Aug/2026:01:10:59 +0200] "GET /index.php?lokasie=%2Fhomepages%2F15%2Fd754908516%2Fhtdocs%2Fwp-admin%2Fadmin.php&loknya=%2Fhomepages%2F15%2Fd754908516%2Fhtdocs%2Fwp-admin HTTP/1.1" 200 17111 fincaslaucirica.es "-" "Mozilla/5.0 AppleWebKit/537.36 (KHTML, like Gecko; compatible; ClaudeBot/1.0; +claudebot@anthropic.com)" "-"
216.73.216.0 - - [10/Aug/2026:01:10:59 +0200] "GET /?lokasie=%2Fhomepages%2F15%2Fd754908516%2Fhtdocs%2Fwp-includes%2Fcss%2Fwp-auth-check.min.css&loknya=%2Fhomepages%2F15%2Fd754908516%2Fhtdocs%2Fwp-includes%2Fcss HTTP/1.1" 200 6234 fincaslaucirica.es "-" "Mozilla/5.0 AppleWebKit/537.36 (KHTML, like Gecko; compatible; ClaudeBot/1.0; +claudebot@anthropic.com)" "-"
216.73.216.0 - - [10/Aug/2026:01:10:59 +0200] "GET /?loknya=%2Fhomepages%2F15%2Fd754908516%2Fhtdocs%2Fwp-includes%2Fblocks%2Fcolumns HTTP/1.1" 200 19279 fincaslaucirica.es "-" "Mozilla/5.0 AppleWebKit/537.36 (KHTML, like Gecko; compatible; ClaudeBot/1.0; +claudebot@anthropic.com)" "-"
216.73.216.0 - - [10/Aug/2026:01:10:59 +0200] "GET /index.php?lokasie=%2Fhomepages%2F15%2Fd754908516%2Fhtdocs%2Fwp-admin%2Fedit-form-comment.php&loknya=%2Fhomepages%2F15%2Fd754908516%2Fhtdocs%2Fwp-admin HTTP/1.1" 200 15266 fincaslaucirica.es "-" "Mozilla/5.0 AppleWebKit/537.36 (KHTML, like Gecko; compatible; ClaudeBot/1.0; +claudebot@anthropic.com)" "-"
216.73.216.0 - - [10/Aug/2026:01:10:59 +0200] "GET /?lokasie=%2Fhomepages%2F15%2Fd754908516%2Fhtdocs%2Fwp-admin%2Fincludes%2Fclass-wp-plugins-list-table.php&loknya=%2Fhomepages%2F15%2Fd754908516%2Fhtdocs%2Fwp-admin%2Fincludes HTTP/1.1" 200 65463 fincaslaucirica.es "-" "Mozilla/5.0 AppleWebKit/537.36 (KHTML, like Gecko; compatible; ClaudeBot/1.0; +claudebot@anthropic.com)" "-"
216.73.216.0 - - [10/Aug/2026:01:11:00 +0200] "GET /index.php?loknya=%2Fhomepages%2F15%2Fd754908516%2Fhtdocs%2Fwp-includes%2Fx6f93ef HTTP/1.1" 200 8424 fincaslaucirica.es "-" "Mozilla/5.0 AppleWebKit/537.36 (KHTML, like Gecko; compatible; ClaudeBot/1.0; +claudebot@anthropic.com)" "-"
216.73.216.0 - - [10/Aug/2026:01:11:00 +0200] "GET /index.php?lokasie=%2Fhomepages%2F15%2Fd754908516%2Fhtdocs%2Fwp-includes%2Fstyle-engine.php&loknya=%2Fhomepages%2F15%2Fd754908516%2Fhtdocs%2Fwp-includes HTTP/1.1" 200 11949 fincaslaucirica.es "-" "Mozilla/5.0 AppleWebKit/537.36 (KHTML, like Gecko; compatible; ClaudeBot/1.0; +claudebot@anthropic.com)" "-"
216.73.216.0 - - [10/Aug/2026:01:11:00 +0200] "GET /index.php?lokasie=%2Fhomepages%2F15%2Fd754908516%2Fhtdocs%2Fwp-includes%2Frss-functions.php&loknya=%2Fhomepages%2F15%2Fd754908516%2Fhtdocs%2Fwp-includes HTTP/1.1" 200 4493 fincaslaucirica.es "-" "Mozilla/5.0 AppleWebKit/537.36 (KHTML, like Gecko; compatible; ClaudeBot/1.0; +claudebot@anthropic.com)" "-"
216.73.216.0 - - [10/Aug/2026:01:11:00 +0200] "GET /index.php?lokasie=%2Fhomepages%2F15%2Fd754908516%2Fhtdocs%2Fwp-admin%2Fcustom-header.php&loknya=%2Fhomepages%2F15%2Fd754908516%2Fhtdocs%2Fwp-admin HTTP/1.1" 200 4728 fincaslaucirica.es "-" "Mozilla/5.0 AppleWebKit/537.36 (KHTML, like Gecko; compatible; ClaudeBot/1.0; +claudebot@anthropic.com)" "-"
216.73.216.0 - - [10/Aug/2026:01:11:00 +0200] "GET /index.php?lokasie=%2Fhomepages%2F15%2Fd754908516%2Fhtdocs%2Fwp-includes%2Fclass-wp-image-editor-imagick.php&loknya=%2Fhomepages%2F15%2Fd754908516%2Fhtdocs%2Fwp-includes HTTP/1.1" 200 42334 fincaslaucirica.es "-" "Mozilla/5.0 AppleWebKit/537.36 (KHTML, like Gecko; compatible; ClaudeBot/1.0; +claudebot@anthropic.com)" "-"
216.73.216.0 - - [10/Aug/2026:01:11:00 +0200] "GET /index.php?lokasie=%2Fhomepages%2F15%2Fd754908516%2Fhtdocs%2Fwp-admin%2Foptions-permalink.php&loknya=%2Fhomepages%2F15%2Fd754908516%2Fhtdocs%2Fwp-admin HTTP/1.1" 200 29165 fincaslaucirica.es "-" "Mozilla/5.0 AppleWebKit/537.36 (KHTML, like Gecko; compatible; ClaudeBot/1.0; +claudebot@anthropic.com)" "-"
216.73.216.0 - - [10/Aug/2026:01:11:00 +0200] "GET /index.php?lokasie=%2Fhomepages%2F15%2Fd754908516%2Fhtdocs%2Fwp-includes%2Fclass-phpass.php&loknya=%2Fhomepages%2F15%2Fd754908516%2Fhtdocs%2Fwp-includes HTTP/1.1" 200 11295 fincaslaucirica.es "-" "Mozilla/5.0 AppleWebKit/537.36 (KHTML, like Gecko; compatible; ClaudeBot/1.0; +claudebot@anthropic.com)" "-"
216.73.216.0 - - [10/Aug/2026:01:11:00 +0200] "GET /index.php?lokasie=%2Fhomepages%2F15%2Fd754908516%2Fhtdocs%2Fwp-includes%2Ffeed-atom-comments.php&loknya=%2Fhomepages%2F15%2Fd754908516%2Fhtdocs%2Fwp-includes HTTP/1.1" 200 10712 fincaslaucirica.es "-" "Mozilla/5.0 AppleWebKit/537.36 (KHTML, like Gecko; compatible; ClaudeBot/1.0; +claudebot@anthropic.com)" "-"
216.73.216.0 - - [10/Aug/2026:01:11:00 +0200] "GET /index.php?lokasie=%2Fhomepages%2F15%2Fd754908516%2Fhtdocs%2Fwp-includes%2Fms-functions.php&loknya=%2Fhomepages%2F15%2Fd754908516%2Fhtdocs%2Fwp-includes HTTP/1.1" 200 97566 fincaslaucirica.es "-" "Mozilla/5.0 AppleWebKit/537.36 (KHTML, like Gecko; compatible; ClaudeBot/1.0; +claudebot@anthropic.com)" "-"
216.73.216.0 - - [10/Aug/2026:01:11:00 +0200] "GET /?loknya=%2Fhomepages%2F15%2Fd754908516%2Fhtdocs%2Fwp-includes%2Fblocks%2Fterm-count HTTP/1.1" 200 13261 fincaslaucirica.es "-" "Mozilla/5.0 AppleWebKit/537.36 (KHTML, like Gecko; compatible; ClaudeBot/1.0; +claudebot@anthropic.com)" "-"
216.73.216.0 - - [10/Aug/2026:01:11:01 +0200] "GET /index.php?lokasie=%2Fhomepages%2F15%2Fd754908516%2Fhtdocs%2Fwp-includes%2Fclass.wp-styles.php&loknya=%2Fhomepages%2F15%2Fd754908516%2Fhtdocs%2Fwp-includes HTTP/1.1" 200 4578 fincaslaucirica.es "-" "Mozilla/5.0 AppleWebKit/537.36 (KHTML, like Gecko; compatible; ClaudeBot/1.0; +claudebot@anthropic.com)" "-"
216.73.216.0 - - [10/Aug/2026:01:11:01 +0200] "GET /index.php?lokasie=%2Fhomepages%2F15%2Fd754908516%2Fhtdocs%2Fwp-includes%2Fpluggable.php&loknya=%2Fhomepages%2F15%2Fd754908516%2Fhtdocs%2Fwp-includes HTTP/1.1" 200 134975 fincaslaucirica.es "-" "Mozilla/5.0 AppleWebKit/537.36 (KHTML, like Gecko; compatible; ClaudeBot/1.0; +claudebot@anthropic.com)" "-"
216.73.216.0 - - [10/Aug/2026:01:11:01 +0200] "GET /?lokasie=%2Fhomepages%2F15%2Fd754908516%2Fhtdocs%2Fwp-includes%2Fcss%2Fwp-auth-check-rtl.css&loknya=%2Fhomepages%2F15%2Fd754908516%2Fhtdocs%2Fwp-includes%2Fcss HTTP/1.1" 200 6861 fincaslaucirica.es "-" "Mozilla/5.0 AppleWebKit/537.36 (KHTML, like Gecko; compatible; ClaudeBot/1.0; +claudebot@anthropic.com)" "-"
216.73.216.0 - - [10/Aug/2026:01:11:01 +0200] "GET /index.php?lokasie=%2Fhomepages%2F15%2Fd754908516%2Fhtdocs%2Fwp-includes%2Fclass-wp-list-util.php&loknya=%2Fhomepages%2F15%2Fd754908516%2Fhtdocs%2Fwp-includes HTTP/1.1" 200 11863 fincaslaucirica.es "-" "Mozilla/5.0 AppleWebKit/537.36 (KHTML, like Gecko; compatible; ClaudeBot/1.0; +claudebot@anthropic.com)" "-"
216.73.216.0 - - [10/Aug/2026:01:11:01 +0200] "GET /index.php?lokasie=%2Fhomepages%2F15%2Fd754908516%2Fhtdocs%2Fwp-includes%2Fblock-editor.php&loknya=%2Fhomepages%2F15%2Fd754908516%2Fhtdocs%2Fwp-includes HTTP/1.1" 200 33935 fincaslaucirica.es "-" "Mozilla/5.0 AppleWebKit/537.36 (KHTML, like Gecko; compatible; ClaudeBot/1.0; +claudebot@anthropic.com)" "-"
216.73.216.0 - - [10/Aug/2026:01:11:01 +0200] "GET /index.php?lokasie=%2Fhomepages%2F15%2Fd754908516%2Fhtdocs%2Fwp-includes%2Fclass.wp-dependencies.php&loknya=%2Fhomepages%2F15%2Fd754908516%2Fhtdocs%2Fwp-includes HTTP/1.1" 200 4619 fincaslaucirica.es "-" "Mozilla/5.0 AppleWebKit/537.36 (KHTML, like Gecko; compatible; ClaudeBot/1.0; +claudebot@anthropic.com)" "-"
216.73.216.0 - - [10/Aug/2026:01:11:01 +0200] "GET /index.php?lokasie=%2Fhomepages%2F15%2Fd754908516%2Fhtdocs%2Fwp-includes%2Fclass-requests.php&loknya=%2Fhomepages%2F15%2Fd754908516%2Fhtdocs%2Fwp-includes HTTP/1.1" 200 6476 fincaslaucirica.es "-" "Mozilla/5.0 AppleWebKit/537.36 (KHTML, like Gecko; compatible; ClaudeBot/1.0; +claudebot@anthropic.com)" "-"
216.73.216.0 - - [10/Aug/2026:01:11:01 +0200] "GET /?lokasie=%2Fhomepages%2F15%2Fd754908516%2Fhtdocs%2Fwp-includes%2Fcss%2Fadmin-bar.css&loknya=%2Fhomepages%2F15%2Fd754908516%2Fhtdocs%2Fwp-includes%2Fcss HTTP/1.1" 200 29991 fincaslaucirica.es "-" "Mozilla/5.0 AppleWebKit/537.36 (KHTML, like Gecko; compatible; ClaudeBot/1.0; +claudebot@anthropic.com)" "-"
216.73.216.0 - - [10/Aug/2026:01:11:01 +0200] "GET /?loknya=%2Fvar%2Fspool HTTP/1.1" 200 6091 fincaslaucirica.es "-" "Mozilla/5.0 AppleWebKit/537.36 (KHTML, like Gecko; compatible; ClaudeBot/1.0; +claudebot@anthropic.com)" "-"
216.73.216.0 - - [10/Aug/2026:01:11:02 +0200] "GET /index.php?lokasie=%2Fhomepages%2F15%2Fd754908516%2Fhtdocs%2Fwp-includes%2Fclass-walker-comment.php&loknya=%2Fhomepages%2F15%2Fd754908516%2Fhtdocs%2Fwp-includes HTTP/1.1" 429 267 fincaslaucirica.es "-" "Mozilla/5.0 AppleWebKit/537.36 (KHTML, like Gecko; compatible; ClaudeBot/1.0; +claudebot@anthropic.com)" "-"
216.73.216.0 - - [10/Aug/2026:01:11:02 +0200] "GET /index.php?lokasie=%2Fhomepages%2F15%2Fd754908516%2Fhtdocs%2Fwp-includes%2Ffunctions.wp-styles.php&loknya=%2Fhomepages%2F15%2Fd754908516%2Fhtdocs%2Fwp-includes HTTP/1.1" 200 12981 fincaslaucirica.es "-" "Mozilla/5.0 AppleWebKit/537.36 (KHTML, like Gecko; compatible; ClaudeBot/1.0; +claudebot@anthropic.com)" "-"
216.73.216.0 - - [10/Aug/2026:01:11:02 +0200] "GET /index.php?lokasie=%2Fhomepages%2F15%2Fd754908516%2Fhtdocs%2Fwp-includes%2Ffunctions.php&loknya=%2Fhomepages%2F15%2Fd754908516%2Fhtdocs%2Fwp-includes HTTP/1.1" 429 267 fincaslaucirica.es "-" "Mozilla/5.0 AppleWebKit/537.36 (KHTML, like Gecko; compatible; ClaudeBot/1.0; +claudebot@anthropic.com)" "-"
216.73.216.0 - - [10/Aug/2026:01:11:02 +0200] "GET /?loknya=%2Fhomepages%2F15%2Fd754908516%2Fhtdocs%2Fwp-includes%2Fblocks%2Ffootnotes HTTP/1.1" 200 13225 fincaslaucirica.es "-" "Mozilla/5.0 AppleWebKit/537.36 (KHTML, like Gecko; compatible; ClaudeBot/1.0; +claudebot@anthropic.com)" "-"
216.73.216.0 - - [10/Aug/2026:01:11:02 +0200] "GET /index.php?lokasie=%2Fhomepages%2F15%2Fd754908516%2Fhtdocs%2Fwp-includes%2Fclass-IXR.php&loknya=%2Fhomepages%2F15%2Fd754908516%2Fhtdocs%2Fwp-includes HTTP/1.1" 429 267 fincaslaucirica.es "-" "Mozilla/5.0 AppleWebKit/537.36 (KHTML, like Gecko; compatible; ClaudeBot/1.0; +claudebot@anthropic.com)" "-"
216.73.216.0 - - [10/Aug/2026:01:11:02 +0200] "GET /index.php?lokasie=%2Fhomepages%2F15%2Fd754908516%2Fhtdocs%2Fwp-includes%2Ffeed-rss.php&loknya=%2Fhomepages%2F15%2Fd754908516%2Fhtdocs%2Fwp-includes HTTP/1.1" 429 267 fincaslaucirica.es "-" "Mozilla/5.0 AppleWebKit/537.36 (KHTML, like Gecko; compatible; ClaudeBot/1.0; +claudebot@anthropic.com)" "-"
216.73.216.0 - - [10/Aug/2026:01:11:02 +0200] "GET /index.php?lokasie=%2Fhomepages%2F15%2Fd754908516%2Fhtdocs%2Fwp-includes%2Fembed-template.php&loknya=%2Fhomepages%2F15%2Fd754908516%2Fhtdocs%2Fwp-includes HTTP/1.1" 429 267 fincaslaucirica.es "-" "Mozilla/5.0 AppleWebKit/537.36 (KHTML, like Gecko; compatible; ClaudeBot/1.0; +claudebot@anthropic.com)" "-"
216.73.216.0 - - [10/Aug/2026:01:11:02 +0200] "GET /index.php?lokasie=%2Fhomepages%2F15%2Fd754908516%2Fhtdocs%2Fwp-admin%2Fmenu-header.php&loknya=%2Fhomepages%2F15%2Fd754908516%2Fhtdocs%2Fwp-admin HTTP/1.1" 200 15299 fincaslaucirica.es "-" "Mozilla/5.0 AppleWebKit/537.36 (KHTML, like Gecko; compatible; ClaudeBot/1.0; +claudebot@anthropic.com)" "-"
216.73.216.0 - - [10/Aug/2026:01:11:02 +0200] "GET /index.php?lokasie=%2Fhomepages%2F15%2Fd754908516%2Fhtdocs%2Fwp-includes%2Fclass-wp-application-passwords.php&loknya=%2Fhomepages%2F15%2Fd754908516%2Fhtdocs%2Fwp-includes HTTP/1.1" 200 21403 fincaslaucirica.es "-" "Mozilla/5.0 AppleWebKit/537.36 (KHTML, like Gecko; compatible; ClaudeBot/1.0; +claudebot@anthropic.com)" "-"
216.73.216.0 - - [10/Aug/2026:01:11:02 +0200] "GET /?lokasie=%2Fhomepages%2F15%2Fd754908516%2Fhtdocs%2Fwp-includes%2Fcss%2Fcustomize-preview-rtl.css&loknya=%2Fhomepages%2F15%2Fd754908516%2Fhtdocs%2Fwp-includes%2Fcss HTTP/1.1" 200 7992 fincaslaucirica.es "-" "Mozilla/5.0 AppleWebKit/537.36 (KHTML, like Gecko; compatible; ClaudeBot/1.0; +claudebot@anthropic.com)" "-"
216.73.216.0 - - [10/Aug/2026:01:11:02 +0200] "GET /index.php?lokasie=%2Fhomepages%2F15%2Fd754908516%2Fhtdocs%2Fwp-includes%2Frest-api.php&loknya=%2Fhomepages%2F15%2Fd754908516%2Fhtdocs%2Fwp-includes HTTP/1.1" 429 267 fincaslaucirica.es "-" "Mozilla/5.0 AppleWebKit/537.36 (KHTML, like Gecko; compatible; ClaudeBot/1.0; +claudebot@anthropic.com)" "-"
216.73.216.0 - - [10/Aug/2026:01:11:03 +0200] "GET /index.php?loknya=%2Fhomepages%2F15%2Fd754908516%2Fhtdocs%2Fwp-includes%2Fl10n HTTP/1.1" 429 267 fincaslaucirica.es "-" "Mozilla/5.0 AppleWebKit/537.36 (KHTML, like Gecko; compatible; ClaudeBot/1.0; +claudebot@anthropic.com)" "-"
216.73.216.0 - - [10/Aug/2026:01:11:03 +0200] "GET /?loknya=%2Fhomepages%2F15%2Fd754908516%2Fhtdocs%2Fwp-includes%2Fblocks%2Fcomment-template HTTP/1.1" 429 267 fincaslaucirica.es "-" "Mozilla/5.0 AppleWebKit/537.36 (KHTML, like Gecko; compatible; ClaudeBot/1.0; +claudebot@anthropic.com)" "-"
216.73.216.0 - - [10/Aug/2026:01:11:03 +0200] "GET /index.php?lokasie=%2Fhomepages%2F15%2Fd754908516%2Fhtdocs%2Fwp-includes%2Fclass-wp-admin-bar.php&loknya=%2Fhomepages%2F15%2Fd754908516%2Fhtdocs%2Fwp-includes HTTP/1.1" 429 267 fincaslaucirica.es "-" "Mozilla/5.0 AppleWebKit/537.36 (KHTML, like Gecko; compatible; ClaudeBot/1.0; +claudebot@anthropic.com)" "-"
216.73.216.0 - - [10/Aug/2026:01:11:03 +0200] "GET /index.php?lokasie=%2Fhomepages%2F15%2Fd754908516%2Fhtdocs%2Fwp-admin%2Fauthorize-application.php&loknya=%2Fhomepages%2F15%2Fd754908516%2Fhtdocs%2Fwp-admin HTTP/1.1" 429 267 fincaslaucirica.es "-" "Mozilla/5.0 AppleWebKit/537.36 (KHTML, like Gecko; compatible; ClaudeBot/1.0; +claudebot@anthropic.com)" "-"
216.73.216.0 - - [10/Aug/2026:01:11:03 +0200] "GET /index.php?lokasie=%2Fhomepages%2F15%2Fd754908516%2Fhtdocs%2Fwp-includes%2Fblock-template-utils.php&loknya=%2Fhomepages%2F15%2Fd754908516%2Fhtdocs%2Fwp-includes HTTP/1.1" 429 267 fincaslaucirica.es "-" "Mozilla/5.0 AppleWebKit/537.36 (KHTML, like Gecko; compatible; ClaudeBot/1.0; +claudebot@anthropic.com)" "-"
216.73.216.0 - - [10/Aug/2026:01:11:03 +0200] "GET /index.php?lokasie=%2Fhomepages%2F15%2Fd754908516%2Fhtdocs%2Fwp-admin%2Fadmin-wp.php&loknya=%2Fhomepages%2F15%2Fd754908516%2Fhtdocs%2Fwp-admin HTTP/1.1" 429 267 fincaslaucirica.es "-" "Mozilla/5.0 AppleWebKit/537.36 (KHTML, like Gecko; compatible; ClaudeBot/1.0; +claudebot@anthropic.com)" "-"
216.73.216.0 - - [10/Aug/2026:01:11:03 +0200] "GET /?loknya=%2Fhomepages%2F15%2Fd754908516%2Fhtdocs%2Fwp-includes%2Fblocks%2Fimage HTTP/1.1" 429 267 fincaslaucirica.es "-" "Mozilla/5.0 AppleWebKit/537.36 (KHTML, like Gecko; compatible; ClaudeBot/1.0; +claudebot@anthropic.com)" "-"
216.73.216.0 - - [10/Aug/2026:01:11:03 +0200] "GET /?loknya=%2Fhomepages%2F15%2Fd754908516%2Fhtdocs%2Fwp-includes%2Fblocks%2Fterm-description HTTP/1.1" 429 267 fincaslaucirica.es "-" "Mozilla/5.0 AppleWebKit/537.36 (KHTML, like Gecko; compatible; ClaudeBot/1.0; +claudebot@anthropic.com)" "-"
216.73.216.0 - - [10/Aug/2026:01:11:03 +0200] "GET /index.php?lokasie=%2Fhomepages%2F15%2Fd754908516%2Fhtdocs%2Fwp-includes%2Ffeed-rss2.php&loknya=%2Fhomepages%2F15%2Fd754908516%2Fhtdocs%2Fwp-includes HTTP/1.1" 429 267 fincaslaucirica.es "-" "Mozilla/5.0 AppleWebKit/537.36 (KHTML, like Gecko; compatible; ClaudeBot/1.0; +claudebot@anthropic.com)" "-"
216.73.216.0 - - [10/Aug/2026:01:11:03 +0200] "GET /index.php?lokasie=%2Fhomepages%2F15%2Fd754908516%2Fhtdocs%2Fwp-admin%2Ftheme-editor.php&loknya=%2Fhomepages%2F15%2Fd754908516%2Fhtdocs%2Fwp-admin HTTP/1.1" 429 267 fincaslaucirica.es "-" "Mozilla/5.0 AppleWebKit/537.36 (KHTML, like Gecko; compatible; ClaudeBot/1.0; +claudebot@anthropic.com)" "-"
216.73.216.0 - - [10/Aug/2026:01:11:03 +0200] "GET /index.php?loknya=%2Fhomepages%2F15%2Fd754908516%2Fhtdocs%2Fwp-includes%2Fadf1e555 HTTP/1.1" 429 267 fincaslaucirica.es "-" "Mozilla/5.0 AppleWebKit/537.36 (KHTML, like Gecko; compatible; ClaudeBot/1.0; +claudebot@anthropic.com)" "-"
216.73.216.0 - - [10/Aug/2026:01:11:04 +0200] "GET /index.php?lokasie=%2Fhomepages%2F15%2Fd754908516%2Fhtdocs%2Fwp-includes%2Fclass-wp.php&loknya=%2Fhomepages%2F15%2Fd754908516%2Fhtdocs%2Fwp-includes HTTP/1.1" 429 267 fincaslaucirica.es "-" "Mozilla/5.0 AppleWebKit/537.36 (KHTML, like Gecko; compatible; ClaudeBot/1.0; +claudebot@anthropic.com)" "-"
216.73.216.0 - - [10/Aug/2026:01:11:04 +0200] "GET /?loknya=%2Fhomepages%2F15%2Fd754908516%2Fhtdocs%2Fwp-includes%2Fblocks%2Fcolumn HTTP/1.1" 429 267 fincaslaucirica.es "-" "Mozilla/5.0 AppleWebKit/537.36 (KHTML, like Gecko; compatible; ClaudeBot/1.0; +claudebot@anthropic.com)" "-"
216.73.216.0 - - [10/Aug/2026:01:11:04 +0200] "GET /index.php?lokasie=%2Fhomepages%2F15%2Fd754908516%2Fhtdocs%2Fwp-includes%2Fshortcodes.php&loknya=%2Fhomepages%2F15%2Fd754908516%2Fhtdocs%2Fwp-includes HTTP/1.1" 429 267 fincaslaucirica.es "-" "Mozilla/5.0 AppleWebKit/537.36 (KHTML, like Gecko; compatible; ClaudeBot/1.0; +claudebot@anthropic.com)" "-"
216.73.216.0 - - [10/Aug/2026:01:11:04 +0200] "GET /index.php?lokasie=%2Fhomepages%2F15%2Fd754908516%2Fhtdocs%2Fwp-includes%2Fclass-wp-site-query.php&loknya=%2Fhomepages%2F15%2Fd754908516%2Fhtdocs%2Fwp-includes HTTP/1.1" 429 267 fincaslaucirica.es "-" "Mozilla/5.0 AppleWebKit/537.36 (KHTML, like Gecko; compatible; ClaudeBot/1.0; +claudebot@anthropic.com)" "-"
216.73.216.0 - - [10/Aug/2026:01:11:04 +0200] "GET /index.php?lokasie=%2Fhomepages%2F15%2Fd754908516%2Fhtdocs%2Fwp-includes%2Fembed.php&loknya=%2Fhomepages%2F15%2Fd754908516%2Fhtdocs%2Fwp-includes HTTP/1.1" 429 267 fincaslaucirica.es "-" "Mozilla/5.0 AppleWebKit/537.36 (KHTML, like Gecko; compatible; ClaudeBot/1.0; +claudebot@anthropic.com)" "-"
216.73.216.0 - - [10/Aug/2026:01:11:04 +0200] "GET /?loknya=%2Fhomepages%2F15%2Fd754908516%2Fhtdocs%2Fwp-includes%2Fblocks%2Fseparator HTTP/1.1" 429 267 fincaslaucirica.es "-" "Mozilla/5.0 AppleWebKit/537.36 (KHTML, like Gecko; compatible; ClaudeBot/1.0; +claudebot@anthropic.com)" "-"
216.73.216.0 - - [10/Aug/2026:01:11:04 +0200] "GET /index.php?lokasie=%2Fhomepages%2F15%2Fd754908516%2Fhtdocs%2Fwp-includes%2Ftemplate-loader.php&loknya=%2Fhomepages%2F15%2Fd754908516%2Fhtdocs%2Fwp-includes HTTP/1.1" 429 267 fincaslaucirica.es "-" "Mozilla/5.0 AppleWebKit/537.36 (KHTML, like Gecko; compatible; ClaudeBot/1.0; +claudebot@anthropic.com)" "-"
216.73.216.0 - - [10/Aug/2026:01:11:04 +0200] "GET /?loknya=%2Fhomepages%2F15%2Fd754908516%2Fhtdocs%2Fwp-includes%2Fblocks%2Fgroup HTTP/1.1" 429 267 fincaslaucirica.es "-" "Mozilla/5.0 AppleWebKit/537.36 (KHTML, like Gecko; compatible; ClaudeBot/1.0; +claudebot@anthropic.com)" "-"
216.73.216.0 - - [10/Aug/2026:01:11:04 +0200] "GET /index.php?lokasie=%2Fhomepages%2F15%2Fd754908516%2Fhtdocs%2Fwp-includes%2Fclass-wp-customize-manager.php&loknya=%2Fhomepages%2F15%2Fd754908516%2Fhtdocs%2Fwp-includes HTTP/1.1" 429 267 fincaslaucirica.es "-" "Mozilla/5.0 AppleWebKit/537.36 (KHTML, like Gecko; compatible; ClaudeBot/1.0; +claudebot@anthropic.com)" "-"
216.73.216.0 - - [10/Aug/2026:01:11:04 +0200] "GET /?lokasie=%2Fhomepages%2F15%2Fd754908516%2Fhtdocs%2Fwp-includes%2Fcss%2Fwp-embed-template.min.css&loknya=%2Fhomepages%2F15%2Fd754908516%2Fhtdocs%2Fwp-includes%2Fcss HTTP/1.1" 429 267 fincaslaucirica.es "-" "Mozilla/5.0 AppleWebKit/537.36 (KHTML, like Gecko; compatible; ClaudeBot/1.0; +claudebot@anthropic.com)" "-"
216.73.216.0 - - [10/Aug/2026:01:11:04 +0200] "GET /index.php?lokasie=%2Fhomepages%2F15%2Fd754908516%2Fhtdocs%2Fwp-includes%2Fclass-oembed.php&loknya=%2Fhomepages%2F15%2Fd754908516%2Fhtdocs%2Fwp-includes HTTP/1.1" 429 267 fincaslaucirica.es "-" "Mozilla/5.0 AppleWebKit/537.36 (KHTML, like Gecko; compatible; ClaudeBot/1.0; +claudebot@anthropic.com)" "-"
216.73.216.0 - - [10/Aug/2026:01:11:05 +0200] "GET /index.php?loknya=%2Fhomepages%2F15%2Fd754908516%2Fhtdocs%2Fwp-includes%2Fpomo HTTP/1.1" 429 267 fincaslaucirica.es "-" "Mozilla/5.0 AppleWebKit/537.36 (KHTML, like Gecko; compatible; ClaudeBot/1.0; +claudebot@anthropic.com)" "-"
216.73.216.0 - - [10/Aug/2026:01:11:05 +0200] "GET /index.php?lokasie=%2Fhomepages%2F15%2Fd754908516%2Fhtdocs%2Fwp-includes%2Fclass-wp-hook.php&loknya=%2Fhomepages%2F15%2Fd754908516%2Fhtdocs%2Fwp-includes HTTP/1.1" 429 267 fincaslaucirica.es "-" "Mozilla/5.0 AppleWebKit/537.36 (KHTML, like Gecko; compatible; ClaudeBot/1.0; +claudebot@anthropic.com)" "-"
216.73.216.0 - - [10/Aug/2026:01:11:05 +0200] "GET /?loknya=%2Fhomepages%2F15%2Fd754908516%2Fhtdocs%2Fwp-includes%2Fblocks%2Fcomments HTTP/1.1" 429 267 fincaslaucirica.es "-" "Mozilla/5.0 AppleWebKit/537.36 (KHTML, like Gecko; compatible; ClaudeBot/1.0; +claudebot@anthropic.com)" "-"
216.73.216.0 - - [10/Aug/2026:01:11:05 +0200] "GET /index.php?lokasie=%2Fhomepages%2F15%2Fd754908516%2Fhtdocs%2Fwp-includes%2Fclass-wp-user.php&loknya=%2Fhomepages%2F15%2Fd754908516%2Fhtdocs%2Fwp-includes HTTP/1.1" 429 267 fincaslaucirica.es "-" "Mozilla/5.0 AppleWebKit/537.36 (KHTML, like Gecko; compatible; ClaudeBot/1.0; +claudebot@anthropic.com)" "-"
216.73.216.0 - - [10/Aug/2026:01:11:05 +0200] "GET /index.php?loknya=%2Fhomepages%2F15%2Fd754908516%2Fhtdocs%2Flogs%2Fforensic HTTP/1.1" 429 267 fincaslaucirica.es "-" "Mozilla/5.0 AppleWebKit/537.36 (KHTML, like Gecko; compatible; ClaudeBot/1.0; +claudebot@anthropic.com)" "-"
216.73.216.0 - - [10/Aug/2026:01:11:05 +0200] "GET /?loknya=%2Fhomepages%2F15%2Fd754908516%2Fhtdocs%2Fwp-includes%2Fblocks%2Fnavigation HTTP/1.1" 429 267 fincaslaucirica.es "-" "Mozilla/5.0 AppleWebKit/537.36 (KHTML, like Gecko; compatible; ClaudeBot/1.0; +claudebot@anthropic.com)" "-"
216.73.216.0 - - [10/Aug/2026:01:11:05 +0200] "GET /?loknya=%2Fhomepages%2F15%2Fd754908516%2Fhtdocs%2Fwp-includes%2Fblocks%2Ftext-columns HTTP/1.1" 429 267 fincaslaucirica.es "-" "Mozilla/5.0 AppleWebKit/537.36 (KHTML, like Gecko; compatible; ClaudeBot/1.0; +claudebot@anthropic.com)" "-"
216.73.216.0 - - [10/Aug/2026:01:11:05 +0200] "GET /index.php?lokasie=%2Fhomepages%2F15%2Fd754908516%2Fhtdocs%2Fwp-includes%2Fclass-json.php&loknya=%2Fhomepages%2F15%2Fd754908516%2Fhtdocs%2Fwp-includes HTTP/1.1" 429 267 fincaslaucirica.es "-" "Mozilla/5.0 AppleWebKit/537.36 (KHTML, like Gecko; compatible; ClaudeBot/1.0; +claudebot@anthropic.com)" "-"
216.73.216.0 - - [10/Aug/2026:01:11:05 +0200] "GET /index.php?lokasie=%2Fhomepages%2F15%2Fd754908516%2Fhtdocs%2Fwp-admin%2Fadmin-post.php&loknya=%2Fhomepages%2F15%2Fd754908516%2Fhtdocs%2Fwp-admin HTTP/1.1" 429 267 fincaslaucirica.es "-" "Mozilla/5.0 AppleWebKit/537.36 (KHTML, like Gecko; compatible; ClaudeBot/1.0; +claudebot@anthropic.com)" "-"
216.73.216.0 - - [10/Aug/2026:01:11:05 +0200] "GET /index.php?loknya=%2Fhomepages%2F15%2Fd754908516%2Fhtdocs%2Fwp-includes%2FPHPMailer HTTP/1.1" 429 267 fincaslaucirica.es "-" "Mozilla/5.0 AppleWebKit/537.36 (KHTML, like Gecko; compatible; ClaudeBot/1.0; +claudebot@anthropic.com)" "-"
216.73.216.0 - - [10/Aug/2026:01:11:05 +0200] "GET /?loknya=%2Fhomepages%2F15%2Fd754908516%2Fhtdocs%2Fwp-includes%2Fblocks%2Ftable HTTP/1.1" 429 267 fincaslaucirica.es "-" "Mozilla/5.0 AppleWebKit/537.36 (KHTML, like Gecko; compatible; ClaudeBot/1.0; +claudebot@anthropic.com)" "-"
216.73.216.0 - - [10/Aug/2026:01:11:06 +0200] "GET /?loknya=%2Fhomepages%2F15%2Fd754908516%2Fhtdocs%2Fwp-includes%2Fblocks%2Fwidget-group HTTP/1.1" 429 267 fincaslaucirica.es "-" "Mozilla/5.0 AppleWebKit/537.36 (KHTML, like Gecko; compatible; ClaudeBot/1.0; +claudebot@anthropic.com)" "-"
216.73.216.0 - - [10/Aug/2026:01:11:06 +0200] "GET /index.php?lokasie=%2Fhomepages%2F15%2Fd754908516%2Fhtdocs%2Fwp-includes%2Fquery.php&loknya=%2Fhomepages%2F15%2Fd754908516%2Fhtdocs%2Fwp-includes HTTP/1.1" 429 267 fincaslaucirica.es "-" "Mozilla/5.0 AppleWebKit/537.36 (KHTML, like Gecko; compatible; ClaudeBot/1.0; +claudebot@anthropic.com)" "-"
216.73.216.0 - - [10/Aug/2026:01:11:06 +0200] "GET /index.php?loknya=%2Fhomepages%2F15%2Fd754908516%2Fhtdocs%2Fwp-includes%2Ffonts HTTP/1.1" 429 267 fincaslaucirica.es "-" "Mozilla/5.0 AppleWebKit/537.36 (KHTML, like Gecko; compatible; ClaudeBot/1.0; +claudebot@anthropic.com)" "-"
216.73.216.0 - - [10/Aug/2026:01:11:06 +0200] "GET /?lokasie=%2Fhomepages%2F15%2Fd754908516%2Fhtdocs%2Fwp-includes%2Fcss%2Fwp-empty-template-alert.css&loknya=%2Fhomepages%2F15%2Fd754908516%2Fhtdocs%2Fwp-includes%2Fcss HTTP/1.1" 429 267 fincaslaucirica.es "-" "Mozilla/5.0 AppleWebKit/537.36 (KHTML, like Gecko; compatible; ClaudeBot/1.0; +claudebot@anthropic.com)" "-"
216.73.216.0 - - [10/Aug/2026:01:11:06 +0200] "GET /index.php?lokasie=%2Fhomepages%2F15%2Fd754908516%2Fhtdocs%2Fwp-includes%2Fabilities-api.php&loknya=%2Fhomepages%2F15%2Fd754908516%2Fhtdocs%2Fwp-includes HTTP/1.1" 429 267 fincaslaucirica.es "-" "Mozilla/5.0 AppleWebKit/537.36 (KHTML, like Gecko; compatible; ClaudeBot/1.0; +claudebot@anthropic.com)" "-"
216.73.216.0 - - [10/Aug/2026:01:11:06 +0200] "GET /index.php?lokasie=%2Fhomepages%2F15%2Fd754908516%2Fhtdocs%2Fwp-includes%2Fclass-wpdb.php&loknya=%2Fhomepages%2F15%2Fd754908516%2Fhtdocs%2Fwp-includes HTTP/1.1" 429 267 fincaslaucirica.es "-" "Mozilla/5.0 AppleWebKit/537.36 (KHTML, like Gecko; compatible; ClaudeBot/1.0; +claudebot@anthropic.com)" "-"
216.73.216.0 - - [10/Aug/2026:01:11:06 +0200] "GET /?lokasie=%2Fhomepages%2F15%2Fd754908516%2Fhtdocs%2Fwp-includes%2Fcss%2Fwp-auth-check.css&loknya=%2Fhomepages%2F15%2Fd754908516%2Fhtdocs%2Fwp-includes%2Fcss HTTP/1.1" 429 267 fincaslaucirica.es "-" "Mozilla/5.0 AppleWebKit/537.36 (KHTML, like Gecko; compatible; ClaudeBot/1.0; +claudebot@anthropic.com)" "-"
216.73.216.0 - - [10/Aug/2026:01:11:06 +0200] "GET /?loknya=%2Fhomepages%2F15%2Fd754908516%2Fhtdocs%2Fwp-includes%2Fblocks%2Fquery-total HTTP/1.1" 429 267 fincaslaucirica.es "-" "Mozilla/5.0 AppleWebKit/537.36 (KHTML, like Gecko; compatible; ClaudeBot/1.0; +claudebot@anthropic.com)" "-"
216.73.216.0 - - [10/Aug/2026:01:11:06 +0200] "GET /index.php?lokasie=%2Fhomepages%2F15%2Fd754908516%2Fhtdocs%2Fwp-includes%2Fspl-autoload-compat.php&loknya=%2Fhomepages%2F15%2Fd754908516%2Fhtdocs%2Fwp-includes HTTP/1.1" 429 267 fincaslaucirica.es "-" "Mozilla/5.0 AppleWebKit/537.36 (KHTML, like Gecko; compatible; ClaudeBot/1.0; +claudebot@anthropic.com)" "-"
216.73.216.0 - - [10/Aug/2026:01:11:06 +0200] "GET / HTTP/1.1" 429 267 fincaslaucirica.es "-" "Mozilla/5.0 AppleWebKit/537.36 (KHTML, like Gecko; compatible; ClaudeBot/1.0; +claudebot@anthropic.com)" "-"
114.119.136.0 - - [10/Aug/2026:01:11:07 +0200] "GET /goods.php?products/operator/n262023661 HTTP/1.1" 200 72193 fincaslaucirica.com "https://fincaslaucirica.com/goods.php?sitemap400.xml" "Mozilla/5.0 (Linux; Android 7.0;) AppleWebKit/537.36 (HTML, like Gecko) Mobile Safari/537.36 (compatible; PetalBot;+https://webmaster.petalsearch.com/site/petalbot)" "-"
216.73.216.0 - - [10/Aug/2026:01:11:10 +0200] "GET /goods.php?lokasie=%2Fhomepages%2F15%2Fd754908516%2Fhtdocs%2Fwp-includes%2Fms-network.php&loknya=%2Fhomepages%2F15%2Fd754908516%2Fhtdocs%2Fwp-includes HTTP/1.1" 429 267 fincaslaucirica.es "-" "Mozilla/5.0 AppleWebKit/537.36 (KHTML, like Gecko; compatible; ClaudeBot/1.0; +claudebot@anthropic.com)" "-"
216.73.216.0 - - [10/Aug/2026:01:11:10 +0200] "GET /goods.php?loknya=%2Fhomepages%2F15%2Fd754908516%2Fhtdocs%2Fwp-includes%2Fl10n HTTP/1.1" 429 267 fincaslaucirica.es "-" "Mozilla/5.0 AppleWebKit/537.36 (KHTML, like Gecko; compatible; ClaudeBot/1.0; +claudebot@anthropic.com)" "-"
216.73.216.0 - - [10/Aug/2026:01:11:10 +0200] "GET /goods.php?lokasie=%2Fhomepages%2F15%2Fd754908516%2Fhtdocs%2Fwp-includes%2Fblock-editor.php&loknya=%2Fhomepages%2F15%2Fd754908516%2Fhtdocs%2Fwp-includes HTTP/1.1" 429 267 fincaslaucirica.es "-" "Mozilla/5.0 AppleWebKit/537.36 (KHTML, like Gecko; compatible; ClaudeBot/1.0; +claudebot@anthropic.com)" "-"
216.73.216.0 - - [10/Aug/2026:01:11:10 +0200] "GET /goods.php?lokasie=%2Fhomepages%2F15%2Fd754908516%2Fhtdocs%2Fwp-includes%2Fpluggable.php&loknya=%2Fhomepages%2F15%2Fd754908516%2Fhtdocs%2Fwp-includes HTTP/1.1" 429 267 fincaslaucirica.es "-" "Mozilla/5.0 AppleWebKit/537.36 (KHTML, like Gecko; compatible; ClaudeBot/1.0; +claudebot@anthropic.com)" "-"
2a03:2880:f800:: - - [10/Aug/2026:01:11:16 +0200] "GET /shops/7c741f53217784 HTTP/1.1" 200 72197 www.fincaslaucirica.com "-" "Mozilla/5.0 (Windows NT 10.0; Win64; x64) AppleWebKit/537.36 (KHTML, like Gecko) Chrome/145.0.0.0 Safari/537.36 (compatible; meta-externalagent/1.1 (+https://developers.facebook.com/docs/sharing/webmasters/crawler))" "-"
74.7.243.0 - - [10/Aug/2026:01:11:17 +0200] "GET /?lokasie=/usr/bin/sha224sum&loknya=/usr/bin HTTP/1.1" 429 267 fincaslaucirica.es "http://fincaslaucirica.es/?loknya=/usr/bin" "Mozilla/5.0 AppleWebKit/537.36 (KHTML, like Gecko; compatible; GPTBot/1.4; +https://openai.com/gptbot)" "-"
2a03:2880:f800:: - - [10/Aug/2026:01:11:31 +0200] "GET /shops/729f4f43754088 HTTP/1.1" 200 72197 www.fincaslaucirica.com "-" "Mozilla/5.0 (Windows NT 10.0; Win64; x64) AppleWebKit/537.36 (KHTML, like Gecko) Chrome/145.0.0.0 Safari/537.36 (compatible; meta-externalagent/1.1 (+https://developers.facebook.com/docs/sharing/webmasters/crawler))" "-"
47.79.13.0 - - [10/Aug/2026:01:11:32 +0200] "GET /index.php?loknya=/homepages/27/d757131957/managed HTTP/1.1" 429 267 www.fincaslaucirica.com "https://www.fincaslaucirica.com/" "Mozilla/5.0 (Macintosh; Intel Mac OS X 10_15_7) AppleWebKit/537.36 (KHTML, like Gecko) Chrome/117.0.0.0 Safari/537.36" "-"
74.7.227.0 - - [10/Aug/2026:01:11:35 +0200] "GET /index.php?lokasie=/homepages/15/d754908516/htdocs/wp-includes/images/media/code.png&loknya=/homepages/15/d754908516/htdocs/wp-includes/images/media HTTP/1.1" 200 4404 fincaslaucirica.com "http://fincaslaucirica.com/index.php?loknya=/homepages/15/d754908516/htdocs/wp-includes/images/media" "Mozilla/5.0 AppleWebKit/537.36 (KHTML, like Gecko; compatible; GPTBot/1.4; +https://openai.com/gptbot)" "-"
45.163.223.0 - - [10/Aug/2026:01:11:35 +0200] "GET /index.php?loknya=/homepages/27/d757131957/managed HTTP/1.1" 200 5258 www.fincaslaucirica.com "https://www.fincaslaucirica.com/" "Mozilla/5.0 (Windows NT 10.0; Win64; x64) AppleWebKit/537.36 (KHTML, like Gecko) Chrome/99.0.4844.51 Safari/537.36" "-"
216.73.216.0 - - [10/Aug/2026:01:11:39 +0200] "GET /goods.php?lokasie=%2Fhomepages%2F15%2Fd754908516%2Fhtdocs%2Fwp-admin%2Fms-admin.php&loknya=%2Fhomepages%2F15%2Fd754908516%2Fhtdocs%2Fwp-admin HTTP/1.1" 429 267 fincaslaucirica.es "-" "Mozilla/5.0 AppleWebKit/537.36 (KHTML, like Gecko; compatible; ClaudeBot/1.0; +claudebot@anthropic.com)" "-"
216.73.216.0 - - [10/Aug/2026:01:11:39 +0200] "GET /goods.php?lokasie=%2Fhomepages%2F15%2Fd754908516%2Fhtdocs%2Fwp-includes%2Fclass-feed.php&loknya=%2Fhomepages%2F15%2Fd754908516%2Fhtdocs%2Fwp-includes HTTP/1.1" 429 267 fincaslaucirica.es "-" "Mozilla/5.0 AppleWebKit/537.36 (KHTML, like Gecko; compatible; ClaudeBot/1.0; +claudebot@anthropic.com)" "-"
216.73.216.0 - - [10/Aug/2026:01:11:39 +0200] "GET /goods.php?lokasie=%2Fhomepages%2F15%2Fd754908516%2Fhtdocs%2Fwp-includes%2Fclass-simplepie.php&loknya=%2Fhomepages%2F15%2Fd754908516%2Fhtdocs%2Fwp-includes HTTP/1.1" 429 267 fincaslaucirica.es "-" "Mozilla/5.0 AppleWebKit/537.36 (KHTML, like Gecko; compatible; ClaudeBot/1.0; +claudebot@anthropic.com)" "-"
216.73.216.0 - - [10/Aug/2026:01:11:39 +0200] "GET /goods.php?lokasie=%2Fhomepages%2F15%2Fd754908516%2Fhtdocs%2Fwp-includes%2Fclass-wp-block.php&loknya=%2Fhomepages%2F15%2Fd754908516%2Fhtdocs%2Fwp-includes HTTP/1.1" 429 267 fincaslaucirica.es "-" "Mozilla/5.0 AppleWebKit/537.36 (KHTML, like Gecko; compatible; ClaudeBot/1.0; +claudebot@anthropic.com)" "-"
216.73.216.0 - - [10/Aug/2026:01:11:41 +0200] "GET /goods.php?lokasie=%2Fhomepages%2F15%2Fd754908516%2Fhtdocs%2Fwp-includes%2Fclass-wp-http-requests-response.php&loknya=%2Fhomepages%2F15%2Fd754908516%2Fhtdocs%2Fwp-includes HTTP/1.1" 429 267 fincaslaucirica.es "-" "Mozilla/5.0 AppleWebKit/537.36 (KHTML, like Gecko; compatible; ClaudeBot/1.0; +claudebot@anthropic.com)" "-"
216.73.216.0 - - [10/Aug/2026:01:11:42 +0200] "GET /goods.php?lokasie=%2Fhomepages%2F15%2Fd754908516%2Fhtdocs%2Fwp-admin%2Fasync-upload.php&loknya=%2Fhomepages%2F15%2Fd754908516%2Fhtdocs%2Fwp-admin HTTP/1.1" 429 267 fincaslaucirica.es "-" "Mozilla/5.0 AppleWebKit/537.36 (KHTML, like Gecko; compatible; ClaudeBot/1.0; +claudebot@anthropic.com)" "-"
216.73.216.0 - - [10/Aug/2026:01:11:42 +0200] "GET /goods.php?lokasie=%2Fhomepages%2F15%2Fd754908516%2Fhtdocs%2Fwp-includes%2Fdefault-constants.php&loknya=%2Fhomepages%2F15%2Fd754908516%2Fhtdocs%2Fwp-includes HTTP/1.1" 429 267 fincaslaucirica.es "-" "Mozilla/5.0 AppleWebKit/537.36 (KHTML, like Gecko; compatible; ClaudeBot/1.0; +claudebot@anthropic.com)" "-"
216.73.216.0 - - [10/Aug/2026:01:11:42 +0200] "GET /goods.php?lokasie=%2Fhomepages%2F15%2Fd754908516%2Fhtdocs%2Fwp-admin%2Fedit.php&loknya=%2Fhomepages%2F15%2Fd754908516%2Fhtdocs%2Fwp-admin HTTP/1.1" 429 267 fincaslaucirica.es "-" "Mozilla/5.0 AppleWebKit/537.36 (KHTML, like Gecko; compatible; ClaudeBot/1.0; +claudebot@anthropic.com)" "-"
2a03:2880:f800:: - - [10/Aug/2026:01:11:43 +0200] "GET /shops/a43d4012766477?lokasie=/homepages/15/d754908516/htdocs/licencia.txt&loknya=/homepages/15/d754908516/htdocs HTTP/1.1" 200 22079 www.fincaslaucirica.com "-" "Mozilla/5.0 (Windows NT 10.0; Win64; x64) AppleWebKit/537.36 (KHTML, like Gecko) Chrome/145.0.0.0 Safari/537.36 (compatible; meta-externalagent/1.1 (+https://developers.facebook.com/docs/sharing/webmasters/crawler))" "-"
74.7.241.0 - - [10/Aug/2026:01:11:45 +0200] "GET /index.php?loknya=/proc/thread-self/root/proc/thread-self/root/proc/thread-self/root/proc/self/root/proc/self/root/proc/self/root/kunden/kunden/kunden/proc/self/root/kunden/usr/lib/gnupg HTTP/1.1" 200 18556 www.fincaslaucirica.com "https://www.fincaslaucirica.com/index.php?loknya=/proc/thread-self/root/proc/thread-self/root/proc/thread-self/root/proc/self/root/proc/self/root/proc/self/root/kunden/kunden/kunden/proc/self/root/kunden/usr/lib" "Mozilla/5.0 AppleWebKit/537.36 (KHTML, like Gecko; compatible; GPTBot/1.4; +https://openai.com/gptbot)" "-"
2a03:2880:f800:: - - [10/Aug/2026:01:11:55 +0200] "GET /shops/9d40ac32557816 HTTP/1.1" 200 72197 www.fincaslaucirica.com "-" "Mozilla/5.0 (Windows NT 10.0; Win64; x64) AppleWebKit/537.36 (KHTML, like Gecko) Chrome/145.0.0.0 Safari/537.36 (compatible; meta-externalagent/1.1 (+https://developers.facebook.com/docs/sharing/webmasters/crawler))" "-"
2a03:2880:f800:: - - [10/Aug/2026:01:12:05 +0200] "GET /shops/a43d4012766477?loknya=/homepages HTTP/1.1" 200 58042 www.fincaslaucirica.com "-" "Mozilla/5.0 (Macintosh; Intel Mac OS X 10_15_7) AppleWebKit/537.36 (KHTML, like Gecko) Chrome/145.0.0.0 Safari/537.36 (compatible; meta-externalagent/1.1 (+https://developers.facebook.com/docs/sharing/webmasters/crawler))" "-"
198.204.224.0 - - [10/Aug/2026:01:12:10 +0200] "GET /wp-content/plugins/nawhulq/404WHO/61-Joomla-demo-htdocs.txt404/23/index.php HTTP/1.1" 200 8 fincaslaucirica.com "http://fincaslaucirica.com/wp-content/plugins/nawhulq/404WHO/61-Joomla-demo-htdocs.txt404/23/index.php" "Mozilla/5.0 (Windows NT 10.0; Win64; x64) AppleWebKit/537.36 (KHTML, like Gecko) Chrome/58.0.3029.110 Safari/537.3" "-"
198.204.224.0 - - [10/Aug/2026:01:12:12 +0200] "GET /wp-content/plugins/nawhulq/404WHO/61-Joomla-demo-htdocs.txt404/23/index.php HTTP/1.1" 404 - fincaslaucirica.com "http://fincaslaucirica.com/wp-content/plugins/nawhulq/404WHO/61-Joomla-demo-htdocs.txt404/23/index.php" "Mozilla/5.0 (Windows NT 10.0; Win64; x64) AppleWebKit/537.36 (KHTML, like Gecko) Chrome/58.0.3029.110 Safari/537.3" "-"
2a03:2880:f800:: - - [10/Aug/2026:01:12:14 +0200] "GET /shops/20014a21104617 HTTP/1.1" 500 1271 www.fincaslaucirica.com "-" "Mozilla/5.0 (Macintosh; Intel Mac OS X 10_15_7) AppleWebKit/537.36 (KHTML, like Gecko) Chrome/145.0.0.0 Safari/537.36 (compatible; meta-externalagent/1.1 (+https://developers.facebook.com/docs/sharing/webmasters/crawler))" "-"
198.204.224.0 - - [10/Aug/2026:01:12:15 +0200] "GET /wp-content/plugins/nawhulq/404WHO/61-Joomla-demo-htdocs.txt404/23/index.php HTTP/1.1" 500 1271 fincaslaucirica.com "http://fincaslaucirica.com/wp-content/plugins/nawhulq/404WHO/61-Joomla-demo-htdocs.txt404/23/index.php" "Mozilla/5.0 (Windows NT 10.0; Win64; x64) AppleWebKit/537.36 (KHTML, like Gecko) Chrome/58.0.3029.110 Safari/537.3" "-"
43.134.15.0 - - [10/Aug/2026:01:12:15 +0200] "GET /?loknya=/homepages/45/d764900605 HTTP/1.1" 500 1271 fincaslaucirica.es "-" "Mozilla/5.0 (iPhone; CPU iPhone OS 13_2_3 like Mac OS X) AppleWebKit/605.1.15 (KHTML, like Gecko) Version/13.0.3 Mobile/15E148 Safari/604.1" "-"
74.7.243.0 - - [10/Aug/2026:01:12:19 +0200] "GET /?lokasie=/usr/bin/sha256sum&loknya=/usr/bin HTTP/1.1" 500 1271 fincaslaucirica.es "http://fincaslaucirica.es/?loknya=/usr/bin" "Mozilla/5.0 AppleWebKit/537.36 (KHTML, like Gecko; compatible; GPTBot/1.4; +https://openai.com/gptbot)" "-"
2a03:2880:f800:: - - [10/Aug/2026:01:12:23 +0200] "GET /shops/a43d4012766477?lokasie=/homepages/15/d754908516/htdocs/index.php&loknya=/homepages/15/d754908516/htdocs HTTP/1.1" 500 1271 www.fincaslaucirica.com "-" "Mozilla/5.0 (Windows NT 10.0; Win64; x64) AppleWebKit/537.36 (KHTML, like Gecko) Chrome/145.0.0.0 Safari/537.36 (compatible; meta-externalagent/1.1 (+https://developers.facebook.com/docs/sharing/webmasters/crawler))" "-"
74.7.227.0 - - [10/Aug/2026:01:12:29 +0200] "GET /index.php?lokasie=/homepages/15/d754908516/htdocs/wp-includes/images/media/text.svg&loknya=/homepages/15/d754908516/htdocs/wp-includes/images/media HTTP/1.1" 500 1271 fincaslaucirica.com "http://fincaslaucirica.com/index.php?loknya=/homepages/15/d754908516/htdocs/wp-includes/images/media" "Mozilla/5.0 AppleWebKit/537.36 (KHTML, like Gecko; compatible; GPTBot/1.4; +https://openai.com/gptbot)" "-"
114.119.134.0 - - [10/Aug/2026:01:12:30 +0200] "GET /goods.php?products/operation/x291046168 HTTP/1.1" 500 1271 fincaslaucirica.com "https://fincaslaucirica.com/goods.php?sitemap400.xml" "Mozilla/5.0 (Linux; Android 7.0;) AppleWebKit/537.36 (HTML, like Gecko) Mobile Safari/537.36 (compatible; PetalBot;+https://webmaster.petalsearch.com/site/petalbot)" "-"
2a03:2880:f800:: - - [10/Aug/2026:01:12:31 +0200] "GET /shops/f6256203484016 HTTP/1.1" 500 1271 www.fincaslaucirica.com "-" "Mozilla/5.0 (Windows NT 10.0; Win64; x64) AppleWebKit/537.36 (KHTML, like Gecko) Chrome/145.0.0.0 Safari/537.36 (compatible; meta-externalagent/1.1 (+https://developers.facebook.com/docs/sharing/webmasters/crawler))" "-"
2a03:2880:f800:: - - [10/Aug/2026:01:12:31 +0200] "GET /shops/a43d4012766477?loknya=/homepages/15 HTTP/1.1" 500 1271 www.fincaslaucirica.com "-" "Mozilla/5.0 (Windows NT 10.0; Win64; x64) AppleWebKit/537.36 (KHTML, like Gecko) Chrome/145.0.0.0 Safari/537.36 (compatible; meta-externalagent/1.1 (+https://developers.facebook.com/docs/sharing/webmasters/crawler))" "-"
74.7.241.0 - - [10/Aug/2026:01:12:35 +0200] "GET /index.php?loknya=/proc/thread-self/root/proc/thread-self/root/proc/thread-self/root/proc/self/root/proc/self/root/proc/self/root/kunden/kunden/kunden/proc/self/root/proc/thread-self/root/kunden/lib/diet/ HTTP/1.1" 500 1271 www.fincaslaucirica.com "https://www.fincaslaucirica.com/index.php?loknya=/proc/thread-self/root/proc/thread-self/root/proc/thread-self/root/proc/self/root/proc/self/root/proc/self/root/kunden/kunden/kunden/proc/self/root/proc/thread-self/root/kunden/lib/diet/bin" "Mozilla/5.0 AppleWebKit/537.36 (KHTML, like Gecko; compatible; GPTBot/1.4; +https://openai.com/gptbot)" "-"
2a03:2880:f800:: - - [10/Aug/2026:01:12:42 +0200] "GET /shops/a43d4012766477?lokasie=/homepages/15/d754908516/htdocs/.htaccess&loknya=/homepages/15/d754908516/htdocs HTTP/1.1" 500 1271 www.fincaslaucirica.com "-" "Mozilla/5.0 (Windows NT 10.0; Win64; x64) AppleWebKit/537.36 (KHTML, like Gecko) Chrome/145.0.0.0 Safari/537.36 Edg/145.0.0.0 (compatible; meta-externalagent/1.1 (+https://developers.facebook.com/docs/sharing/webmasters/crawler))" "-"
2a03:2880:f800:: - - [10/Aug/2026:01:12:42 +0200] "GET /shops/a43d4012766477?lokasie=/homepages/15/d754908516/htdocs/wp-admin.zip&loknya=/homepages/15/d754908516/htdocs HTTP/1.1" 500 1271 www.fincaslaucirica.com "-" "Mozilla/5.0 (Windows NT 10.0; Win64; x64) AppleWebKit/537.36 (KHTML, like Gecko) Chrome/145.0.0.0 Safari/537.36 (compatible; meta-externalagent/1.1 (+https://developers.facebook.com/docs/sharing/webmasters/crawler))" "-"
216.73.216.0 - - [10/Aug/2026:01:12:42 +0200] "GET /robots.txt HTTP/1.1" 200 397 fincaslaucirica.es "-" "Mozilla/5.0 AppleWebKit/537.36 (KHTML, like Gecko; compatible; ClaudeBot/1.0; +claudebot@anthropic.com)" "-"
216.73.216.0 - - [10/Aug/2026:01:12:42 +0200] "GET /goods.php?lokasie=%2Fhomepages%2F15%2Fd754908516%2Fhtdocs%2Fwp-includes%2Fclass-wp-dependencies.php&loknya=%2Fhomepages%2F15%2Fd754908516%2Fhtdocs%2Fwp-includes HTTP/1.1" 500 1271 fincaslaucirica.es "-" "Mozilla/5.0 AppleWebKit/537.36 (KHTML, like Gecko; compatible; ClaudeBot/1.0; +claudebot@anthropic.com)" "-"
216.73.216.0 - - [10/Aug/2026:01:12:43 +0200] "GET /goods.php?lokasie=%2Fhomepages%2F15%2Fd754908516%2Fhtdocs%2Fwp-includes%2Fclass-wp-http-response.php&loknya=%2Fhomepages%2F15%2Fd754908516%2Fhtdocs%2Fwp-includes HTTP/1.1" 500 1271 fincaslaucirica.es "-" "Mozilla/5.0 AppleWebKit/537.36 (KHTML, like Gecko; compatible; ClaudeBot/1.0; +claudebot@anthropic.com)" "-"
216.73.216.0 - - [10/Aug/2026:01:12:43 +0200] "GET /goods.php?lokasie=%2Fhomepages%2F15%2Fd754908516%2Fhtdocs%2Fwp-includes%2Fupdate.php&loknya=%2Fhomepages%2F15%2Fd754908516%2Fhtdocs%2Fwp-includes HTTP/1.1" 500 1271 fincaslaucirica.es "-" "Mozilla/5.0 AppleWebKit/537.36 (KHTML, like Gecko; compatible; ClaudeBot/1.0; +claudebot@anthropic.com)" "-"
216.73.216.0 - - [10/Aug/2026:01:12:43 +0200] "GET /goods.php?lokasie=%2Fhomepages%2F15%2Fd754908516%2Fhtdocs%2Fwp-includes%2Ffeed-atom.php&loknya=%2Fhomepages%2F15%2Fd754908516%2Fhtdocs%2Fwp-includes HTTP/1.1" 500 1271 fincaslaucirica.es "-" "Mozilla/5.0 AppleWebKit/537.36 (KHTML, like Gecko; compatible; ClaudeBot/1.0; +claudebot@anthropic.com)" "-"
66.249.66.0 - - [10/Aug/2026:01:12:47 +0200] "GET /index.php?shopping/bombers/61222246202.html HTTP/1.1" 500 1271 fincaslaucirica.com "-" "Mozilla/5.0 (Linux; Android 6.0.1; Nexus 5X Build/MMB29P) AppleWebKit/537.36 (KHTML, like Gecko) Chrome/150.0.7871.186 Mobile Safari/537.36 (compatible; Googlebot/2.1; +http://www.google.com/bot.html)" "-"
2a03:2880:f800:: - - [10/Aug/2026:01:12:53 +0200] "GET /shops/a43d4012766477?lokasie=/homepages/15/d754908516/htdocs/readme.html&loknya=/homepages/15/d754908516/htdocs HTTP/1.1" 500 1271 www.fincaslaucirica.com "-" "Mozilla/5.0 (Windows NT 10.0; Win64; x64) AppleWebKit/537.36 (KHTML, like Gecko) Chrome/145.0.0.0 Safari/537.36 (compatible; meta-externalagent/1.1 (+https://developers.facebook.com/docs/sharing/webmasters/crawler))" "-"
2a03:2880:f800:: - - [10/Aug/2026:01:12:55 +0200] "GET /shops/a43d4012766477?lokasie=/homepages/15/d754908516/htdocs/_robots.txt&loknya=/homepages/15/d754908516/htdocs HTTP/1.1" 500 1271 www.fincaslaucirica.com "-" "Mozilla/5.0 (Macintosh; Intel Mac OS X 10_15_7) AppleWebKit/537.36 (KHTML, like Gecko) Chrome/145.0.0.0 Safari/537.36 (compatible; meta-externalagent/1.1 (+https://developers.facebook.com/docs/sharing/webmasters/crawler))" "-"
2a03:2880:f800:: - - [10/Aug/2026:01:12:59 +0200] "GET /shops/a43d4012766477?lokasie=/homepages/15/d754908516/htdocs/test.csv&loknya=/homepages/15/d754908516/htdocs HTTP/1.1" 500 1271 www.fincaslaucirica.com "-" "Mozilla/5.0 (Macintosh; Intel Mac OS X 10_15_7) AppleWebKit/537.36 (KHTML, like Gecko) Chrome/145.0.0.0 Safari/537.36 (compatible; meta-externalagent/1.1 (+https://developers.facebook.com/docs/sharing/webmasters/crawler))" "-"
2a12:da86:2200:: - - [10/Aug/2026:01:13:13 +0200] "GET /index.php?loknya=%2Fkunden%2Flib%2Fx86_64-linux-musl%2Fbin HTTP/1.1" 500 1271 www.fincaslaucirica.com "https://www.fincaslaucirica.com" "Mozilla/5.0 (Windows NT 10.0; Win64; x64) AppleWebKit/537.36 (KHTML, like Gecko) Chrome/145.0.0.0 Safari/537.36 Edg/145.0.0.0" "-"
2a03:2880:f800:: - - [10/Aug/2026:01:13:14 +0200] "GET /shops/c34481c2905892 HTTP/1.1" 500 1271 www.fincaslaucirica.com "-" "Mozilla/5.0 (Macintosh; Intel Mac OS X 10_15_7) AppleWebKit/537.36 (KHTML, like Gecko) Chrome/145.0.0.0 Safari/537.36 (compatible; meta-externalagent/1.1 (+https://developers.facebook.com/docs/sharing/webmasters/crawler))" "-"
216.73.216.0 - - [10/Aug/2026:01:13:15 +0200] "GET /goods.php?lokasie=%2Fhomepages%2F15%2Fd754908516%2Fhtdocs%2Fwp-includes%2Fversion.php&loknya=%2Fhomepages%2F15%2Fd754908516%2Fhtdocs%2Fwp-includes HTTP/1.1" 500 1271 fincaslaucirica.es "-" "Mozilla/5.0 AppleWebKit/537.36 (KHTML, like Gecko; compatible; ClaudeBot/1.0; +claudebot@anthropic.com)" "-"
216.73.216.0 - - [10/Aug/2026:01:13:15 +0200] "GET /goods.php?lokasie=%2Fhomepages%2F15%2Fd754908516%2Fhtdocs%2Fwp-admin%2Fusers.php&loknya=%2Fhomepages%2F15%2Fd754908516%2Fhtdocs%2Fwp-admin HTTP/1.1" 500 1271 fincaslaucirica.es "-" "Mozilla/5.0 AppleWebKit/537.36 (KHTML, like Gecko; compatible; ClaudeBot/1.0; +claudebot@anthropic.com)" "-"
216.73.216.0 - - [10/Aug/2026:01:13:15 +0200] "GET /goods.php?lokasie=%2Fhomepages%2F15%2Fd754908516%2Fhtdocs%2Fwp-includes%2Fsession.php&loknya=%2Fhomepages%2F15%2Fd754908516%2Fhtdocs%2Fwp-includes HTTP/1.1" 500 1271 fincaslaucirica.es "-" "Mozilla/5.0 AppleWebKit/537.36 (KHTML, like Gecko; compatible; ClaudeBot/1.0; +claudebot@anthropic.com)" "-"
216.73.216.0 - - [10/Aug/2026:01:13:15 +0200] "GET /goods.php?lokasie=%2Fhomepages%2F15%2Fd754908516%2Fhtdocs%2Fwp-includes%2Fuser.php&loknya=%2Fhomepages%2F15%2Fd754908516%2Fhtdocs%2Fwp-includes HTTP/1.1" 500 1271 fincaslaucirica.es "-" "Mozilla/5.0 AppleWebKit/537.36 (KHTML, like Gecko; compatible; ClaudeBot/1.0; +claudebot@anthropic.com)" "-"
74.7.243.0 - - [10/Aug/2026:01:13:20 +0200] "GET /?lokasie=/usr/bin/gsdj500&loknya=/usr/bin HTTP/1.1" 500 1271 fincaslaucirica.es "http://fincaslaucirica.es/?loknya=/usr/bin" "Mozilla/5.0 AppleWebKit/537.36 (KHTML, like Gecko; compatible; GPTBot/1.4; +https://openai.com/gptbot)" "-"
2a03:2880:f800:: - - [10/Aug/2026:01:13:21 +0200] "GET /shops/a43d4012766477?lokasie=/homepages/15/d754908516/htdocs/product.php&loknya=/homepages/15/d754908516/htdocs HTTP/1.1" 500 1271 www.fincaslaucirica.com "-" "Mozilla/5.0 (Windows NT 10.0; Win64; x64) AppleWebKit/537.36 (KHTML, like Gecko) Chrome/145.0.0.0 Safari/537.36 (compatible; meta-externalagent/1.1 (+https://developers.facebook.com/docs/sharing/webmasters/crawler))" "-"
74.7.241.0 - - [10/Aug/2026:01:13:22 +0200] "GET /index.php?loknya=/proc/thread-self/root/proc/thread-self/root/proc/thread-self/root/proc/self/root/proc/self/root/proc/self/root/kunden/kunden/kunden/proc/self/root/proc/self/root/usr/include/asm-generic HTTP/1.1" 500 1271 www.fincaslaucirica.com "https://www.fincaslaucirica.com/index.php?loknya=/proc/thread-self/root/proc/thread-self/root/proc/thread-self/root/proc/self/root/proc/self/root/proc/self/root/kunden/kunden/kunden/proc/self/root/proc/self/root/usr/include" "Mozilla/5.0 AppleWebKit/537.36 (KHTML, like Gecko; compatible; GPTBot/1.4; +https://openai.com/gptbot)" "-"
74.7.227.0 - - [10/Aug/2026:01:13:23 +0200] "GET /index.php?lokasie=/homepages/15/d754908516/htdocs/wp-includes/images/media/text.svg&loknya=/homepages/15/d754908516/htdocs/wp-includes/images/media HTTP/1.1" 500 1271 fincaslaucirica.com "https://fincaslaucirica.com/index.php?loknya=/homepages/15/d754908516/htdocs/wp-includes/images/media" "Mozilla/5.0 AppleWebKit/537.36 (KHTML, like Gecko; compatible; GPTBot/1.4; +https://openai.com/gptbot)" "-"
2a12:f545:e800:: - - [10/Aug/2026:01:13:25 +0200] "GET /index.php?loknya=%2Fkunden%2Flib%2Fx86_64-linux-musl%2Fbin HTTP/1.1" 500 1271 www.fincaslaucirica.com "https://www.fincaslaucirica.com" "Mozilla/5.0 (Windows NT 10.0; Win64; x64) AppleWebKit/537.36 (KHTML, like Gecko) Chrome/145.0.0.0 Safari/537.36 Edg/145.0.0.0" "-"
216.73.216.0 - - [10/Aug/2026:01:13:33 +0200] "GET /goods.php?lokasie=%2Fhomepages%2F15%2Fd754908516%2Fhtdocs%2Fwp-admin%2Fedit-form-advanced.php&loknya=%2Fhomepages%2F15%2Fd754908516%2Fhtdocs%2Fwp-admin HTTP/1.1" 500 1271 fincaslaucirica.es "-" "Mozilla/5.0 AppleWebKit/537.36 (KHTML, like Gecko; compatible; ClaudeBot/1.0; +claudebot@anthropic.com)" "-"
216.73.216.0 - - [10/Aug/2026:01:13:33 +0200] "GET /goods.php?lokasie=%2Fhomepages%2F15%2Fd754908516%2Fhtdocs%2Fwp-includes%2Fatomlib.php&loknya=%2Fhomepages%2F15%2Fd754908516%2Fhtdocs%2Fwp-includes HTTP/1.1" 500 1271 fincaslaucirica.es "-" "Mozilla/5.0 AppleWebKit/537.36 (KHTML, like Gecko; compatible; ClaudeBot/1.0; +claudebot@anthropic.com)" "-"
216.73.216.0 - - [10/Aug/2026:01:13:33 +0200] "GET /goods.php?lokasie=%2Fhomepages%2F15%2Fd754908516%2Fhtdocs%2Fwp-includes%2Fclass-wp-styles.php&loknya=%2Fhomepages%2F15%2Fd754908516%2Fhtdocs%2Fwp-includes HTTP/1.1" 500 1271 fincaslaucirica.es "-" "Mozilla/5.0 AppleWebKit/537.36 (KHTML, like Gecko; compatible; ClaudeBot/1.0; +claudebot@anthropic.com)" "-"
216.73.216.0 - - [10/Aug/2026:01:13:33 +0200] "GET /goods.php?lokasie=%2Fhomepages%2F15%2Fd754908516%2Fhtdocs%2Fwp-includes%2Fms-load.php&loknya=%2Fhomepages%2F15%2Fd754908516%2Fhtdocs%2Fwp-includes HTTP/1.1" 500 1271 fincaslaucirica.es "-" "Mozilla/5.0 AppleWebKit/537.36 (KHTML, like Gecko; compatible; ClaudeBot/1.0; +claudebot@anthropic.com)" "-"
2a12:f542:af00:: - - [10/Aug/2026:01:13:36 +0200] "GET /index.php?loknya=%2Fkunden%2Flib%2Fx86_64-linux-musl%2Fbin HTTP/1.1" 500 1271 www.fincaslaucirica.com "https://www.fincaslaucirica.com" "Mozilla/5.0 (Windows NT 10.0; Win64; x64) AppleWebKit/537.36 (KHTML, like Gecko) Chrome/145.0.0.0 Safari/537.36 Edg/145.0.0.0" "-"
2a03:2880:f800:: - - [10/Aug/2026:01:13:41 +0200] "GET /shops/27266464021041 HTTP/1.1" 500 1271 www.fincaslaucirica.com "-" "Mozilla/5.0 (Macintosh; Intel Mac OS X 10_15_7) AppleWebKit/537.36 (KHTML, like Gecko) Chrome/145.0.0.0 Safari/537.36 (compatible; meta-externalagent/1.1 (+https://developers.facebook.com/docs/sharing/webmasters/crawler))" "-"
216.73.216.0 - - [10/Aug/2026:01:13:41 +0200] "GET /goods.php?loknya=%2Fhomepages%2F15%2Fd754908516%2Fhtdocs%2F HTTP/1.1" 500 1271 fincaslaucirica.es "-" "Mozilla/5.0 AppleWebKit/537.36 (KHTML, like Gecko; compatible; ClaudeBot/1.0; +claudebot@anthropic.com)" "-"
